05-16 07:39:38.754: W/RemoteCallableBase(8243): Null cursor. Cannot add index data for Uri: content://com.android.cellbroadcastreceiver/settings/dynamic_indexables_raw
05-16 07:39:38.758: W/RemoteCallableBase(8243): Null cursor. Cannot add index data for Uri: content://com.google.android.gms.accountsettings.content/settings/dynamic_indexables_raw
05-16 07:39:38.766: W/RemoteCallableBase(8243): Null cursor. Cannot add index data for Uri: content://com.google.android.apps.gsa.opa.AssistantSettingsProvider/settings/dynamic_indexables_raw
05-16 07:39:38.769: I/A(10908): Using proto config with mendel
05-16 07:39:38.770: I/A(10908): Using proto config with mendel
05-16 07:39:38.771: I/A(10908): Merging legacy hotword config map with new proto.
05-16 07:39:38.771: I/A(10908): Skipping. Expected model: 1 Found: 2
05-16 07:39:38.771: I/A(10908): Skipping. Expected model: 1 Found: 2
05-16 07:39:38.771: I/A(10908): Skipping. Expected model: 1 Found: 2
05-16 07:39:38.771: I/A(10908): Adding from config to map. Locale: ro-RO modelPrefix: okgoogle Location:b051c93dce7bb4dcb5d9ddcbbb2ca760Test isSpeakerIdSupported: false
05-16 07:39:38.771: I/A(10908): Skipping. Expected model: 1 Found: 2
05-16 07:39:38.771: W/RemoteCallableBase(8243): Null cursor. Cannot add index data for Uri: content://com.google.android.inputmethod.latin/settings/dynamic_indexables_raw
05-16 07:39:38.771: W/RemoteCallableBase(8243): Null cursor. Cannot add index data for Uri: content://com.google.android.settings.intelligence.routines.impl/settings/dynamic_indexables_raw
05-16 07:39:38.771: I/A(10908): hasHotwordEverywhere-false
05-16 07:39:38.772: I/A(10908): Using proto config with mendel
05-16 07:39:38.772: I/A(10908): Using proto config with mendel
05-16 07:39:38.772: I/A(10908): Merging legacy hotword config map with new proto.
05-16 07:39:38.772: I/A(10908): Skipping. Expected model: 1 Found: 2
05-16 07:39:38.772: I/A(10908): Skipping. Expected model: 1 Found: 2
05-16 07:39:38.772: I/A(10908): Skipping. Expected model: 1 Found: 2
05-16 07:39:38.772: I/A(10908): Adding from config to map. Locale: ro-RO modelPrefix: okgoogle Location:b051c93dce7bb4dcb5d9ddcbbb2ca760Test isSpeakerIdSupported: false
05-16 07:39:38.773: I/A(10908): Skipping. Expected model: 1 Found: 2
05-16 07:39:38.773: I/DeviceModeUtil(11662): DeviceModeUtil.getDeviceMode():117 Get device mode phone by ui mode:1 and smallestScreenWidthDp:411
05-16 07:39:38.773: I/DeviceModeUtil(11662): DeviceModeUtil.getDeviceMode():117 Get device mode phone by ui mode:1 and smallestScreenWidthDp:411
05-16 07:39:38.775: W/RemoteCallableBase(8243): Null cursor. Cannot add index data for Uri: content://com.android.permissioncontroller.role/settings/dynamic_indexables_raw
05-16 07:39:38.776: W/RemoteCallableBase(8243): Null cursor. Cannot add index data for Uri: content://com.android.permissioncontroller.safetycenter/settings/dynamic_indexables_raw
05-16 07:39:38.776: I/DeviceModeUtil(11662): DeviceModeUtil.getDeviceMode():117 Get device mode phone by ui mode:1 and smallestScreenWidthDp:411
05-16 07:39:38.776: W/RemoteCallableBase(8243): Null cursor. Cannot add index data for Uri: content://com.android.permissioncontroller/settings/dynamic_indexables_raw
05-16 07:39:38.777: I/LatinVoiceInputPreferenceInitializer(11662): LatinVoiceInputPreferenceInitializer.initializePreference():20 avt available = false
05-16 07:39:38.779: W/RemoteCallableBase(8243): Null cursor. Cannot add index data for Uri: content://com.google.android.settings.intelligence.provider.search/settings/dynamic_indexables_raw
05-16 07:39:38.782: W/RemoteCallableBase(8243): Null cursor. Cannot add index data for Uri: content://com.google.android.settings.intelligence.smartringer.impl/settings/dynamic_indexables_raw
05-16 07:39:38.811: E/Backup(15673): [BackupTransportMigratorChimeraService] Could not migrate transport!
05-16 07:39:38.812: I/Backup(15673): [BackupTransportMigratorChimeraService] Starting migration...
05-16 07:39:38.870: W/ziparchive(12421): Unable to open '/data/user_de/0/com.google.android.gms/app_chimera/m/0000001a/dl-Games.optional_230914100000.dm': No such file or directory
05-16 07:39:38.893: D/CompatibilityChangeReporter(1495): Compat change id reported: 158482162; UID 10164; state: ENABLED
05-16 07:39:38.903: I/CAR.DRIVINGMODE(12421): DrivingMode Settings Indexed from the location module
05-16 07:39:39.031: D/CompatibilityChangeReporter(17085): Compat change id reported: 183155436; UID 10194; state: DISABLED
05-16 07:39:39.076: W/ziparchive(17085): Unable to open '/data/user_de/0/com.google.android.gms/app_chimera/m/0000000d/DynamiteLoader.dm': No such file or directory
05-16 07:39:39.077: W/ziparchive(17085): Unable to open '/data/user_de/0/com.google.android.gms/app_chimera/m/0000000d/DynamiteLoader.dm': No such file or directory
05-16 07:39:39.123: W/ziparchive(17085): Unable to open '/data/user_de/0/com.google.android.gms/app_chimera/m/00000012/MeasurementDynamite.dm': No such file or directory
05-16 07:39:39.123: W/ziparchive(17085): Unable to open '/data/user_de/0/com.google.android.gms/app_chimera/m/00000012/MeasurementDynamite.dm': No such file or directory
05-16 07:39:39.157: W/ziparchive(12421): Unable to open '/data/user_de/0/com.google.android.gms/app_chimera/m/00000018/dl-GamePlatform.optional_230914190000.dm': No such file or directory
05-16 07:39:39.181: E/AppOps(1495): Bad call made by uid 10139. Package "com.google.android.gms" does not belong to uid 10139.
05-16 07:39:39.182: E/AppOps(1495): Bad call made by uid 10139. Package "com.google.android.gms" does not belong to uid 10139.
05-16 07:39:39.183: E/AppOps(1495): Bad call made by uid 10139. Package "com.google.android.gms" does not belong to uid 10139.
05-16 07:39:39.337: I/FA(17085): App measurement disabled by setAnalyticsCollectionEnabled(false)
05-16 07:39:39.352: I/FA(17085): App measurement initialized, version: 75143
05-16 07:39:39.352: I/FA(17085): To enable debug logging run: adb shell setprop log.tag.FA VERBOSE
05-16 07:39:39.363: I/FA(17085): To enable faster debug mode event logging run:
05-16 07:39:39.363: I/FA(17085): adb shell setprop debug.firebase.analytics.app com.google.android.youtube
05-16 07:39:39.368: W/A(10908): [Download] response code: 400
05-16 07:39:39.373: W/SettingsIntentOperation(12421): No accounts
05-16 07:39:39.392: D/BoundBrokerSvc(15673): onBind: Intent { act=com.google.android.gms.measurement.START pkg=com.google.android.gms }
05-16 07:39:39.392: D/BoundBrokerSvc(15673): Loading bound service for intent: Intent { act=com.google.android.gms.measurement.START pkg=com.google.android.gms }
05-16 07:39:39.454: I/DRIVINGMODE(12421): isAllowedProfile = true
05-16 07:39:39.504: I/Finsky(14188): [199] agpi.u(8): Package com.google.android.gms is verified.
05-16 07:39:39.509: W/FA-SVC(15673): Service response is missing Install Referrer install timestamp
05-16 07:39:39.684: W/BugleTachygram(12379): Not using Tachygram because PEv3 is disabled
05-16 07:39:39.701: I/BugleDataModel(12379): PendingMessagesProcessor: process from ProcessPendingMessagesAction due to scheduled processing with delay 0 with queues:
05-16 07:39:39.710: W/BugleTachygram(12379): Not using Tachygram because PEv3 is disabled
05-16 07:39:39.716: I/BugleDataModel(12379): PendingMessagesProcessor: process from ProcessPendingMessagesAction due to scheduled processing with delay 0 with queues:
05-16 07:39:39.722: W/BugleTachygram(12379): Not using Tachygram because PEv3 is disabled
05-16 07:39:39.729: I/BugleDataModel(12379): PendingMessagesProcessor: process from ProcessPendingMessagesAction due to scheduled processing with delay 0 with queues:
05-16 07:39:39.753: W/BugleTachygram(12379): Not using Tachygram because PEv3 is disabled
05-16 07:39:39.762: I/BugleDataModel(12379): PendingMessagesProcessor: process from ProcessPendingMessagesAction due to scheduled processing with delay 0 with queues:
05-16 07:39:39.770: W/BugleTachygram(12379): Not using Tachygram because PEv3 is disabled
05-16 07:39:39.777: I/BugleDataModel(12379): PendingMessagesProcessor: process from ProcessPendingMessagesAction due to scheduled processing with delay 0 with queues:
05-16 07:39:39.800: W/IndexDataConverter(8243): Skipping null deep link for raw indexable com.android.settings/Third Party Notices
05-16 07:39:39.806: W/IndexDataConverter(8243): Skipping null deep link for raw indexable com.android.settings/Google
05-16 07:39:39.847: W/SQLiteLog(8243): (28) double-quoted string literal: "finance"
05-16 07:39:39.856: W/SQLiteLog(8243): (28) double-quoted string literal: "finance"
05-16 07:39:39.857: W/SQLiteLog(8243): (28) double-quoted string literal: "quick_phrases"
05-16 07:39:39.865: W/SQLiteLog(8243): (28) double-quoted string literal: "quick_phrases"
05-16 07:39:39.866: W/SQLiteLog(8243): (28) double-quoted string literal: "stocks"
05-16 07:39:39.872: W/SQLiteLog(8243): (28) double-quoted string literal: "wellness"
05-16 07:39:39.878: W/SQLiteLog(8243): (28) double-quoted string literal: "wellness"
05-16 07:39:39.882: W/SQLiteLog(8243): (28) double-quoted string literal: "clear_calling"
05-16 07:39:39.917: W/AppSearchIndex(8243): schedule indexing, force = true
05-16 07:39:40.135: D/TrafficStats(15673): tagSocket(331) with statsTag=0x30003300, statsUid=10130
05-16 07:39:40.160: W/TouchableRegionManager(2674): onHeadsUpPinnedModeChanged
05-16 07:39:40.177: V/MediaPlayerList(2838): mPackageChangedBroadcastReceiver: action: android.intent.action.PACKAGE_CHANGED
05-16 07:39:40.177: D/MediaPlayerList(2838): Name of package changed: com.google.android.gms
05-16 07:39:40.178: I/PermissionControllerServiceImpl(3480): Updating user sensitive for uid 10164
05-16 07:39:40.179: I/InputReader(1495): Reconfiguring input devices, changes=KEYBOARD_LAYOUTS |
05-16 07:39:40.179: I/Telecom(1495): DefaultDialerCache: Refreshing default dialer for user 0: now com.google.android.dialer: DDC.oR@AiA
05-16 07:39:40.182: I/RoleService(1495): Granting default roles...
05-16 07:39:40.187: W/A(3737): Failed to notify listeners
05-16 07:39:40.187: W/A(3737): java.util.concurrent.CancellationException
05-16 07:39:40.187: W/A(3737): at java.util.concurrent.FutureTask.report(FutureTask.java:121)
05-16 07:39:40.187: W/A(3737): at java.util.concurrent.FutureTask.get(FutureTask.java:191)
05-16 07:39:40.187: W/A(3737): at com.google.common.util.concurrent.bv.get(PG:1)
05-16 07:39:40.187: W/A(3737): at com.google.common.util.concurrent.ed.a(PG:1)
05-16 07:39:40.187: W/A(3737): at com.google.common.util.concurrent.cj.r(PG:2)
05-16 07:39:40.187: W/A(3737): at com.google.common.util.concurrent.cc.run(PG:4)
05-16 07:39:40.187: W/A(3737): at com.google.common.util.concurrent.bg.execute(PG:1)
05-16 07:39:40.187: W/A(3737): at com.google.common.util.concurrent.bj.c(PG:1)
05-16 07:39:40.187: W/A(3737): at com.google.common.util.concurrent.bj.b(PG:3)
05-16 07:39:40.187: W/A(3737): at com.google.common.util.concurrent.cy.done(PG:1)
05-16 07:39:40.187: W/A(3737): at java.util.concurrent.FutureTask.finishCompletion(FutureTask.java:381)
05-16 07:39:40.187: W/A(3737): at java.util.concurrent.FutureTask.cancel(FutureTask.java:179)
05-16 07:39:40.187: W/A(3737): at com.google.common.util.concurrent.bv.cancel(PG:1)
05-16 07:39:40.187: W/A(3737): at com.google.android.apps.search.assistant.platform.ondevice.fulfillment.server.j.q.run(PG:1)
05-16 07:39:40.187: W/A(3737): at com.google.apps.tiktok.tracing.ek.run(PG:2)
05-16 07:39:40.187: W/A(3737): at java.util.concurrent.Executors$RunnableAdapter.call(Executors.java:463)
05-16 07:39:40.187: W/A(3737): at com.google.common.util.concurrent.ea.a(PG:1)
05-16 07:39:40.187: W/A(3737): at com.google.common.util.concurrent.cw.run(PG:4)
05-16 07:39:40.187: W/A(3737): at com.google.common.util.concurrent.eb.run(PG:1)
05-16 07:39:40.187: W/A(3737): at com.google.android.libraries.i.af.run(PG:1)
05-16 07:39:40.187: W/A(3737): at com.google.android.libraries.i.an.run(PG:23)
05-16 07:39:40.187: W/A(3737): at com.google.android.libraries.i.l.run(PG:2)
05-16 07:39:40.187: W/A(3737): at com.google.android.libraries.i.q.run(PG:4)
05-16 07:39:40.187: W/A(3737): at java.lang.Thread.run(Thread.java:1012)
05-16 07:39:40.189: I/Bugle(12379): BroadcastReceiverAsyncWorkTracker: Acknowledging broadcast of aorm@d502349
05-16 07:39:40.189: I/WifiHAL(892): Creating message to get link statistics; iface = 47
05-16 07:39:40.195: D/RegisteredNfcFServicesCache(3748): Service unchanged, not updating
05-16 07:39:40.196: D/SecureElementService(2906): getReaders() for com.android.nfc
05-16 07:39:40.202: D/CentralSurfaces(2674): Received new disable state: enaihbcrso.qingr (unchanged)
05-16 07:39:40.202: I/AiAiNotificationIntelli(3659): Registered play_snapshot model.
05-16 07:39:40.202: I/SecureElement-Terminal-SIM2(2906): isNfcEventAllowed: No access rules for checking.
05-16 07:39:40.206: I/SP.AiAi(3659): Registering play_snapshot.60272023, url: https://gstatic.com/nasa/apps/pack_notification_public_01202022/22012501/2/en-us/superpacks_manifest.zip, constraints: *:b:u:*, flags: *, requested: 60272023, current: -1
05-16 07:39:40.210: I/PeopleGalProvider(15673): Gal directories started.
05-16 07:39:40.218: I/PeopleGalProvider(15673): Method 1 completed.
05-16 07:39:40.218: I/SP.AiAi(3659): Scheduling job with delay of 0s for {W:b:I:l, bg}, 1 candidates
05-16 07:39:40.218: I/PeopleGalProvider(15673): Method 1 finished successfully.
05-16 07:39:40.218: D/CarrierSvcBindHelper(2974): onPackageModified: com.google.android.gms
05-16 07:39:40.218: D/display(516): setActiveConfigWithConstraints:: PrimaryDisplay config(38) test(0)
05-16 07:39:40.219: D/CarrierSvcBindHelper(2974): No carrier app for: 0
05-16 07:39:40.219: D/hwc-drm-connector(516): Updating LP mode to: 1080x2340x30
05-16 07:39:40.221: I/DisplayDeviceRepository(1495): Display device changed: DisplayDeviceInfo{"Built-in Screen": uniqueId="local:4619827677550801152", 1080 x 2340, modeId 4, defaultModeId 3, supportedModes [{id=1, width=1440, height=3120, fps=60.0, alternativeRefreshRates=[120.00001]}, {id=2, width=1440, height=3120, fps=120.00001, alternativeRefreshRates=[60.0]}, {id=3, width=1080, height=2340, fps=120.00001, alternativeRefreshRates=[60.0]}, {id=4, width=1080, height=2340, fps=60.0, alternativeRefreshRates=[120.00001]}], colorMode 0, supportedColorModes [0, 7, 9], hdrCapabilities HdrCapabilities{mSupportedHdrTypes=[2, 3, 4], mMaxLuminance=1000.0, mMaxAverageLuminance=120.0, mMinLuminance=5.0E-4}, allmSupported false, gameContentTypeSupported false, density 420, 386.366 x 383.458 dpi, appVsyncOff 6233334, presDeadline 11500000, cutout DisplayCutout{insets=Rect(0, 98 - 0, 0) waterfall=Insets{left=0, top=0, right=0, bottom=0} boundingRect={Bounds=[Rect(0, 0 - 0, 0), Rect(490, 0 - 599, 98), Rect(0, 0 - 0, 0), Rect(0, 0 - 0, 0)]} cutoutPathParserInfo={CutoutPathParserInfo{displayWidth=1080 displayHeight=2340 physicalDisplayWidth=1440 physicalDisplayHeight=3120 density={3.5} cutoutSpec={M 677,72 a 43,43 0 1 0 86,0 a 43,43 0 1 0 -86,0 Z @left} rotation={0} scale={1.0} physicalPixelDisplaySizeRatio={0.75}}}}, touch INTERNAL, rotation 0, type INTERNAL, address {port=0, model=0x401ceccbbbeef1}, deviceProductInfo DeviceProductInfo{name=Common Panel, manufacturerPnpId=GGL, productId=0, modelYear=null, manufactureDate=ManufactureDate{week=1, year=1990}, connectionToSinkType=0}, state ON, frameRateOverride , brightnessMinimum 0.0, brightnessMaximum 1.0, brightnessDefault 0.17429718, roundedCorners RoundedCorners{[RoundedCorner{position=TopLeft, radius=38, center=Point(38, 38)}, RoundedCorner{position=TopRight, radius=38, center=Point(1042, 38)}, RoundedCorner{position=BottomRight, radius=37, center=Point(1043, 2303)}, RoundedCorner{position=BottomLeft, radius=37, center=Point(37, 2303)}]}, FLAG_ALLOWED_TO_BE_DEFAULT_DISPLAY, FLAG_ROTATES_WITH_CONTENT, FLAG_SECURE, FLAG_SUPPORTS_PROTECTED_BUFFERS, installOrientation 0}
05-16 07:39:40.221: D/CarrierSvcBindHelper(2974): No carrier app for: 1
05-16 07:39:40.225: D/ImsResolver(2974): maybeAddedImsService, packageName: com.google.android.gms
05-16 07:39:40.226: I/SP.AiAi(3659): Scheduling job with delay of 0s for {W:b:u:l, bg}, 1 candidates
05-16 07:39:40.228: D/ControlsListingControllerImpl(2674): Unsubscribing callback
05-16 07:39:40.228: D/ControlsListingControllerImpl(2674): Unsubscribing callback
05-16 07:39:40.232: I/WifiHAL(892): In GetLinkStatsCommand::handleResponse
05-16 07:39:40.236: I/Fitness(10395): OnPackageChangedOperation got intent: Intent { act=android.intent.action.PACKAGE_CHANGED dat=package: flg=0x45000010 pkg=com.google.android.gms cmp=com.google.android.gms/.chimera.PersistentIntentOperationService (has extras) } [CONTEXT service_id=17 ]
05-16 07:39:40.250: I/SP.AiAi(3659): ====> Starting job {W:b:u:l, bg}
05-16 07:39:40.256: I/ProvidersCache(6803): Provider returned no roots. Possibly naughty: com.google.android.apps.docs.storage
05-16 07:39:40.257: D/LocalImageResolver(2674): Couldn't use ImageDecoder for drawable, falling back to non-resized load.
05-16 07:39:40.263: I/Icing(15673): updateResources: need to parse apod{com.google.android.gms}
05-16 07:39:40.267: I/Fitness(10395): FitCleanupIntentOperation received Intent android.intent.action.PACKAGE_CHANGED [CONTEXT service_id=17 ]
05-16 07:39:40.272: W/ChimeraUtils(10395): Module com.google.android.gms.nearby_en has empty metadata display_name_string_id
05-16 07:39:40.278: D/LocalImageResolver(2674): Couldn't use ImageDecoder for drawable, falling back to non-resized load.
05-16 07:39:40.278: I/SP.AiAi(3659): Scheduling: download registered, 0 started, 0 paused, 2 scheduled, 2 pending: manifests:spelling_correction-21080420 * {W:b:I:l, bg}, manifests:play_snapshot-60272023 * {W:b:u:l, bg}
05-16 07:39:40.283: I/SP.AiAi(3659): Scheduling job with delay of 0s for {W:b:I:l, bg}, 1 candidates
05-16 07:39:40.284: I/Icing(15673): Indexing com.google.android.gms-apps from com.google.android.gms
05-16 07:39:40.286: I/Icing(15673): Indexing done com.google.android.gms-apps
05-16 07:39:40.297: I/SP.AiAi(3659): Scheduling: job start ({W:b:u:l, bg}), 1 started, 0 paused, 1 scheduled, 2 pending: manifests:spelling_correction-21080420 * {W:b:I:l, bg}, manifests:play_snapshot-60272023 @ * {W:b:u:l, bg}
05-16 07:39:40.297: I/SP.AiAi(3659): Requesting download of URL https://gstatic.com/nasa/apps/pack_notification_public_01202022/22012501/2/en-us/superpacks_manifest.zip to play_snapshot-60272023.zip.fetched (constraints: W:b:u:l)
05-16 07:39:40.309: E/BLASTBufferQueue(2674): [VRI[StatusBar]#2](f:0,a:2) Faking releaseBufferCallback from transactionCompleteCallback
05-16 07:39:40.313: I/.gms.persistent(10395): Background young concurrent copying GC freed 928445(47MB) AllocSpace objects, 42(2188KB) LOS objects, 55% free, 39MB/89MB, paused 44us,1.383ms total 147.826ms
05-16 07:39:40.340: I/AstreaHttpConnection(3659): Started download from url='https://gstatic.com/nasa/apps/pack_notification_public_01202022/22012501/2/en-us/superpacks_manifest.zip'
05-16 07:39:40.341: I/AstreaHttpConnection(3659): DOWNLOAD COMPLETE: Downloaded 0 bytes from https://gstatic.com/nasa/apps/pack_notification_public_01202022/22012501/2/en-us/superpacks_manifest.zip.
05-16 07:39:40.342: I/SP.AiAi(3659): <==== Finishing job {W:b:u:l, bg}, 91 ms. elapsed since start
05-16 07:39:40.342: I/SP.AiAi(3659): Download stopped: manifests:play_snapshot-60272023, succeeded, size: 439
05-16 07:39:40.348: I/SP.AiAi(3659): Scheduling job with delay of 0s for {W:b:I:l, bg}, 1 candidates
05-16 07:39:40.358: I/SP.AiAi(3659): Scheduling: download stopped, 0 started, 0 paused, 1 scheduled, 1 pending: manifests:spelling_correction-21080420 * {W:b:I:l, bg}
05-16 07:39:40.360: I/SP.AiAi(3659): Successfully got manifest for play_snapshot-manifest: manifests:play_snapshot-60272023
05-16 07:39:40.365: I/SP.AiAi(3659): Syncing play_snapshot (60272023) with slices: [play-category-snapshot_68b0740a541e41e36f3262e0523b9ff6], metadata: false
05-16 07:39:40.388: I/SP.AiAi(3659): Scheduling job with delay of 0s for {W:b:I:l, bg}, 1 candidates
05-16 07:39:40.391: I/SP.AiAi(3659): Scheduling job with delay of 0s for {W:b:u:l, bg}, 1 candidates
05-16 07:39:40.397: I/SP.AiAi(3659): ====> Starting job {W:b:u:l, bg}
05-16 07:39:40.403: I/SP.AiAi(3659): Scheduling: download registered, 0 started, 0 paused, 2 scheduled, 2 pending: manifests:spelling_correction-21080420 * {W:b:I:l, bg}, play_snapshot:play-category-snapshot_68b0740a541e41e36f3262e0523b9ff6 * {W:b:u:l, bg}
05-16 07:39:40.404: I/SP.AiAi(3659): Scheduling job with delay of 0s for {W:b:I:l, bg}, 1 candidates
05-16 07:39:40.412: I/SP.AiAi(3659): Scheduling: job start ({W:b:u:l, bg}), 1 started, 0 paused, 1 scheduled, 2 pending: manifests:spelling_correction-21080420 * {W:b:I:l, bg}, play_snapshot:play-category-snapshot_68b0740a541e41e36f3262e0523b9ff6 @ * {W:b:u:l, bg}
05-16 07:39:40.413: I/SP.AiAi(3659): Requesting download of URL https://www.gstatic.com/nasa/apps/pack_notification_public_01202022/22012501/2/en-us/play-category-snapshot_68b0740a541e41e36f3262e0523b9ff6.zip to play-category-snapshot_68b0740a541e41e36f3262e0523b9ff6.zip.fetched (constraints: W:b:u:l)
05-16 07:39:40.429: I/AstreaHttpConnection(3659): Started download from url='https://www.gstatic.com/nasa/apps/pack_notification_public_01202022/22012501/2/en-us/play-category-snapshot_68b0740a541e41e36f3262e0523b9ff6.zip'
05-16 07:39:40.439: I/AstreaHttpConnection(3659): DOWNLOAD COMPLETE: Downloaded 0 bytes from https://www.gstatic.com/nasa/apps/pack_notification_public_01202022/22012501/2/en-us/play-category-snapshot_68b0740a541e41e36f3262e0523b9ff6.zip.
05-16 07:39:40.439: I/SP.AiAi(3659): <==== Finishing job {W:b:u:l, bg}, 42 ms. elapsed since start
05-16 07:39:40.440: I/SP.AiAi(3659): Download stopped: play_snapshot:play-category-snapshot_68b0740a541e41e36f3262e0523b9ff6, succeeded, size: 47167
05-16 07:39:40.445: I/SP.AiAi(3659): Scheduling job with delay of 0s for {W:b:I:l, bg}, 1 candidates
05-16 07:39:40.454: I/SP.AiAi(3659): Scheduling: download stopped, 0 started, 0 paused, 1 scheduled, 1 pending: manifests:spelling_correction-21080420 * {W:b:I:l, bg}
05-16 07:39:40.473: I/SP.AiAi(3659): Sync for play_snapshot succeeded in 109 ms: {added: [play-category-snapshot_68b0740a541e41e36f3262e0523b9ff6], metadata: false
05-16 07:39:40.496: I/SP.AiAi(3659): GC for 'play_snapshot' (10) with ttl of 0 ms took 1 ms (0/1/0)
05-16 07:39:40.496: I/AiAiNowPlaying(3659): Superpacks changed. Refreshing FA controller
05-16 07:39:40.497: I/AmbientMusicServiceMana(3659): Disabling ambient music service unexpectedly. Permission revoked?
05-16 07:39:40.502: I/AiAiNotificationIntelli(3659): play_snapshot , Kicked off [1] Superpack files indexing
05-16 07:39:40.502: I/ModelReloader(3659): Cancelled all jobs.
05-16 07:39:40.502: I/AmbientMusicServiceMana(3659): Unloading model 9f6ad62a-1f0b-11e7-87c5-40a8f03d3f15
05-16 07:39:40.503: I/SoundTriggerManagerComp(3659): Unloading model 9f6ad62a-1f0b-11e7-87c5-40a8f03d3f15
05-16 07:39:40.503: I/SoundTriggerService(1495): deleteSoundModel(): id = 9f6ad62a-1f0b-11e7-87c5-40a8f03d3f15
05-16 07:39:40.503: W/SoundTriggerService(1495): error onStop(): Model 9f6ad62a-1f0b-11e7-87c5-40a8f03d3f15 has no stats available
05-16 07:39:40.505: I/AiAiFed(3659): [Now Playing Recognitions FA] *** disabled *** [mode=FEDERATION population=aiai/sense/ambientmusic/]
05-16 07:39:40.505: I/TrainerClient(3659): Preparing to schedule training for population:aiai/sense/ambientmusic/ session_name:ambientmusic
05-16 07:39:40.739: D/AOC(1054): A3:MSG: window_orientation.c, 697: [WO] Proposed rotation: 1, flat angle threshold: 40
05-16 07:39:40.740: D/AOC(1054): A3:MSG: window_orientation.c, 1105: [WO] orientation angle 89, orientation 1
05-16 07:39:40.740: D/AOC(1054): A3:MSG: window_orientation.c, 430: [WO] Gyro angle integrated: 0.017407
05-16 07:39:40.740: D/AOC(1054): A3:MSG: window_orientation.c, 430: [WO] Gyro angle integrated: 0.017407
05-16 07:39:41.027: E/BLASTBufferQueue(16872): [VRI[BackdropActivity]#0](f:0,a:2) Faking releaseBufferCallback from transactionCompleteCallback
05-16 07:39:42.033: E/BLASTBufferQueue(16872): [VRI[BackdropActivity]#0](f:0,a:3) Faking releaseBufferCallback from transactionCompleteCallback
05-16 07:39:42.033: E/BLASTBufferQueue(16872): [VRI[BackdropActivity]#0](f:0,a:3) Faking releaseBufferCallback from transactionCompleteCallback
05-16 07:39:42.498: I/hwservicemanager(456): Notifying [email protected]::IAtraceDevice/default they have clients: 1
05-16 07:39:42.498: I/HidlLazyUtils(17380): Process has 1 (of 1 available) client(s) in use after notification [email protected]::IAtraceDevice/default has clients: 1
05-16 07:39:42.596: D/display(516): getColorModes: size(3)
05-16 07:39:42.596: D/display(516): getColorModes: size(3)
05-16 07:39:42.596: D/display(516): mode[0] 0
05-16 07:39:42.596: D/display(516): mode[1] 7
05-16 07:39:42.596: D/display(516): mode[2] 9
05-16 07:39:42.596: D/display(516): getPreferredDisplayConfigInternal: found preferred display config for mode: 1080x2340@120=37
05-16 07:39:42.598: D/MediaCodecList(17551): codecHandlesFormat: no format, so no extra checks
05-16 07:39:42.599: D/MediaCodecList(17551): codecHandlesFormat: no format, so no extra checks
05-16 07:39:42.600: D/CCodec(17551): allocate(c2.exynos.h264.encoder)
05-16 07:39:42.604: I/Codec2Client(17551): Available Codec2 services: "default" "default1" "default2" "software"
05-16 07:39:42.606: I/CCodec(17551): setting up 'default' as default (vendor) store
05-16 07:39:42.608: W/ColorUtils(883): expected specified color aspects (0:0:0:0)
05-16 07:39:42.609: I/[email protected](883): missing struct descriptor #Param::CoreIndex(--004) for field values of struct #Param::CoreIndex(F-12004)
05-16 07:39:42.609: I/[email protected](883): missing struct descriptor #Param::CoreIndex(--1812) for field values of struct #Param::CoreIndex(F-11812)
05-16 07:39:42.611: I/CCodec(17551): Created component [c2.exynos.h264.encoder]
05-16 07:39:42.611: D/CCodecConfig(17551): read media type: video/avc
05-16 07:39:42.613: D/ReflectedParamUpdater(17551): extent() != 1 for single value type: output.subscribed-indices.values
05-16 07:39:42.613: D/ReflectedParamUpdater(17551): extent() != 1 for single value type: input.buffers.allocator-ids.values
05-16 07:39:42.614: D/ReflectedParamUpdater(17551): extent() != 1 for single value type: output.buffers.allocator-ids.values
05-16 07:39:42.614: D/ReflectedParamUpdater(17551): extent() != 1 for single value type: output.buffers.pool-ids.values
05-16 07:39:42.617: D/ReflectedParamUpdater(17551): ignored struct field coding.qp.values
05-16 07:39:42.619: D/ReflectedParamUpdater(17551): ignored struct field coding.gop.values
05-16 07:39:42.622: D/CCodecConfig(17551): ignoring local param raw.color (0xc2001809) as it is already supported
05-16 07:39:42.623: I/CCodecConfig(17551): query failed after returning 21 values (BAD_INDEX)
05-16 07:39:42.624: D/CCodecConfig(17551): c2 config diff is Dict {
05-16 07:39:42.624: D/CCodecConfig(17551): c2::u32 algo.bitrate-mode.value = 3
05-16 07:39:42.624: D/CCodecConfig(17551): c2::u32 algo.encoding-quality-level.value = 0
05-16 07:39:42.624: D/CCodecConfig(17551): c2::i32 algo.priority.value = 0
05-16 07:39:42.624: D/CCodecConfig(17551): c2::float algo.rate.value = 0
05-16 07:39:42.624: D/CCodecConfig(17551): c2::i32 coded.average-qp.value = 0
05-16 07:39:42.624: D/CCodecConfig(17551): c2::u32 coded.bitrate-mode.value = 1
05-16 07:39:42.624: D/CCodecConfig(17551): c2::u32 coded.bitrate.value = 64000
05-16 07:39:42.624: D/CCodecConfig(17551): c2::float coded.frame-rate.value = 15
05-16 07:39:42.624: D/CCodecConfig(17551): c2::u32 coded.hdr-format.value = 0
05-16 07:39:42.624: D/CCodecConfig(17551): c2::u32 coded.picture-type.value = 0
05-16 07:39:42.624: D/CCodecConfig(17551): c2::u32 coded.pl.level = 20480
05-16 07:39:42.624: D/CCodecConfig(17551): c2::u32 coded.pl.profile = 20484
05-16 07:39:42.624: D/CCodecConfig(17551): c2::u32 coding.intra-refresh.mode = 0
05-16 07:39:42.624: D/CCodecConfig(17551): c2::float coding.intra-refresh.period = 0
05-16 07:39:42.624: D/CCodecConfig(17551): c2::u32 coding.request-sync-frame.value = 0
05-16 07:39:42.624: D/CCodecConfig(17551): c2::i64 coding.sync-frame-interval.value = 1000000
05-16 07:39:42.624: D/CCodecConfig(17551): Buffer coding.temporal-layering = {
05-16 07:39:42.624: D/CCodecConfig(17551): 00000000: 10 00 00 00 07 20 01 52 00 00 00 00 00 00 00 00 ..... .R........
05-16 07:39:42.624: D/CCodecConfig(17551): }
05-16 07:39:42.624: D/CCodecConfig(17551): c2::u32 input.delay.value = 0
05-16 07:39:42.624: D/CCodecConfig(17551): string input.media-type.value = "video/raw"
05-16 07:39:42.624: D/CCodecConfig(17551): c2::u32 output.buffers.prepend-header.value = 0
05-16 07:39:42.624: D/CCodecConfig(17551): string output.media-type.value = "video/avc"
05-16 07:39:42.624: D/CCodecConfig(17551): c2::u32 raw.color.matrix = 0
05-16 07:39:42.624: D/CCodecConfig(17551): c2::u32 raw.color.primaries = 0
05-16 07:39:42.624: D/CCodecConfig(17551):
05-16 07:39:42.630: I/Nearby(10395): [MBleClient] Start ble scanning from NearbyDirect:BluetoothAdapterWrapper, context tag = nearby_messages [CONTEXT service_id=49 ]
05-16 07:39:42.630: D/BluetoothAdapter(10395): isLeEnabled(): ON
05-16 07:39:42.632: D/ActivityAttributionService(2838): notifyActivityAttributionInfo UID=1002 packageName=com.android.bluetooth deviceAddress=no_active_device_address
05-16 07:39:42.632: I/bt_btif(2838): packages/modules/Bluetooth/system/btif/src/bluetooth.cc:471 get_profile_interface: get_profile_interface: id = activity_attribution
05-16 07:39:42.633: I/bt_stack(2838): [INFO:le_scanning_manager.cc(152)] Scan in shim layer stopped
05-16 07:39:42.633: I/bt_stack(2838): [INFO:le_scanning_manager.cc(172)] ScanFilterParamSetup in shim layer
05-16 07:39:42.633: I/bt_stack(2838): [INFO:le_scanning_manager.cc(172)] ScanFilterParamSetup in shim layer
05-16 07:39:42.633: I/bt_stack(2838): [INFO:le_scanning_manager.cc(172)] ScanFilterParamSetup in shim layer
05-16 07:39:42.633: I/bt_stack(2838): [INFO:le_scanning_manager.cc(172)] ScanFilterParamSetup in shim layer
05-16 07:39:42.633: I/bt_stack(2838): [INFO:le_scanning_manager.cc(172)] ScanFilterParamSetup in shim layer
05-16 07:39:42.635: I/bt_stack(2838): [INFO:le_scanning_manager.cc(146)] Unregister in shim layer, scanner_id:1
05-16 07:39:42.635: I/Nearby(10395): [MBleClient] M hardware scan: 1 clients, scanMode= OPPORTUNISTIC, filters size = 5 [CONTEXT service_id=49 ]
05-16 07:39:42.635: D/BluetoothAdapter(10395): isLeEnabled(): ON
05-16 07:39:42.635: D/CodecSeeding(17551): Seed: codec c2.exynos.h264.encoder, mediatype video/avc, overrideable 1
05-16 07:39:42.635: D/CodecProperties(17551): setTuningValue(vq-target-bpp,0)
05-16 07:39:42.635: D/CodecProperties(17551): setTuningValue(vq-target-bpp-1080p,1.90)
05-16 07:39:42.635: D/CodecProperties(17551): setTuningValue(vq-target-bpp-720p,2.25)
05-16 07:39:42.635: D/CodecProperties(17551): setTuningValue(vq-target-bpp-540p,2.65)
05-16 07:39:42.635: D/CodecProperties(17551): setTuningValue(vq-target-bpp-480p,3.00)
05-16 07:39:42.635: D/CodecProperties(17551): setTuningValue(vq-target-bpp-320x240,0)
05-16 07:39:42.636: D/CodecProperties(17551): setTuningValue(vq-target-qpmax,-1)
05-16 07:39:42.636: D/CodecProperties(17551): setTuningValue(vq-target-qpmax-1080p,45)
05-16 07:39:42.636: D/CodecProperties(17551): setTuningValue(vq-target-qpmax-720p,43)
05-16 07:39:42.636: D/CodecProperties(17551): setTuningValue(vq-target-qpmax-540p,42)
05-16 07:39:42.636: D/CodecProperties(17551): setTuningValue(vq-target-qpmax-480p,38)
05-16 07:39:42.636: D/CodecProperties(17551): setTuningValue(vq-bitrate-phaseout,1.75)
05-16 07:39:42.636: D/CodecProperties(17551): setTuningValue(vq-boost-missing-qp,0.20)
05-16 07:39:42.636: D/CodecProperties(17551): setFeatureValue(can-swap-width-height,1)
05-16 07:39:42.636: D/CodecProperties(17551): setFeatureValue(encoding-statistics,0)
05-16 07:39:42.636: D/CodecProperties(17551): setFeatureValue(qp-bounds,0)
05-16 07:39:42.636: D/CodecProperties(17551): setFeatureValue(vq-minimum-quality,0)
05-16 07:39:42.636: D/CodecProperties(17551): setFeatureValue(_vq_eligible.device,1)
05-16 07:39:42.636: D/CodecProperties(17551): setFeatureValue(_quality.target,1)
05-16 07:39:42.636: D/CodecSeeding(17551): Seed: codec c2.exynos.h264.encoder, mediatype video/avc, overrideable 0
05-16 07:39:42.636: D/VQApply(17551): minquality: codec claims to implement minquality=1
05-16 07:39:42.636: D/MediaCodec(17551): shapeMediaFormat: deltas(1): AMessage(what = 0x00000000) = {
05-16 07:39:42.636: D/MediaCodec(17551): int32_t android._encoding-quality-level = 1
05-16 07:39:42.636: D/MediaCodec(17551): }
05-16 07:39:42.636: D/MediaCodec(17551): flushMediametrics
05-16 07:39:42.636: D/CCodec(17551): [c2.exynos.h264.encoder] buffers are bound to CCodec for this session
05-16 07:39:42.636: D/CCodecConfig(17551): no c2 equivalents for color-format
05-16 07:39:42.636: D/CCodecConfig(17551): no c2 equivalents for flags
05-16 07:39:42.636: D/CCodecConfig(17551): no c2 equivalents for encoder
05-16 07:39:42.637: I/bt_stack(2838): [INFO:le_scanning_manager.cc(139)] RegisterScanner in shim layer
05-16 07:39:42.637: D/CCodecConfig(17551): c2 config diff is c2::u32 algo.encoding-quality-level.value = 1
05-16 07:39:42.637: D/CCodecConfig(17551): c2::u32 coded.bitrate.value = 2097152
05-16 07:39:42.637: D/CCodecConfig(17551): c2::float coded.frame-rate.value = 30
05-16 07:39:42.637: D/CCodecConfig(17551): c2::i64 coding.sync-frame-interval.value = 10000000
05-16 07:39:42.637: D/CCodecConfig(17551): c2::u32 raw.size.height = 1280
05-16 07:39:42.637: D/CCodecConfig(17551): c2::u32 raw.size.width = 720
05-16 07:39:42.638: W/Codec2Client(17551): query -- param skipped: index = 3254781982.
05-16 07:39:42.638: D/CCodec(17551): encoding statistics level = 0
05-16 07:39:42.638: D/CCodec(17551): setup formats input: AMessage(what = 0x00000000) = {
05-16 07:39:42.638: D/CCodec(17551): int32_t android._color-format = 2130708361
05-16 07:39:42.638: D/CCodec(17551): int32_t android._dataspace = 0
05-16 07:39:42.638: D/CCodec(17551): int32_t bitrate-mode = 1
05-16 07:39:42.638: D/CCodec(17551): int32_t frame-rate = 30
05-16 07:39:42.638: D/CCodec(17551): int32_t height = 1280
05-16 07:39:42.638: D/CCodec(17551): int32_t intra-refresh-period = 0
05-16 07:39:42.638: D/CCodec(17551): string mime = "video/raw"
05-16 07:39:42.638: D/CCodec(17551): int32_t prepend-sps-pps-to-idr-frames = 0
05-16 07:39:42.638: D/CCodec(17551): int32_t priority = 0
05-16 07:39:42.638: D/CCodec(17551): int32_t video-qp-average = 0
05-16 07:39:42.638: D/CCodec(17551): int32_t width = 720
05-16 07:39:42.638: D/CCodec(17551): Rect crop(0, 0, 719, 1279)
05-16 07:39:42.638: D/CCodec(17551): int64_t android._C2MemoryUsage = 1125899906908160
05-16 07:39:42.638: D/CCodec(17551): int32_t color-format = 2130708361
05-16 07:39:42.638: D/CCodec(17551): }
05-16 07:39:42.638: D/CCodec(17551): setup formats output: AMessage(what = 0x00000000) = {
05-16 07:39:42.638: D/CCodec(17551): int32_t bitrate = 2097152
05-16 07:39:42.638: D/CCodec(17551): int32_t bitrate-mode = 1
05-16 07:39:42.638: D/CCodec(17551): Rect crop(0, 0, 719, 1279)
05-16 07:39:42.638: D/CCodec(17551): int32_t width = 720
05-16 07:39:42.638: D/CCodec(17551): int32_t color-standard = 0
05-16 07:39:42.638: D/CCodec(17551): int32_t color-range = 0
05-16 07:39:42.638: D/CCodec(17551): int32_t color-transfer = 0
05-16 07:39:42.638: D/CCodec(17551): int32_t frame-rate = 30
05-16 07:39:42.638: D/CCodec(17551): int32_t height = 1280
05-16 07:39:42.638: D/CCodec(17551): int32_t intra-refresh-period = 0
05-16 07:39:42.638: D/CCodec(17551): int32_t level = 1
05-16 07:39:42.638: D/CCodec(17551): int32_t max-bitrate = 2097152
05-16 07:39:42.638: D/CCodec(17551): string mime = "video/avc"
05-16 07:39:42.638: D/CCodec(17551): int32_t prepend-sps-pps-to-idr-frames = 0
05-16 07:39:42.638: D/CCodec(17551): int32_t priority = 0
05-16 07:39:42.638: D/CCodec(17551): int32_t profile = 8
05-16 07:39:42.638: D/CCodec(17551): int32_t video-qp-average = 0
05-16 07:39:42.638: D/CCodec(17551): }
05-16 07:39:42.638: I/CCodecConfig(17551): query failed after returning 22 values (BAD_INDEX)
05-16 07:39:42.638: D/CCodecConfig(17551): c2 config diff is c2::u32 coded.pl.level = 20489
05-16 07:39:42.639: D/CCodec(17551): input format changed to AMessage(what = 0x00000000) = {
05-16 07:39:42.639: D/CCodec(17551): int32_t android._color-format = 2130708361
05-16 07:39:42.639: D/CCodec(17551): int32_t android._dataspace = 260
05-16 07:39:42.639: D/CCodec(17551): int32_t bitrate-mode = 1
05-16 07:39:42.639: D/CCodec(17551): int32_t frame-rate = 30
05-16 07:39:42.639: D/CCodec(17551): int32_t height = 1280
05-16 07:39:42.639: D/CCodec(17551): int32_t intra-refresh-period = 0
05-16 07:39:42.639: D/CCodec(17551): string mime = "video/raw"
05-16 07:39:42.639: D/CCodec(17551): int32_t prepend-sps-pps-to-idr-frames = 0
05-16 07:39:42.639: D/CCodec(17551): int32_t priority = 0
05-16 07:39:42.639: D/CCodec(17551): int32_t video-qp-average = 0
05-16 07:39:42.639: D/CCodec(17551): int32_t width = 720
05-16 07:39:42.639: D/CCodec(17551): Rect crop(0, 0, 719, 1279)
05-16 07:39:42.639: D/CCodec(17551): int64_t android._C2MemoryUsage = 1125899906908160
05-16 07:39:42.639: D/CCodec(17551): int32_t color-format = 2130708361
05-16 07:39:42.639: D/CCodec(17551): int32_t color-range = 2
05-16 07:39:42.639: D/CCodec(17551): int32_t color-standard = 1
05-16 07:39:42.639: D/CCodec(17551): int32_t color-transfer = 3
05-16 07:39:42.639: D/CCodec(17551): }
05-16 07:39:42.640: D/GraphicBufferSource(17551): setting dataspace: 0x104, acquired=0
05-16 07:39:42.640: D/CCodec(17551): ISConfig not changed
05-16 07:39:42.642: I/ExynosC2H264EncComponent(883): Creating ECOServiceStatsProvider c2.exynos.h264.encoder video/avc
05-16 07:39:42.642: I/ECOServiceStatsProvider(883): Connected to ecoservice
05-16 07:39:42.642: I/ECOService(883): ECOService::obtainSession w: 720, h: 1280, isCameraRecording: 1
05-16 07:39:42.644: I/ECOSession(883): ECOSession created with w: 720, h: 1280, isCameraRecording: 1
05-16 07:39:42.644: I/ECOSession(883): ECOSession debug settings: logStats: false, entries: 0, logInfo: false entries: 0
05-16 07:39:42.644: I/ECOServiceStatsProvider(883): Obtained an ECO session
05-16 07:39:42.644: D/ECOServiceStatsProvider(883): ECOServiceStatsProvider, construct with w: 720, h: 1280, isCameraRecording: 1, ProviderName:ExynosC2Encoder
05-16 07:39:42.644: D/BluetoothLeScanner(10395): onScannerRegistered() - status=0 scannerId=1 mScannerId=0
05-16 07:39:42.646: D/libexynosv4l2(883): try node: /dev/video6
05-16 07:39:42.646: D/libexynosv4l2(883): try node: /dev/video7
05-16 07:39:42.646: I/libexynosv4l2(883): node found for device s5p-mfc-enc: /dev/video7
05-16 07:39:42.648: D/ActivityAttributionService(2838): notifyActivityAttributionInfo UID=1002 packageName=com.android.bluetooth deviceAddress=no_active_device_address
05-16 07:39:42.648: I/bt_btif(2838): packages/modules/Bluetooth/system/btif/src/bluetooth.cc:471 get_profile_interface: get_profile_interface: id = activity_attribution
05-16 07:39:42.658: I/libexynosv4l2(883): open video device /dev/video7
05-16 07:39:42.658: I/DMABUFHEAPS(883): Using DMA-BUF heap named: system
05-16 07:39:42.660: W/Codec2Client(17551): query -- param skipped: index = 1342179345.
05-16 07:39:42.660: W/Codec2Client(17551): query -- param skipped: index = 2415921170.
05-16 07:39:42.660: W/Codec2Client(17551): query -- param skipped: index = 2684356609.
05-16 07:39:42.660: D/CCodecBufferChannel(17551): [c2.exynos.h264.encoder#68] Created input block pool with allocatorID 17 => poolID 17 - OK (0)
05-16 07:39:42.661: D/C2Store(17551): debug.c2.use_dmabufheaps set, forcing DMABUF Heaps
05-16 07:39:42.661: D/C2Store(17551): Using DMABUF Heaps
05-16 07:39:42.661: D/C2Store(883): debug.c2.use_dmabufheaps set, forcing DMABUF Heaps
05-16 07:39:42.661: D/C2Store(883): Using DMABUF Heaps
05-16 07:39:42.663: I/CCodecBufferChannel(17551): [c2.exynos.h264.encoder#68] Created output block pool with allocatorID 16 => poolID 17 - OK
05-16 07:39:42.663: D/CCodecBufferChannel(17551): [c2.exynos.h264.encoder#68] Configured output block pool ids 17 => OK
05-16 07:39:42.663: W/ResourceManagerService(1003): Ignoring request to add new resource entry with value <= 0
05-16 07:39:42.664: D/PermissionCache(513): checking android.permission.ACCESS_SURFACE_FLINGER for uid=2000 => granted (553 us)
05-16 07:39:42.665: D/PermissionCache(513): checking android.permission.INTERNAL_SYSTEM_WINDOW for uid=2000 => granted (211 us)
05-16 07:39:42.675: I/videocat(17551): Encoding 720x1280 video/avc at 2097152 bits per second
05-16 07:39:42.684: I/hwservicemanager(456): getTransport: Cannot find entry [email protected]::IAllocator/default in either framework or device VINTF manifest.
05-16 07:39:42.685: I/servicemanager(455): Found android.hardware.graphics.allocator.IAllocator/default in device VINTF manifest.
05-16 07:39:42.688: D/GraphicBufferSource(17551): got buffer with new dataSpace #104
05-16 07:39:42.688: D/C2OMXNode(17551): dataspace changed to 0x104 pixel format: 0x1
05-16 07:39:42.699: I/DMABUFHEAPS(883): Using DMA-BUF heap named: system
05-16 07:39:42.703: I/ExynosC2H264EncComponent(883): [onUpdateC2Work] set CSD to configuration on output.
05-16 07:39:42.703: I/ExynosC2H264EncComponent(883): [onUpdateC2Work] got SYNC FRAME
05-16 07:39:42.705: D/CCodecConfig(17551): c2 config diff is Buffer coded.init-data.value = {
05-16 07:39:42.705: D/CCodecConfig(17551): 00000000: 00 00 00 01 67 64 00 1f ac b4 05 a0 50 d3 50 10 ....gd......P.P.
05-16 07:39:42.705: D/CCodecConfig(17551): 00000010: 10 10 78 b1 75 00 00 00 01 68 ee 0d 8b ..x.u....h...
05-16 07:39:42.761: D/OomAdjuster(1495): Not killing cached processes
05-16 07:39:42.771: D/AOC(1054): A3:MSG: window_orientation.c, 697: [WO] Proposed rotation: 1, flat angle threshold: 40
05-16 07:39:42.771: D/AOC(1054): A3:MSG: window_orientation.c, 1105: [WO] orientation angle 89, orientation 1
05-16 07:39:42.771: D/AOC(1054): A3:MSG: window_orientation.c, 430: [WO] Gyro angle integrated: 0.082449
05-16 07:39:42.771: D/AOC(1054): A3:MSG: window_orientation.c, 430: [WO] Gyro angle integrated: 0.082449
05-16 07:39:42.863: D/AndroidRuntime(17576): >>>>>> START com.android.internal.os.RuntimeInit uid 2000 <<<<<<
05-16 07:39:42.867: I/AndroidRuntime(17576): Using default boot image
05-16 07:39:42.867: I/AndroidRuntime(17576): Leaving lock profiling enabled
05-16 07:39:42.949: D/app_process(17576): Time zone APEX ICU file found: /apex/com.android.tzdata/etc/icu/icu_tzdata.dat
05-16 07:39:42.949: D/app_process(17576): I18n APEX ICU file found: /apex/com.android.i18n/etc/icu/icudt70l.dat
05-16 07:39:42.971: D/AndroidRuntime(17576): Calling main entry com.android.commands.am.Am
05-16 07:39:42.978: I/ActivityManager(1495): Force stopping com.alonalbert.firebase.test appid=10259 user=0: start instr
05-16 07:39:42.980: D/CompatibilityChangeReporter(1495): Compat change id reported: 135634846; UID 10259; state: DISABLED
05-16 07:39:42.980: D/CompatibilityChangeReporter(1495): Compat change id reported: 177438394; UID 10259; state: DISABLED
05-16 07:39:42.980: D/CompatibilityChangeReporter(1495): Compat change id reported: 135772972; UID 10259; state: DISABLED
05-16 07:39:42.981: D/CompatibilityChangeReporter(1495): Compat change id reported: 135754954; UID 10259; state: ENABLED
05-16 07:39:42.981: D/CompatibilityChangeReporter(1495): Compat change id reported: 143937733; UID 10259; state: ENABLED
05-16 07:39:42.990: D/Zygote(810): Forked child process 17595
05-16 07:39:42.995: I/ActivityManager(1495): Start proc 17595:com.alonalbert.firebase.test/u0a259 for added application com.alonalbert.firebase.test
05-16 07:39:42.997: I/t.firebase.test(17595): Late-enabling -Xcheck:jni
05-16 07:39:43.004: D/GservicesChangedObserverService(11311): onStartJob
05-16 07:39:43.009: W/JobScheduler(1495): Job didn't exist in JobStore: 1d3c000 #u0a106/1 com.google.android.configupdater/.MainJobService
05-16 07:39:43.017: D/GservicesChangedObserverService(11311): scheduleJobService
05-16 07:39:43.021: W/JobScheduler(1495): Job didn't exist in JobStore: 1b4dc2c #u0a155/5 com.google.android.apps.work.oobconfig/.gservices.GservicesChangedObserverService
05-16 07:39:43.023: I/adbd(3539): jdwp connection from 17595
05-16 07:39:43.030: E/BLASTBufferQueue(16872): [VRI[BackdropActivity]#0](f:0,a:3) Faking releaseBufferCallback from transactionCompleteCallback
05-16 07:39:43.030: E/BLASTBufferQueue(16872): [VRI[BackdropActivity]#0](f:0,a:3) Faking releaseBufferCallback from transactionCompleteCallback
05-16 07:39:43.039: D/CompatibilityChangeReporter(17595): Compat change id reported: 171979766; UID 10259; state: ENABLED
05-16 07:39:43.046: W/t.firebase.test(17595): ClassLoaderContext classpath size mismatch. expected=0, found=1 (PCL[] | PCL[/system/framework/android.test.runner.jar*2256426886])
05-16 07:39:43.047: W/t.firebase.test(17595): ClassLoaderContext classpath size mismatch. expected=0, found=2 (PCL[] | PCL[/system/framework/android.test.runner.jar*2256426886:/system/framework/android.test.mock.jar*849501951])
05-16 07:39:43.048: W/ziparchive(17595): Unable to open '/data/app/~~I6mSsyMPpVHNxqAsf1APUg==/com.alonalbert.firebase.test.test-TwxyqITyK3HjzGQKWHWBuw==/base.dm': No such file or directory
05-16 07:39:43.048: W/ziparchive(17595): Unable to open '/data/app/~~I6mSsyMPpVHNxqAsf1APUg==/com.alonalbert.firebase.test.test-TwxyqITyK3HjzGQKWHWBuw==/base.dm': No such file or directory
05-16 07:39:43.055: W/ziparchive(17595): Unable to open '/data/app/~~sL6wf2BAtmBojXsnNxr5WA==/com.alonalbert.firebase.test-BzON3CVTpPzuGv0_bde59Q==/base.dm': No such file or directory
05-16 07:39:43.055: W/ziparchive(17595): Unable to open '/data/app/~~sL6wf2BAtmBojXsnNxr5WA==/com.alonalbert.firebase.test-BzON3CVTpPzuGv0_bde59Q==/base.dm': No such file or directory
05-16 07:39:43.077: D/BoundBrokerSvc(10395): onUnbind: Intent { act=com.google.android.gms.nearby.exposurenotification.START dat=chimera-action:/... cmp=com.google.android.gms/.chimera.PersistentApiServiceNoInstantApps }
05-16 07:39:43.109: D/nativeloader(17595): Configuring classloader-namespace for other apk /system/framework/android.test.runner.jar:/system/framework/android.test.mock.jar:/system/framework/android.test.base.jar:/data/app/~~I6mSsyMPpVHNxqAsf1APUg==/com.alonalbert.firebase.test.test-TwxyqITyK3HjzGQKWHWBuw==/base.apk:/data/app/~~sL6wf2BAtmBojXsnNxr5WA==/com.alonalbert.firebase.test-BzON3CVTpPzuGv0_bde59Q==/base.apk. target_sdk_version=33, uses_libraries=, library_path=/data/app/~~I6mSsyMPpVHNxqAsf1APUg==/com.alonalbert.firebase.test.test-TwxyqITyK3HjzGQKWHWBuw==/lib/arm64:/data/app/~~sL6wf2BAtmBojXsnNxr5WA==/com.alonalbert.firebase.test-BzON3CVTpPzuGv0_bde59Q==/lib/arm64, permitted_path=/data:/mnt/expand:/data/user/0/com.alonalbert.firebase.test
05-16 07:39:43.119: V/GraphicsEnvironment(17595): ANGLE Developer option for 'com.alonalbert.firebase.test' set to: 'default'
05-16 07:39:43.120: V/GraphicsEnvironment(17595): ANGLE GameManagerService for com.alonalbert.firebase.test: false
05-16 07:39:43.120: V/GraphicsEnvironment(17595): Neither updatable production driver nor prerelease driver is supported.
05-16 07:39:43.125: D/ApplicationLoaders(17595): Returning zygote-cached class loader: /system/framework/android.test.base.jar
05-16 07:39:43.126: D/nativeloader(17595): Configuring classloader-namespace for other apk /system/framework/android.test.mock.jar. target_sdk_version=33, uses_libraries=ALL, library_path=/data/app/~~I6mSsyMPpVHNxqAsf1APUg==/com.alonalbert.firebase.test.test-TwxyqITyK3HjzGQKWHWBuw==/lib/arm64:/data/app/~~sL6wf2BAtmBojXsnNxr5WA==/com.alonalbert.firebase.test-BzON3CVTpPzuGv0_bde59Q==/lib/arm64, permitted_path=/data:/mnt/expand
05-16 07:39:43.129: D/ApplicationLoaders(17595): Returning zygote-cached class loader: /system/framework/android.test.base.jar
05-16 07:39:43.130: W/t.firebase.test(17595): ClassLoaderContext shared library size mismatch. Expected=0, found=2 (PCL[] | PCL[]{PCL[/system/framework/android.test.base.jar*1628045882]#PCL[/system/framework/android.test.mock.jar*849501951]})
05-16 07:39:43.131: D/nativeloader(17595): Configuring classloader-namespace for other apk /system/framework/android.test.runner.jar. target_sdk_version=33, uses_libraries=ALL, library_path=/data/app/~~I6mSsyMPpVHNxqAsf1APUg==/com.alonalbert.firebase.test.test-TwxyqITyK3HjzGQKWHWBuw==/lib/arm64:/data/app/~~sL6wf2BAtmBojXsnNxr5WA==/com.alonalbert.firebase.test-BzON3CVTpPzuGv0_bde59Q==/lib/arm64, permitted_path=/data:/mnt/expand
