05-16 07:39:36.341: D/PrefCtrlListHelper(3180): Could not find Context-only controller for pref: com.android.settings.accessibility.ToggleAutoclickCustomSeekbarController
05-16 07:39:36.341: D/PrefCtrlListHelper(3180): Could not find Context-only controller for pref: com.android.settings.accessibility.ToggleAutoclickFooterPreferenceController
05-16 07:39:36.342: D/PrefCtrlListHelper(3180): Could not find Context-only controller for pref: com.android.settings.display.ColorModePreferenceController
05-16 07:39:36.342: D/PrefCtrlListHelper(3180): Could not find Context-only controller for pref: com.android.settings.display.SmartAutoRotatePreferenceController
05-16 07:39:36.342: D/PrefCtrlListHelper(3180): Could not find Context-only controller for pref: com.android.settings.display.DeviceStateAutoRotateOverviewController
05-16 07:39:36.342: D/PrefCtrlListHelper(3180): Could not find Context-only controller for pref: com.android.settings.security.trustagent.TrustAgentsPreferenceController
05-16 07:39:36.342: D/PrefCtrlListHelper(3180): Could not find Context-only controller for pref: com.android.settings.display.ScreenResolutionController
05-16 07:39:36.342: D/PrefCtrlListHelper(3180): Could not find Context-only controller for pref: com.android.settings.display.DisplayWhiteBalancePreferenceController
05-16 07:39:36.342: D/PrefCtrlListHelper(3180): Could not find Context-only controller for pref: com.android.settings.display.PeakRefreshRatePreferenceController
05-16 07:39:36.343: D/RefreshRatePrefCtr(3180): DEFAULT_REFRESH_RATE : 60.0 mPeakRefreshRate : 120.00001
05-16 07:39:36.343: D/PrefCtrlListHelper(3180): Could not find Context-only controller for pref: com.android.settings.accessibility.MagnificationGesturesPreferenceController
05-16 07:39:36.343: D/PrefCtrlListHelper(3180): Could not find Context-only controller for pref: com.android.settings.accessibility.MagnificationNavbarPreferenceController
05-16 07:39:36.343: V/SettingsSearchProvider(3180): com.android.settings.accessibility.MagnificationPreferenceFragment$1@55e59f tried to add an empty non-indexable key
05-16 07:39:36.345: I/AstreaHttpConnection(3659): DOWNLOAD COMPLETE: Downloaded 0 bytes from https://gstatic.com/matchmaker/tclib_models/annotator/v903/en/v903_3963511d8644d2966855151b920fbfcb.zip.
05-16 07:39:36.347: D/PrefCtrlListHelper(3180): Could not find Context-only controller for pref: com.android.settings.accessibility.TextReadingFragmentForA11ySettingsController
05-16 07:39:36.348: D/PrefCtrlListHelper(3180): Could not find Context-only controller for pref: com.android.settings.accessibility.ReduceBrightColorsPreferenceController
05-16 07:39:36.348: D/PrefCtrlListHelper(3180): Could not find Context-only controller for pref: com.android.settings.accessibility.MagnificationPreferenceController
05-16 07:39:36.348: D/PrefCtrlListHelper(3180): Could not find Context-only controller for pref: com.android.settings.accessibility.VibrationPreferenceController
05-16 07:39:36.348: D/PrefCtrlListHelper(3180): Could not find Context-only controller for pref: com.android.settings.accessibility.LiveCaptionPreferenceController
05-16 07:39:36.348: D/PrefCtrlListHelper(3180): Could not find Context-only controller for pref: com.android.settings.accessibility.CaptioningPreferenceController
05-16 07:39:36.348: D/PrefCtrlListHelper(3180): Could not find Context-only controller for pref: com.android.settings.accessibility.RTTSettingPreferenceController
05-16 07:39:36.348: D/RTTSettingsCtr(3180): init controller
05-16 07:39:36.348: D/PrefCtrlListHelper(3180): Could not find Context-only controller for pref: com.android.settings.accessibility.AudioDescriptionPreferenceController
05-16 07:39:36.348: D/PrefCtrlListHelper(3180): Could not find Context-only controller for pref: com.android.settings.accessibility.AccessibilityHearingAidPreferenceController
05-16 07:39:36.349: D/PrefCtrlListHelper(3180): Could not find Context-only controller for pref: com.android.settings.language.TtsPreferenceController
05-16 07:39:36.349: I/.apps.wellbeing(11992): Background young concurrent copying GC freed 131352(6099KB) AllocSpace objects, 1(40KB) LOS objects, 78% free, 6123KB/27MB, paused 80us,38us total 171.469ms
05-16 07:39:36.352: D/PrefCtrlListHelper(3180): Could not find Context-only controller for pref: com.google.android.settings.touch.TouchSensitivityPreferenceController
05-16 07:39:36.354: D/PrefCtrlListHelper(3180): Could not find Context-only controller for pref: com.android.settings.widget.VideoPreferenceController
05-16 07:39:36.354: D/PrefCtrlListHelper(3180): Could not find Context-only controller for pref: com.android.settings.gestures.DoubleTapScreenPreferenceController
05-16 07:39:36.355: D/PrefCtrlListHelper(3180): Could not find Context-only controller for pref: com.android.settings.connecteddevice.NfcAndPaymentFragmentController
05-16 07:39:36.359: I/Icing(15673): Indexing done com.google.android.gms-apps
05-16 07:39:36.360: D/PrefCtrlListHelper(3180): Could not find Context-only controller for pref: com.android.settings.wfd.WifiDisplayPreferenceController
05-16 07:39:36.361: D/PrefCtrlListHelper(3180): Could not find Context-only controller for pref: com.android.settings.nfc.AndroidBeamPreferenceController
05-16 07:39:36.369: D/PrefCtrlListHelper(3180): Could not find Context-only controller for pref: com.android.settings.uwb.UwbPreferenceController
05-16 07:39:36.374: D/PrefCtrlListHelper(3180): Could not find Context-only controller for pref: com.android.settings.gestures.ButtonNavigationSettingsAssistController
05-16 07:39:36.374: D/PrefCtrlListHelper(3180): Could not find Context-only controller for pref: com.android.settings.applications.specialaccess.interactacrossprofiles.InteractAcrossProfilesController
05-16 07:39:36.374: W/PrefCtrlListHelper(3180): Controller requires key but it's not defined in xml: com.android.settings.applications.specialaccess.interactacrossprofiles.InteractAcrossProfilesController
05-16 07:39:36.377: D/PrefCtrlListHelper(3180): Could not find Context-only controller for pref: com.android.settings.datausage.UnrestrictedDataAccessPreferenceController
05-16 07:39:36.379: D/PrefCtrlListHelper(3180): Could not find Context-only controller for pref: com.android.settings.fuelgauge.BatteryHeaderPreferenceController
05-16 07:39:36.379: D/PrefCtrlListHelper(3180): Could not find Context-only controller for pref: com.android.settings.fuelgauge.batterytip.BatteryTipPreferenceController
05-16 07:39:36.379: D/PrefCtrlListHelper(3180): Could not find Context-only controller for pref: com.google.android.settings.fuelgauge.reversecharging.ReverseChargingPreferenceController
05-16 07:39:36.383: I/SP.AiAi(3659): Download stopped: text-classifier-annotator:v903_3963511d8644d2966855151b920fbfcb, succeeded, size: 2896427
05-16 07:39:36.385: D/PrefCtrlListHelper(3180): Could not find Context-only controller for pref: com.android.settings.display.BatteryPercentagePreferenceController
05-16 07:39:36.386: D/PrefCtrlListHelper(3180): Could not find Context-only controller for pref: com.android.settings.accessibility.MagnificationModePreferenceController
05-16 07:39:36.388: D/RTTSettingsCtr(3180): isRttSettingSupported [start]
05-16 07:39:36.392: D/PrefCtrlListHelper(3180): Could not find Context-only controller for pref: com.android.settings.gestures.PickupGesturePreferenceController
05-16 07:39:36.397: D/TelecomUtil(3180): Failed to find SubscriptionInfo for phoneAccountHandle
05-16 07:39:36.397: D/RTTSettingsCtr(3180): subscription id for the device: -1
05-16 07:39:36.400: D/PrefCtrlListHelper(3180): Could not find Context-only controller for pref: com.android.settings.development.AdbDeviceNamePreferenceController
05-16 07:39:36.400: D/PrefCtrlListHelper(3180): Could not find Context-only controller for pref: com.android.settings.development.AdbQrCodePreferenceController
05-16 07:39:36.400: I/Telecom(1495): PhoneAccountRegistrar: getSimCallManager: SimCallManager for subId -1 queried, returning: null
05-16 07:39:36.403: D/RTTSettingsCtr(3180): rtt calling supported by telecom:: false
05-16 07:39:36.404: D/RTTSettingsCtr(3180): isRttSettingSupported [Not support]
05-16 07:39:36.407: D/PrefCtrlListHelper(3180): Could not find Context-only controller for pref: com.google.android.settings.fuelgauge.AdaptiveChargingPreferenceController
05-16 07:39:36.412: D/PrefCtrlListHelper(3180): Could not find Context-only controller for pref: com.android.settings.nfc.NfcForegroundPreferenceController
05-16 07:39:36.418: I/SP.AiAi(3659): Scheduling job with delay of 0s for {W:b:I:l, bg}, 1 candidates
05-16 07:39:36.421: D/PrefCtrlListHelper(3180): Could not find Context-only controller for pref: com.android.settings.biometrics.face.FaceSettingsLockscreenBypassPreferenceController
05-16 07:39:36.421: D/PrefCtrlListHelper(3180): Could not find Context-only controller for pref: com.android.settings.users.AddUserWhenLockedPreferenceController
05-16 07:39:36.424: D/PrefCtrlListHelper(3180): Could not find Context-only controller for pref: com.android.settings.security.SecurityAdvancedSettingsController
05-16 07:39:36.435: I/SP.AiAi(3659): Scheduling: download stopped, 0 started, 0 paused, 1 scheduled, 2 pending: manifests:spelling_correction-21080420 * {W:b:I:l, bg}, text-classifier-actions:tc_model_e1df2712fc5cf9d5c2ae9d6193638533 @ {W:b:u:l, bg}
05-16 07:39:36.437: D/CompatibilityChangeReporter(1495): Compat change id reported: 161145287; UID 10194; state: DISABLED
05-16 07:39:36.440: D/PrefCtrlListHelper(3180): Could not find Context-only controller for pref: com.android.settings.display.WalletPrivacyPreferenceController
05-16 07:39:36.444: D/PrefCtrlListHelper(3180): Could not find Context-only controller for pref: com.android.settings.display.ControlsPrivacyPreferenceController
05-16 07:39:36.444: D/PrefCtrlListHelper(3180): Could not find Context-only controller for pref: com.android.settings.display.ControlsTrivialPrivacyPreferenceController
05-16 07:39:36.444: D/PrefCtrlListHelper(3180): Could not find Context-only controller for pref: com.android.settings.display.LockscreenClockPreferenceController
05-16 07:39:36.444: D/PrefCtrlListHelper(3180): Could not find Context-only controller for pref: com.android.settings.display.AmbientDisplayWhenToShowPreferenceController
05-16 07:39:36.444: D/PrefCtrlListHelper(3180): Could not find Context-only controller for pref: com.android.settings.display.AmbientDisplayAlwaysOnPreferenceController
05-16 07:39:36.444: D/PrefCtrlListHelper(3180): Could not find Context-only controller for pref: com.android.settings.gestures.TapScreenGesturePreferenceController
05-16 07:39:36.445: D/PrefCtrlListHelper(3180): Could not find Context-only controller for pref: com.android.settings.gestures.DoubleTapScreenPreferenceController
05-16 07:39:36.445: D/PrefCtrlListHelper(3180): Could not find Context-only controller for pref: com.android.settings.gestures.PickupGesturePreferenceController
05-16 07:39:36.445: D/PrefCtrlListHelper(3180): Could not find Context-only controller for pref: com.android.settings.display.AmbientDisplayNotificationsPreferenceController
05-16 07:39:36.445: W/PrefControllerMixin(3180): Skipping updateNonIndexableKeys due to empty key com.android.settings.notification.LockScreenNotificationPreferenceController@84c957b
05-16 07:39:36.446: D/PrefCtrlListHelper(3180): Could not find Context-only controller for pref: com.android.settings.accessibility.AccessibilityButtonPreviewPreferenceController
05-16 07:39:36.446: D/PrefCtrlListHelper(3180): Could not find Context-only controller for pref: com.android.settings.accessibility.AccessibilityButtonLocationPreferenceController
05-16 07:39:36.447: D/PrefCtrlListHelper(3180): Could not find Context-only controller for pref: com.android.settings.accessibility.AccessibilityButtonGesturePreferenceController
05-16 07:39:36.447: D/PrefCtrlListHelper(3180): Could not find Context-only controller for pref: com.android.settings.accessibility.FloatingMenuSizePreferenceController
05-16 07:39:36.447: D/PrefCtrlListHelper(3180): Could not find Context-only controller for pref: com.android.settings.accessibility.FloatingMenuFadePreferenceController
05-16 07:39:36.447: D/PrefCtrlListHelper(3180): Could not find Context-only controller for pref: com.android.settings.accessibility.FloatingMenuTransparencyPreferenceController
05-16 07:39:36.447: D/PrefCtrlListHelper(3180): Could not find Context-only controller for pref: com.android.settings.accessibility.AccessibilityButtonFooterPreferenceController
05-16 07:39:36.450: D/PrefCtrlListHelper(3180): Could not find Context-only controller for pref: com.android.settings.gestures.GestureNavigationSettingsAssistController
05-16 07:39:36.451: D/PrefCtrlListHelper(3180): Could not find Context-only controller for pref: com.android.settings.display.darkmode.DarkModeActivationPreferenceController
05-16 07:39:36.452: D/PrefCtrlListHelper(3180): Could not find Context-only controller for pref: com.android.settings.display.TwilightLocationPreferenceController
05-16 07:39:36.452: D/PrefCtrlListHelper(3180): Could not find Context-only controller for pref: com.android.settings.display.darkmode.DarkModeScheduleSelectorController
05-16 07:39:36.452: D/PrefCtrlListHelper(3180): Could not find Context-only controller for pref: com.android.settings.display.darkmode.DarkModeCustomBedtimePreferenceController
05-16 07:39:36.452: W/SettingsPrefController(3180): Skipping updateNonIndexableKeys, key already in list. com.android.settings.biometrics.face.FaceSettingsLockscreenBypassPreferenceController@d4fcd44
05-16 07:39:36.455: I/AstreaHttpConnection(3659): Started download from url='https://gstatic.com/matchmaker/tclib_models/actions/v104/en/tc_model_e1df2712fc5cf9d5c2ae9d6193638533.zip'
05-16 07:39:36.457: D/PrefCtrlListHelper(3180): Could not find Context-only controller for pref: com.android.settings.development.featureflags.FeatureFlagsPreferenceController
05-16 07:39:36.458: D/PrefCtrlListHelper(3180): Could not find Context-only controller for pref: com.android.settings.applications.specialaccess.premiumsms.PremiumSmsScreenPreferenceController
05-16 07:39:36.460: D/PrefCtrlListHelper(3180): Could not find Context-only controller for pref: com.android.settings.slices.SlicePreferenceController
05-16 07:39:36.460: D/PrefCtrlListHelper(3180): Could not find Context-only controller for pref: com.android.settings.connecteddevice.AddDevicePreferenceController
05-16 07:39:36.460: D/PrefCtrlListHelper(3180): Could not find Context-only controller for pref: com.android.settings.connecteddevice.PreviouslyConnectedDevicePreferenceController
05-16 07:39:36.460: D/PrefCtrlListHelper(3180): Could not find Context-only controller for pref: com.android.settings.connecteddevice.AdvancedConnectedDeviceController
05-16 07:39:36.461: D/PrefCtrlListHelper(3180): Could not find Context-only controller for pref: com.android.settings.connecteddevice.DiscoverableFooterPreferenceController
05-16 07:39:36.462: D/PrefCtrlListHelper(3180): Could not find Context-only controller for pref: com.android.settings.notification.BubbleNotificationPreferenceController
05-16 07:39:36.463: D/PrefCtrlListHelper(3180): Could not find Context-only controller for pref: com.android.settings.location.LocationInjectedServicesForWorkPreferenceController
05-16 07:39:36.464: I/system_server(1495): Explicit concurrent copying GC freed 378656(17MB) AllocSpace objects, 13(468KB) LOS objects, 75% free, 27MB/108MB, paused 152us,64us total 147.188ms
05-16 07:39:36.471: W/ziparchive(17085): Unable to open '/data/user/0/com.google.android.youtube/cache/1649874605301.dm': No such file or directory
05-16 07:39:36.484: I/bshx(10395): Removed 0 invalid users [CONTEXT service_id=51 ]
05-16 07:39:36.487: W/libc(3180): Access denied finding property "ro.vendor.aware_available"
05-16 07:39:36.487: W/libc(3180): Access denied finding property "ro.vendor.aware_available"
05-16 07:39:36.487: W/SettingsPrefController(3180): Skipping updateNonIndexableKeys, key already in list. com.android.settings.gestures.DoubleTapScreenPreferenceController@ae82b61
05-16 07:39:36.488: W/libc(3180): Access denied finding property "ro.vendor.aware_available"
05-16 07:39:36.488: V/SettingsSearchProvider(3180): com.google.android.settings.aware.SkipGestureSettings$1@d14f217 tried to add an empty non-indexable key
05-16 07:39:36.489: D/PrefCtrlListHelper(3180): Could not find Context-only controller for pref: com.android.settings.applications.managedomainurls.WebActionCategoryController
05-16 07:39:36.489: D/PrefCtrlListHelper(3180): Could not find Context-only controller for pref: com.android.settings.applications.managedomainurls.InstantAppWebActionPreferenceController
05-16 07:39:36.489: D/PrefCtrlListHelper(3180): Could not find Context-only controller for pref: com.android.settings.applications.managedomainurls.InstantAppAccountPreferenceController
05-16 07:39:36.489: D/PrefCtrlListHelper(3180): Could not find Context-only controller for pref: com.android.settings.applications.managedomainurls.DomainAppPreferenceController
05-16 07:39:36.490: D/PrefCtrlListHelper(3180): Could not find Context-only controller for pref: com.android.settings.deviceinfo.firmwareversion.FirmwareVersionDetailPreferenceController
05-16 07:39:36.490: D/PrefCtrlListHelper(3180): Could not find Context-only controller for pref: com.android.settings.gestures.SystemNavigationPreferenceController
05-16 07:39:36.490: D/PrefCtrlListHelper(3180): Could not find Context-only controller for pref: com.android.settings.gestures.OneHandedEnablePreferenceController
05-16 07:39:36.491: D/PrefCtrlListHelper(3180): Could not find Context-only controller for pref: com.android.settings.accessibility.PowerButtonEndsCallPreferenceController
05-16 07:39:36.491: D/PrefCtrlListHelper(3180): Could not find Context-only controller for pref: com.android.settings.accessibility.LockScreenRotationPreferenceController
05-16 07:39:36.491: D/PrefCtrlListHelper(3180): Could not find Context-only controller for pref: com.android.settings.display.DeviceStateAutoRotateOverviewController
05-16 07:39:36.491: D/PrefCtrlListHelper(3180): Could not find Context-only controller for pref: com.android.settings.deviceinfo.firmwareversion.SecurityPatchLevelPreferenceController
05-16 07:39:36.492: D/PrefCtrlListHelper(3180): Could not find Context-only controller for pref: com.android.settings.deviceinfo.firmwareversion.MainlineModuleVersionPreferenceController
05-16 07:39:36.493: D/PrefCtrlListHelper(3180): Could not find Context-only controller for pref: com.android.settings.deviceinfo.firmwareversion.BasebandVersionPreferenceController
05-16 07:39:36.493: D/PrefCtrlListHelper(3180): Could not find Context-only controller for pref: com.android.settings.deviceinfo.firmwareversion.KernelVersionPreferenceController
05-16 07:39:36.493: D/PrefCtrlListHelper(3180): Could not find Context-only controller for pref: com.android.settings.deviceinfo.firmwareversion.SimpleBuildNumberPreferenceController
05-16 07:39:36.495: D/PrefCtrlListHelper(3180): Could not find Context-only controller for pref: com.android.settings.applications.specialaccess.interactacrossprofiles.InteractAcrossProfilesController
05-16 07:39:36.495: D/PrefCtrlListHelper(3180): Could not find Context-only controller for pref: com.android.settings.enterprise.ManageDeviceAdminPreferenceController
05-16 07:39:36.495: D/PrefCtrlListHelper(3180): Could not find Context-only controller for pref: com.android.settings.applications.specialaccess.SystemAlertWindowPreferenceController
05-16 07:39:36.496: D/PrefCtrlListHelper(3180): Could not find Context-only controller for pref: com.android.settings.applications.specialaccess.zenaccess.ZenAccessController
05-16 07:39:36.496: D/PrefCtrlListHelper(3180): Could not find Context-only controller for pref: com.android.settings.applications.specialaccess.notificationaccess.NotificationAccessController
05-16 07:39:36.496: D/PrefCtrlListHelper(3180): Could not find Context-only controller for pref: com.android.settings.applications.specialaccess.pictureinpicture.PictureInPictureController
05-16 07:39:36.496: D/PrefCtrlListHelper(3180): Could not find Context-only controller for pref: com.android.settings.applications.specialaccess.premiumsms.PremiumSmsController
05-16 07:39:36.496: D/PrefCtrlListHelper(3180): Could not find Context-only controller for pref: com.android.settings.applications.specialaccess.DataSaverController
05-16 07:39:36.496: D/PrefCtrlListHelper(3180): Could not find Context-only controller for pref: com.android.settings.applications.specialaccess.vrlistener.EnabledVrListenersController
05-16 07:39:36.496: D/PrefCtrlListHelper(3180): Could not find Context-only controller for pref: com.android.settings.applications.specialaccess.MoreSpecialAccessPreferenceController
05-16 07:39:36.497: D/PrefCtrlListHelper(3180): Could not find Context-only controller for pref: com.android.settings.gestures.LongPressPowerIllustrationPreferenceController
05-16 07:39:36.497: D/PrefCtrlListHelper(3180): Could not find Context-only controller for pref: com.android.settings.gestures.LongPressPowerForPowerMenuPreferenceController
05-16 07:39:36.497: D/PrefCtrlListHelper(3180): Could not find Context-only controller for pref: com.android.settings.gestures.LongPressPowerForAssistantPreferenceController
05-16 07:39:36.497: D/PrefCtrlListHelper(3180): Could not find Context-only controller for pref: com.android.settings.gestures.LongPressPowerSensitivityPreferenceController
05-16 07:39:36.497: D/PrefCtrlListHelper(3180): Could not find Context-only controller for pref: com.android.settings.gestures.LongPressPowerFooterPreferenceController
05-16 07:39:36.500: D/PrefCtrlListHelper(3180): Could not find Context-only controller for pref: com.android.settings.display.AutoBrightnessDetailPreferenceController
05-16 07:39:36.502: I/BugleDataModel(12379): PendingMessagesProcessor: process from ProcessPendingMessagesAction due to scheduled processing with delay 0 with queues:
05-16 07:39:36.510: D/PrefCtrlListHelper(3180): Could not find Context-only controller for pref: com.android.settings.gestures.AssistGestureSettingsPreferenceController
05-16 07:39:36.510: D/AssistGesture(3180): mAssistOnly:false, isSupported:false, isSensorAvailable:false
05-16 07:39:36.511: D/PrefCtrlListHelper(3180): Could not find Context-only controller for pref: com.android.settings.users.MultiUserTopIntroPreferenceController
05-16 07:39:36.511: D/AssistGesture(3180): mAssistOnly:false, isSupported:false, isSensorAvailable:false
05-16 07:39:36.512: D/PrefCtrlListHelper(3180): Could not find Context-only controller for pref: com.android.settings.backup.BackupDataPreferenceController
05-16 07:39:36.513: D/PrefCtrlListHelper(3180): Could not find Context-only controller for pref: com.android.settings.backup.ConfigureAccountPreferenceController
05-16 07:39:36.513: D/PrefCtrlListHelper(3180): Could not find Context-only controller for pref: com.android.settings.backup.DataManagementPreferenceController
05-16 07:39:36.514: D/PrefCtrlListHelper(3180): Could not find Context-only controller for pref: com.android.settings.backup.AutoRestorePreferenceController
05-16 07:39:36.514: D/PrefCtrlListHelper(3180): Could not find Context-only controller for pref: com.android.settings.backup.BackupInactivePreferenceController
05-16 07:39:36.514: D/PrefCtrlListHelper(3180): Could not find Context-only controller for pref: com.android.settings.users.TimeoutToUserZeroPreferenceController
05-16 07:39:36.515: D/PrefCtrlListHelper(3180): Could not find Context-only controller for pref: com.google.android.settings.gestures.columbus.ColumbusEnabledPreferenceController
05-16 07:39:36.515: D/PrefCtrlListHelper(3180): Could not find Context-only controller for pref: com.google.android.settings.gestures.columbus.ColumbusActionsPreferenceController
05-16 07:39:36.515: D/PrefCtrlListHelper(3180): Could not find Context-only controller for pref: com.google.android.settings.gestures.columbus.ColumbusLowSensitivityPreferenceController
05-16 07:39:36.516: D/PrefCtrlListHelper(3180): Could not find Context-only controller for pref: com.android.settings.security.EncryptionStatusPreferenceController
05-16 07:39:36.516: D/PrefCtrlListHelper(3180): Could not find Context-only controller for pref: com.android.settings.security.CredentialManagementAppPreferenceController
05-16 07:39:36.516: W/PrefCtrlListHelper(3180): encryption_and_credentials_encryption_status already has a controller
05-16 07:39:36.517: D/PrefCtrlListHelper(3180): Could not find Context-only controller for pref: com.android.settings.network.NetworkMobileProviderController
05-16 07:39:36.519: D/PrefCtrlListHelper(3180): Could not find Context-only controller for pref: com.android.settings.notification.RemoteVolumeGroupController
05-16 07:39:36.521: W/LocalMediaManager(3180): BluetoothAdapter is null or muting expected device not exist
05-16 07:39:36.521: D/PrefCtrlListHelper(3180): Could not find Context-only controller for pref: com.android.settings.sound.MediaOutputPreferenceController
05-16 07:39:36.525: D/PrefCtrlListHelper(3180): Could not find Context-only controller for pref: com.google.android.settings.notification.ClearCallingTogglePreferenceController
05-16 07:39:36.525: D/PrefCtrlListHelper(3180): Could not find Context-only controller for pref: com.google.android.settings.notification.ClearCallingFooterPreferenceController
05-16 07:39:36.532: D/PrefCtrlListHelper(3180): Could not find Context-only controller for pref: com.android.settings.notification.CallVolumePreferenceController
05-16 07:39:36.533: D/PrefCtrlListHelper(3180): Could not find Context-only controller for pref: com.android.settings.sound.HandsFreeProfileOutputPreferenceController
05-16 07:39:36.534: D/PrefCtrlListHelper(3180): Could not find Context-only controller for pref: com.android.settings.notification.zen.ZenModePreferenceController
05-16 07:39:36.534: D/PrefCtrlListHelper(3180): Could not find Context-only controller for pref: com.android.settings.notification.SpatialAudioParentPreferenceController
05-16 07:39:36.534: D/PrefCtrlListHelper(3180): Could not find Context-only controller for pref: com.android.settings.sound.MediaControlsParentPreferenceController
05-16 07:39:36.534: D/PrefCtrlListHelper(3180): Could not find Context-only controller for pref: com.android.settings.accessibility.VibrationPreferenceController
05-16 07:39:36.534: D/PrefCtrlListHelper(3180): Could not find Context-only controller for pref: com.android.settings.gestures.PreventRingingParentPreferenceController
05-16 07:39:36.534: D/PrefCtrlListHelper(3180): Could not find Context-only controller for pref: com.google.android.settings.notification.ClearCallingPreferenceController
05-16 07:39:36.537: D/PrefCtrlListHelper(3180): Could not find Context-only controller for pref: com.android.settings.notification.WorkSoundsPreferenceController
05-16 07:39:36.541: V/SettingsSearchProvider(3180): com.android.settings.search.BaseSearchIndexProvider@64ef65d tried to add an empty non-indexable key
05-16 07:39:36.543: D/PrefCtrlListHelper(3180): Could not find Context-only controller for pref: com.android.settings.bluetooth.BluetoothDeviceRenamePreferenceController
05-16 07:39:36.543: D/PrefCtrlListHelper(3180): Could not find Context-only controller for pref: com.android.settings.connecteddevice.AddDevicePreferenceController
05-16 07:39:36.544: D/PrefCtrlListHelper(3180): Could not find Context-only controller for pref: com.android.settings.accessibility.AccessibilityControlTimeoutFooterPreferenceController
05-16 07:39:36.545: D/PrefCtrlListHelper(3180): Could not find Context-only controller for pref: com.android.settings.fuelgauge.batterysaver.BatterySaverButtonPreferenceController
05-16 07:39:36.545: D/PrefCtrlListHelper(3180): Could not find Context-only controller for pref: com.android.settings.fuelgauge.batterysaver.BatterySaverStickyPreferenceController
05-16 07:39:36.545: W/libc(3180): Access denied finding property "ro.vendor.aware_available"
05-16 07:39:36.545: V/SettingsSearchProvider(3180): com.google.android.settings.aware.AwareSettings$1@7cf2af tried to add an empty non-indexable key
05-16 07:39:36.552: D/PrefCtrlListHelper(3180): Could not find Context-only controller for pref: com.android.settings.development.qstile.DevelopmentTilePreferenceController
05-16 07:39:36.558: D/PrefCtrlListHelper(3180): Could not find Context-only controller for pref: com.android.settings.applications.DefaultAppsPreferenceController
05-16 07:39:36.558: D/PrefCtrlListHelper(3180): Could not find Context-only controller for pref: com.android.settings.applications.HibernatedAppsPreferenceController
05-16 07:39:36.558: D/PrefCtrlListHelper(3180): Could not find Context-only controller for pref: com.android.settings.applications.AppBatteryUsagePreferenceController
05-16 07:39:36.558: D/PrefCtrlListHelper(3180): Could not find Context-only controller for pref: com.android.settings.applications.SpecialAppAccessPreferenceController
05-16 07:39:36.559: W/SettingsPrefController(3180): Skipping updateNonIndexableKeys, key already in list. com.android.settings.applications.AppsPreferenceController@2c72d7d
05-16 07:39:36.562: V/OnDeviceRecognitionPreferenceController(3180): Recognition service with no settings activity: com.google.android.as/com.google.android.apps.miphone.aiai.app.AiAiSpeechRecognitionService.
05-16 07:39:36.562: V/OnDeviceRecognitionPreferenceController(3180): Recognition service not in the same package as the default on-device recognizer: com.google.android.tts/com.google.android.apps.speech.tts.googletts.service.GoogleTTSRecognitionService.
05-16 07:39:36.562: V/OnDeviceRecognitionPreferenceController(3180): No speech recognition services with proper `recognition-service` meta-data found in the same package as the default on-device recognizer.
05-16 07:39:36.563: D/PrefCtrlListHelper(3180): Could not find Context-only controller for pref: com.android.settings.applications.appinfo.ManageAppLocalePreferenceController
05-16 07:39:36.563: W/PrefCtrlListHelper(3180): Cannot instantiate controller from reflection: com.android.settings.applications.appinfo.ManageAppLocalePreferenceController
05-16 07:39:36.563: D/PrefCtrlListHelper(3180): Could not find Context-only controller for pref: com.android.settings.language.OnDeviceRecognitionPreferenceController
05-16 07:39:36.563: D/PrefCtrlListHelper(3180): Could not find Context-only controller for pref: com.android.settings.language.UserDictionaryPreferenceController
05-16 07:39:36.563: D/PrefCtrlListHelper(3180): Could not find Context-only controller for pref: com.android.settings.inputmethod.GameControllerPreferenceController
05-16 07:39:36.564: D/PrefCtrlListHelper(3180): Could not find Context-only controller for pref: com.android.settings.core.WorkPreferenceController
05-16 07:39:36.565: D/PrefCtrlListHelper(3180): Could not find Context-only controller for pref: com.android.settings.nfc.NfcPreferenceController
05-16 07:39:36.566: D/PrefCtrlListHelper(3180): Could not find Context-only controller for pref: com.android.settings.inputmethod.SpellCheckerForWorkPreferenceController
05-16 07:39:36.567: D/PrefCtrlListHelper(3180): Could not find Context-only controller for pref: com.android.settings.nfc.NfcDetectionPointController
05-16 07:39:36.568: D/PrefCtrlListHelper(3180): Could not find Context-only controller for pref: com.android.settings.nfc.SecureNfcPreferenceController
05-16 07:39:36.569: D/PrefCtrlListHelper(3180): Could not find Context-only controller for pref: com.android.settings.applications.specialaccess.DefaultPaymentSettingsPreferenceController
05-16 07:39:36.578: D/PrefCtrlListHelper(3180): Could not find Context-only controller for pref: com.android.settings.emergency.EmergencyGesturePreferenceController
05-16 07:39:36.579: D/PrefCtrlListHelper(3180): Could not find Context-only controller for pref: com.android.settings.emergency.EmergencyGestureSoundPreferenceController
05-16 07:39:36.579: D/PrefCtrlListHelper(3180): Could not find Context-only controller for pref: com.android.settings.emergency.EmergencyGestureNumberOverridePreferenceController
05-16 07:39:36.584: D/PrefCtrlListHelper(3180): Could not find Context-only controller for pref: com.android.settings.network.telephony.MobileNetworkSwitchController
05-16 07:39:36.586: D/PrefCtrlListHelper(3180): Could not find Context-only controller for pref: com.android.settings.network.telephony.DisabledSubscriptionController
05-16 07:39:36.586: D/PrefCtrlListHelper(3180): Could not find Context-only controller for pref: com.android.settings.network.telephony.CallsDefaultSubscriptionController
05-16 07:39:36.586: D/PrefCtrlListHelper(3180): Could not find Context-only controller for pref: com.android.settings.network.telephony.SmsDefaultSubscriptionController
05-16 07:39:36.586: D/PrefCtrlListHelper(3180): Could not find Context-only controller for pref: com.android.settings.network.telephony.DataServiceSetupPreferenceController
05-16 07:39:36.586: D/PrefCtrlListHelper(3180): Could not find Context-only controller for pref: com.android.settings.network.telephony.MobileDataPreferenceController
05-16 07:39:36.587: D/PrefCtrlListHelper(3180): Could not find Context-only controller for pref: com.android.settings.network.telephony.RoamingPreferenceController
05-16 07:39:36.587: D/PrefCtrlListHelper(3180): Could not find Context-only controller for pref: com.android.settings.network.telephony.DataUsagePreferenceController
05-16 07:39:36.587: D/PrefCtrlListHelper(3180): Could not find Context-only controller for pref: com.android.settings.datausage.BillingCyclePreferenceController
05-16 07:39:36.587: D/PrefCtrlListHelper(3180): Could not find Context-only controller for pref: com.android.settings.network.CarrierWifiTogglePreferenceController
05-16 07:39:36.587: D/PrefCtrlListHelper(3180): Could not find Context-only controller for pref: com.android.settings.network.telephony.MmsMessagePreferenceController
05-16 07:39:36.587: D/PrefCtrlListHelper(3180): Could not find Context-only controller for pref: com.android.settings.network.telephony.DataDuringCallsPreferenceController
05-16 07:39:36.587: D/PrefCtrlListHelper(3180): Could not find Context-only controller for pref: com.android.settings.network.telephony.Enhanced4gLtePreferenceController
05-16 07:39:36.587: D/PrefCtrlListHelper(3180): Could not find Context-only controller for pref: com.android.settings.network.telephony.Enhanced4gCallingPreferenceController
05-16 07:39:36.587: D/PrefCtrlListHelper(3180): Could not find Context-only controller for pref: com.android.settings.network.telephony.Enhanced4gAdvancedCallingPreferenceController
05-16 07:39:36.587: D/PrefCtrlListHelper(3180): Could not find Context-only controller for pref: com.android.settings.network.telephony.ContactDiscoveryPreferenceController
05-16 07:39:36.588: D/PrefCtrlListHelper(3180): Could not find Context-only controller for pref: com.android.settings.network.telephony.PreferredNetworkModePreferenceController
05-16 07:39:36.588: D/PrefCtrlListHelper(3180): Could not find Context-only controller for pref: com.android.settings.network.telephony.EnabledNetworkModePreferenceController
05-16 07:39:36.588: D/PrefCtrlListHelper(3180): Could not find Context-only controller for pref: com.android.settings.network.telephony.CarrierSettingsVersionPreferenceController
05-16 07:39:36.588: D/PrefCtrlListHelper(3180): Could not find Context-only controller for pref: com.android.settings.network.telephony.CallingPreferenceCategoryController
05-16 07:39:36.588: D/PrefCtrlListHelper(3180): Could not find Context-only controller for pref: com.android.settings.network.telephony.WifiCallingPreferenceController
05-16 07:39:36.588: D/PrefCtrlListHelper(3180): Could not find Context-only controller for pref: com.android.settings.network.telephony.VideoCallingPreferenceController
05-16 07:39:36.588: D/PrefCtrlListHelper(3180): Could not find Context-only controller for pref: com.android.settings.network.telephony.BackupCallingPreferenceController
05-16 07:39:36.588: D/PrefCtrlListHelper(3180): Could not find Context-only controller for pref: com.android.settings.network.telephony.cdma.CdmaSystemSelectPreferenceController
05-16 07:39:36.589: D/PrefCtrlListHelper(3180): Could not find Context-only controller for pref: com.android.settings.network.telephony.cdma.CdmaSubscriptionPreferenceController
05-16 07:39:36.589: D/PrefCtrlListHelper(3180): Could not find Context-only controller for pref: com.android.settings.network.telephony.NetworkPreferenceCategoryController
05-16 07:39:36.589: D/PrefCtrlListHelper(3180): Could not find Context-only controller for pref: com.android.settings.network.telephony.gsm.AutoSelectPreferenceController
05-16 07:39:36.594: D/TrafficStats(10395): tagSocket(82) with statsTag=0x1203, statsUid=10163
05-16 07:39:36.600: D/PrefCtrlListHelper(3180): Could not find Context-only controller for pref: com.android.settings.applications.specialaccess.deviceadmin.DeviceAdminListPreferenceController
05-16 07:39:36.601: D/PrefCtrlListHelper(3180): Could not find Context-only controller for pref: com.android.settings.network.telephony.gsm.OpenNetworkSelectPagePreferenceController
05-16 07:39:36.602: D/PrefCtrlListHelper(3180): Could not find Context-only controller for pref: com.android.settings.network.telephony.ApnPreferenceController
05-16 07:39:36.602: D/PrefCtrlListHelper(3180): Could not find Context-only controller for pref: com.android.settings.network.telephony.CarrierPreferenceController
05-16 07:39:36.602: D/PrefCtrlListHelper(3180): Could not find Context-only controller for pref: com.android.settings.network.telephony.Enable2gPreferenceController
05-16 07:39:36.602: D/PrefCtrlListHelper(3180): Could not find Context-only controller for pref: com.android.settings.network.telephony.NrAdvancedCallingPreferenceController
05-16 07:39:36.602: D/PrefCtrlListHelper(3180): Could not find Context-only controller for pref: com.android.settings.network.telephony.DeleteSimProfilePreferenceController
05-16 07:39:36.602: D/PrefCtrlListHelper(3180): Could not find Context-only controller for pref: com.android.settings.network.telephony.DisableSimFooterPreferenceController
05-16 07:39:36.602: D/PrefCtrlListHelper(3180): Could not find Context-only controller for pref: com.android.settings.network.telephony.NrDisabledInDsdsFooterPreferenceController
05-16 07:39:36.604: D/PrefCtrlListHelper(3180): Could not find Context-only controller for pref: com.android.settings.emergency.MoreSettingsPreferenceController
05-16 07:39:36.605: D/PrefCtrlListHelper(3180): Could not find Context-only controller for pref: com.android.settings.emergency.EmergencyGestureEntrypointPreferenceController
05-16 07:39:36.606: D/PrefCtrlListHelper(3180): Could not find Context-only controller for pref: com.android.settings.accessibility.CaptionAppearancePreferenceController
05-16 07:39:36.606: D/PrefCtrlListHelper(3180): Could not find Context-only controller for pref: com.android.settings.accessibility.CaptionFooterPreferenceController
05-16 07:39:36.606: D/AssistGesture(3180): mAssistOnly:false, isSupported:false, isSensorAvailable:false
05-16 07:39:36.606: D/AssistGesture(3180): mAssistOnly:false, isSupported:false, isSensorAvailable:false
05-16 07:39:36.607: D/PrefCtrlListHelper(3180): Could not find Context-only controller for pref: com.android.settings.gestures.DoubleTwistPreferenceController
05-16 07:39:36.608: D/PrefCtrlListHelper(3180): Could not find Context-only controller for pref: com.google.android.settings.gestures.columbus.ColumbusPreferenceController
05-16 07:39:36.608: D/PrefCtrlListHelper(3180): Could not find Context-only controller for pref: com.android.settings.gestures.AssistGestureSettingsPreferenceController
05-16 07:39:36.608: D/AssistGesture(3180): mAssistOnly:false, isSupported:false, isSensorAvailable:false
05-16 07:39:36.608: D/PrefCtrlListHelper(3180): Could not find Context-only controller for pref: com.android.settings.gestures.SwipeToNotificationPreferenceController
05-16 07:39:36.608: D/PrefCtrlListHelper(3180): Could not find Context-only controller for pref: com.android.settings.gestures.DoubleTapPowerPreferenceController
05-16 07:39:36.608: D/PrefCtrlListHelper(3180): Could not find Context-only controller for pref: com.android.settings.gestures.DoubleTwistPreferenceController
05-16 07:39:36.608: D/PrefCtrlListHelper(3180): Could not find Context-only controller for pref: com.android.settings.gestures.SystemNavigationPreferenceController
05-16 07:39:36.609: D/PrefCtrlListHelper(3180): Could not find Context-only controller for pref: com.android.settings.gestures.TapScreenGesturePreferenceController
05-16 07:39:36.609: D/PrefCtrlListHelper(3180): Could not find Context-only controller for pref: com.android.settings.gestures.DoubleTapScreenPreferenceController
05-16 07:39:36.609: D/PrefCtrlListHelper(3180): Could not find Context-only controller for pref: com.android.settings.gestures.PickupGesturePreferenceController
05-16 07:39:36.610: D/PrefCtrlListHelper(3180): Could not find Context-only controller for pref: com.android.settings.gestures.OneHandedEnablePreferenceController
05-16 07:39:36.610: D/PrefCtrlListHelper(3180): Could not find Context-only controller for pref: com.android.settings.gestures.PowerMenuPreferenceController
05-16 07:39:36.610: D/PrefCtrlListHelper(3180): Could not find Context-only controller for pref: com.android.settings.gestures.PreventRingingParentPreferenceController
05-16 07:39:36.620: I/Nearby(10395): Failed to shutdown executor MBleClient.onLostExecutorService. [CONTEXT service_id=49 ]
05-16 07:39:36.622: D/ConnectivityService(1495): requestNetwork for uid/pid:10194/17085 activeRequest: null callbackRequest: 279 [NetworkRequest [ REQUEST id=280, [ Capabilities: INTERNET&NOT_RESTRICTED&TRUSTED&NOT_VCN_MANAGED Uid: 10194 RequestorUid: 10194 RequestorPkg: com.google.android.youtube UnderlyingNetworks: Null] ]] callback flags: 0 order: 2147483647
05-16 07:39:36.623: D/PrefCtrlListHelper(3180): Could not find Context-only controller for pref: com.android.settings.network.telephony.CallsDefaultSubscriptionController
05-16 07:39:36.624: I/PackageManager(1495): Integrity check passed for file:///data/app/vmdl1273788669.tmp
05-16 07:39:36.626: D/WifiNetworkFactory(1495): got request NetworkRequest [ REQUEST id=280, [ Capabilities: INTERNET&NOT_RESTRICTED&TRUSTED&NOT_VCN_MANAGED Uid: 10194 RequestorUid: 10194 RequestorPkg: com.google.android.youtube UnderlyingNetworks: Null] ]
05-16 07:39:36.626: D/UntrustedWifiNetworkFactory(1495): got request NetworkRequest [ REQUEST id=280, [ Capabilities: INTERNET&NOT_RESTRICTED&TRUSTED&NOT_VCN_MANAGED Uid: 10194 RequestorUid: 10194 RequestorPkg: com.google.android.youtube UnderlyingNetworks: Null] ]
05-16 07:39:36.626: D/OemPaidWifiNetworkFactory(1495): got request NetworkRequest [ REQUEST id=280, [ Capabilities: INTERNET&NOT_RESTRICTED&TRUSTED&NOT_VCN_MANAGED Uid: 10194 RequestorUid: 10194 RequestorPkg: com.google.android.youtube UnderlyingNetworks: Null] ]
05-16 07:39:36.627: D/ConnectivityService(1495): NetReassign [280 : null → 100] [c 0] [a 1] [i 3]
05-16 07:39:36.627: D/MultiInternetWifiNetworkFactory(1495): got request NetworkRequest [ REQUEST id=280, [ Capabilities: INTERNET&NOT_RESTRICTED&TRUSTED&NOT_VCN_MANAGED Uid: 10194 RequestorUid: 10194 RequestorPkg: com.google.android.youtube UnderlyingNetworks: Null] ]
05-16 07:39:36.627: I/Nearby(10395): [MBleClient] Start ble scanning from NearbyDirect:BluetoothAdapterWrapper, context tag = nearby_messages [CONTEXT service_id=49 ]
05-16 07:39:36.627: I/Nearby(10395): [MBleClient] M hardware scan: 1 clients, scanMode= LOW_LATENCY, filters size = 5 [CONTEXT service_id=49 ]
05-16 07:39:36.627: D/BluetoothAdapter(10395): isLeEnabled(): ON
05-16 07:39:36.629: I/bt_stack(2838): [INFO:le_scanning_manager.cc(139)] RegisterScanner in shim layer
05-16 07:39:36.629: D/BluetoothLeScanner(10395): onScannerRegistered() - status=0 scannerId=1 mScannerId=0
05-16 07:39:36.631: D/ActivityAttributionService(2838): notifyActivityAttributionInfo UID=1002 packageName=com.android.bluetooth deviceAddress=no_active_device_address
05-16 07:39:36.631: I/bt_btif(2838): packages/modules/Bluetooth/system/btif/src/bluetooth.cc:471 get_profile_interface: get_profile_interface: id = activity_attribution
05-16 07:39:36.631: I/bt_stack(2838): [INFO:le_scanning_manager.cc(236)] ScanFilterEnable in shim layer
05-16 07:39:36.632: I/bt_stack(2838): [INFO:le_scanning_manager.cc(211)] ScanFilterAdd in shim layer
05-16 07:39:36.632: I/bt_stack(2838): [INFO:le_scanning_manager.cc(172)] ScanFilterParamSetup in shim layer
05-16 07:39:36.632: I/bt_stack(2838): [INFO:le_scanning_manager.cc(211)] ScanFilterAdd in shim layer
05-16 07:39:36.632: I/bt_stack(2838): [INFO:le_scanning_manager.cc(172)] ScanFilterParamSetup in shim layer
05-16 07:39:36.632: I/bt_stack(2838): [INFO:le_scanning_manager.cc(211)] ScanFilterAdd in shim layer
05-16 07:39:36.632: I/bt_stack(2838): [INFO:le_scanning_manager.cc(172)] ScanFilterParamSetup in shim layer
05-16 07:39:36.632: D/StrictMode(17085): StrictMode policy violation: android.os.strictmode.NetworkViolation
05-16 07:39:36.632: D/StrictMode(17085): at android.os.StrictMode$AndroidBlockGuardPolicy.onNetwork(StrictMode.java:1672)
05-16 07:39:36.632: D/StrictMode(17085): at java.net.Inet6AddressImpl.lookupHostByName(Inet6AddressImpl.java:115)
05-16 07:39:36.632: D/StrictMode(17085): at java.net.Inet6AddressImpl.lookupAllHostAddr(Inet6AddressImpl.java:103)
05-16 07:39:36.632: D/StrictMode(17085): at java.net.InetAddress.getByName(InetAddress.java:1106)
05-16 07:39:36.632: D/StrictMode(17085): at com.google.android.apps.youtube.embeddedplayer.service.clientinfo.service.c.J(PG:4)
05-16 07:39:36.632: D/StrictMode(17085): at eec.run(PG:93)
05-16 07:39:36.632: D/StrictMode(17085): at shm.run(PG:5)
05-16 07:39:36.632: D/StrictMode(17085): at nen.run(PG:5)
05-16 07:39:36.632: D/StrictMode(17085): at ner.run(PG:23)
05-16 07:39:36.632: D/StrictMode(17085): at nez.run(PG:121)
05-16 07:39:36.632: D/StrictMode(17085): at mka.run(PG:6)
05-16 07:39:36.632: D/StrictMode(17085): at com.google.android.apps.youtube.embeddedplayer.service.jar.client.q.run(PG:5)
05-16 07:39:36.632: D/StrictMode(17085): at java.lang.Thread.run(Thread.java:1012)
05-16 07:39:36.632: I/bt_stack(2838): [INFO:le_scanning_manager.cc(211)] ScanFilterAdd in shim layer
05-16 07:39:36.632: I/bt_stack(2838): [INFO:le_scanning_manager.cc(172)] ScanFilterParamSetup in shim layer
05-16 07:39:36.632: D/StrictMode(17085): StrictMode policy violation: android.os.strictmode.NetworkViolation
05-16 07:39:36.632: D/StrictMode(17085): at android.os.StrictMode$AndroidBlockGuardPolicy.onNetwork(StrictMode.java:1672)
05-16 07:39:36.632: D/StrictMode(17085): at libcore.io.BlockGuardOs.android_getaddrinfo(BlockGuardOs.java:220)
05-16 07:39:36.632: D/StrictMode(17085): at libcore.io.ForwardingOs.android_getaddrinfo(ForwardingOs.java:133)
05-16 07:39:36.632: D/StrictMode(17085): at java.net.Inet6AddressImpl.lookupHostByName(Inet6AddressImpl.java:135)
05-16 07:39:36.632: D/StrictMode(17085): at java.net.Inet6AddressImpl.lookupAllHostAddr(Inet6AddressImpl.java:103)
05-16 07:39:36.632: D/StrictMode(17085): at java.net.InetAddress.getByName(InetAddress.java:1106)
05-16 07:39:36.632: D/StrictMode(17085): at com.google.android.apps.youtube.embeddedplayer.service.clientinfo.service.c.J(PG:4)
05-16 07:39:36.632: D/StrictMode(17085): at eec.run(PG:93)
05-16 07:39:36.632: D/StrictMode(17085): at shm.run(PG:5)
05-16 07:39:36.632: D/StrictMode(17085): at nen.run(PG:5)
05-16 07:39:36.632: D/StrictMode(17085): at ner.run(PG:23)
05-16 07:39:36.632: D/StrictMode(17085): at nez.run(PG:121)
05-16 07:39:36.632: D/StrictMode(17085): at mka.run(PG:6)
05-16 07:39:36.632: D/StrictMode(17085): at com.google.android.apps.youtube.embeddedplayer.service.jar.client.q.run(PG:5)
05-16 07:39:36.632: D/StrictMode(17085): at java.lang.Thread.run(Thread.java:1012)
05-16 07:39:36.632: I/bt_stack(2838): [INFO:le_scanning_manager.cc(211)] ScanFilterAdd in shim layer
05-16 07:39:36.633: I/bt_stack(2838): [INFO:le_scanning_manager.cc(172)] ScanFilterParamSetup in shim layer
05-16 07:39:36.634: I/bt_stack(2838): [INFO:le_scanning_manager.cc(152)] Scan in shim layer started
05-16 07:39:36.634: D/ConnectivityService(1495): requestNetwork for uid/pid:10194/17085 activeRequest: null callbackRequest: 281 [NetworkRequest [ REQUEST id=282, [ Capabilities: INTERNET&NOT_RESTRICTED&TRUSTED&NOT_VCN_MANAGED Uid: 10194 RequestorUid: 10194 RequestorPkg: com.google.android.youtube UnderlyingNetworks: Null] ]] callback flags: 0 order: 2147483647
05-16 07:39:36.634: I/bt_stack(2838): [INFO:le_scanning_manager.cc(152)] Scan in shim layer stopped
05-16 07:39:36.634: I/bt_stack(2838): [INFO:le_scanning_manager.cc(248)] SetScanParameters in shim layer
05-16 07:39:36.634: I/bt_stack(2838): [INFO:le_scanning_manager.cc(152)] Scan in shim layer started
05-16 07:39:36.637: D/WifiNetworkFactory(1495): got request NetworkRequest [ REQUEST id=282, [ Capabilities: INTERNET&NOT_RESTRICTED&TRUSTED&NOT_VCN_MANAGED Uid: 10194 RequestorUid: 10194 RequestorPkg: com.google.android.youtube UnderlyingNetworks: Null] ]
05-16 07:39:36.637: D/UntrustedWifiNetworkFactory(1495): got request NetworkRequest [ REQUEST id=282, [ Capabilities: INTERNET&NOT_RESTRICTED&TRUSTED&NOT_VCN_MANAGED Uid: 10194 RequestorUid: 10194 RequestorPkg: com.google.android.youtube UnderlyingNetworks: Null] ]
05-16 07:39:36.638: D/OemPaidWifiNetworkFactory(1495): got request NetworkRequest [ REQUEST id=282, [ Capabilities: INTERNET&NOT_RESTRICTED&TRUSTED&NOT_VCN_MANAGED Uid: 10194 RequestorUid: 10194 RequestorPkg: com.google.android.youtube UnderlyingNetworks: Null] ]
