05-16 07:39:34.025: I/AiAiEcho(3659): Ranked targets strategy: WEIGHTED, count: 2, ranking metadata: { cardId: TIPS-2029576961, card type: TIPS, update time: 2023-05-16T14:36:04.811Z, expiration time: 2023-05-19T14:36:04.601Z, ranking metadata: RankingMetaData(urgency=0.992, priority=1.0, recency=1.0, rankScore=0.992, importantTimePoints=# krk@7bca4) }, { cardId: WEATHER-569377243, card type: WEATHER, update time: 2023-05-16T14:21:34Z, expiration time: 2023-05-16T15:00:00Z, ranking metadata: RankingMetaData(urgency=0.9, priority=0.3, recency=0.8, rankScore=0.27, importantTimePoints=# krk@7bca4) }
05-16 07:39:34.027: I/AiAiEcho(3659): Predicting[8]: { Feature:WEATHER, creation:2023-05-16T14:21:34Z, expiry:2023-05-16T15:00:00Z, isExpired: false}, { Feature:WEATHER, creation:2023-05-16T15:00:00Z, expiry:2023-05-16T16:00:00Z, isExpired: true}, { Feature:WEATHER, creation:2023-05-16T16:00:00Z, expiry:2023-05-16T17:00:00Z, isExpired: true}, { Feature:WEATHER, creation:2023-05-16T17:00:00Z, expiry:2023-05-16T18:00:00Z, isExpired: true}, { Feature:WEATHER, creation:2023-05-16T18:00:00Z, expiry:2023-05-16T19:00:00Z, isExpired: true}, { Feature:WEATHER, creation:2023-05-16T19:00:00Z, expiry:2023-05-16T20:00:00Z, isExpired: true}, { Feature:WEATHER, creation:2023-05-16T20:00:00Z, expiry:2023-05-16T20:21:34Z, isExpired: true}, { Feature:TIPS, creation:2023-05-16T14:36:04.811Z, expiry:2023-05-19T14:36:04.601Z, isExpired: false}
05-16 07:39:34.028: W/BcSmartspaceView(3132): Unable to register Doze Always on content observer.
05-16 07:39:34.028: W/BcSmartspaceView(3132): java.lang.SecurityException: No access to content://settings/secure/doze_always_on: Neither user 10220 nor current process has android.permission.INTERACT_ACROSS_USERS_FULL.
05-16 07:39:34.028: W/BcSmartspaceView(3132): at android.os.Parcel.createExceptionOrNull(Parcel.java:3011)
05-16 07:39:34.028: W/BcSmartspaceView(3132): at android.os.Parcel.createException(Parcel.java:2995)
05-16 07:39:34.028: W/BcSmartspaceView(3132): at android.os.Parcel.readException(Parcel.java:2978)
05-16 07:39:34.028: W/BcSmartspaceView(3132): at android.os.Parcel.readException(Parcel.java:2920)
05-16 07:39:34.028: W/BcSmartspaceView(3132): at android.content.IContentService$Stub$Proxy.registerContentObserver(IContentService.java:1032)
05-16 07:39:34.028: W/BcSmartspaceView(3132): at android.content.ContentResolver.registerContentObserver(ContentResolver.java:2712)
05-16 07:39:34.028: W/BcSmartspaceView(3132): at com.google.android.systemui.smartspace.BcSmartspaceView.onAttachedToWindow(Unknown Source:46)
05-16 07:39:34.028: W/BcSmartspaceView(3132): at android.view.View.dispatchAttachedToWindow(View.java:21297)
05-16 07:39:34.028: W/BcSmartspaceView(3132): at android.view.ViewGroup.dispatchAttachedToWindow(ViewGroup.java:3491)
05-16 07:39:34.028: W/BcSmartspaceView(3132): at android.view.ViewGroup.dispatchAttachedToWindow(ViewGroup.java:3498)
05-16 07:39:34.028: W/BcSmartspaceView(3132): at android.view.ViewGroup.dispatchAttachedToWindow(ViewGroup.java:3498)
05-16 07:39:34.028: W/BcSmartspaceView(3132): at android.view.ViewGroup.dispatchAttachedToWindow(ViewGroup.java:3498)
05-16 07:39:34.028: W/BcSmartspaceView(3132): at android.view.ViewGroup.dispatchAttachedToWindow(ViewGroup.java:3498)
05-16 07:39:34.028: W/BcSmartspaceView(3132): at android.view.ViewGroup.dispatchAttachedToWindow(ViewGroup.java:3498)
05-16 07:39:34.028: W/BcSmartspaceView(3132): at android.view.ViewGroup.dispatchAttachedToWindow(ViewGroup.java:3498)
05-16 07:39:34.028: W/BcSmartspaceView(3132): at android.view.ViewGroup.addViewInner(ViewGroup.java:5291)
05-16 07:39:34.028: W/BcSmartspaceView(3132): at android.view.ViewGroup.addView(ViewGroup.java:5077)
05-16 07:39:34.028: W/BcSmartspaceView(3132): at android.view.ViewGroup.addView(ViewGroup.java:5049)
05-16 07:39:34.028: W/BcSmartspaceView(3132): at com.android.internal.policy.PhoneWindow.setContentView(PhoneWindow.java:500)
05-16 07:39:34.028: W/BcSmartspaceView(3132): at com.android.internal.policy.PhoneWindow.setContentView(PhoneWindow.java:481)
05-16 07:39:34.028: W/BcSmartspaceView(3132): at android.app.Activity.setContentView(Activity.java:3583)
05-16 07:39:34.028: W/BcSmartspaceView(3132): at com.android.launcher3.Launcher.onCreate(Unknown Source:248)
05-16 07:39:34.028: W/BcSmartspaceView(3132): at com.android.launcher3.uioverrides.QuickstepLauncher.onCreate(Unknown Source:0)
05-16 07:39:34.028: W/BcSmartspaceView(3132): at com.google.android.apps.nexuslauncher.NexusLauncherActivity.onCreate(Unknown Source:0)
05-16 07:39:34.028: W/BcSmartspaceView(3132): at android.app.Activity.performCreate(Activity.java:8305)
05-16 07:39:34.028: W/BcSmartspaceView(3132): at android.app.Activity.performCreate(Activity.java:8284)
05-16 07:39:34.028: W/BcSmartspaceView(3132): at android.app.Instrumentation.callActivityOnCreate(Instrumentation.java:1417)
05-16 07:39:34.028: W/BcSmartspaceView(3132): at android.app.ActivityThread.performLaunchActivity(ActivityThread.java:3626)
05-16 07:39:34.028: W/BcSmartspaceView(3132): at android.app.ActivityThread.handleLaunchActivity(ActivityThread.java:3782)
05-16 07:39:34.028: W/BcSmartspaceView(3132): at android.app.ActivityThread.handleRelaunchActivityInner(ActivityThread.java:5767)
05-16 07:39:34.028: W/BcSmartspaceView(3132): at android.app.ActivityThread.handleRelaunchActivity(ActivityThread.java:5658)
05-16 07:39:34.028: W/BcSmartspaceView(3132): at android.app.servertransaction.ActivityRelaunchItem.execute(ActivityRelaunchItem.java:71)
05-16 07:39:34.028: W/BcSmartspaceView(3132): at android.app.servertransaction.ActivityTransactionItem.execute(ActivityTransactionItem.java:45)
05-16 07:39:34.028: W/BcSmartspaceView(3132): at android.app.servertransaction.TransactionExecutor.executeCallbacks(TransactionExecutor.java:135)
05-16 07:39:34.028: W/BcSmartspaceView(3132): at android.app.servertransaction.TransactionExecutor.execute(TransactionExecutor.java:95)
05-16 07:39:34.028: W/BcSmartspaceView(3132): at android.app.ActivityThread$H.handleMessage(ActivityThread.java:2307)
05-16 07:39:34.028: W/BcSmartspaceView(3132): at android.os.Handler.dispatchMessage(Handler.java:106)
05-16 07:39:34.028: W/BcSmartspaceView(3132): at android.os.Looper.loopOnce(Looper.java:201)
05-16 07:39:34.028: W/BcSmartspaceView(3132): at android.os.Looper.loop(Looper.java:288)
05-16 07:39:34.028: W/BcSmartspaceView(3132): at android.app.ActivityThread.main(ActivityThread.java:7872)
05-16 07:39:34.028: W/BcSmartspaceView(3132): at java.lang.reflect.Method.invoke(Native Method)
05-16 07:39:34.028: W/BcSmartspaceView(3132): at com.android.internal.os.RuntimeInit$MethodAndArgsCaller.run(RuntimeInit.java:548)
05-16 07:39:34.028: W/BcSmartspaceView(3132): at com.android.internal.os.ZygoteInit.main(ZygoteInit.java:936)
05-16 07:39:34.030: I/SP.AiAi(3659): Scheduling: download registered, 0 started, 0 paused, 2 scheduled, 2 pending: manifests:spelling_correction-21080420 * {W:b:I:l, bg}, manifests:webref-2-en-23050201 * {W:b:u:l, bg}
05-16 07:39:34.032: W/View(2674): requestLayout() improperly called by com.android.keyguard.AlphaOptimizedLinearLayout{39b6993 V.E...... ......ID 7,0-46,58 #7f0a07b5 app:id/wifi_group} during layout: running second layout pass
05-16 07:39:34.032: V/GraphicsEnvironment(16760): ANGLE Developer option for 'com.android.carrierdefaultapp' set to: 'default'
05-16 07:39:34.033: V/GraphicsEnvironment(16760): ANGLE GameManagerService for com.android.carrierdefaultapp: false
05-16 07:39:34.033: I/RcsProvisioning(12379): Failed to read config: no config found /data/user/0/com.google.android.apps.messaging/files/rcsconfig: open failed: ENOENT (No such file or directory)
05-16 07:39:34.033: V/GraphicsEnvironment(16760): Neither updatable production driver nor prerelease driver is supported.
05-16 07:39:34.033: W/Bugle(12379): SubscriptionMetadataUtils get: invalid subId = -1
05-16 07:39:34.034: I/AiAiEcho(3659): Ranked targets strategy: WEIGHTED, count: 2, ranking metadata: { cardId: TIPS-2029576961, card type: TIPS, update time: 2023-05-16T14:36:04.811Z, expiration time: 2023-05-19T14:36:04.601Z, ranking metadata: RankingMetaData(urgency=0.992, priority=1.0, recency=1.0, rankScore=0.992, importantTimePoints=# krk@7bca4) }, { cardId: WEATHER-569377243, card type: WEATHER, update time: 2023-05-16T14:21:34Z, expiration time: 2023-05-16T15:00:00Z, ranking metadata: RankingMetaData(urgency=0.9, priority=0.3, recency=0.8, rankScore=0.27, importantTimePoints=# krk@7bca4) }
05-16 07:39:34.036: I/ContentCaptureHelper(3132): Setting logging level to OFF
05-16 07:39:34.039: W/View(2674): requestLayout() improperly called by com.android.keyguard.AlphaOptimizedLinearLayout{c0403e1 V.E...... ......ID 7,0-46,58 #7f0a07b5 app:id/wifi_group} during layout: running second layout pass
05-16 07:39:34.039: D/NetworkSecurityConfig(16760): No Network Security Config specified, using platform default
05-16 07:39:34.039: D/NetworkSecurityConfig(16760): No Network Security Config specified, using platform default
05-16 07:39:34.041: D/CoreBackPreview(1495): Window{b2f593b u0 com.google.android.apps.nexuslauncher/com.google.android.apps.nexuslauncher.NexusLauncherActivity}: Setting back callback null
05-16 07:39:34.044: W/InputManager-JNI(1495): Input channel object 'b2f593b com.google.android.apps.nexuslauncher/com.google.android.apps.nexuslauncher.NexusLauncherActivity (client)' was disposed without first being removed with the input manager!
05-16 07:39:34.045: D/CarrierDefaultBroadcastReceiver(16760): onReceive intent: android.intent.action.LOCALE_CHANGED
05-16 07:39:34.047: I/AiAiEcho(3659): Predicting[8]: { Feature:WEATHER, creation:2023-05-16T14:21:34Z, expiry:2023-05-16T15:00:00Z, isExpired: false}, { Feature:WEATHER, creation:2023-05-16T15:00:00Z, expiry:2023-05-16T16:00:00Z, isExpired: true}, { Feature:WEATHER, creation:2023-05-16T16:00:00Z, expiry:2023-05-16T17:00:00Z, isExpired: true}, { Feature:WEATHER, creation:2023-05-16T17:00:00Z, expiry:2023-05-16T18:00:00Z, isExpired: true}, { Feature:WEATHER, creation:2023-05-16T18:00:00Z, expiry:2023-05-16T19:00:00Z, isExpired: true}, { Feature:WEATHER, creation:2023-05-16T19:00:00Z, expiry:2023-05-16T20:00:00Z, isExpired: true}, { Feature:WEATHER, creation:2023-05-16T20:00:00Z, expiry:2023-05-16T20:21:34Z, isExpired: true}, { Feature:TIPS, creation:2023-05-16T14:36:04.811Z, expiry:2023-05-19T14:36:04.601Z, isExpired: false}
05-16 07:39:34.048: I/SP(11662): Syncing content_cache (2022052320) with slices: [146938679d8a79c40dfa474830396eab, 8722425f4121ffdea802b1066df73991, fa1da98da1212aad6fb9a8efaff48148], metadata: true
05-16 07:39:34.048: W/OnBackInvokedCallback(3132): OnBackInvokedCallback is not enabled for the application.
05-16 07:39:34.048: W/OnBackInvokedCallback(3132): Set 'android:enableOnBackInvokedCallback="true"' in the application manifest.
05-16 07:39:34.050: I/AiAiEcho(3659): Ranked targets strategy: WEIGHTED, count: 2, ranking metadata: { cardId: TIPS-2029576961, card type: TIPS, update time: 2023-05-16T14:36:04.811Z, expiration time: 2023-05-19T14:36:04.601Z, ranking metadata: RankingMetaData(urgency=0.992, priority=1.0, recency=1.0, rankScore=0.992, importantTimePoints=# krk@7bca4) }, { cardId: WEATHER-569377243, card type: WEATHER, update time: 2023-05-16T14:21:34Z, expiration time: 2023-05-16T15:00:00Z, ranking metadata: RankingMetaData(urgency=0.9, priority=0.3, recency=0.8, rankScore=0.27, importantTimePoints=# krk@7bca4) }
05-16 07:39:34.051: I/AiAiEcho(3659): #postPredictionTargets: Sending updates to UISurface lockscreen with targets# 1
05-16 07:39:34.051: V/WindowManager(1495): Unknown focus tokens, dropping reportFocusChanged
05-16 07:39:34.052: I/AiAiEcho(3659): #postPredictionTargets: Sending updates to UISurface home with targets# 1
05-16 07:39:34.052: I/WifiHAL(892): Creating message to get link statistics; iface = 47
05-16 07:39:34.052: D/SearchConfig(3132): Enable One Search if AGA is 13.11+.
05-16 07:39:34.053: I/AiAiEcho(3659): #postPredictionTargets: Sending updates to UISurface lockscreen with targets# 1
05-16 07:39:34.054: I/AiAiEcho(3659): #postPredictionTargets: Sending updates to UISurface home with targets# 1
05-16 07:39:34.055: D/CompatibilityChangeReporter(1495): Compat change id reported: 168419799; UID 10170; state: DISABLED
05-16 07:39:34.055: I/AiAiEcho(3659): #postPredictionTargets: Sending updates to UISurface lockscreen with targets# 1
05-16 07:39:34.057: I/AiAiEcho(3659): #postPredictionTargets: Sending updates to UISurface home with targets# 1
05-16 07:39:34.058: I/AiAiEcho(3659): #postPredictionTargets: Sending updates to UISurface lockscreen with targets# 1
05-16 07:39:34.061: I/AiAiEcho(3659): #postPredictionTargets: Sending updates to UISurface home with targets# 1
05-16 07:39:34.062: I/AiAiEcho(3659): #postPredictionTargets: Sending updates to UISurface lockscreen with targets# 1
05-16 07:39:34.063: I/AiAiEcho(3659): #postPredictionTargets: Sending updates to UISurface home with targets# 1
05-16 07:39:34.064: I/AiAiEcho(3659): #postPredictionTargets: Sending updates to UISurface lockscreen with targets# 1
05-16 07:39:34.065: I/AiAiEcho(3659): #postPredictionTargets: Sending updates to UISurface home with targets# 1
05-16 07:39:34.069: D/DeviceSearchAlg(3132): search timeout = %d200
05-16 07:39:34.073: I/AiAiSuggestUi(3132): Connecting to system intelligence module.
05-16 07:39:34.075: W/Bugle(12379): SubscriptionUtilsAsOfQ: subscriberId is empty. Does TelephonyManager have necessary permissions?
05-16 07:39:34.075: W/PageIndicator(3132): Total number of pages invalid: 0. Assuming 1 page.
05-16 07:39:34.075: W/BcSmartspaceView(3132): Current card is not present in the Adapter; cannot log.
05-16 07:39:34.076: I/AiAiSuggestUi(3132): Successfully connected to system intelligence:
05-16 07:39:34.089: I/Finsky(14188): [2] LocaleChangedReceiver.c(1): Received broadcast on system locale change.
05-16 07:39:34.090: D/CoreBackPreview(1495): Window{bdd043b u0 Acetone}: Setting back callback OnBackInvokedCallbackInfo{mCallback=android.window.IOnBackInvokedCallback$Stub$Proxy@d2364e9, mPriority=0}
05-16 07:39:34.091: I/ContentCaptureHelper(3132): Setting logging level to OFF
05-16 07:39:34.095: W/UserManagerService(1495): Cannot retrieve activities for disabled profile -1 from 0
05-16 07:39:34.100: D/CoreBackPreview(1495): Window{4ea9c9c u0 com.google.android.apps.nexuslauncher/com.google.android.apps.nexuslauncher.NexusLauncherActivity}: Setting back callback OnBackInvokedCallbackInfo{mCallback=android.window.IOnBackInvokedCallback$Stub$Proxy@d042a7a, mPriority=0}
05-16 07:39:34.100: W/ContentCaptureService(3659): handleSendEvents() received empty list of events
05-16 07:39:34.101: I/WifiHAL(892): In GetLinkStatsCommand::handleResponse
05-16 07:39:34.103: W/BcSmartspaceView(3132): Unable to register Doze Always on content observer.
05-16 07:39:34.103: W/BcSmartspaceView(3132): java.lang.SecurityException: No access to content://settings/secure/doze_always_on: Neither user 10220 nor current process has android.permission.INTERACT_ACROSS_USERS_FULL.
05-16 07:39:34.103: W/BcSmartspaceView(3132): at android.os.Parcel.createExceptionOrNull(Parcel.java:3011)
05-16 07:39:34.103: W/BcSmartspaceView(3132): at android.os.Parcel.createException(Parcel.java:2995)
05-16 07:39:34.103: W/BcSmartspaceView(3132): at android.os.Parcel.readException(Parcel.java:2978)
05-16 07:39:34.103: W/BcSmartspaceView(3132): at android.os.Parcel.readException(Parcel.java:2920)
05-16 07:39:34.103: W/BcSmartspaceView(3132): at android.content.IContentService$Stub$Proxy.registerContentObserver(IContentService.java:1032)
05-16 07:39:34.103: W/BcSmartspaceView(3132): at android.content.ContentResolver.registerContentObserver(ContentResolver.java:2712)
05-16 07:39:34.103: W/BcSmartspaceView(3132): at com.google.android.systemui.smartspace.BcSmartspaceView.onAttachedToWindow(Unknown Source:46)
05-16 07:39:34.103: W/BcSmartspaceView(3132): at android.view.View.dispatchAttachedToWindow(View.java:21297)
05-16 07:39:34.103: W/BcSmartspaceView(3132): at android.view.ViewGroup.dispatchAttachedToWindow(ViewGroup.java:3491)
05-16 07:39:34.103: W/BcSmartspaceView(3132): at android.view.ViewGroup.dispatchAttachedToWindow(ViewGroup.java:3498)
05-16 07:39:34.103: W/BcSmartspaceView(3132): at android.view.ViewGroup.dispatchAttachedToWindow(ViewGroup.java:3498)
05-16 07:39:34.103: W/BcSmartspaceView(3132): at android.view.ViewGroup.dispatchAttachedToWindow(ViewGroup.java:3498)
05-16 07:39:34.103: W/BcSmartspaceView(3132): at android.view.ViewGroup.dispatchAttachedToWindow(ViewGroup.java:3498)
05-16 07:39:34.103: W/BcSmartspaceView(3132): at android.view.ViewGroup.dispatchAttachedToWindow(ViewGroup.java:3498)
05-16 07:39:34.103: W/BcSmartspaceView(3132): at android.view.ViewGroup.dispatchAttachedToWindow(ViewGroup.java:3498)
05-16 07:39:34.103: W/BcSmartspaceView(3132): at android.view.ViewGroup.dispatchAttachedToWindow(ViewGroup.java:3498)
05-16 07:39:34.103: W/BcSmartspaceView(3132): at android.view.ViewGroup.dispatchAttachedToWindow(ViewGroup.java:3498)
05-16 07:39:34.103: W/BcSmartspaceView(3132): at android.view.ViewGroup.dispatchAttachedToWindow(ViewGroup.java:3498)
05-16 07:39:34.103: W/BcSmartspaceView(3132): at android.view.ViewRootImpl.performTraversals(ViewRootImpl.java:2820)
05-16 07:39:34.103: W/BcSmartspaceView(3132): at android.view.ViewRootImpl.doTraversal(ViewRootImpl.java:2328)
05-16 07:39:34.103: W/BcSmartspaceView(3132): at android.view.ViewRootImpl$TraversalRunnable.run(ViewRootImpl.java:9080)
05-16 07:39:34.103: W/BcSmartspaceView(3132): at android.view.Choreographer$CallbackRecord.run(Choreographer.java:1231)
05-16 07:39:34.103: W/BcSmartspaceView(3132): at android.view.Choreographer$CallbackRecord.run(Choreographer.java:1239)
05-16 07:39:34.103: W/BcSmartspaceView(3132): at android.view.Choreographer.doCallbacks(Choreographer.java:899)
05-16 07:39:34.103: W/BcSmartspaceView(3132): at android.view.Choreographer.doFrame(Choreographer.java:832)
05-16 07:39:34.103: W/BcSmartspaceView(3132): at android.view.Choreographer$FrameDisplayEventReceiver.run(Choreographer.java:1214)
05-16 07:39:34.103: W/BcSmartspaceView(3132): at android.os.Handler.handleCallback(Handler.java:942)
05-16 07:39:34.103: W/BcSmartspaceView(3132): at android.os.Handler.dispatchMessage(Handler.java:99)
05-16 07:39:34.103: W/BcSmartspaceView(3132): at android.os.Looper.loopOnce(Looper.java:201)
05-16 07:39:34.103: W/BcSmartspaceView(3132): at android.os.Looper.loop(Looper.java:288)
05-16 07:39:34.103: W/BcSmartspaceView(3132): at android.app.ActivityThread.main(ActivityThread.java:7872)
05-16 07:39:34.103: W/BcSmartspaceView(3132): at java.lang.reflect.Method.invoke(Native Method)
05-16 07:39:34.103: W/BcSmartspaceView(3132): at com.android.internal.os.RuntimeInit$MethodAndArgsCaller.run(RuntimeInit.java:548)
05-16 07:39:34.103: W/BcSmartspaceView(3132): at com.android.internal.os.ZygoteInit.main(ZygoteInit.java:936)
05-16 07:39:34.108: D/CoreBackPreview(1495): Window{831fba3 u0 Acetone}: Setting back callback OnBackInvokedCallbackInfo{mCallback=android.window.IOnBackInvokedCallback$Stub$Proxy@5fc262a, mPriority=0}
05-16 07:39:34.109: W/View(2674): requestLayout() improperly called by com.android.keyguard.AlphaOptimizedLinearLayout{cde9e00 V.E...... ......ID 7,0-46,58 #7f0a07b5 app:id/wifi_group} during layout: running second layout pass
05-16 07:39:34.109: D/CoreBackPreview(1495): Window{8b84730 u0 com.google.android.apps.nexuslauncher/com.google.android.apps.nexuslauncher.NexusLauncherActivity}: Setting back callback null
05-16 07:39:34.111: W/InputManager-JNI(1495): Input channel object '8b84730 com.google.android.apps.nexuslauncher/com.google.android.apps.nexuslauncher.NexusLauncherActivity (client)' was disposed without first being removed with the input manager!
05-16 07:39:34.115: W/BcSmartspaceCard(3132): No title view to update
05-16 07:39:34.115: I/BcSmartspaceCard(3132): setFormattedContentDescription: textView=SUBTITLE, text=null, iconDescription=null, contentDescription=null
05-16 07:39:34.115: E/BcSmartspaceCard(3132): No tap action can be set up
05-16 07:39:34.119: I/GsaVoiceInteractionSrv(3737): Handling ACTION_START_HOTWORD
05-16 07:39:34.120: I/GsaVoiceInteractionSrv(3737): disregardVoiceMatch: false
05-16 07:39:34.120: I/GsaVoiceInteractionSrv(3737): Cannot start hotword, hotword has been explicitly disabled.
05-16 07:39:34.122: I/Finsky(14188): [73] ycx.accept(55): SCH: Scheduling phonesky job Id: 37-4, CT: 1684247974095, Constraints: [{ L: 0, D: 0, C: 1, I: 1, N: 0 }, { L: 0, D: 0, C: 1, I: 1, N: 0 }]
05-16 07:39:34.122: I/AiAiTranslate(3659): Captions onLanguageStatesChanged()
05-16 07:39:34.123: I/AiAiTranslate(3659): Captions' languages list changed: new 6, current 0
05-16 07:39:34.123: D/TISBindHelper(3132): TIS service connected
05-16 07:39:34.124: W/ContentCaptureService(3659): handleSendEvents() received empty list of events
05-16 07:39:34.125: I/A(10908): Constructor was called
05-16 07:39:34.125: I/A(10908): No savedInstanceState.
05-16 07:39:34.125: I/A(10908): makeRequest: subscribing to new source
05-16 07:39:34.126: D/OneSearchSuggestProvider(3132): Created the binder channel successfully for end point service =com.google.android.apps.search.googleapp.search.suggest.plugins.onesearch.server.OneSearchSuggestService , mChannel=E2{delegate=w2{logId=9, target=directaddress:///AndroidComponentAddress%5BIntent%20%7B%20act=grpc.io.action.BIND%20cmp=com.google.android.googlequicksearchbox/com.google.android.apps.search.googleapp.search.suggest.plugins.onesearch.server.OneSearchSuggestService%20%7D%5D}} , mOneSearchConnection=Q1.d0@1903a51
05-16 07:39:34.127: I/A(10908): OnCreate Was Called
05-16 07:39:34.127: I/Finsky(14188): [73] ycy.apply(69): SCH: Scheduling 1 system job(s)
05-16 07:39:34.127: I/Finsky(14188): [73] ycy.apply(85): SCH: Scheduling expedited system job 9286
05-16 07:39:34.127: I/PromoManagerDataService(10908): getMinusOnePromotion
05-16 07:39:34.134: I/A(10908): #enqueuePeriodicJob: running = false
05-16 07:39:34.134: I/A(10908): #scheduledRefresh: enable_prod_refresh is true but we have no valid refresh schedule
05-16 07:39:34.136: I/Finsky(14188): [2] ytn.onStartJob(4): SCH: job service start with id 9286.
05-16 07:39:34.139: I/A(10908): loading data on surface MinusOne.
05-16 07:39:34.141: I/GsaVoiceInteractionSrv(3737): Handling ACTION_STOP_HOTWORD
05-16 07:39:34.154: I/ContentCaptureHelper(10908): Setting logging level to OFF
05-16 07:39:34.155: I/A(10908): onApplyWindowInsets: systemWindowInsets=Insets{left=0, top=98, right=0, bottom=63}
05-16 07:39:34.155: I/A(10908): onApplyWindowInsets: systemWindowInsets=Insets{left=0, top=98, right=0, bottom=63}
05-16 07:39:34.161: I/Finsky(14188): [211] ycw.a(35): SCH: Satisfied jobs for 9286 are: 37-4
05-16 07:39:34.164: D/LoaderTask(3132): loadWorkspace
05-16 07:39:34.164: D/LoaderTask(3132): Cancelled
05-16 07:39:34.164: I/ContentCaptureHelper(10908): Setting logging level to OFF
05-16 07:39:34.165: W/A(10908): Didn't find the session (MAIN_FEED, true)
05-16 07:39:34.165: D/LoaderTask(3132): loadWorkspace: loading default favorites
05-16 07:39:34.165: W/A(10908): Didn't find the session (MAIN_FEED, false)
05-16 07:39:34.165: D/CoreBackPreview(1495): Window{bdd043b u0 Acetone}: Setting back callback null
05-16 07:39:34.166: W/InputManager-JNI(1495): Input channel object 'bdd043b Acetone (client)' was disposed without first being removed with the input manager!
05-16 07:39:34.170: W/A(10908): RenderableStreamDataSource#loadData - failed precheck
05-16 07:39:34.170: W/A(10908): DiscoverPrecheckException(precheckFailureReason=com.google.android.apps.search.googleapp.discover.w.a.c@31e3109)
05-16 07:39:34.170: W/A(10908): at com.google.android.apps.search.googleapp.discover.w.bb.d(PG:16)
05-16 07:39:34.170: W/A(10908): at com.google.android.apps.search.googleapp.discover.w.ap.b(PG:5)
05-16 07:39:34.170: W/A(10908): at com.google.android.apps.search.googleapp.discover.w.ap.a(PG:1)
05-16 07:39:34.170: W/A(10908): at kotlinx.coroutines.f.b.a(PG:1)
05-16 07:39:34.170: W/A(10908): at kotlinx.coroutines.m.a(PG:11)
05-16 07:39:34.170: W/A(10908): at com.google.android.apps.search.googleapp.discover.v.bb.f(PG:2)
05-16 07:39:34.170: W/A(10908): at com.google.android.apps.search.googleapp.discover.v.bb.d(PG:15)
05-16 07:39:34.170: W/A(10908): at com.google.android.apps.search.googleapp.discover.v.an.b(PG:1)
05-16 07:39:34.170: W/A(10908): at h.c.b.a.a.l(PG:4)
05-16 07:39:34.170: W/A(10908): at kotlinx.coroutines.bl.run(PG:14)
05-16 07:39:34.170: W/A(10908): at com.google.apps.tiktok.coroutines.f.run(PG:1)
05-16 07:39:34.170: W/A(10908): at com.google.android.libraries.i.af.run(PG:1)
05-16 07:39:34.170: W/A(10908): at com.google.android.libraries.i.an.run(PG:23)
05-16 07:39:34.170: W/A(10908): at com.google.android.libraries.i.l.run(PG:2)
05-16 07:39:34.170: W/A(10908): at com.google.android.libraries.i.q.run(PG:4)
05-16 07:39:34.170: W/A(10908): at java.lang.Thread.run(Thread.java:1012)
05-16 07:39:34.180: I/AiAiEcho(3659): EchoSearch: WidgetFetcherImpl is initialized with [25] widgets [reason=locale changed]
05-16 07:39:34.181: I/SP.AiAi(3659): Deleting file /data/user/0/com.google.android.as/files/superpacks/manifests/webref-2-en-us-23050201 from manifest directory, last modified: 5/16/23 7:38 AM
05-16 07:39:34.181: D/CoreBackPreview(1495): Window{bca2a9 u0 com.google.android.apps.nexuslauncher/com.google.android.apps.nexuslauncher.NexusLauncherActivity}: Setting back callback OnBackInvokedCallbackInfo{mCallback=android.window.IOnBackInvokedCallback$Stub$Proxy@91cc1eb, mPriority=0}
05-16 07:39:34.181: I/jpx(3659): local initialization started
05-16 07:39:34.182: I/SP.AiAi(3659): Deleting file webref-2-en-us-23050201/superpacks_manifest.json, reason: 9
05-16 07:39:34.182: D/StrictMode(12379): StrictMode policy violation: android.os.strictmode.UnbufferedIoViolation
05-16 07:39:34.182: D/StrictMode(12379): at android.os.StrictMode$AndroidBlockGuardPolicy.onUnbufferedIO(StrictMode.java:1647)
05-16 07:39:34.182: D/StrictMode(12379): at libcore.io.IoTracker.trackIo(IoTracker.java:35)
05-16 07:39:34.182: D/StrictMode(12379): at libcore.io.IoTracker.trackIo(IoTracker.java:45)
05-16 07:39:34.182: D/StrictMode(12379): at java.io.FileOutputStream.write(FileOutputStream.java:398)
05-16 07:39:34.182: D/StrictMode(12379): at java.io.ObjectOutputStream$BlockDataOutputStream.write(ObjectOutputStream.java:1934)
05-16 07:39:34.182: D/StrictMode(12379): at java.io.ObjectOutputStream.defaultWriteFields(ObjectOutputStream.java:1590)
05-16 07:39:34.182: D/StrictMode(12379): at java.io.ObjectOutputStream.writeSerialData(ObjectOutputStream.java:1565)
05-16 07:39:34.182: D/StrictMode(12379): at java.io.ObjectOutputStream.writeOrdinaryObject(ObjectOutputStream.java:1488)
05-16 07:39:34.182: D/StrictMode(12379): at java.io.ObjectOutputStream.writeObject0(ObjectOutputStream.java:1234)
05-16 07:39:34.182: D/StrictMode(12379): at java.io.ObjectOutputStream.writeObject(ObjectOutputStream.java:354)
05-16 07:39:34.182: D/StrictMode(12379): at java.util.HashMap.internalWriteEntries(HashMap.java:1789)
05-16 07:39:34.182: D/StrictMode(12379): at java.util.HashMap.writeObject(HashMap.java:1366)
05-16 07:39:34.182: D/StrictMode(12379): at java.lang.reflect.Method.invoke(Native Method)
05-16 07:39:34.182: D/StrictMode(12379): at java.io.ObjectStreamClass.invokeWriteObject(ObjectStreamClass.java:1036)
05-16 07:39:34.182: D/StrictMode(12379): at java.io.ObjectOutputStream.writeSerialData(ObjectOutputStream.java:1552)
05-16 07:39:34.182: D/StrictMode(12379): at java.io.ObjectOutputStream.writeOrdinaryObject(ObjectOutputStream.java:1488)
05-16 07:39:34.182: D/StrictMode(12379): at java.io.ObjectOutputStream.writeObject0(ObjectOutputStream.java:1234)
05-16 07:39:34.182: D/StrictMode(12379): at java.io.ObjectOutputStream.writeObject(ObjectOutputStream.java:354)
05-16 07:39:34.182: D/StrictMode(12379): at bbaq.run(PG:15)
05-16 07:39:34.182: D/StrictMode(12379): at bbas.a(PG:17)
05-16 07:39:34.182: D/StrictMode(12379): at bbau.f(PG:5)
05-16 07:39:34.182: D/StrictMode(12379): at baru.b(PG:17)
05-16 07:39:34.182: D/StrictMode(12379): at com.google.android.apps.messaging.rcsmigration.RcsStateProvider.lambda$onMigrationComplete$0$com-google-android-apps-messaging-rcsmigration-RcsStateProvider(PG:10)
05-16 07:39:34.182: D/StrictMode(12379): at swa.run(Unknown Source:2)
05-16 07:39:34.182: D/StrictMode(12379): at brho.run(PG:2)
05-16 07:39:34.182: D/StrictMode(12379): at java.util.concurrent.Executors$RunnableAdapter.call(Executors.java:463)
05-16 07:39:34.182: D/StrictMode(12379): at bwax.a(PG:1)
05-16 07:39:34.182: D/StrictMode(12379): at bvzz.run(PG:4)
05-16 07:39:34.182: D/StrictMode(12379): at bway.run(PG:1)
05-16 07:39:34.182: D/StrictMode(12379): at bfab.run(PG:1)
05-16 07:39:34.182: D/StrictMode(12379): at bfai.run(PG:23)
05-16 07:39:34.182: D/StrictMode(12379): at bezd.run(PG:2)
05-16 07:39:34.182: D/StrictMode(12379): at bezn.run(PG:4)
05-16 07:39:34.182: D/StrictMode(12379): at java.lang.Thread.run(Thread.java:1012)
05-16 07:39:34.182: I/SP.AiAi(3659): Deleting file manifests/webref-2-en-us-23050201, reason: 9
05-16 07:39:34.183: D/StrictMode(12379): StrictMode policy violation: android.os.strictmode.UnbufferedIoViolation
05-16 07:39:34.183: D/StrictMode(12379): at android.os.StrictMode$AndroidBlockGuardPolicy.onUnbufferedIO(StrictMode.java:1647)
05-16 07:39:34.183: D/StrictMode(12379): at libcore.io.IoTracker.trackIo(IoTracker.java:35)
05-16 07:39:34.183: D/StrictMode(12379): at libcore.io.IoTracker.trackIo(IoTracker.java:45)
05-16 07:39:34.183: D/StrictMode(12379): at java.io.FileOutputStream.write(FileOutputStream.java:398)
05-16 07:39:34.183: D/StrictMode(12379): at java.io.ObjectOutputStream$BlockDataOutputStream.write(ObjectOutputStream.java:1934)
05-16 07:39:34.183: D/StrictMode(12379): at java.io.ObjectOutputStream.defaultWriteFields(ObjectOutputStream.java:1590)
05-16 07:39:34.183: D/StrictMode(12379): at java.io.ObjectOutputStream.writeSerialData(ObjectOutputStream.java:1565)
05-16 07:39:34.183: D/StrictMode(12379): at java.io.ObjectOutputStream.writeOrdinaryObject(ObjectOutputStream.java:1488)
05-16 07:39:34.183: D/StrictMode(12379): at java.io.ObjectOutputStream.writeObject0(ObjectOutputStream.java:1234)
05-16 07:39:34.183: D/StrictMode(12379): at java.io.ObjectOutputStream.writeObject(ObjectOutputStream.java:354)
05-16 07:39:34.183: D/StrictMode(12379): at java.util.HashMap.internalWriteEntries(HashMap.java:1789)
05-16 07:39:34.183: D/StrictMode(12379): at java.util.HashMap.writeObject(HashMap.java:1366)
05-16 07:39:34.183: D/StrictMode(12379): at java.lang.reflect.Method.invoke(Native Method)
05-16 07:39:34.183: D/StrictMode(12379): at java.io.ObjectStreamClass.invokeWriteObject(ObjectStreamClass.java:1036)
05-16 07:39:34.183: D/StrictMode(12379): at java.io.ObjectOutputStream.writeSerialData(ObjectOutputStream.java:1552)
05-16 07:39:34.183: D/StrictMode(12379): at java.io.ObjectOutputStream.writeOrdinaryObject(ObjectOutputStream.java:1488)
05-16 07:39:34.183: D/StrictMode(12379): at java.io.ObjectOutputStream.writeObject0(ObjectOutputStream.java:1234)
05-16 07:39:34.183: D/StrictMode(12379): at java.io.ObjectOutputStream.writeObject(ObjectOutputStream.java:354)
05-16 07:39:34.183: D/StrictMode(12379): at bbaq.run(PG:15)
05-16 07:39:34.183: D/StrictMode(12379): at bbas.a(PG:17)
05-16 07:39:34.183: D/StrictMode(12379): at bbau.f(PG:5)
05-16 07:39:34.183: D/StrictMode(12379): at baru.b(PG:18)
05-16 07:39:34.183: D/StrictMode(12379): at com.google.android.apps.messaging.rcsmigration.RcsStateProvider.lambda$onMigrationComplete$0$com-google-android-apps-messaging-rcsmigration-RcsStateProvider(PG:10)
05-16 07:39:34.183: D/StrictMode(12379): at swa.run(Unknown Source:2)
05-16 07:39:34.183: D/StrictMode(12379): at brho.run(PG:2)
05-16 07:39:34.183: D/StrictMode(12379): at java.util.concurrent.Executors$RunnableAdapter.call(Executors.java:463)
05-16 07:39:34.183: D/StrictMode(12379): at bwax.a(PG:1)
05-16 07:39:34.183: D/StrictMode(12379): at bvzz.run(PG:4)
05-16 07:39:34.183: D/StrictMode(12379): at bway.run(PG:1)
05-16 07:39:34.183: D/StrictMode(12379): at bfab.run(PG:1)
05-16 07:39:34.183: D/StrictMode(12379): at bfai.run(PG:23)
05-16 07:39:34.183: D/StrictMode(12379): at bezd.run(PG:2)
05-16 07:39:34.183: D/StrictMode(12379): at bezn.run(PG:4)
05-16 07:39:34.183: D/StrictMode(12379): at java.lang.Thread.run(Thread.java:1012)
05-16 07:39:34.187: W/UserManagerService(1495): Cannot retrieve activities for disabled profile -1 from 0
05-16 07:39:34.187: W/SP.AiAi(3659): Deleting referenced file redacted!
05-16 07:39:34.187: I/SP.AiAi(3659): Deleting file redacted, reason: 4
05-16 07:39:34.188: I/SP.AiAi(3659): Deleting file redacted, reason: 4
05-16 07:39:34.188: I/SP.AiAi(3659): Deleting file redacted, reason: 4
05-16 07:39:34.188: I/SP.AiAi(3659): Deleting file redacted, reason: 4
05-16 07:39:34.188: I/SP.AiAi(3659): Deleting file redacted, reason: 4
05-16 07:39:34.188: I/SP.AiAi(3659): Deleting file redacted, reason: 4
05-16 07:39:34.188: I/SP.AiAi(3659): Deleting file redacted, reason: 4
05-16 07:39:34.188: I/SP.AiAi(3659): Deleting file redacted, reason: 4
05-16 07:39:34.189: I/GsaVoiceInteractionSrv(3737): Handling ACTION_START_HOTWORD
05-16 07:39:34.189: I/GsaVoiceInteractionSrv(3737): disregardVoiceMatch: false
05-16 07:39:34.190: I/GsaVoiceInteractionSrv(3737): Cannot start hotword, hotword has been explicitly disabled.
05-16 07:39:34.193: I/A(10908): Constructor was called
05-16 07:39:34.194: I/A(10908): No savedInstanceState.
05-16 07:39:34.194: I/A(10908): makeRequest: subscribing to new source
05-16 07:39:34.195: I/SP.AiAi(3659): Deleting file redacted, reason: 4
05-16 07:39:34.195: I/A(10908): OnCreate Was Called
05-16 07:39:34.196: I/PromoManagerDataService(10908): getMinusOnePromotion
05-16 07:39:34.198: D/CompatibilityChangeReporter(1495): Compat change id reported: 168419799; UID 10179; state: DISABLED
05-16 07:39:34.199: W/SHANNON_IMS(2923): 0644 [SIM#] Invalid sub id : -1 with slot id : 0 (SubscriptionWrapper%getSubId:55)
05-16 07:39:34.200: W/SHANNON_IMS(2923): 0648 [SIM#] Invalid sub id : -1 with slot id : 0 (SubscriptionWrapper%getSubId:55)
05-16 07:39:34.201: W/NotificationHistory(1495): Attempted to add notif for locked/gone/disabled user 0
05-16 07:39:34.202: W/NotificationHistory(1495): Attempted to add notif for locked/gone/disabled user 0
05-16 07:39:34.203: I/A(10908): #enqueuePeriodicJob: running = false
05-16 07:39:34.203: W/SHANNON_IMS(2923): 0652 [SIM#] Invalid sub id : -1 with slot id : 0 (SubscriptionWrapper%getSubId:55)
05-16 07:39:34.204: I/A(10908): #scheduledRefresh: enable_prod_refresh is true but we have no valid refresh schedule
05-16 07:39:34.204: W/SHANNON_IMS(2923): 0653 [SIM#] Invalid sub id : -1 with slot id : 0 (SubscriptionWrapper%getSubId:55)
05-16 07:39:34.205: W/AiAiEcho(3659): SmartspaceNotificationPredictor no parser can handle this notification or notification is invalid
05-16 07:39:34.205: I/A(10908): loading data on surface MinusOne.
05-16 07:39:34.206: W/A(10908): Didn't find the session (MAIN_FEED, true)
05-16 07:39:34.206: W/A(10908): Didn't find the session (MAIN_FEED, false)
05-16 07:39:34.207: I/A(10908): Created gRPC endpoint to "search" for service class com.google.android.apps.search.googleapp.search.suggest.plugins.onesearch.server.OneSearchSuggestService
05-16 07:39:34.207: W/A(10908): RenderableStreamDataSource#loadData - failed precheck
05-16 07:39:34.207: W/A(10908): DiscoverPrecheckException(precheckFailureReason=com.google.android.apps.search.googleapp.discover.w.a.c@31e3109)
05-16 07:39:34.207: W/A(10908): at com.google.android.apps.search.googleapp.discover.w.bb.d(PG:16)
05-16 07:39:34.207: W/A(10908): at com.google.android.apps.search.googleapp.discover.w.ap.b(PG:5)
05-16 07:39:34.207: W/A(10908): at com.google.android.apps.search.googleapp.discover.w.ap.a(PG:1)
05-16 07:39:34.207: W/A(10908): at kotlinx.coroutines.f.b.a(PG:1)
05-16 07:39:34.207: W/A(10908): at kotlinx.coroutines.m.a(PG:11)
05-16 07:39:34.207: W/A(10908): at com.google.android.apps.search.googleapp.discover.v.bb.f(PG:2)
05-16 07:39:34.207: W/A(10908): at com.google.android.apps.search.googleapp.discover.v.bb.d(PG:15)
05-16 07:39:34.207: W/A(10908): at com.google.android.apps.search.googleapp.discover.v.an.b(PG:1)
05-16 07:39:34.207: W/A(10908): at h.c.b.a.a.l(PG:4)
05-16 07:39:34.207: W/A(10908): at kotlinx.coroutines.ea.o(PG:8)
05-16 07:39:34.207: W/A(10908): at kotlinx.coroutines.a.l(PG:3)
05-16 07:39:34.207: W/A(10908): at h.c.b.a.a.l(PG:9)
05-16 07:39:34.207: W/A(10908): at kotlinx.coroutines.bl.run(PG:14)
05-16 07:39:34.207: W/A(10908): at com.google.apps.tiktok.coroutines.f.run(PG:1)
05-16 07:39:34.207: W/A(10908): at com.google.android.libraries.i.af.run(PG:1)
05-16 07:39:34.207: W/A(10908): at com.google.android.libraries.i.an.run(PG:23)
05-16 07:39:34.207: W/A(10908): at com.google.android.libraries.i.l.run(PG:2)
05-16 07:39:34.207: W/A(10908): at com.google.android.libraries.i.q.run(PG:4)
05-16 07:39:34.207: W/A(10908): at java.lang.Thread.run(Thread.java:1012)
05-16 07:39:34.208: W/AiAiEcho(3659): SmartspaceNotificationPredictor no parser can handle this notification or notification is invalid
05-16 07:39:34.209: W/UserManagerService(1495): Cannot retrieve activities for disabled profile -1 from 0
05-16 07:39:34.209: W/SHANNON_IMS(2923): 0657 [SIM#] Invalid sub id : -1 with slot id : 1 (SubscriptionWrapper%getSubId:55)
05-16 07:39:34.211: W/SHANNON_IMS(2923): 0661 [SIM#] Invalid sub id : -1 with slot id : 1 (SubscriptionWrapper%getSubId:55)
05-16 07:39:34.212: W/SHANNON_IMS(2923): 0665 [SIM#] Invalid sub id : -1 with slot id : 1 (SubscriptionWrapper%getSubId:55)
05-16 07:39:34.213: W/SHANNON_IMS(2923): 0666 [SIM#] Invalid sub id : -1 with slot id : 1 (SubscriptionWrapper%getSubId:55)
05-16 07:39:34.213: I/A(10908): onApplyWindowInsets: systemWindowInsets=Insets{left=0, top=98, right=0, bottom=63}
05-16 07:39:34.213: I/A(10908): onApplyWindowInsets: systemWindowInsets=Insets{left=0, top=98, right=0, bottom=63}
05-16 07:39:34.213: W/AiAiEcho(3659): SmartspaceNotificationPredictor no parser can handle this notification or notification is invalid
05-16 07:39:34.213: I/SP.AiAi(3659): Scheduling job with delay of 0s for {W:b:I:l, bg}, 1 candidates
05-16 07:39:34.213: W/UserManagerService(1495): Cannot retrieve activities for disabled profile -1 from 0
05-16 07:39:34.214: I/Finsky(14188): [219] yrd.accept(66): SCH: Job 37-4 starting
05-16 07:39:34.216: I/Finsky(14188): [2] LanguageSplitInstallEventJob.b(3): Running LanguageSplitInstallEventJob.
05-16 07:39:34.216: I/Finsky(14188): [2] LanguageSplitInstallEventJob.b(26): Clear bulk acquire cache.
05-16 07:39:34.216: I/Finsky(14188): [2] akmh.i(1): Checking for new language splits.
05-16 07:39:34.216: I/Finsky(14188): [2] akmh.i(2): Updating language store, changed to [en]
05-16 07:39:34.216: I/Finsky(14188): [83] zfo.q(4): Commerce cache was cleared.
05-16 07:39:34.218: I/Finsky(14188): [2] agtj.b(5): Clearing cache.
05-16 07:39:34.223: D/Volley(14188): [86] agto.b: Cache cleared.
05-16 07:39:34.223: D/Volley(14188): [121] agto.b: Cache cleared.
05-16 07:39:34.224: I/ContentCaptureHelper(10908): Setting logging level to OFF
05-16 07:39:34.226: W/InputManager-JNI(1495): Input channel object '831fba3 Acetone (client)' was disposed without first being removed with the input manager!
05-16 07:39:34.228: I/A(10908): StreamFragmentPeer#onPending
05-16 07:39:34.228: I/A(10908): #fetchAndStoreData() on surface MinusOne.
05-16 07:39:34.229: W/WindowManager(1495): Failed looking up window session=Session{1ca9531 10908:u0a10163} callers=com.android.server.wm.WindowManagerService.windowForClientLocked:5976 com.android.server.wm.Session.setOnBackInvokedCallbackInfo:943 android.view.IWindowSession$Stub.onTransact:1180
05-16 07:39:34.229: E/WindowManager(1495): setOnBackInvokedCallback(): No window state for package:com.google.android.googlequicksearchbox
05-16 07:39:34.229: W/A(10908): Fetch failed. Renderable stream failure reason: USER_SIGNED_OUT
05-16 07:39:34.229: W/A(10908): DiscoverPrecheckException(precheckFailureReason=com.google.android.apps.search.googleapp.discover.w.a.c@31e3109)
05-16 07:39:34.229: W/A(10908): at com.google.android.apps.search.googleapp.discover.w.bb.d(PG:16)
05-16 07:39:34.229: W/A(10908): at com.google.android.apps.search.googleapp.discover.w.ax.b(PG:5)
05-16 07:39:34.229: W/A(10908): at com.google.android.apps.search.googleapp.discover.w.ax.a(PG:1)
05-16 07:39:34.229: W/A(10908): at kotlinx.coroutines.f.b.a(PG:1)
05-16 07:39:34.229: W/A(10908): at kotlinx.coroutines.m.a(PG:11)
05-16 07:39:34.229: W/A(10908): at com.google.android.apps.search.googleapp.discover.w.bb.c(PG:2)
05-16 07:39:34.229: W/A(10908): at com.google.android.apps.search.googleapp.discover.v.am.b(PG:5)
05-16 07:39:34.229: W/A(10908): at com.google.android.apps.search.googleapp.discover.v.am.a(PG:1)
05-16 07:39:34.229: W/A(10908): at kotlinx.coroutines.f.b.a(PG:1)
05-16 07:39:34.229: W/A(10908): at kotlinx.coroutines.m.a(PG:11)
05-16 07:39:34.229: W/A(10908): at com.google.android.apps.search.googleapp.discover.v.al.b(PG:4)
05-16 07:39:34.229: W/A(10908): at h.c.b.a.a.l(PG:4)
05-16 07:39:34.229: W/A(10908): at kotlinx.coroutines.bl.run(PG:14)
05-16 07:39:34.229: W/A(10908): at com.google.apps.tiktok.coroutines.f.run(PG:1)
05-16 07:39:34.229: W/A(10908): at com.google.android.libraries.i.af.run(PG:1)
05-16 07:39:34.229: W/A(10908): at com.google.android.libraries.i.an.run(PG:23)
05-16 07:39:34.229: W/A(10908): at com.google.android.libraries.i.l.run(PG:2)
05-16 07:39:34.229: W/A(10908): at com.google.android.libraries.i.q.run(PG:4)
05-16 07:39:34.229: W/A(10908): at java.lang.Thread.run(Thread.java:1012)
05-16 07:39:34.230: I/earchbox:search(10908): JIT allocated 56KB for compiled code of java.lang.Object com.google.android.apps.gsa.binaries.satin.app.anb.e()
05-16 07:39:34.232: D/OneSearchSuggestProvider(3132): Convert suggest response to search results for query= time=548598 mResponse list size=15
05-16 07:39:34.235: W/A(10908): Failed RenderableStream callback; SubscriptionCallbacks#onError(Throwable) called.
05-16 07:39:34.235: W/A(10908): com.google.android.apps.search.googleapp.discover.v.i: DiscoverPrecheckException(precheckFailureReason=com.google.android.apps.search.googleapp.discover.w.a.c@31e3109)
05-16 07:39:34.235: W/A(10908): at com.google.android.apps.search.googleapp.discover.v.ak.a(PG:1)
05-16 07:39:34.235: W/A(10908): at com.google.android.apps.search.googleapp.discover.v.am.b(PG:17)
05-16 07:39:34.235: W/A(10908): at com.google.android.apps.search.googleapp.discover.v.am.a(PG:1)
05-16 07:39:34.235: W/A(10908): at kotlinx.coroutines.f.b.a(PG:1)
05-16 07:39:34.235: W/A(10908): at kotlinx.coroutines.m.a(PG:11)
05-16 07:39:34.235: W/A(10908): at com.google.android.apps.search.googleapp.discover.v.al.b(PG:4)
05-16 07:39:34.235: W/A(10908): at h.c.b.a.a.l(PG:4)
05-16 07:39:34.235: W/A(10908): at kotlinx.coroutines.bl.run(PG:14)
05-16 07:39:34.235: W/A(10908): at com.google.apps.tiktok.coroutines.f.run(PG:1)
05-16 07:39:34.235: W/A(10908): at com.google.android.libraries.i.af.run(PG:1)
05-16 07:39:34.235: W/A(10908): at com.google.android.libraries.i.an.run(PG:23)
05-16 07:39:34.235: W/A(10908): at com.google.android.libraries.i.l.run(PG:2)
05-16 07:39:34.235: W/A(10908): at com.google.android.libraries.i.q.run(PG:4)
05-16 07:39:34.235: W/A(10908): at java.lang.Thread.run(Thread.java:1012)
05-16 07:39:34.235: W/A(10908): Caused by: DiscoverPrecheckException(precheckFailureReason=com.google.android.apps.search.googleapp.discover.w.a.c@31e3109)
05-16 07:39:34.235: W/A(10908): at com.google.android.apps.search.googleapp.discover.w.bb.d(PG:16)
05-16 07:39:34.235: W/A(10908): at com.google.android.apps.search.googleapp.discover.w.ax.b(PG:5)
05-16 07:39:34.235: W/A(10908): at com.google.android.apps.search.googleapp.discover.w.ax.a(PG:1)
05-16 07:39:34.235: W/A(10908): at kotlinx.coroutines.f.b.a(PG:1)
05-16 07:39:34.235: W/A(10908): at kotlinx.coroutines.m.a(PG:11)
05-16 07:39:34.235: W/A(10908): at com.google.android.apps.search.googleapp.discover.w.bb.c(PG:2)
05-16 07:39:34.235: W/A(10908): at com.google.android.apps.search.googleapp.discover.v.am.b(PG:5)
05-16 07:39:34.235: W/A(10908): ... 12 more
05-16 07:39:34.235: D/Volley(14188): [2] agtn.b: Cache cleared.
05-16 07:39:34.236: W/View(10908): requestLayout() improperly called by android.widget.FrameLayout{f836cdd V.E...... ......ID 0,0-1080,525 #7f0b11bb app:id/googleapp_discover_header_container} during layout: running second layout pass
05-16 07:39:34.244: I/Finsky(14188): [72] keo.apply(62): Existing languages: []
05-16 07:39:34.250: I/Finsky(14188): [70] kef.apply(3): Language change to [en], of which [en] are new, removed [].
05-16 07:39:34.251: I/Finsky(14188): [70] aaco.apply(46): Language store updated - wasNewLanguageAdded=true
05-16 07:39:34.251: I/AiAiEcho(3659): Settings cha with uri: content://settings/secure/autofill_service
05-16 07:39:34.252: I/Finsky(14188): [83] qaj.run(6): Checking for language splits...
05-16 07:39:34.254: I/AiAiEcho(3659): Predicting[8]: { Feature:WEATHER, creation:2023-05-16T14:21:34Z, expiry:2023-05-16T15:00:00Z, isExpired: false}, { Feature:WEATHER, creation:2023-05-16T15:00:00Z, expiry:2023-05-16T16:00:00Z, isExpired: true}, { Feature:WEATHER, creation:2023-05-16T16:00:00Z, expiry:2023-05-16T17:00:00Z, isExpired: true}, { Feature:WEATHER, creation:2023-05-16T17:00:00Z, expiry:2023-05-16T18:00:00Z, isExpired: true}, { Feature:WEATHER, creation:2023-05-16T18:00:00Z, expiry:2023-05-16T19:00:00Z, isExpired: true}, { Feature:WEATHER, creation:2023-05-16T19:00:00Z, expiry:2023-05-16T20:00:00Z, isExpired: true}, { Feature:WEATHER, creation:2023-05-16T20:00:00Z, expiry:2023-05-16T20:21:34Z, isExpired: true}, { Feature:TIPS, creation:2023-05-16T14:36:04.811Z, expiry:2023-05-19T14:36:04.601Z, isExpired: false}
05-16 07:39:34.256: I/AiAiEcho(3659): Ranked targets strategy: WEIGHTED, count: 2, ranking metadata: { cardId: TIPS-2029576961, card type: TIPS, update time: 2023-05-16T14:36:04.811Z, expiration time: 2023-05-19T14:36:04.601Z, ranking metadata: RankingMetaData(urgency=0.992, priority=1.0, recency=1.0, rankScore=0.992, importantTimePoints=# krk@7bca4) }, { cardId: WEATHER-569377243, card type: WEATHER, update time: 2023-05-16T14:21:34Z, expiration time: 2023-05-16T15:00:00Z, ranking metadata: RankingMetaData(urgency=0.9, priority=0.3, recency=0.8, rankScore=0.27, importantTimePoints=# krk@7bca4) }
05-16 07:39:34.258: I/AiAiEcho(3659): Predicting[8]: { Feature:WEATHER, creation:2023-05-16T14:21:34Z, expiry:2023-05-16T15:00:00Z, isExpired: false}, { Feature:WEATHER, creation:2023-05-16T15:00:00Z, expiry:2023-05-16T16:00:00Z, isExpired: true}, { Feature:WEATHER, creation:2023-05-16T16:00:00Z, expiry:2023-05-16T17:00:00Z, isExpired: true}, { Feature:WEATHER, creation:2023-05-16T17:00:00Z, expiry:2023-05-16T18:00:00Z, isExpired: true}, { Feature:WEATHER, creation:2023-05-16T18:00:00Z, expiry:2023-05-16T19:00:00Z, isExpired: true}, { Feature:WEATHER, creation:2023-05-16T19:00:00Z, expiry:2023-05-16T20:00:00Z, isExpired: true}, { Feature:WEATHER, creation:2023-05-16T20:00:00Z, expiry:2023-05-16T20:21:34Z, isExpired: true}, { Feature:TIPS, creation:2023-05-16T14:36:04.811Z, expiry:2023-05-19T14:36:04.601Z, isExpired: false}
05-16 07:39:34.259: I/AiAiEcho(3659): Ranked targets strategy: WEIGHTED, count: 2, ranking metadata: { cardId: TIPS-2029576961, card type: TIPS, update time: 2023-05-16T14:36:04.811Z, expiration time: 2023-05-19T14:36:04.601Z, ranking metadata: RankingMetaData(urgency=0.992, priority=1.0, recency=1.0, rankScore=0.992, importantTimePoints=# krk@7bca4) }, { cardId: WEATHER-569377243, card type: WEATHER, update time: 2023-05-16T14:21:34Z, expiration time: 2023-05-16T15:00:00Z, ranking metadata: RankingMetaData(urgency=0.9, priority=0.3, recency=0.8, rankScore=0.27, importantTimePoints=# krk@7bca4) }
05-16 07:39:34.261: D/LoaderTask(3132): loadWorkspace
05-16 07:39:34.262: D/LoaderTask(3132): sanitizeData
05-16 07:39:34.262: D/LoaderTask(3132): bindWorkspace
05-16 07:39:34.264: W/Finsky(14188): [83] ixj.d(18): For unauth, use getDfeApiNonAuthenticated() instead!
05-16 07:39:34.265: I/Finsky(14188): [83] ixj.f(2): getDfeApiOrNonauthenticated is returning unauth api
05-16 07:39:34.270: I/AiAiEcho(3659): #postPredictionTargets: Sending updates to UISurface lockscreen with targets# 1
05-16 07:39:34.271: I/AiAiEcho(3659): #postPredictionTargets: Sending updates to UISurface home with targets# 1
05-16 07:39:34.271: W/BcSmartspaceView(3132): Unable to register Doze Always on content observer.
05-16 07:39:34.271: W/BcSmartspaceView(3132): java.lang.SecurityException: No access to content://settings/secure/doze_always_on: Neither user 10220 nor current process has android.permission.INTERACT_ACROSS_USERS_FULL.
05-16 07:39:34.271: W/BcSmartspaceView(3132): at android.os.Parcel.createExceptionOrNull(Parcel.java:3011)
05-16 07:39:34.271: W/BcSmartspaceView(3132): at android.os.Parcel.createException(Parcel.java:2995)
05-16 07:39:34.271: W/BcSmartspaceView(3132): at android.os.Parcel.readException(Parcel.java:2978)
05-16 07:39:34.271: W/BcSmartspaceView(3132): at android.os.Parcel.readException(Parcel.java:2920)
05-16 07:39:34.271: W/BcSmartspaceView(3132): at android.content.IContentService$Stub$Proxy.registerContentObserver(IContentService.java:1032)
05-16 07:39:34.271: W/BcSmartspaceView(3132): at android.content.ContentResolver.registerContentObserver(ContentResolver.java:2712)
05-16 07:39:34.271: W/BcSmartspaceView(3132): at com.google.android.systemui.smartspace.BcSmartspaceView.onAttachedToWindow(Unknown Source:46)
05-16 07:39:34.271: W/BcSmartspaceView(3132): at android.view.View.dispatchAttachedToWindow(View.java:21297)
