05-16 07:39:37.080: I/Fitness(10395): OnPackageChangedOperation got intent: Intent { act=android.intent.action.PACKAGE_CHANGED dat=package: flg=0x5000010 pkg=com.google.android.gms cmp=com.google.android.gms/.chimera.PersistentIntentOperationService (has extras) } [CONTEXT service_id=17 ]
05-16 07:39:37.083: D/TrafficStats(17085): tagSocket(95) with statsTag=0xffffffff, statsUid=-1
05-16 07:39:37.085: I/Fitness(10395): FitCleanupIntentOperation received Intent android.intent.action.PACKAGE_CHANGED [CONTEXT service_id=17 ]
05-16 07:39:37.071: I/Finsky(14188): [209] oin.run(16): Wrote row to frosting DB: 413
05-16 07:39:37.085: I/Icing(15673): Indexing com.google.android.gms-apps from com.google.android.gms
05-16 07:39:37.090: I/SecureElement-Terminal-SIM2(2906): isNfcEventAllowed: No access rules for checking.
05-16 07:39:37.091: D/PrefCtrlListHelper(3180): Could not find Context-only controller for pref: com.android.settings.development.transcode.TranscodeUserControlPreferenceController
05-16 07:39:37.091: D/PrefCtrlListHelper(3180): Could not find Context-only controller for pref: com.android.settings.development.transcode.TranscodeGlobalTogglePreferenceController
05-16 07:39:37.091: D/PrefCtrlListHelper(3180): Could not find Context-only controller for pref: com.android.settings.development.transcode.TranscodeDefaultOptionPreferenceController
05-16 07:39:37.091: D/PrefCtrlListHelper(3180): Could not find Context-only controller for pref: com.android.settings.development.transcode.TranscodeNotificationPreferenceController
05-16 07:39:37.091: D/PrefCtrlListHelper(3180): Could not find Context-only controller for pref: com.android.settings.development.transcode.TranscodeDisableCachePreferenceController
05-16 07:39:37.092: D/PrefCtrlListHelper(3180): Could not find Context-only controller for pref: com.android.settings.location.RecentLocationAccessSeeAllPreferenceController
05-16 07:39:37.092: D/SecureElementService(2906): getReaders() for com.android.nfc
05-16 07:39:37.097: I/SecureElement-Terminal-SIM2(2906): isNfcEventAllowed: No access rules for checking.
05-16 07:39:37.104: D/PrefCtrlListHelper(3180): Could not find Context-only controller for pref: com.android.settings.gestures.DoubleTapPowerPreferenceController
05-16 07:39:37.104: D/PrefCtrlListHelper(3180): Could not find Context-only controller for pref: com.android.settings.deviceinfo.legal.CopyrightPreferenceController
05-16 07:39:37.105: D/PrefCtrlListHelper(3180): Could not find Context-only controller for pref: com.android.settings.deviceinfo.legal.LicensePreferenceController
05-16 07:39:37.110: E/Finsky(14188): [73] rou.a(16): ItemStore: getItems RPC failed.
05-16 07:39:37.112: D/PrefCtrlListHelper(3180): Could not find Context-only controller for pref: com.android.settings.deviceinfo.legal.TermsPreferenceController
05-16 07:39:37.113: D/PrefCtrlListHelper(3180): Could not find Context-only controller for pref: com.android.settings.deviceinfo.legal.ModuleLicensesListPreferenceController
05-16 07:39:37.113: D/PrefCtrlListHelper(3180): Could not find Context-only controller for pref: com.android.settings.deviceinfo.legal.WebViewLicensePreferenceController
05-16 07:39:37.113: D/PrefCtrlListHelper(3180): Could not find Context-only controller for pref: com.android.settings.deviceinfo.legal.WallpaperAttributionsPreferenceController
05-16 07:39:37.113: V/WifiManager(3180): registerSoftApCallback: callback=com.android.settings.wifi.tether.WifiTetherSecurityPreferenceController@f21918, executor=android.os.HandlerExecutor@6bac7f9
05-16 07:39:37.115: V/WifiManager(3180): SoftApCallbackProxy on mode 1, send InfoChanged, newInfo: SoftApInfo{bandwidth= 0, frequency= 0, wifiStandard= 0, mApInstanceIdentifier= null, mIdleShutdownTimeoutMillis= 0}
05-16 07:39:37.115: V/WifiManager(3180): SoftApCallbackProxy on mode 1, send InfoChanged, changedInfoList: []
05-16 07:39:37.115: V/WifiManager(3180): SoftApCallbackProxy on mode 1, send onConnectedClientsChanged(clients): []
05-16 07:39:37.115: V/WifiManager(3180): unregisterSoftApCallback: callback=com.android.settings.wifi.tether.WifiTetherSecurityPreferenceController@f21918
05-16 07:39:37.115: E/Finsky(14188): [82] rou.a(16): ItemStore: getItems RPC failed.
05-16 07:39:37.126: I/WifiHAL(892): Creating message to get link statistics; iface = 47
05-16 07:39:37.128: I/Icing(15673): Indexing done com.google.android.gms-apps
05-16 07:39:37.152: I/Icing(15673): Indexing com.google.android.gms-apps from com.google.android.gms
05-16 07:39:37.155: I/Icing(15673): Indexing done com.google.android.gms-apps
05-16 07:39:37.157: I/Icing(15673): Indexing com.google.android.gms-apps from com.google.android.gms
05-16 07:39:37.169: I/WifiHAL(892): In GetLinkStatsCommand::handleResponse
05-16 07:39:37.171: I/Icing(15673): Indexing done com.google.android.gms-apps
05-16 07:39:37.176: W/ChimeraUtils(10395): Module com.google.android.gms.nearby_en has empty metadata display_name_string_id
05-16 07:39:37.181: W/ChimeraUtils(10395): Module com.google.android.gms.nearby_en has empty metadata display_name_string_id
05-16 07:39:37.182: I/Icing(15673): Indexing com.google.android.gms-apps from com.google.android.gms
05-16 07:39:37.183: D/CompatibilityChangeReporter(1495): Compat change id reported: 168419799; UID 10194; state: DISABLED
05-16 07:39:37.184: W/ChimeraUtils(10395): Module com.google.android.gms.nearby_en has empty metadata display_name_string_id
05-16 07:39:37.190: I/Icing(15673): Indexing done com.google.android.gms-apps
05-16 07:39:37.190: D/WifiTetherMaximizeCompatibilityPref(3180): isBridgedModeOpportunisticShutdownEnabled:true
05-16 07:39:37.192: I/Icing(15673): Indexing com.google.android.gms-apps from com.google.android.gms
05-16 07:39:37.194: D/PrefCtrlListHelper(3180): Could not find Context-only controller for pref: com.android.settings.accessibility.CaptionFooterPreferenceController
05-16 07:39:37.195: I/Icing(15673): Indexing done com.google.android.gms-apps
05-16 07:39:37.199: D/FaceSettings(3180): FaceManager is not null. Hardware detected: true
05-16 07:39:37.202: D/PrefCtrlListHelper(3180): Could not find Context-only controller for pref: com.android.settings.language.LanguageAndInputPreferenceController
05-16 07:39:37.202: D/PrefCtrlListHelper(3180): Could not find Context-only controller for pref: com.android.settings.datetime.DateTimePreferenceController
05-16 07:39:37.202: D/PrefCtrlListHelper(3180): Could not find Context-only controller for pref: com.google.android.settings.aware.AwareSettingsPreferenceController
05-16 07:39:37.203: D/PrefCtrlListHelper(3180): Could not find Context-only controller for pref: com.android.settings.system.ResetPreferenceController
05-16 07:39:37.205: D/PrefCtrlListHelper(3180): Could not find Context-only controller for pref: com.android.settings.deviceinfo.DeviceNamePreferenceController
05-16 07:39:37.208: D/PrefCtrlListHelper(3180): Could not find Context-only controller for pref: com.android.settings.deviceinfo.BrandedAccountPreferenceController
05-16 07:39:37.212: D/ActivityManager(1495): freezer override set to true
05-16 07:39:37.212: D/ActivityManager(1495): freezer override set to false
05-16 07:39:37.212: D/PrefCtrlListHelper(3180): Could not find Context-only controller for pref: com.android.settings.deviceinfo.PhoneNumberPreferenceController
05-16 07:39:37.212: D/PrefCtrlListHelper(3180): Could not find Context-only controller for pref: com.google.android.settings.warranty.WarrantyPreferenceController
05-16 07:39:37.212: D/PrefCtrlListHelper(3180): Could not find Context-only controller for pref: com.android.settings.deviceinfo.HardwareInfoPreferenceController
05-16 07:39:37.212: D/PrefCtrlListHelper(3180): Could not find Context-only controller for pref: com.android.settings.deviceinfo.imei.ImeiInfoPreferenceController
05-16 07:39:37.212: D/PrefCtrlListHelper(3180): Could not find Context-only controller for pref: com.android.settings.deviceinfo.firmwareversion.FirmwareVersionPreferenceController
05-16 07:39:37.212: D/PrefCtrlListHelper(3180): Could not find Context-only controller for pref: com.android.settings.deviceinfo.BuildNumberPreferenceController
05-16 07:39:37.214: W/BaseSearchIndex(3180): Error initial controller
05-16 07:39:37.215: D/PrefCtrlListHelper(3180): Could not find Context-only controller for pref: com.android.settings.network.AirplaneModePreferenceController
05-16 07:39:37.223: I/BugleDataModel(12379): PendingMessagesProcessor: process from ProcessPendingMessagesAction due to scheduled processing with delay 0 with queues:
05-16 07:39:37.223: D/PrefCtrlListHelper(3180): Could not find Context-only controller for pref: com.android.settings.network.AllInOneTetherPreferenceController
05-16 07:39:37.224: D/PrefCtrlListHelper(3180): Could not find Context-only controller for pref: com.android.settings.network.AdaptiveConnectivityPreferenceController
05-16 07:39:37.226: W/WindowMagnificationMgr(1495): requestConnection duplicated request: connect=false, mConnectionState=DISCONNECTED
05-16 07:39:37.253: W/ChimeraUtils(10395): Module com.google.android.gms.nearby_en has empty metadata display_name_string_id
05-16 07:39:37.252: W/SQLiteLog(15673): (28) double-quoted string literal: "1684075177251"
05-16 07:39:37.255: W/SQLiteLog(15673): (28) double-quoted string literal: "1"
05-16 07:39:37.257: W/ChimeraUtils(10395): Module com.google.android.gms.nearby_en has empty metadata display_name_string_id
05-16 07:39:37.259: W/ChimeraUtils(10395): Module com.google.android.gms.nearby_en has empty metadata display_name_string_id
05-16 07:39:37.277: W/ChimeraUtils(10395): Module com.google.android.gms.nearby_en has empty metadata display_name_string_id
05-16 07:39:37.280: W/ChimeraUtils(10395): Module com.google.android.gms.nearby_en has empty metadata display_name_string_id
05-16 07:39:37.282: W/ChimeraUtils(10395): Module com.google.android.gms.nearby_en has empty metadata display_name_string_id
05-16 07:39:37.288: I/Finsky(14188): [73] jlc.a(11): AIM: AppInfoManager-Perf > ItemModel > CacheSize=0, cacheHitCount=0, cacheMissCount=1, total appsWithNoServerDataCount=0. Missed in cache (limit 10) : [com.alonalbert.firebase.test.test]
05-16 07:39:37.289: I/Finsky(14188): [73] jle.n(3): AIM: AppInfoManager-Perf > ItemModel > ItemStore Called 1 apps cacheOptions = USE_CACHE
05-16 07:39:37.289: I/Finsky(14188): [73] jlc.a(98): AIM: ItemModel fetch - unauth(1), auth()
05-16 07:39:37.290: I/Finsky(14188): [82] rom.apply(5): ItemStore: Not cached: com.alonalbert.firebase.test.test
05-16 07:39:37.307: W/ChimeraUtils(10395): Module com.google.android.gms.nearby_en has empty metadata display_name_string_id
05-16 07:39:37.310: W/ChimeraUtils(10395): Module com.google.android.gms.nearby_en has empty metadata display_name_string_id
05-16 07:39:37.311: W/ChimeraUtils(10395): Module com.google.android.gms.nearby_en has empty metadata display_name_string_id
05-16 07:39:37.331: I/Finsky(14188): [82] jlc.a(11): AIM: AppInfoManager-Perf > ItemModel > CacheSize=0, cacheHitCount=0, cacheMissCount=1, total appsWithNoServerDataCount=0. Missed in cache (limit 10) : [com.alonalbert.firebase.test.test]
05-16 07:39:37.332: I/Finsky(14188): [82] jle.n(3): AIM: AppInfoManager-Perf > ItemModel > ItemStore Called 1 apps cacheOptions = USE_CACHE
05-16 07:39:37.332: I/Finsky(14188): [82] jlc.a(98): AIM: ItemModel fetch - unauth(1), auth()
05-16 07:39:37.333: I/Finsky(14188): [78] rom.apply(5): ItemStore: Not cached: com.alonalbert.firebase.test.test
05-16 07:39:37.357: I/SP.AiAi(3659): Sync for text-classifier-actions succeeded in 1708 ms: {added: [tc_model_e1df2712fc5cf9d5c2ae9d6193638533], removed: [tc_model_e202592534082c01f9642f709a627dd9], metadata: false
05-16 07:39:37.357: E/ActivityTile(3180): Cannot find package info for com.google.android.gms/com.google.android.gms.nearby.sharing.SettingsCollapsingToolbarActivityAlias
05-16 07:39:37.357: D/ConnectivityService(1495): requestNetwork for uid/pid:10194/17085 activeRequest: null callbackRequest: 286 [NetworkRequest [ REQUEST id=287, [ Capabilities: INTERNET&NOT_RESTRICTED&TRUSTED&NOT_VCN_MANAGED Uid: 10194 RequestorUid: 10194 RequestorPkg: com.google.android.youtube UnderlyingNetworks: Null] ]] callback flags: 0 order: 2147483647
05-16 07:39:37.357: I/SP.AiAi(3659): Deleting file tc_model_e202592534082c01f9642f709a627dd9/en.model, reason: 8
05-16 07:39:37.357: I/SP.AiAi(3659): Deleting file text-classifier-actions/tc_model_e202592534082c01f9642f709a627dd9, reason: 8
05-16 07:39:37.360: D/WifiNetworkFactory(1495): got request NetworkRequest [ REQUEST id=287, [ Capabilities: INTERNET&NOT_RESTRICTED&TRUSTED&NOT_VCN_MANAGED Uid: 10194 RequestorUid: 10194 RequestorPkg: com.google.android.youtube UnderlyingNetworks: Null] ]
05-16 07:39:37.360: D/UntrustedWifiNetworkFactory(1495): got request NetworkRequest [ REQUEST id=287, [ Capabilities: INTERNET&NOT_RESTRICTED&TRUSTED&NOT_VCN_MANAGED Uid: 10194 RequestorUid: 10194 RequestorPkg: com.google.android.youtube UnderlyingNetworks: Null] ]
05-16 07:39:37.361: D/OemPaidWifiNetworkFactory(1495): got request NetworkRequest [ REQUEST id=287, [ Capabilities: INTERNET&NOT_RESTRICTED&TRUSTED&NOT_VCN_MANAGED Uid: 10194 RequestorUid: 10194 RequestorPkg: com.google.android.youtube UnderlyingNetworks: Null] ]
05-16 07:39:37.361: D/MultiInternetWifiNetworkFactory(1495): got request NetworkRequest [ REQUEST id=287, [ Capabilities: INTERNET&NOT_RESTRICTED&TRUSTED&NOT_VCN_MANAGED Uid: 10194 RequestorUid: 10194 RequestorPkg: com.google.android.youtube UnderlyingNetworks: Null] ]
05-16 07:39:37.361: D/ConnectivityService(1495): NetReassign [287 : null → 100] [c 0] [a 1] [i 3]
05-16 07:39:37.371: E/Finsky(14188): [73] rou.a(16): ItemStore: getItems RPC failed.
05-16 07:39:37.371: E/Finsky(14188): [73] rou.a(16): ItemStore: getItems RPC failed.
05-16 07:39:37.392: I/SettingsSearchProvider(3180): Skip indexing category: com.android.settings.category.ia.homepage
05-16 07:39:37.393: I/SP.AiAi(3659): GC for 'text-classifier-actions' (10) with ttl of 0 ms took 1 ms (0/1/0)
05-16 07:39:37.394: I/AiAiNowPlaying(3659): Superpacks changed. Refreshing FA controller
05-16 07:39:37.395: I/AiAiTextClassifier(3659): [ResourceDownloaderImpl]: downloadResource(): Successfully downloaded superpack 'text-classifier-actions', download version 1238844047.
05-16 07:39:37.402: I/AmbientMusicServiceMana(3659): Disabling ambient music service unexpectedly. Permission revoked?
05-16 07:39:37.444: I/ModelReloader(3659): Cancelled all jobs.
05-16 07:39:37.444: I/AmbientMusicServiceMana(3659): Unloading model 9f6ad62a-1f0b-11e7-87c5-40a8f03d3f15
05-16 07:39:37.444: I/SoundTriggerManagerComp(3659): Unloading model 9f6ad62a-1f0b-11e7-87c5-40a8f03d3f15
05-16 07:39:37.444: I/SoundTriggerService(1495): deleteSoundModel(): id = 9f6ad62a-1f0b-11e7-87c5-40a8f03d3f15
05-16 07:39:37.444: W/SoundTriggerService(1495): error onStop(): Model 9f6ad62a-1f0b-11e7-87c5-40a8f03d3f15 has no stats available
05-16 07:39:37.465: I/AiAiFed(3659): [Now Playing Recognitions FA] *** disabled *** [mode=FEDERATION population=aiai/sense/ambientmusic/]
05-16 07:39:37.478: W/AiAiAutofill(3659): Failed to set whitelist for augmented autofill service.
05-16 07:39:37.478: W/AiAiAutofill(3659): java.lang.SecurityException: caller is not user's Augmented Autofill Service
05-16 07:39:37.478: W/AiAiAutofill(3659): at android.view.autofill.AutofillManager.setAugmentedAutofillWhitelist(AutofillManager.java:2366)
05-16 07:39:37.478: W/AiAiAutofill(3659): at cah.b(PG:7)
05-16 07:39:37.478: W/AiAiAutofill(3659): at cas.g(PG:8)
05-16 07:39:37.478: W/AiAiAutofill(3659): at cas.i(Unknown Source:3)
05-16 07:39:37.478: W/AiAiAutofill(3659): at cas.h(PG:2)
05-16 07:39:37.478: W/AiAiAutofill(3659): at cat.a(PG:2)
05-16 07:39:37.478: W/AiAiAutofill(3659): at cyv.run(PG:40)
05-16 07:39:37.478: W/AiAiAutofill(3659): at cyv.run(PG:66)
05-16 07:39:37.478: W/AiAiAutofill(3659): at java.util.concurrent.Executors$RunnableAdapter.call(Executors.java:463)
05-16 07:39:37.478: W/AiAiAutofill(3659): at java.util.concurrent.FutureTask.run(FutureTask.java:264)
05-16 07:39:37.478: W/AiAiAutofill(3659): at java.util.concurrent.ScheduledThreadPoolExecutor$ScheduledFutureTask.run(ScheduledThreadPoolExecutor.java:307)
05-16 07:39:37.478: W/AiAiAutofill(3659): at java.util.concurrent.ThreadPoolExecutor.runWorker(ThreadPoolExecutor.java:1137)
05-16 07:39:37.478: W/AiAiAutofill(3659): at java.util.concurrent.ThreadPoolExecutor$Worker.run(ThreadPoolExecutor.java:637)
05-16 07:39:37.478: W/AiAiAutofill(3659): at cyv.run(PG:64)
05-16 07:39:37.478: W/AiAiAutofill(3659): at java.lang.Thread.run(Thread.java:1012)
05-16 07:39:37.478: I/TrainerClient(3659): Preparing to schedule training for population:aiai/sense/ambientmusic/ session_name:ambientmusic
05-16 07:39:37.480: I/PhenotypeModule(11662): PhenotypeModule.receiveBroadcast():396 onReceive() urgent = false
05-16 07:39:37.480: I/PhenotypeModule(11662): PhenotypeModule.maybeFetchAndUpdate():171 maybeFetchAndUpdate: forceRefresh=true
05-16 07:39:37.498: W/Binder(1495): Caught a RuntimeException from the binder stub implementation.
05-16 07:39:37.498: W/Binder(1495): java.lang.ArrayIndexOutOfBoundsException: Array index out of range: 0
05-16 07:39:37.498: W/Binder(1495): at android.util.ArraySet.valueAt(ArraySet.java:422)
05-16 07:39:37.498: W/Binder(1495): at com.android.server.contentcapture.ContentCapturePerUserService$ContentCaptureServiceRemoteCallback.updateContentCaptureOptions(ContentCapturePerUserService.java:733)
05-16 07:39:37.498: W/Binder(1495): at com.android.server.contentcapture.ContentCapturePerUserService$ContentCaptureServiceRemoteCallback.setContentCaptureWhitelist(ContentCapturePerUserService.java:646)
05-16 07:39:37.498: W/Binder(1495): at android.service.contentcapture.IContentCaptureServiceCallback$Stub.onTransact(IContentCaptureServiceCallback.java:115)
05-16 07:39:37.498: W/Binder(1495): at android.os.Binder.execTransactInternal(Binder.java:1285)
05-16 07:39:37.498: W/Binder(1495): at android.os.Binder.execTransact(Binder.java:1244)
05-16 07:39:37.505: D/CompatibilityChangeReporter(17085): Compat change id reported: 160794467; UID 10194; state: ENABLED
05-16 07:39:37.511: I/system_server(1495): Background concurrent copying GC freed 202799(10MB) AllocSpace objects, 19(728KB) LOS objects, 75% free, 28MB/112MB, paused 243us,106us total 562.794ms
05-16 07:39:37.513: D/BoundBrokerSvc(15673): onBind: Intent { act=com.google.android.gms.potokens.service.START dat=chimera-action:/... cmp=com.google.android.gms/.chimera.GmsApiService }
05-16 07:39:37.513: D/BoundBrokerSvc(15673): Loading bound service for intent: Intent { act=com.google.android.gms.potokens.service.START dat=chimera-action:/... cmp=com.google.android.gms/.chimera.GmsApiService }
05-16 07:39:37.517: W/TimedProcessReaper(10908): Scheduling killing of process to refresh configuration
05-16 07:39:37.523: W/PackageManager(1495): Failed registering loading progress callback. Package is fully loaded.
05-16 07:39:37.533: I/AiAiEcho(3659): EchoSearch: AppFetcherImpl is initialized with [24] apps [time=11, reason=com.alonalbert.firebase.test is added]
05-16 07:39:37.535: I/BgTaskExecutorImpl(10908): Starting EXCLUSIVE background task FETCH_CONFIGS_FROM_PHENOTYPE.
05-16 07:39:37.537: I/PhenotypeBackgroundRecv(13356): Skipping assistant_auto_tng_libraries_device#com.google.android.googlequicksearchbox which doesn't use ProcessStable flags.
05-16 07:39:37.550: E/AudioManager(17085): updatePortConfig port not found for handle: 14
05-16 07:39:37.563: I/bshl(10395): Scheduling Phenotype for a PhenotypeSyncImmediately(15, com.google.android.googlequicksearchbox) one off with window [1, 2] in seconds [CONTEXT service_id=51 ]
05-16 07:39:37.569: W/BpBinder(10395): Large outgoing transaction of 352692 bytes, interface descriptor <uncached descriptor>, code 4
05-16 07:39:37.570: D/JavaScriptCore.Version(17085): 250230.2.1
05-16 07:39:37.580: W/A(10908): Can't format flag AndroidGsaVelourJars__velour_birthdaydoodle_jar__name to integer.
05-16 07:39:37.580: W/A(10908): Can't format flag AndroidGsaVelourJars__velour_call_jar__name to integer.
05-16 07:39:37.580: W/A(10908): Can't format flag AndroidGsaVelourJars__velour_canvas_jar__name to integer.
05-16 07:39:37.580: W/A(10908): Can't format flag AndroidGsaVelourJars__velour_chkpkg_jar__name to integer.
05-16 07:39:37.580: W/A(10908): Can't format flag AndroidGsaVelourJars__velour_crashtest_jar__name to integer.
05-16 07:39:37.580: W/A(10908): Can't format flag AndroidGsaVelourJars__velour_dining_jar__name to integer.
05-16 07:39:37.580: W/A(10908): Can't format flag AndroidGsaVelourJars__velour_doodle_notifications_jar__name to integer.
05-16 07:39:37.580: W/A(10908): Can't format flag AndroidGsaVelourJars__velour_imageviewer_jar__name to integer.
05-16 07:39:37.580: W/A(10908): Can't format flag AndroidGsaVelourJars__velour_ipa_jar__name to integer.
05-16 07:39:37.580: W/A(10908): Can't format flag AndroidGsaVelourJars__velour_jslocation_jar__name to integer.
05-16 07:39:37.580: W/A(10908): Can't format flag AndroidGsaVelourJars__velour_localintent_jar__name to integer.
05-16 07:39:37.580: W/A(10908): Can't format flag AndroidGsaVelourJars__velour_messaging_jar__name to integer.
05-16 07:39:37.580: W/A(10908): Can't format flag AndroidGsaVelourJars__velour_nativesrp_activity_jar__name to integer.
05-16 07:39:37.580: W/A(10908): Can't format flag AndroidGsaVelourJars__velour_nativesrp_presenter_jar__name to integer.
05-16 07:39:37.580: W/A(10908): Can't format flag AndroidGsaVelourJars__velour_nowcontent_jar__name to integer.
05-16 07:39:37.580: W/A(10908): Can't format flag AndroidGsaVelourJars__velour_recents_activity_jar__name to integer.
05-16 07:39:37.581: W/A(10908): Can't format flag AndroidGsaVelourJars__velour_save_jar__name to integer.
05-16 07:39:37.581: W/A(10908): Can't format flag AndroidGsaVelourJars__velour_searchresults_activity_jar__name to integer.
05-16 07:39:37.583: W/A(10908): Can't format flag AndroidGsaVelourJars__velour_test_jar__name to integer.
05-16 07:39:37.583: W/A(10908): Can't format flag AndroidGsaVelourJars__velour_weather_jar__name to integer.
05-16 07:39:37.583: W/A(10908): Can't format flag AndroidGsaVelourJars__velour_wernicke_player_homebase_jar__name to integer.
05-16 07:39:37.583: W/A(10908): Can't format flag AndroidGsaVelourJars__velour_wernicke_player_jar__name to integer.
05-16 07:39:37.583: W/A(10908): Can't format flag bindle_flags__bloblobber_blob to integer.
05-16 07:39:37.583: W/A(10908): Can't format flag bindle_flags__velour_jar to integer.
05-16 07:39:37.588: I/AiAiEcho(3659): EchoSearch: WidgetFetcherImpl is initialized with [25] widgets [reason=package added for userId: 0]
05-16 07:39:37.588: W/WindowMagnificationMgr(1495): requestConnection duplicated request: connect=false, mConnectionState=DISCONNECTED
05-16 07:39:37.603: D/CompatibilityChangeReporter(17085): Compat change id reported: 194532703; UID 10194; state: DISABLED
05-16 07:39:37.604: D/CompatibilityChangeReporter(1495): Compat change id reported: 194532703; UID 10194; state: DISABLED
05-16 07:39:37.614: W/BpBinder(10395): Large outgoing transaction of 352692 bytes, interface descriptor <uncached descriptor>, code 4
05-16 07:39:37.618: W/A(10908): Can't format flag AndroidGsaVelourJars__velour_birthdaydoodle_jar__name to integer.
05-16 07:39:37.618: W/A(10908): Can't format flag AndroidGsaVelourJars__velour_call_jar__name to integer.
05-16 07:39:37.619: W/A(10908): Can't format flag AndroidGsaVelourJars__velour_canvas_jar__name to integer.
05-16 07:39:37.619: W/A(10908): Can't format flag AndroidGsaVelourJars__velour_chkpkg_jar__name to integer.
05-16 07:39:37.619: W/A(10908): Can't format flag AndroidGsaVelourJars__velour_crashtest_jar__name to integer.
05-16 07:39:37.619: W/A(10908): Can't format flag AndroidGsaVelourJars__velour_dining_jar__name to integer.
05-16 07:39:37.619: W/A(10908): Can't format flag AndroidGsaVelourJars__velour_doodle_notifications_jar__name to integer.
05-16 07:39:37.619: W/A(10908): Can't format flag AndroidGsaVelourJars__velour_imageviewer_jar__name to integer.
05-16 07:39:37.619: W/A(10908): Can't format flag AndroidGsaVelourJars__velour_ipa_jar__name to integer.
05-16 07:39:37.619: W/A(10908): Can't format flag AndroidGsaVelourJars__velour_jslocation_jar__name to integer.
05-16 07:39:37.619: W/A(10908): Can't format flag AndroidGsaVelourJars__velour_localintent_jar__name to integer.
05-16 07:39:37.619: W/A(10908): Can't format flag AndroidGsaVelourJars__velour_messaging_jar__name to integer.
05-16 07:39:37.619: W/A(10908): Can't format flag AndroidGsaVelourJars__velour_nativesrp_activity_jar__name to integer.
05-16 07:39:37.619: W/A(10908): Can't format flag AndroidGsaVelourJars__velour_nativesrp_presenter_jar__name to integer.
05-16 07:39:37.619: W/A(10908): Can't format flag AndroidGsaVelourJars__velour_nowcontent_jar__name to integer.
05-16 07:39:37.620: W/A(10908): Can't format flag AndroidGsaVelourJars__velour_recents_activity_jar__name to integer.
05-16 07:39:37.620: W/A(10908): Can't format flag AndroidGsaVelourJars__velour_save_jar__name to integer.
05-16 07:39:37.620: W/A(10908): Can't format flag AndroidGsaVelourJars__velour_searchresults_activity_jar__name to integer.
05-16 07:39:37.620: W/A(10908): Can't format flag AndroidGsaVelourJars__velour_test_jar__name to integer.
05-16 07:39:37.620: W/A(10908): Can't format flag AndroidGsaVelourJars__velour_weather_jar__name to integer.
05-16 07:39:37.622: W/A(10908): Can't format flag AndroidGsaVelourJars__velour_wernicke_player_homebase_jar__name to integer.
05-16 07:39:37.622: W/A(10908): Can't format flag AndroidGsaVelourJars__velour_wernicke_player_jar__name to integer.
05-16 07:39:37.622: W/A(10908): Can't format flag bindle_flags__bloblobber_blob to integer.
05-16 07:39:37.622: W/A(10908): Can't format flag bindle_flags__velour_jar to integer.
05-16 07:39:37.631: W/JobScheduler(1495): Job didn't exist in JobStore: 50cf585 #u0a163/-43 com.google.android.googlequicksearchbox/com.google.android.apps.gsa.tasks.BackgroundTasksJobService
05-16 07:39:37.635: I/PhenotypeBackgroundRecv(13356): Skipping assistant_auto_tng_libraries_user#com.google.android.googlequicksearchbox which doesn't use ProcessStable flags.
05-16 07:39:37.646: W/MDD(17085): MDDManager Failed to init shared file metadata.
05-16 07:39:37.649: I/PhenotypeModule(11662): PhenotypeModule.handlePhenotypeConfigurationUpdatesInternal():373 Latency of updating configurations from phenotype (experiment v4): 10
05-16 07:39:37.650: I/FedAssExpListener(10908): Fed-ass not supported for signed out users.
05-16 07:39:37.650: I/FedAssExpListener(10908): Successfully processed experiments changed.
05-16 07:39:37.650: I/A(10908): NGA Sync: beginOnDataPresent
05-16 07:39:37.651: I/A(10908): NGA Sync: isNgaSyncEnabled: false; enableFileGroupPopulator: false; requiresMddAssets: false
05-16 07:39:37.651: I/A(10908): NGA enabled in interactor.
05-16 07:39:37.652: W/BroadcastQueue(1495): Background execution not allowed: receiving Intent { act=com.google.android.systemui.OPA_ENABLED flg=0x10000010 (has extras) } to com.google.android.apps.nexuslauncher/.qsb.OPAStatusReceiver
05-16 07:39:37.654: I/OpaEligibilityChecker(10908): send OpaEligibilityChange broadcast to CommonBroadcastReceiver
05-16 07:39:37.655: I/OpaEnabledReceiver(2674): Dispatching OPA eligble = true; AGSA = true; OPA enabled = true
05-16 07:39:37.655: I/A(10908): Refusing EXCLUSIVE task 24, it is already pending. Try again in 359 seconds.
05-16 07:39:37.657: I/FedAssExpListener(10908): Fed-ass not supported for signed out users.
05-16 07:39:37.657: I/FedAssExpListener(10908): Successfully processed experiments changed.
05-16 07:39:37.658: I/A(10908): NGA Sync: beginOnDataPresent
05-16 07:39:37.661: I/BgTaskExecutorImpl(10908): Starting EXCLUSIVE background task ON_EXPERIMENTS_UPDATED.
05-16 07:39:37.661: I/OpaEnabledReceiver(2674): Dispatching OPA eligble = true; AGSA = true; OPA enabled = true
05-16 07:39:37.662: I/A(10908): NGA Sync: isNgaSyncEnabled: false; enableFileGroupPopulator: false; requiresMddAssets: false
05-16 07:39:37.663: I/A(10908): NGA enabled in interactor.
05-16 07:39:37.666: W/BroadcastQueue(1495): Background execution not allowed: receiving Intent { act=com.google.android.systemui.OPA_ENABLED flg=0x10000010 (has extras) } to com.google.android.apps.nexuslauncher/.qsb.OPAStatusReceiver
05-16 07:39:37.667: I/PhenotypeModule(11662): PhenotypeModule.handlePhenotypeConfigurationUpdates():272 Latency of updating configurations from phenotype (ExperimentV4): 10
05-16 07:39:37.668: I/SNBWorker(10908): Updating bootstrap data
05-16 07:39:37.669: I/OpaEnabledReceiver(2674): Dispatching OPA eligble = true; AGSA = true; OPA enabled = true
05-16 07:39:37.669: I/MonetActivityIntentUtil(10908): Initialization data file not found
05-16 07:39:37.670: I/OpaEligibilityChecker(10908): send OpaEligibilityChange broadcast to CommonBroadcastReceiver
05-16 07:39:37.671: W/A(10908): Root proto not found when parsing Uri agsa:/data?type=searchnow.TYPE_SEARCHNOW
05-16 07:39:37.671: W/A(10908): Root proto not found in extras.
05-16 07:39:37.673: I/PhenotypeModule(11662): PhenotypeModule.lambda$fetchAndUpdate$2():228 fetchAndUpdate() : Success, hasFlags=true, flagCount=1037, lastFetchStatus=2023-05-16 07:39:37{reason=2, isFullFetch=false, success=true, isEmpty=false, isDelta=true, fetchedFlagsCount=25, deletedFlagsCount=0, updatedFlagsCount=25, totalTime=192}
05-16 07:39:37.674: D/TrafficStats(11053): tagSocket(77) with statsTag=0x1803, statsUid=10164
05-16 07:39:37.689: D/CompatibilityChangeReporter(17085): Compat change id reported: 147600208; UID 10194; state: ENABLED
05-16 07:39:37.710: D/CompatibilityChangeReporter(1495): Compat change id reported: 183164979; UID 10194; state: ENABLED
05-16 07:39:37.711: I/OpaEnabledReceiver(2674): Dispatching OPA eligble = true; AGSA = true; OPA enabled = true
05-16 07:39:37.716: I/SNBWorker(10908): Updating TNG bootstrap data
05-16 07:39:37.717: I/BgTaskExecutorImpl(10908): Starting EXCLUSIVE background task UPDATE_LAUNCHER_SHORTCUT.
05-16 07:39:37.718: D/OomAdjuster(1495): Not killing cached processes
05-16 07:39:37.722: D/ConnectivityService(1495): requestNetwork for uid/pid:10163/10908 activeRequest: null callbackRequest: 288 [NetworkRequest [ REQUEST id=288, [ Transports: CELLULAR Capabilities: INTERNET&NOT_RESTRICTED&TRUSTED&NOT_VPN&NOT_VCN_MANAGED Uid: 10163 RequestorUid: 10163 RequestorPkg: com.google.android.googlequicksearchbox UnderlyingNetworks: Null] ]] callback flags: 0 order: 2147483647
05-16 07:39:37.723: D/ConnectivityService(1495): NetReassign [no changes] [c 0] [a 0] [i 1]
05-16 07:39:37.723: W/SearchServiceCore(10908): Abort, client detached.
05-16 07:39:37.723: W/SearchServiceCore(10908): Abort, client detached.
05-16 07:39:37.723: W/SearchServiceCore(10908): Abort, client detached.
05-16 07:39:37.723: W/SearchServiceCore(10908): Abort, client detached.
05-16 07:39:37.724: D/ConnectivityService(1495): reportNetworkConnectivity(100, false) by 10163
05-16 07:39:37.724: D/NetworkMonitor/100(2791): Forcing reevaluation for UID 10163. Dns signal count: 0
05-16 07:39:37.726: W/SearchServiceCore(10908): Abort, client detached.
05-16 07:39:37.726: W/SearchServiceCore(10908): Abort, client detached.
05-16 07:39:37.726: W/SearchServiceCore(10908): Abort, client detached.
05-16 07:39:37.726: W/SearchServiceCore(10908): Abort, client detached.
05-16 07:39:37.727: I/Icing(15673): IndexChimeraService.getServiceInterface callingPackage=com.google.android.googlequicksearchbox componentName=agsa_icing_connection serviceId=32
05-16 07:39:37.730: D/TrafficStats(2791): tagSocket(97) with statsTag=0xffffff81, statsUid=-1
05-16 07:39:37.730: W/JobScheduler(1495): Job didn't exist in JobStore: 4e9f2b7 #u0a163/-151 com.google.android.googlequicksearchbox/com.google.android.apps.gsa.tasks.BackgroundTasksJobService
05-16 07:39:37.731: D/TrafficStats(2791): tagSocket(97) with statsTag=0xffffff81, statsUid=-1
05-16 07:39:37.732: I/Icing(15673): IndexChimeraService.getServiceInterface callingPackage=com.google.android.googlequicksearchbox componentName=agsa_icing_connection serviceId=33
05-16 07:39:37.733: D/TrafficStats(2791): tagSocket(97) with statsTag=0xffffff81, statsUid=-1
05-16 07:39:37.734: D/TrafficStats(2791): tagSocket(97) with statsTag=0xffffff81, statsUid=-1
05-16 07:39:37.735: W/SearchServiceCore(10908): Abort, client detached.
05-16 07:39:37.735: W/SearchServiceCore(10908): Abort, client detached.
05-16 07:39:37.735: W/SearchServiceCore(10908): Abort, client detached.
05-16 07:39:37.737: W/TimedProcessReaper(10908): Scheduling killing of process to refresh configuration
05-16 07:39:37.738: W/Icing(15673): No valid account for uploading user actions
05-16 07:39:37.741: W/JobScheduler(1495): Job didn't exist in JobStore: 357407f #u0a163/-189 com.google.android.googlequicksearchbox/com.google.android.apps.gsa.tasks.BackgroundTasksJobService
05-16 07:39:37.744: I/hwservicemanager(456): Since [email protected]::IAtraceDevice/default is not registered, trying to start it as a lazy HAL.
05-16 07:39:37.745: I/hwservicemanager(456): Since [email protected]::IAtraceDevice/default is not registered, trying to start it as a lazy HAL.
05-16 07:39:37.745: I/HidlServiceManagement(17373): getService: Trying again for [email protected]::IAtraceDevice/default...
05-16 07:39:37.748: I/A(10908): Refusing EXCLUSIVE task 21, it is already pending. Try again in 358 seconds.
05-16 07:39:37.749: W/SearchServiceCore(10908): Abort, client detached.
05-16 07:39:37.749: W/SearchServiceCore(10908): Abort, client detached.
05-16 07:39:37.749: W/SearchServiceCore(10908): Abort, client detached.
05-16 07:39:37.750: I/BgTaskExecutorImpl(10908): Starting EXCLUSIVE background task FETCH_CONFIGS_FROM_PHENOTYPE.
05-16 07:39:37.753: I/PhenotypeBackgroundRecv(13356): Skipping com.google.android.libraries.search.googleapp.user#com.google.android.googlequicksearchbox which doesn't use ProcessStable flags.
05-16 07:39:37.757: W/SearchServiceCore(10908): Abort, client detached.
05-16 07:39:37.757: W/SearchServiceCore(10908): Abort, client detached.
05-16 07:39:37.761: I/HidlLazyUtils(17380): Registering HAL: [email protected]::IAtraceDevice with name: default
05-16 07:39:37.762: W/JobScheduler(1495): Job didn't exist in JobStore: 769b01c #u0a163/-91 com.google.android.googlequicksearchbox/com.google.android.apps.gsa.tasks.BackgroundTasksJobService
05-16 07:39:37.762: I/HidlServiceManagement(17380): Registered [email protected]::IAtraceDevice/default
05-16 07:39:37.762: I/HidlServiceManagement(17380): Removing namespace from process name [email protected] to [email protected].
05-16 07:39:37.760: W/atrace(17373): type=1400 audit(0.0:310): avc: denied { write } for name="enable" dev="tracefs" ino=8115 scontext=u:r:shell:s0 tcontext=u:object_r:debugfs_tracing_debug:s0 tclass=file permissive=0
05-16 07:39:37.763: I/hw-BpHwBinder(456): onLastStrongRef automatically unlinking death recipients
05-16 07:39:37.768: D/TrafficStats(2791): tagSocket(98) with statsTag=0xffffffff, statsUid=-1
05-16 07:39:37.769: D/TrafficStats(2791): tagSocket(98) with statsTag=0xffffffff, statsUid=-1
05-16 07:39:37.770: D/TrafficStats(2791): tagSocket(98) with statsTag=0xffffffff, statsUid=-1
05-16 07:39:37.770: D/TrafficStats(2791): tagSocket(98) with statsTag=0xffffffff, statsUid=-1
05-16 07:39:37.772: D/TrafficStats(2791): tagSocket(98) with statsTag=0xffffffff, statsUid=-1
05-16 07:39:37.773: D/TrafficStats(2791): tagSocket(98) with statsTag=0xffffffff, statsUid=-1
05-16 07:39:37.774: D/TrafficStats(2791): tagSocket(97) with statsTag=0xffffffff, statsUid=-1
05-16 07:39:37.774: D/NetworkMonitor/100(2791): PROBE_DNS www.google.com 41ms OK 142.251.111.104,142.251.111.103,142.251.111.106,142.251.111.147,142.251.111.105,142.251.111.99
05-16 07:39:37.775: D/NetworkMonitor/100(2791): PROBE_DNS connectivitycheck.gstatic.com 45ms OK 172.253.62.94
05-16 07:39:37.778: D/TrafficStats(2791): tagSocket(97) with statsTag=0xffffff81, statsUid=-1
05-16 07:39:37.778: D/TrafficStats(2791): tagSocket(99) with statsTag=0xffffff81, statsUid=-1
05-16 07:39:37.782: I/Icing(15673): Usage reports ok 0, Failed Usage reports 0, indexed 0, rejected 0
05-16 07:39:37.792: W/WindowMagnificationMgr(1495): requestConnection duplicated request: connect=false, mConnectionState=DISCONNECTED
05-16 07:39:37.808: W/Icing(15673): No valid account for uploading user actions
05-16 07:39:37.815: W/JobScheduler(1495): Job didn't exist in JobStore: 5ef89a7 #u0a163/-43 com.google.android.googlequicksearchbox/com.google.android.apps.gsa.tasks.BackgroundTasksJobService
05-16 07:39:37.817: I/Icing(15673): Usage reports ok 0, Failed Usage reports 0, indexed 0, rejected 0
05-16 07:39:37.822: I/PhenotypeBackgroundRecv(13356): Skipping com.google.android.apps.search.assistant.platform.ondevice.fulfillment.server.pop.user#com.google.android.googlequicksearchbox which doesn't use ProcessStable flags.
05-16 07:39:37.825: W/AiAiAutofill(3659): Failed to set whitelist for augmented autofill service.
05-16 07:39:37.825: W/AiAiAutofill(3659): java.lang.SecurityException: caller is not user's Augmented Autofill Service
05-16 07:39:37.825: W/AiAiAutofill(3659): at android.view.autofill.AutofillManager.setAugmentedAutofillWhitelist(AutofillManager.java:2366)
05-16 07:39:37.825: W/AiAiAutofill(3659): at cah.b(PG:7)
05-16 07:39:37.825: W/AiAiAutofill(3659): at cas.g(PG:8)
05-16 07:39:37.825: W/AiAiAutofill(3659): at cas.i(Unknown Source:3)
05-16 07:39:37.825: W/AiAiAutofill(3659): at cas.h(PG:2)
05-16 07:39:37.825: W/AiAiAutofill(3659): at cat.a(PG:2)
05-16 07:39:37.825: W/AiAiAutofill(3659): at cyv.run(PG:40)
05-16 07:39:37.825: W/AiAiAutofill(3659): at cyv.run(PG:66)
05-16 07:39:37.825: W/AiAiAutofill(3659): at java.util.concurrent.Executors$RunnableAdapter.call(Executors.java:463)
05-16 07:39:37.825: W/AiAiAutofill(3659): at java.util.concurrent.FutureTask.run(FutureTask.java:264)
05-16 07:39:37.825: W/AiAiAutofill(3659): at java.util.concurrent.ScheduledThreadPoolExecutor$ScheduledFutureTask.run(ScheduledThreadPoolExecutor.java:307)
05-16 07:39:37.825: W/AiAiAutofill(3659): at java.util.concurrent.ThreadPoolExecutor.runWorker(ThreadPoolExecutor.java:1137)
05-16 07:39:37.825: W/AiAiAutofill(3659): at java.util.concurrent.ThreadPoolExecutor$Worker.run(ThreadPoolExecutor.java:637)
05-16 07:39:37.825: W/AiAiAutofill(3659): at cyv.run(PG:64)
05-16 07:39:37.825: W/AiAiAutofill(3659): at java.lang.Thread.run(Thread.java:1012)
05-16 07:39:37.828: D/NetworkMonitor/100(2791): PROBE_HTTP http://connectivitycheck.gstatic.com/generate_204 time=52ms ret=204 request={Connection=[close], User-Agent=[Mozilla/5.0 (X11; Linux x86_64) AppleWebKit/537.36 (KHTML, like Gecko) Chrome/60.0.3112.32 Safari/537.36]} headers={null=[HTTP/1.1 204 No Content], Connection=[close], Content-Length=[0], Cross-Origin-Resource-Policy=[cross-origin], Date=[Tue, 16 May 2023 14:39:36 GMT], X-Android-Received-Millis=[1684247977827], X-Android-Response-Source=[NETWORK 204], X-Android-Selected-Protocol=[http/1.1], X-Android-Sent-Millis=[1684247977808]}
05-16 07:39:37.832: W/TimedProcessReaper(10908): Scheduling killing of process to refresh configuration
05-16 07:39:37.834: I/AiAiTextClassifier(3659): [TcLibModelManagerImpl]: downloadNewModelRecursively: packSet downloaded successfully: https://www.gstatic.com/matchmaker/tclib_models/annotator/v903/en/superpacks_manifest.zip
05-16 07:39:37.836: I/A(10908): Refusing EXCLUSIVE task 21, it is already pending. Try again in 359 seconds.
05-16 07:39:37.836: W/PackageManager(1495): Failed registering loading progress callback. Package is fully loaded.
05-16 07:39:37.839: I/AiAiEcho(3659): EchoSearch: AppFetcherImpl is initialized with [24] apps [time=3, reason=com.alonalbert.firebase.test.test is added]
05-16 07:39:37.841: I/PhenotypeBackgroundRecv(13356): Skipping com.google.android.apps.search.assistant.user#com.google.android.googlequicksearchbox which doesn't use ProcessStable flags.
05-16 07:39:37.850: I/A(10908): Refusing EXCLUSIVE task 21, it is already pending. Try again in 359 seconds.
05-16 07:39:37.851: W/BpBinder(10395): Large outgoing transaction of 352696 bytes, interface descriptor <uncached descriptor>, code 4
05-16 07:39:37.853: I/PhenotypeBackgroundRecv(13356): Skipping com.google.android.googlequicksearchbox which doesn't use ProcessStable flags.
05-16 07:39:37.853: W/A(10908): Can't format flag AndroidGsaVelourJars__velour_birthdaydoodle_jar__name to integer.
05-16 07:39:37.854: W/A(10908): Can't format flag AndroidGsaVelourJars__velour_call_jar__name to integer.
05-16 07:39:37.854: W/A(10908): Can't format flag AndroidGsaVelourJars__velour_canvas_jar__name to integer.
05-16 07:39:37.854: W/A(10908): Can't format flag AndroidGsaVelourJars__velour_chkpkg_jar__name to integer.
05-16 07:39:37.854: W/A(10908): Can't format flag AndroidGsaVelourJars__velour_crashtest_jar__name to integer.
05-16 07:39:37.854: W/A(10908): Can't format flag AndroidGsaVelourJars__velour_dining_jar__name to integer.
05-16 07:39:37.854: W/A(10908): Can't format flag AndroidGsaVelourJars__velour_doodle_notifications_jar__name to integer.
05-16 07:39:37.854: W/A(10908): Can't format flag AndroidGsaVelourJars__velour_imageviewer_jar__name to integer.
05-16 07:39:37.854: W/A(10908): Can't format flag AndroidGsaVelourJars__velour_ipa_jar__name to integer.
05-16 07:39:37.854: W/A(10908): Can't format flag AndroidGsaVelourJars__velour_jslocation_jar__name to integer.
05-16 07:39:37.854: W/A(10908): Can't format flag AndroidGsaVelourJars__velour_localintent_jar__name to integer.
05-16 07:39:37.854: W/A(10908): Can't format flag AndroidGsaVelourJars__velour_messaging_jar__name to integer.
05-16 07:39:37.854: W/A(10908): Can't format flag AndroidGsaVelourJars__velour_nativesrp_activity_jar__name to integer.
05-16 07:39:37.854: W/A(10908): Can't format flag AndroidGsaVelourJars__velour_nativesrp_presenter_jar__name to integer.
05-16 07:39:37.854: W/A(10908): Can't format flag AndroidGsaVelourJars__velour_nowcontent_jar__name to integer.
05-16 07:39:37.854: W/A(10908): Can't format flag AndroidGsaVelourJars__velour_recents_activity_jar__name to integer.
05-16 07:39:37.854: W/A(10908): Can't format flag AndroidGsaVelourJars__velour_save_jar__name to integer.
05-16 07:39:37.854: W/A(10908): Can't format flag AndroidGsaVelourJars__velour_searchresults_activity_jar__name to integer.
05-16 07:39:37.854: W/A(10908): Can't format flag AndroidGsaVelourJars__velour_test_jar__name to integer.
05-16 07:39:37.854: W/A(10908): Can't format flag AndroidGsaVelourJars__velour_weather_jar__name to integer.
05-16 07:39:37.854: W/A(10908): Can't format flag AndroidGsaVelourJars__velour_wernicke_player_homebase_jar__name to integer.
05-16 07:39:37.854: W/A(10908): Can't format flag AndroidGsaVelourJars__velour_wernicke_player_jar__name to integer.
05-16 07:39:37.854: W/A(10908): Can't format flag bindle_flags__bloblobber_blob to integer.
05-16 07:39:37.854: W/A(10908): Can't format flag bindle_flags__velour_jar to integer.
05-16 07:39:37.865: W/WindowMagnificationMgr(1495): requestConnection duplicated request: connect=false, mConnectionState=DISCONNECTED
05-16 07:39:37.865: I/AiAiEcho(3659): EchoSearch: WidgetFetcherImpl is initialized with [25] widgets [reason=package added for userId: 0]
05-16 07:39:37.869: D/NetworkMonitor/100(2791): PROBE_HTTPS https://www.google.com/generate_204 time=94ms ret=204 request={Connection=[close], User-Agent=[Mozilla/5.0 (X11; Linux x86_64) AppleWebKit/537.36 (KHTML, like Gecko) Chrome/60.0.3112.32 Safari/537.36]} headers={null=[HTTP/1.1 204 No Content], Alt-Svc=[h3=":443"; ma=2592000,h3-29=":443"; ma=2592000], Connection=[close], Content-Length=[0], Cross-Origin-Resource-Policy=[cross-origin], Date=[Tue, 16 May 2023 14:39:36 GMT], X-Android-Received-Millis=[1684247977869], X-Android-Response-Source=[NETWORK 204], X-Android-Selected-Protocol=[http/1.1], X-Android-Sent-Millis=[1684247977829]}
05-16 07:39:37.870: D/NetworkMonitor/100(2791): isCaptivePortal: isSuccessful()=true isPortal()=false RedirectUrl=null isPartialConnectivity()=false Time=145ms
05-16 07:39:37.870: I/A(10908): Refusing EXCLUSIVE task 24, it is already pending. Try again in 359 seconds.
05-16 07:39:37.870: D/ConnectivityService(1495): [100 WIFI] validation passed
05-16 07:39:37.874: I/PhenotypeBackgroundRecv(11662): Skipping com.google.android.inputmethod.latin#com.google.android.inputmethod.latin which doesn't use ProcessStable flags.
05-16 07:39:37.875: I/FedAssExpListener(10908): Fed-ass not supported for signed out users.
05-16 07:39:37.876: I/FedAssExpListener(10908): Successfully processed experiments changed.
05-16 07:39:37.876: I/A(10908): NGA Sync: beginOnDataPresent
05-16 07:39:37.876: I/A(10908): NGA Sync: isNgaSyncEnabled: false; enableFileGroupPopulator: false; requiresMddAssets: false
05-16 07:39:37.877: I/A(10908): NGA enabled in interactor.
05-16 07:39:37.878: W/BroadcastQueue(1495): Background execution not allowed: receiving Intent { act=com.google.android.systemui.OPA_ENABLED flg=0x10000010 (has extras) } to com.google.android.apps.nexuslauncher/.qsb.OPAStatusReceiver
05-16 07:39:37.879: I/OpaEnabledReceiver(2674): Dispatching OPA eligble = true; AGSA = true; OPA enabled = true
05-16 07:39:37.883: I/OpaEligibilityChecker(10908): send OpaEligibilityChange broadcast to CommonBroadcastReceiver
05-16 07:39:37.884: I/Tips_ContentUpdateRecei(12399): onReceive: com.google.android.gms.phenotype.UPDATE
05-16 07:39:37.887: I/OpaEnabledReceiver(2674): Dispatching OPA eligble = true; AGSA = true; OPA enabled = true
05-16 07:39:37.886: I/AiAiTextClassifier(3659): [TcLibModelManagerImpl]: downloadNewModelRecursively: packSet downloaded successfully: https://www.gstatic.com/matchmaker/tclib_models/actions/v104/en/superpacks_manifest.zip
05-16 07:39:37.888: W/BroadcastQueue(1495): Permission Denial: broadcasting Intent { act=com.google.android.gms.phenotype.UPDATE flg=0x10 pkg=com.google.android.apps.tips (has extras) } from com.google.android.gms (pid=10395, uid=10164) to com.google.android.apps.tips/.interaction.notification.GestureTutorialReceiver is not exported from uid 10142
05-16 07:39:37.891: I/Tips_NotificationReceiv(12399): onReceive: com.google.android.gms.phenotype.UPDATE
05-16 07:39:37.892: I/NamespaceManager(10395): Package com.android.refreshratecontrol name not found! Using module version.
05-16 07:39:37.894: I/NamespaceManager(10395): Package com.google.oslo name not found! Using module version.
05-16 07:39:37.902: I/NamespaceManager(10395): Package com.android.media name not found! Using module version.
05-16 07:39:37.902: I/NamespaceManager(10395): Package com.android.media.swcodec name not found! Using module version.
05-16 07:39:37.904: I/NamespaceManager(10395): Package com.android.appsearch name not found! Using module version.
05-16 07:39:37.905: I/NamespaceManager(10395): Package com.android.neuralnetworks name not found! Using module version.
05-16 07:39:37.906: I/NamespaceManager(10395): Package com.android.media name not found! Using module version.
05-16 07:39:37.908: W/SearchServiceCore(10908): Abort, client detached.
05-16 07:39:37.909: I/NamespaceManager(10395): Package 1 name not found! Using module version.
05-16 07:39:37.912: I/NamespaceManager(10395): Package rkpd name not found! Using module version.
05-16 07:39:37.912: I/NamespaceManager(10395): Package com.google.android.devicelockcontroller name not found! Using module version.
05-16 07:39:37.912: I/BgTaskExecutorImpl(10908): Starting EXCLUSIVE background task FETCH_CONFIGS_FROM_PHENOTYPE.
05-16 07:39:37.913: I/NamespaceManager(10395): Package com.google.android.healthfitness name not found! Using module version.
05-16 07:39:37.914: I/Icing(15673): IndexChimeraService.getServiceInterface callingPackage=com.google.android.googlequicksearchbox componentName=agsa_icing_connection serviceId=32
05-16 07:39:37.914: I/NamespaceManager(10395): Package android.companion name not found! Using module version.
05-16 07:39:37.915: I/Icing(15673): IndexChimeraService.getServiceInterface callingPackage=com.google.android.googlequicksearchbox componentName=agsa_icing_connection serviceId=33
05-16 07:39:37.916: W/Icing(15673): No valid account for uploading user actions
05-16 07:39:37.919: W/Binder(1495): Caught a RuntimeException from the binder stub implementation.
05-16 07:39:37.919: W/Binder(1495): java.lang.ArrayIndexOutOfBoundsException: Array index out of range: 0
05-16 07:39:37.919: W/Binder(1495): at android.util.ArraySet.valueAt(ArraySet.java:422)
05-16 07:39:37.919: W/Binder(1495): at com.android.server.contentcapture.ContentCapturePerUserService$ContentCaptureServiceRemoteCallback.updateContentCaptureOptions(ContentCapturePerUserService.java:733)
05-16 07:39:37.919: W/Binder(1495): at com.android.server.contentcapture.ContentCapturePerUserService$ContentCaptureServiceRemoteCallback.setContentCaptureWhitelist(ContentCapturePerUserService.java:646)
05-16 07:39:37.919: W/Binder(1495): at android.service.contentcapture.IContentCaptureServiceCallback$Stub.onTransact(IContentCaptureServiceCallback.java:115)
05-16 07:39:37.919: W/Binder(1495): at android.os.Binder.execTransactInternal(Binder.java:1285)
05-16 07:39:37.919: W/Binder(1495): at android.os.Binder.execTransact(Binder.java:1244)
05-16 07:39:37.921: I/Icing(15673): Usage reports ok 0, Failed Usage reports 0, indexed 0, rejected 0
05-16 07:39:37.925: D/Tips_PhenotypeFlags(12399): invalidate cache
05-16 07:39:37.932: W/Icing(15673): No valid account for uploading user actions
05-16 07:39:37.938: I/RescueParty(1495): Starting to observe: [com.google.android.as, com.google.android.as.oss, com.google.android.apps.tips], updated namespace: device_personalization_services
05-16 07:39:37.939: W/ziparchive(11053): Unable to open '/data/user/0/com.google.android.gms/app_dg_cache/F90CB18FE6A78374A196003E5A40C3917D4BE9BD/the.dm': No such file or directory
