05-16 07:39:29.094: W/Bugle(12379): SubscriptionMetadataUtils get: invalid subId = -1
05-16 07:39:29.095: I/MobileDataHub(15673): Scheduling periodic tasks
05-16 07:39:29.095: I/MS_Utils(15673): version of com.google.android.apps.maps = 1066662178
05-16 07:39:29.096: I/MdiSyncModule(15673): flag handling is skipping irrelevant intent.
05-16 07:39:29.096: V/RecoverableKeyStoreMgr(1495): Not updating secret types - same as old value.
05-16 07:39:29.096: I/RecoverableKeyStoreGms(15673): [RecoverableKeyStoreGmsInitOperation] Setting vault handle
05-16 07:39:29.097: V/RecoverableKeyStoreMgr(1495): Not updating server params - same as old value.
05-16 07:39:29.097: I/GmsSyncPolicyEngine(15673): Periodic sync 1 disabled by policy, cancelled.
05-16 07:39:29.100: I/RecoverySnapshotLstnrs(1495): Registered listener for agent with uid 10164
05-16 07:39:29.101: I/GmsSyncPolicyEngine(15673): Periodic sync 2 disabled by policy, cancelled.
05-16 07:39:29.101: I/RecoverableKeyStoreGms(15673): [EnrollmentManager] Returning certificates list from cache [CONTEXT service_id=172 ]
05-16 07:39:29.102: W/Bugle(12379): SubscriptionUtilsAsOfQ: subscriberId is empty. Does TelephonyManager have necessary permissions?
05-16 07:39:29.102: I/SystemUpdate(15673): [Installation,ReceiverIntentOperation] Received intent: Intent { act=com.google.gservices.intent.action.GSERVICES_CHANGED flg=0x1000010 pkg=com.google.android.gms cmp=com.google.android.gms/.chimera.GmsIntentOperationService (has extras) }.
05-16 07:39:29.104: W/DynamiteModule(15673): Local module descriptor class for com.google.android.gms.vision.dynamite.ocr not found.
05-16 07:39:29.104: W/ProviderHelper(15673): Unknown dynamite feature vision.dynamite.ocr
05-16 07:39:29.104: I/DynamiteModule(15673): Considering local module com.google.android.gms.vision.dynamite.ocr:0 and remote module com.google.android.gms.vision.dynamite.ocr:0
05-16 07:39:29.104: I/DynamiteModule(15673): Considering local module com.google.android.gms.vision.ocr:0 and remote module com.google.android.gms.vision.ocr:231602400
05-16 07:39:29.104: I/DynamiteModule(15673): Selected remote version of com.google.android.gms.vision.ocr, version >= 231602400
05-16 07:39:29.105: I/DynamiteModule(15673): Considering local module com.google.android.gms.mlkit_ocr_common:0 and remote module com.google.android.gms.mlkit_ocr_common:230914000
05-16 07:39:29.105: I/DynamiteModule(15673): Selected remote version of com.google.android.gms.mlkit_ocr_common, version >= 230914000
05-16 07:39:29.106: I/OcrModelUpStIntentOp(15673): Downloading text recognizer
05-16 07:39:29.107: W/MobileDataHub(15673): [Service] appsupload-periodic periodic task disabled
05-16 07:39:29.110: I/GmsModuleFndr(15673): Beginning GMS chimera module scan
05-16 07:39:29.111: I/RecoverableKeyStoreMgr(1495): The cert file serial number is the same, so skip updating.
05-16 07:39:29.111: I/RecoverableKeyStoreGms(15673): [EnrollmentManager] Recovery service is initialized. [CONTEXT service_id=172 ]
05-16 07:39:29.114: E/RecoverySnapshotStorage(1495): Error reading snapshot for 10164 from disk
05-16 07:39:29.114: E/RecoverySnapshotStorage(1495): java.io.FileNotFoundException: /data/system/recoverablekeystore/snapshots/10164.xml: open failed: ENOENT (No such file or directory)
05-16 07:39:29.114: E/RecoverySnapshotStorage(1495): at libcore.io.IoBridge.open(IoBridge.java:574)
05-16 07:39:29.114: E/RecoverySnapshotStorage(1495): at java.io.FileInputStream.<init>(FileInputStream.java:160)
05-16 07:39:29.114: E/RecoverySnapshotStorage(1495): at com.android.server.locksettings.recoverablekeystore.storage.RecoverySnapshotStorage.readFromDisk(RecoverySnapshotStorage.java:152)
05-16 07:39:29.114: E/RecoverySnapshotStorage(1495): at com.android.server.locksettings.recoverablekeystore.storage.RecoverySnapshotStorage.get(RecoverySnapshotStorage.java:104)
05-16 07:39:29.114: E/RecoverySnapshotStorage(1495): at com.android.server.locksettings.recoverablekeystore.RecoverableKeyStoreManager.getKeyChainSnapshot(RecoverableKeyStoreManager.java:342)
05-16 07:39:29.114: E/RecoverySnapshotStorage(1495): at com.android.server.locksettings.LockSettingsService.getKeyChainSnapshot(LockSettingsService.java:2587)
05-16 07:39:29.114: E/RecoverySnapshotStorage(1495): at com.android.internal.widget.ILockSettings$Stub.onTransact(ILockSettings.java:786)
05-16 07:39:29.114: E/RecoverySnapshotStorage(1495): at android.os.Binder.execTransactInternal(Binder.java:1280)
05-16 07:39:29.114: E/RecoverySnapshotStorage(1495): at android.os.Binder.execTransact(Binder.java:1244)
05-16 07:39:29.114: E/RecoverySnapshotStorage(1495): Caused by: android.system.ErrnoException: open failed: ENOENT (No such file or directory)
05-16 07:39:29.114: E/RecoverySnapshotStorage(1495): at libcore.io.Linux.open(Native Method)
05-16 07:39:29.114: E/RecoverySnapshotStorage(1495): at libcore.io.ForwardingOs.open(ForwardingOs.java:563)
05-16 07:39:29.114: E/RecoverySnapshotStorage(1495): at libcore.io.BlockGuardOs.open(BlockGuardOs.java:274)
05-16 07:39:29.114: E/RecoverySnapshotStorage(1495): at libcore.io.IoBridge.open(IoBridge.java:560)
05-16 07:39:29.114: E/RecoverySnapshotStorage(1495): ... 8 more
05-16 07:39:29.115: W/PlatformKeyManager(1495): Platform generation ID was 0 but no entry was present in AndroidKeyStore. Generating fresh key.
05-16 07:39:29.116: E/keystore2(504): keystore2::error: In import_key.
05-16 07:39:29.116: E/keystore2(504): Caused by:
05-16 07:39:29.116: E/keystore2(504): 0: In store_new_key.
05-16 07:39:29.116: E/keystore2(504): 1: In store_new_key. Failed to handle super encryption.
05-16 07:39:29.116: E/keystore2(504): 2: In handle_super_encryption_on_key_init: User ECDH key missing.
05-16 07:39:29.116: E/keystore2(504): 3: Error::Rc(ResponseCode(4))
05-16 07:39:29.117: W/RecoverableKeyStoreGms(15673): [WrappingKeyManager] InternalRecoveryServiceException during wrapping key generation [CONTEXT service_id=172 ]
05-16 07:39:29.117: W/RecoverableKeyStoreGms(15673): android.security.keystore.recovery.InternalRecoveryServiceException: Failed to import secret key.
05-16 07:39:29.117: W/RecoverableKeyStoreGms(15673): at android.security.keystore.recovery.RecoveryController.wrapUnexpectedServiceSpecificException(RecoveryController.java:773)
05-16 07:39:29.117: W/RecoverableKeyStoreGms(15673): at android.security.keystore.recovery.RecoveryController.generateKey(RecoveryController.java:562)
05-16 07:39:29.117: W/RecoverableKeyStoreGms(15673): at plc.f(:com.google.android.gms@[email protected] (190400-515650844):3)
05-16 07:39:29.117: W/RecoverableKeyStoreGms(15673): at plc.e(:com.google.android.gms@[email protected] (190400-515650844):15)
05-16 07:39:29.117: W/RecoverableKeyStoreGms(15673): at pic.f(:com.google.android.gms@[email protected] (190400-515650844):39)
05-16 07:39:29.117: W/RecoverableKeyStoreGms(15673): at com.google.android.gms.auth.folsom.operation.GserviceChangeIntentOperation.onHandleIntent(:com.google.android.gms@[email protected] (190400-515650844):8)
05-16 07:39:29.117: W/RecoverableKeyStoreGms(15673): at com.google.android.chimera.IntentOperation.onHandleIntent(:com.google.android.gms@[email protected] (190400-515650844):2)
05-16 07:39:29.117: W/RecoverableKeyStoreGms(15673): at yej.onHandleIntent(:com.google.android.gms@[email protected] (190400-515650844):4)
05-16 07:39:29.117: W/RecoverableKeyStoreGms(15673): at gxa.run(:com.google.android.gms@[email protected] (190400-515650844):3)
05-16 07:39:29.117: W/RecoverableKeyStoreGms(15673): at gwz.run(:com.google.android.gms@[email protected] (190400-515650844):11)
05-16 07:39:29.117: W/RecoverableKeyStoreGms(15673): at czpz.run(:com.google.android.gms@[email protected] (190400-515650844):2)
05-16 07:39:29.117: W/RecoverableKeyStoreGms(15673): at java.util.concurrent.ThreadPoolExecutor.runWorker(ThreadPoolExecutor.java:1137)
05-16 07:39:29.117: W/RecoverableKeyStoreGms(15673): at java.util.concurrent.ThreadPoolExecutor$Worker.run(ThreadPoolExecutor.java:637)
05-16 07:39:29.117: W/RecoverableKeyStoreGms(15673): at java.lang.Thread.run(Thread.java:1012)
05-16 07:39:29.117: W/RecoverableKeyStoreGms(15673): Caused by: android.os.ServiceSpecificException: Failed to import secret key. (code 22)
05-16 07:39:29.117: W/RecoverableKeyStoreGms(15673): at android.os.Parcel.createExceptionOrNull(Parcel.java:3025)
05-16 07:39:29.117: W/RecoverableKeyStoreGms(15673): at android.os.Parcel.createException(Parcel.java:2995)
05-16 07:39:29.117: W/RecoverableKeyStoreGms(15673): at android.os.Parcel.readException(Parcel.java:2978)
05-16 07:39:29.117: W/RecoverableKeyStoreGms(15673): at android.os.Parcel.readException(Parcel.java:2920)
05-16 07:39:29.117: W/RecoverableKeyStoreGms(15673): at com.android.internal.widget.ILockSettings$Stub$Proxy.generateKey(ILockSettings.java:1574)
05-16 07:39:29.117: W/RecoverableKeyStoreGms(15673): at android.security.keystore.recovery.RecoveryController.generateKey(RecoveryController.java:549)
05-16 07:39:29.117: W/RecoverableKeyStoreGms(15673): ... 12 more
05-16 07:39:29.120: I/ModuleSetMgr(15673): Computing pending module set with APKs: [[AdsFdrDynamite.integ:231004600100000], [GamePlatform.optional:230914190000], [Games.optional:230914100000], [MapsCoreDynamite.integ:224312102100400], [MlkitBarcodeUi.optional:230914100000], [MlkitOcrCommon.optional:230914100400], [TfliteDynamiteDynamite.integ:231406200100400], [VisionBarcode.optional:230914100400], [VisionOcrDynamite.integ:231602400100000], [AdsFdrDynamite.integ:224400003100000], [Cronetdynamite:230914190400], [Dynamiteloader:230914190000], [Dynamitemodulesa:230914190000], [Dynamitemodulesc:230914190000], [Googlecertificates:230914190000], [Mapsdynamite:230914190000], [Measurementdynamite:230914190000], [TestSupport.integ:13745000000], [SidecarAps.integ:2052100000]]
05-16 07:39:29.123: W/NetworkScheduler(10395): The extras of the task (com.google.android.gms.ocr.service.ModelCleanUpTaskService:type_[4]) are not valid to be persisted so that the task is not persisted [CONTEXT service_id=218 ]
05-16 07:39:29.123: W/NetworkScheduler(10395): java.lang.IllegalArgumentException: Only the following extra parameter types are supported: Integer, Long, Double, String, Boolean, and nested Bundles with the same restrictions.
05-16 07:39:29.123: W/NetworkScheduler(10395): at attp.e(:com.google.android.gms@[email protected] (190400-515650844):6)
05-16 07:39:29.123: W/NetworkScheduler(10395): at burn.f(:com.google.android.gms@[email protected] (190400-515650844):38)
05-16 07:39:29.123: W/NetworkScheduler(10395): at buqg.n(:com.google.android.gms@[email protected] (190400-515650844):3)
05-16 07:39:29.123: W/NetworkScheduler(10395): at buqg.u(:com.google.android.gms@[email protected] (190400-515650844):20)
05-16 07:39:29.123: W/NetworkScheduler(10395): at buqg.h(:com.google.android.gms@[email protected] (190400-515650844):3)
05-16 07:39:29.123: W/NetworkScheduler(10395): at bulx.run(:com.google.android.gms@[email protected] (190400-515650844):9)
05-16 07:39:29.123: W/NetworkScheduler(10395): at aawx.c(:com.google.android.gms@[email protected] (190400-515650844):6)
05-16 07:39:29.123: W/NetworkScheduler(10395): at aawx.run(:com.google.android.gms@[email protected] (190400-515650844):8)
05-16 07:39:29.123: W/NetworkScheduler(10395): at java.util.concurrent.ThreadPoolExecutor.runWorker(ThreadPoolExecutor.java:1137)
05-16 07:39:29.123: W/NetworkScheduler(10395): at java.util.concurrent.ThreadPoolExecutor$Worker.run(ThreadPoolExecutor.java:637)
05-16 07:39:29.123: W/NetworkScheduler(10395): at abcd.run(:com.google.android.gms@[email protected] (190400-515650844):0)
05-16 07:39:29.123: W/NetworkScheduler(10395): at java.lang.Thread.run(Thread.java:1012)
05-16 07:39:29.126: I/ModuleSetMgr(15673): Pending container module APKs: [[GamePlatform.optional:230914190000], [Games.optional:230914100000], [MapsCoreDynamite.integ:224312102100400], [MlkitBarcodeUi.optional:230914100000], [MlkitOcrCommon.optional:230914100400], [VisionBarcode.optional:230914100400]]
05-16 07:39:29.126: I/ModuleSetMgr(15673): Pending non-container module APKs: [[VisionOcrDynamite.integ:231602400100000], [TfliteDynamiteDynamite.integ:231406200100400], [AdsFdrDynamite.integ:231004600100000]]
05-16 07:39:29.139: W/PackageParser(15673): Unknown element under <manifest>: queries at /data/user_de/0/com.google.android.gms/app_chimera/m/0000000b/AdsDynamite.apk Binary XML file line #11
05-16 07:39:29.148: W/PackageParser(15673): Unknown element under <manifest>: queries at /data/user_de/0/com.google.android.gms/app_chimera/m/0000001b/dl-AdsFdrDynamite.integ_231004600100000.apk Binary XML file line #15
05-16 07:39:29.176: I/pixel-thermal(1481): VIRTUAL-SKIN-CPU:33.7073 raw data:[VIRTUAL-SKIN-CPU:33707(VIRTUAL-GNSS-DISP:33707(gnss_tcxo_therm:34466 disp_therm:33731 ) VIRTUAL-USB2-QUIET:31259(usb_pwr_therm2:32863 quiet_therm:33241 ) VIRTUAL-QUIET-USB2:32003(quiet_therm:33241 usb_pwr_therm2:32863 ) VIRTUAL-NEUTRAL-QUIET:33394(neutral_therm:34844 quiet_therm:33241 ) ) ]
05-16 07:39:29.195: I/pixel-thermal(1481): VIRTUAL-SKIN:33.7073 raw data:[VIRTUAL-SKIN:33707(VIRTUAL-GNSS-DISP:33707 VIRTUAL-USB2-QUIET:31259 VIRTUAL-QUIET-USB2:32003 VIRTUAL-NEUTRAL-QUIET:33394 ) ]
05-16 07:39:29.195: I/pixel-thermal(1481): VIRTUAL-SKIN-CHARGE:33.3858 raw data:[VIRTUAL-SKIN-CHARGE:33386(qi_therm:35512 quiet_therm:33241 ) ]
05-16 07:39:29.195: I/pixel-thermal(1481): quiet_therm:33.241 raw data:[quiet_therm:33241 ]
05-16 07:39:29.195: I/pixel-thermal(1481): VIRTUAL-SKIN-GPU:33.7073 raw data:[VIRTUAL-SKIN-GPU:33707(VIRTUAL-GNSS-DISP:33707 VIRTUAL-USB2-QUIET:31259 VIRTUAL-QUIET-USB2:32003 VIRTUAL-NEUTRAL-QUIET:33394 ) ]
05-16 07:39:29.195: I/pixel-thermal(1481): cellular-emergency:33.7073 raw data:[cellular-emergency:33707(VIRTUAL-GNSS-DISP:33707 VIRTUAL-USB2-QUIET:31259 VIRTUAL-QUIET-USB2:32003 VIRTUAL-NEUTRAL-QUIET:33394 ) ]
05-16 07:39:29.195: I/pixel-thermal(1481): VIRTUAL-SKIN-HINT:33.7073 raw data:[VIRTUAL-SKIN-HINT:33707(VIRTUAL-GNSS-DISP:33707 VIRTUAL-USB2-QUIET:31259 VIRTUAL-QUIET-USB2:32003 VIRTUAL-NEUTRAL-QUIET:33394 ) ]
05-16 07:39:29.205: I/CarrierServices(4451): [64] RcsStateSaver.saveRcsState:57 Saving RCS State
05-16 07:39:29.205: I/CarrierServices(4451): [64] RcsStateSaver.saveRcsState:66 Old operation mode: 2
05-16 07:39:29.206: I/CarrierServices(4451): [2] ehx.g: Checking if using CarrierServices.apk is possible. Enabled: true, isAtLeastM: true, runningInsideBugle: false
05-16 07:39:29.208: I/CarrierServices(4451): [64] RcsStateSaver.saveRcsState:71 New operation mode: 2
05-16 07:39:29.210: I/CarrierServices(4451): [2] RcsAutoStartReceiver.a: RcsAutoStartReceiver triggered. Fetching RCS State. Action: com.google.gservices.intent.action.GSERVICES_CHANGED
05-16 07:39:29.211: W/CarrierServices(4451): [71] dly.b: No config URL. RCS not configured for dual-registration.
05-16 07:39:29.213: I/CarrierServices(4451): [2] RcsStateFetcher.bindService:108 Migration binding to RcsMigrationService
05-16 07:39:29.216: D/CarrierServices(4451): log_saver already enabled
05-16 07:39:29.217: I/CarrierServices(4451): [72] EventHubProxy.unsubscribe: Removing event listener 256291932 for category 8 for hub ENGINE
05-16 07:39:29.218: I/CarrierServices(4451): [72] EventHubProxy.subscribe: Adding event listener djo@61970e1 for category 8 with key 102330593 for hub ENGINE
05-16 07:39:29.218: I/CarrierServices(4451): [2] RcsStateFetcher$1.onPostExecute:189 Finalizing migration for RCS state: Operation mode FULL STACK
05-16 07:39:29.219: I/BugleRcsEngine(12379): [176] RcsStateProvider.onMigrationComplete: Migration complete.
05-16 07:39:29.220: I/BugleRcsEngine(12379): [51] bbei.j: Checking if using CarrierServices.apk is possible. Enabled: true, isAtLeastM: true, runningInsideBugle: true
05-16 07:39:29.221: I/CarrierServices(4451): [2] RcsStateFetcher$GetRcsStateConnection.onFinish:162 Unbinding RcsMigrationService
05-16 07:39:29.223: I/BugleRcsEngine(12379): [176] bbei.j: Checking if using CarrierServices.apk is possible. Enabled: true, isAtLeastM: true, runningInsideBugle: true
05-16 07:39:29.237: I/BugleRcsEngine(12379): [51] RcsStateProvider.lambda$onMigrationComplete$0$com-google-android-apps-messaging-rcsmigration-RcsStateProvider: Rcs Engine should be running in cs.apk. Stopping JibeService.
05-16 07:39:29.237: I/RcsClientLib(12379): Disconnecting ChatSessionService
05-16 07:39:29.240: I/RcsProvisioning(12379): Failed to read config: no config found /data/user/0/com.google.android.apps.messaging/files/rcsconfig: open failed: ENOENT (No such file or directory)
05-16 07:39:29.240: W/Bugle(12379): SubscriptionMetadataUtils get: invalid subId = -1
05-16 07:39:29.241: I/CarrierServices(4451): [68] EventHubProxy.unsubscribe: Removing event listener 7620977 for category 2 for hub UI
05-16 07:39:29.241: I/CarrierServices(4451): [68] EventHubProxy.unsubscribe: Removing event listener 86941435 for category 3 for hub UI
05-16 07:39:29.242: I/CarrierServices(4451): [68] EventHubProxy.unsubscribe: Removing event listener 174873368 for category 5 for hub UI
05-16 07:39:29.243: I/RcsClientLib(12379): Disconnecting EventService
05-16 07:39:29.243: I/RcsClientLib(12379): Disconnecting ContactsService
05-16 07:39:29.244: I/RcsClientLib(12379): Disconnecting FileTransferService
05-16 07:39:29.245: W/Bugle(12379): SubscriptionUtilsAsOfQ: subscriberId is empty. Does TelephonyManager have necessary permissions?
05-16 07:39:29.246: I/RcsClientLib(12379): Disconnecting LocationSharingService
05-16 07:39:29.247: I/RcsClientLib(12379): Disconnecting ImsConnectionTrackerService
05-16 07:39:29.248: I/RcsClientLib(12379): Disconnecting RcsProfileService
05-16 07:39:29.249: I/RcsClientLib(12379): Disconnecting BusinessInfoService
05-16 07:39:29.250: I/RcsClientLib(12379): Disconnecting RcsMessagingService
05-16 07:39:29.251: I/RcsClientLib(12379): Disconnecting TransportControlService
05-16 07:39:29.252: W/BugleRcs(12379): disconnecting from all Rcs Services
05-16 07:39:29.253: I/BugleRcsEngine(12379): [51] RcsStateProvider.lambda$onMigrationComplete$0$com-google-android-apps-messaging-rcsmigration-RcsStateProvider: JibeService stopped: false
05-16 07:39:29.253: I/RcsClientLib(12379): Connecting ChatSessionService
05-16 07:39:29.263: I/RcsClientLib(12379): shouldUseCarrierServicesJibeService: true, CarrierServices rcs service found: true
05-16 07:39:29.266: I/RcsClientLib(12379): com.google.android.rcs.client.chatsession.ChatSessionService connected
05-16 07:39:29.266: I/BugleRcs(12379): com.google.android.rcs.client.chatsession.ChatSessionService RCS service connected
05-16 07:39:29.266: I/RcsClientLib(12379): Connecting EventService
05-16 07:39:29.275: I/RcsClientLib(12379): shouldUseCarrierServicesJibeService: true, CarrierServices rcs service found: true
05-16 07:39:29.277: I/RcsClientLib(12379): Connecting ContactsService
05-16 07:39:29.278: I/RcsClientLib(12379): com.google.android.rcs.client.events.EventService connected
05-16 07:39:29.278: I/BugleRcs(12379): com.google.android.rcs.client.events.EventService RCS service connected
05-16 07:39:29.288: I/RcsClientLib(12379): shouldUseCarrierServicesJibeService: true, CarrierServices rcs service found: true
05-16 07:39:29.291: I/RcsClientLib(12379): Connecting FileTransferService
05-16 07:39:29.291: I/RcsClientLib(12379): com.google.android.rcs.client.contacts.ContactsService connected
05-16 07:39:29.291: I/BugleRcs(12379): com.google.android.rcs.client.contacts.ContactsService RCS service connected
05-16 07:39:29.301: I/RcsClientLib(12379): shouldUseCarrierServicesJibeService: true, CarrierServices rcs service found: true
05-16 07:39:29.303: I/RcsClientLib(12379): Connecting LocationSharingService
05-16 07:39:29.303: I/RcsClientLib(12379): com.google.android.rcs.client.filetransfer.FileTransferService connected
05-16 07:39:29.303: I/BugleRcs(12379): com.google.android.rcs.client.filetransfer.FileTransferService RCS service connected
05-16 07:39:29.311: I/RcsClientLib(12379): shouldUseCarrierServicesJibeService: true, CarrierServices rcs service found: true
05-16 07:39:29.313: I/RcsClientLib(12379): Connecting ImsConnectionTrackerService
05-16 07:39:29.313: I/RcsClientLib(12379): com.google.android.rcs.client.locationsharing.LocationSharingService connected
05-16 07:39:29.313: I/BugleRcs(12379): com.google.android.rcs.client.locationsharing.LocationSharingService RCS service connected
05-16 07:39:29.322: I/RcsClientLib(12379): shouldUseCarrierServicesJibeService: true, CarrierServices rcs service found: true
05-16 07:39:29.323: I/RcsClientLib(12379): com.google.android.rcs.client.ims.ImsConnectionTrackerService connected
05-16 07:39:29.323: I/BugleRcs(12379): com.google.android.rcs.client.ims.ImsConnectionTrackerService RCS service connected
05-16 07:39:29.323: I/RcsClientLib(12379): Connecting RcsProfileService
05-16 07:39:29.324: I/BugleRcs(12379): subscribing to global rcs listener
05-16 07:39:29.325: I/CarrierServices(4451): [68] EventHubProxy.subscribe: Adding event listener com.google.android.ims.rcsservice.events.IEventObserver$Stub$Proxy@83fce06 for category 3 with key 138399238 for hub UI
05-16 07:39:29.326: I/CarrierServices(4451): [68] EventHubProxy.subscribe: Adding event listener com.google.android.ims.rcsservice.events.IEventObserver$Stub$Proxy@294bcc7 for category 5 with key 43302087 for hub UI
05-16 07:39:29.326: I/CarrierServices(4451): [68] EventHubProxy.subscribe: Adding event listener com.google.android.ims.rcsservice.events.IEventObserver$Stub$Proxy@3c332f4 for category 2 with key 63124212 for hub UI
05-16 07:39:29.329: W/BugleTachygram(12379): Not using Tachygram because PEv3 is disabled
05-16 07:39:29.333: I/RcsClientLib(12379): shouldUseCarrierServicesJibeService: true, CarrierServices rcs service found: true
05-16 07:39:29.335: I/RcsClientLib(12379): Connecting BusinessInfoService
05-16 07:39:29.339: I/RcsClientLib(12379): com.google.android.rcs.client.profile.RcsProfileService connected
05-16 07:39:29.339: I/BugleRcs(12379): com.google.android.rcs.client.profile.RcsProfileService RCS service connected
05-16 07:39:29.341: W/BugleTachygram(12379): Not using Tachygram because PEv3 is disabled
05-16 07:39:29.344: I/RcsClientLib(12379): shouldUseCarrierServicesJibeService: true, CarrierServices rcs service found: true
05-16 07:39:29.346: I/RcsClientLib(12379): Connecting RcsMessagingService
05-16 07:39:29.347: W/Bugle(12379): SubscriptionMetadataUtils get: invalid subId = -1
05-16 07:39:29.351: I/RcsClientLib(12379): com.google.android.rcs.client.businessinfo.BusinessInfoService connected
05-16 07:39:29.351: I/BugleRcs(12379): com.google.android.rcs.client.businessinfo.BusinessInfoService RCS service connected
05-16 07:39:29.351: W/BugleAction(12379): Null config in BugleSharedPrefs
05-16 07:39:29.351: W/BugleAction(12379): Failed to get msisdn from Bugle
05-16 07:39:29.351: W/BugleAction(12379): Null config in BugleSharedPrefs
05-16 07:39:29.351: W/BugleAction(12379): Failed to get msisdn from Bugle
05-16 07:39:29.351: W/Bugle(12379): SubscriptionUtilsAsOfQ: subscriberId is empty. Does TelephonyManager have necessary permissions?
05-16 07:39:29.355: W/BugleTachygram(12379): Not using Tachygram because PEv3 is disabled
05-16 07:39:29.357: I/CarrierServices(4451): [36] dkk.f: RCS Configuration storage in Bugle is disabled by p/h flag, using ProvisioningEngineStateCacheUtil.getProvisioningConfigurationForGivenSimIfExist()
05-16 07:39:29.357: W/BugleRcsEngine(12379): [55] RcsProfileService.g: Result is null when getting value for id:4
05-16 07:39:29.357: W/Bugle(12379): SubscriptionMetadataUtils get: invalid subId = -2
05-16 07:39:29.359: W/Bugle(12379): SubscriptionMetadataUtils get: invalid subId = -2
05-16 07:39:29.359: W/Bugle(12379): SubscriptionMetadataUtils get: invalid subId = -2
05-16 07:39:29.360: W/Bugle(12379): SubscriptionMetadataUtils get: invalid subId = -2
05-16 07:39:29.361: W/Bugle(12379): SubscriptionUtilsAsOfLMR1: getSelfRawNumber: subInfo is null for subscription{id:-1}
05-16 07:39:29.362: I/RcsClientLib(12379): shouldUseCarrierServicesJibeService: true, CarrierServices rcs service found: true
05-16 07:39:29.364: I/RcsClientLib(12379): Connecting TransportControlService
05-16 07:39:29.366: W/Bugle(12379): SubscriptionMetadataUtils get: invalid subId = -1
05-16 07:39:29.367: I/CarrierServices(4451): [68] dkk.f: RCS Configuration storage in Bugle is disabled by p/h flag, using ProvisioningEngineStateCacheUtil.getProvisioningConfigurationForGivenSimIfExist()
05-16 07:39:29.367: W/BugleRcsEngine(12379): [217] RcsProfileService.g: Result is null when getting value for id:4
05-16 07:39:29.367: W/Bugle(12379): SubscriptionMetadataUtils get: invalid subId = -2
05-16 07:39:29.367: W/Bugle(12379): SubscriptionMetadataUtils get: invalid subId = -1
05-16 07:39:29.369: W/BugleAction(12379): No default number, returning empty msisdn
05-16 07:39:29.369: W/Bugle(12379): SubscriptionMetadataUtils get: invalid subId = -2
05-16 07:39:29.369: W/Bugle(12379): SubscriptionMetadataUtils get: invalid subId = -2
05-16 07:39:29.373: I/RcsClientLib(12379): com.google.android.rcs.client.messaging.RcsMessagingService connected
05-16 07:39:29.373: I/BugleRcs(12379): com.google.android.rcs.client.messaging.RcsMessagingService RCS service connected
05-16 07:39:29.376: I/RcsClientLib(12379): shouldUseCarrierServicesJibeService: true, CarrierServices rcs service found: true
05-16 07:39:29.376: W/BugleTachygram(12379): Not using Tachygram because PEv3 is disabled
05-16 07:39:29.377: W/BugleEtouffee(12379): E2eeStartupTask: Skip prekey checking because MSISDN is empty.
05-16 07:39:29.377: W/Bugle(12379): SubscriptionMetadataUtils get: invalid subId = -2
05-16 07:39:29.377: W/Bugle(12379): SubscriptionUtilsAsOfLMR1: getSelfRawNumber: subInfo is null for subscription{id:-1}
05-16 07:39:29.377: I/BugleRcs(12379): connecting to 10 Rcs Services
05-16 07:39:29.379: I/RcsProvisioning(12379): Failed to read config: no config found /data/user/0/com.google.android.apps.messaging/files/rcsconfig: open failed: ENOENT (No such file or directory)
05-16 07:39:29.379: W/Bugle(12379): SubscriptionMetadataUtils get: invalid subId = -1
05-16 07:39:29.380: W/Bugle(12379): SubscriptionMetadataUtils get: invalid subId = -1
05-16 07:39:29.381: W/Bugle(12379): SubscriptionMetadataUtils get: invalid subId = -1
05-16 07:39:29.383: I/RcsClientLib(12379): com.google.android.rcs.client.transportcontrol.TransportControlService connected
05-16 07:39:29.383: I/BugleRcs(12379): com.google.android.rcs.client.transportcontrol.TransportControlService RCS service connected
05-16 07:39:29.386: W/BugleTachygram(12379): Not using Tachygram because PEv3 is disabled
05-16 07:39:29.387: W/Bugle(12379): SubscriptionUtilsAsOfQ: subscriberId is empty. Does TelephonyManager have necessary permissions?
05-16 07:39:29.389: W/BugleAction(12379): No default number, returning empty msisdn
05-16 07:39:29.389: I/BugleNetwork(12379): TachyonPhoneRegistration: Ensuring Tachyon phone registration
05-16 07:39:29.390: W/BugleAction(12379): Null config in BugleSharedPrefs
05-16 07:39:29.390: W/BugleAction(12379): Failed to get msisdn from Bugle
05-16 07:39:29.395: I/CarrierServices(4451): [36] dkk.f: RCS Configuration storage in Bugle is disabled by p/h flag, using ProvisioningEngineStateCacheUtil.getProvisioningConfigurationForGivenSimIfExist()
05-16 07:39:29.395: W/BugleRcsEngine(12379): [55] RcsProfileService.g: Result is null when getting value for id:4
05-16 07:39:29.395: W/Bugle(12379): SubscriptionMetadataUtils get: invalid subId = -2
05-16 07:39:29.396: W/Bugle(12379): SubscriptionMetadataUtils get: invalid subId = -2
05-16 07:39:29.396: W/Bugle(12379): SubscriptionMetadataUtils get: invalid subId = -2
05-16 07:39:29.397: W/Bugle(12379): SubscriptionMetadataUtils get: invalid subId = -2
05-16 07:39:29.397: W/Bugle(12379): SubscriptionUtilsAsOfLMR1: getSelfRawNumber: subInfo is null for subscription{id:-1}
05-16 07:39:29.398: W/Bugle(12379): SubscriptionMetadataUtils get: invalid subId = -1
05-16 07:39:29.398: W/Bugle(12379): SubscriptionMetadataUtils get: invalid subId = -1
05-16 07:39:29.399: W/BugleAction(12379): No default number, returning empty msisdn
05-16 07:39:29.400: E/BugleNetwork(12379): Failed to ensure Tachyon phone registration.
05-16 07:39:29.400: E/BugleNetwork(12379): java.lang.IllegalArgumentException: normalizedPhoneNumber is empty
05-16 07:39:29.400: E/BugleNetwork(12379): at ahwd.<init>(PG:2)
05-16 07:39:29.400: E/BugleNetwork(12379): at ahwb.b(PG:1)
05-16 07:39:29.400: E/BugleNetwork(12379): at agzd.apply(PG:8)
05-16 07:39:29.400: E/BugleNetwork(12379): at brhs.apply(PG:2)
05-16 07:39:29.400: E/BugleNetwork(12379): at bvwn.d(PG:2)
05-16 07:39:29.400: E/BugleNetwork(12379): at bvwo.run(PG:9)
05-16 07:39:29.400: E/BugleNetwork(12379): at bvyj.execute(PG:1)
05-16 07:39:29.400: E/BugleNetwork(12379): at bvwi.o(PG:1)
05-16 07:39:29.400: E/BugleNetwork(12379): at bvwi.j(PG:12)
05-16 07:39:29.400: E/BugleNetwork(12379): at bvwi.set(PG:2)
05-16 07:39:29.400: E/BugleNetwork(12379): at bwax.e(PG:1)
05-16 07:39:29.400: E/BugleNetwork(12379): at bvzz.run(PG:8)
05-16 07:39:29.400: E/BugleNetwork(12379): at bway.run(PG:1)
05-16 07:39:29.400: E/BugleNetwork(12379): at bfai.run(PG:23)
05-16 07:39:29.400: E/BugleNetwork(12379): at bezd.run(PG:2)
05-16 07:39:29.400: E/BugleNetwork(12379): at bezn.run(PG:4)
05-16 07:39:29.400: E/BugleNetwork(12379): at java.lang.Thread.run(Thread.java:1012)
05-16 07:39:29.456: I/RcsProvisioning(12379): Failed to read config: no config found /data/user/0/com.google.android.apps.messaging/files/rcsconfig: open failed: ENOENT (No such file or directory)
05-16 07:39:29.457: W/Bugle(12379): SubscriptionMetadataUtils get: invalid subId = -1
05-16 07:39:29.461: W/Bugle(12379): SubscriptionUtilsAsOfQ: subscriberId is empty. Does TelephonyManager have necessary permissions?
05-16 07:39:29.488: W/Bugle(12379): SubscriptionMetadataUtils get: invalid subId = -1
05-16 07:39:29.493: W/Bugle(12379): SubscriptionUtilsAsOfQ: subscriberId is empty. Does TelephonyManager have necessary permissions?
05-16 07:39:29.501: I/BugleRcsEngine(12379): [51] baru.b: Deleted transfers file: false
05-16 07:39:29.502: I/RcsProvisioning(12379): Failed to read config: no config found /data/user/0/com.google.android.apps.messaging/files/rcsconfig: open failed: ENOENT (No such file or directory)
05-16 07:39:29.503: W/Bugle(12379): SubscriptionMetadataUtils get: invalid subId = -1
05-16 07:39:29.507: W/Bugle(12379): SubscriptionUtilsAsOfQ: subscriberId is empty. Does TelephonyManager have necessary permissions?
05-16 07:39:29.565: I/CarrierServices(4451): [73] RcsStateSaver.saveRcsState:57 Saving RCS State
05-16 07:39:29.566: I/CarrierServices(4451): [73] RcsStateSaver.saveRcsState:66 Old operation mode: 2
05-16 07:39:29.566: I/CarrierServices(4451): [73] RcsStateSaver.saveRcsState:71 New operation mode: 2
05-16 07:39:29.566: I/CarrierServices(4451): [2] RcsStateFetcher$1.onPostExecute:189 Finalizing migration for RCS state: Operation mode FULL STACK
05-16 07:39:29.567: I/BugleRcsEngine(12379): [176] RcsStateProvider.onMigrationComplete: Migration complete.
05-16 07:39:29.567: I/BugleRcsEngine(12379): [55] bbei.j: Checking if using CarrierServices.apk is possible. Enabled: true, isAtLeastM: true, runningInsideBugle: true
05-16 07:39:29.569: I/CarrierServices(4451): [2] RcsStateFetcher$GetRcsStateConnection.onFinish:162 Unbinding RcsMigrationService
05-16 07:39:29.581: I/BugleRcsEngine(12379): [55] RcsStateProvider.lambda$onMigrationComplete$0$com-google-android-apps-messaging-rcsmigration-RcsStateProvider: Rcs Engine should be running in cs.apk. Stopping JibeService.
05-16 07:39:29.582: I/RcsClientLib(12379): Disconnecting ChatSessionService
05-16 07:39:29.586: I/CarrierServices(4451): [36] EventHubProxy.unsubscribe: Removing event listener 63124212 for category 2 for hub UI
05-16 07:39:29.587: I/CarrierServices(4451): [36] EventHubProxy.unsubscribe: Removing event listener 138399238 for category 3 for hub UI
05-16 07:39:29.587: I/CarrierServices(4451): [36] EventHubProxy.unsubscribe: Removing event listener 43302087 for category 5 for hub UI
05-16 07:39:29.588: I/RcsClientLib(12379): Disconnecting EventService
05-16 07:39:29.589: I/RcsClientLib(12379): Disconnecting ContactsService
05-16 07:39:29.590: I/RcsClientLib(12379): Disconnecting FileTransferService
05-16 07:39:29.592: I/RcsClientLib(12379): Disconnecting LocationSharingService
05-16 07:39:29.593: I/RcsClientLib(12379): Disconnecting ImsConnectionTrackerService
05-16 07:39:29.594: I/RcsClientLib(12379): Disconnecting RcsProfileService
05-16 07:39:29.595: I/RcsClientLib(12379): Disconnecting BusinessInfoService
05-16 07:39:29.596: I/RcsClientLib(12379): Disconnecting RcsMessagingService
05-16 07:39:29.596: I/RcsClientLib(12379): Disconnecting TransportControlService
05-16 07:39:29.598: W/BugleRcs(12379): disconnecting from all Rcs Services
05-16 07:39:29.599: I/BugleRcsEngine(12379): [55] RcsStateProvider.lambda$onMigrationComplete$0$com-google-android-apps-messaging-rcsmigration-RcsStateProvider: JibeService stopped: false
05-16 07:39:29.599: I/RcsClientLib(12379): Connecting ChatSessionService
05-16 07:39:29.610: D/StrictMode(12379): StrictMode policy violation: android.os.strictmode.UnbufferedIoViolation
05-16 07:39:29.610: D/StrictMode(12379): at android.os.StrictMode$AndroidBlockGuardPolicy.onUnbufferedIO(StrictMode.java:1647)
05-16 07:39:29.610: D/StrictMode(12379): at libcore.io.IoTracker.trackIo(IoTracker.java:35)
05-16 07:39:29.610: D/StrictMode(12379): at libcore.io.IoTracker.trackIo(IoTracker.java:45)
05-16 07:39:29.610: D/StrictMode(12379): at java.io.FileOutputStream.write(FileOutputStream.java:398)
05-16 07:39:29.610: D/StrictMode(12379): at java.io.ObjectOutputStream$BlockDataOutputStream.write(ObjectOutputStream.java:1934)
05-16 07:39:29.610: D/StrictMode(12379): at java.io.ObjectOutputStream.defaultWriteFields(ObjectOutputStream.java:1590)
05-16 07:39:29.610: D/StrictMode(12379): at java.io.ObjectOutputStream.writeSerialData(ObjectOutputStream.java:1565)
05-16 07:39:29.610: D/StrictMode(12379): at java.io.ObjectOutputStream.writeOrdinaryObject(ObjectOutputStream.java:1488)
05-16 07:39:29.610: D/StrictMode(12379): at java.io.ObjectOutputStream.writeObject0(ObjectOutputStream.java:1234)
05-16 07:39:29.610: D/StrictMode(12379): at java.io.ObjectOutputStream.writeObject(ObjectOutputStream.java:354)
05-16 07:39:29.610: D/StrictMode(12379): at java.util.HashMap.internalWriteEntries(HashMap.java:1789)
05-16 07:39:29.610: D/StrictMode(12379): at java.util.HashMap.writeObject(HashMap.java:1366)
05-16 07:39:29.610: D/StrictMode(12379): at java.lang.reflect.Method.invoke(Native Method)
05-16 07:39:29.610: D/StrictMode(12379): at java.io.ObjectStreamClass.invokeWriteObject(ObjectStreamClass.java:1036)
05-16 07:39:29.610: D/StrictMode(12379): at java.io.ObjectOutputStream.writeSerialData(ObjectOutputStream.java:1552)
05-16 07:39:29.610: D/StrictMode(12379): at java.io.ObjectOutputStream.writeOrdinaryObject(ObjectOutputStream.java:1488)
05-16 07:39:29.610: D/StrictMode(12379): at java.io.ObjectOutputStream.writeObject0(ObjectOutputStream.java:1234)
05-16 07:39:29.610: D/StrictMode(12379): at java.io.ObjectOutputStream.writeObject(ObjectOutputStream.java:354)
05-16 07:39:29.610: D/StrictMode(12379): at bbaq.run(PG:15)
05-16 07:39:29.610: D/StrictMode(12379): at bbas.a(PG:17)
05-16 07:39:29.610: D/StrictMode(12379): at bbau.f(PG:5)
05-16 07:39:29.610: D/StrictMode(12379): at baru.b(PG:17)
05-16 07:39:29.610: D/StrictMode(12379): at com.google.android.apps.messaging.rcsmigration.RcsStateProvider.lambda$onMigrationComplete$0$com-google-android-apps-messaging-rcsmigration-RcsStateProvider(PG:10)
05-16 07:39:29.610: D/StrictMode(12379): at swa.run(Unknown Source:2)
05-16 07:39:29.610: D/StrictMode(12379): at brho.run(PG:2)
05-16 07:39:29.610: D/StrictMode(12379): at java.util.concurrent.Executors$RunnableAdapter.call(Executors.java:463)
05-16 07:39:29.610: D/StrictMode(12379): at bwax.a(PG:1)
05-16 07:39:29.610: D/StrictMode(12379): at bvzz.run(PG:4)
05-16 07:39:29.610: D/StrictMode(12379): at bway.run(PG:1)
05-16 07:39:29.610: D/StrictMode(12379): at bfab.run(PG:1)
05-16 07:39:29.610: D/StrictMode(12379): at bfai.run(PG:23)
05-16 07:39:29.610: D/StrictMode(12379): at bezd.run(PG:2)
05-16 07:39:29.610: D/StrictMode(12379): at bezn.run(PG:4)
05-16 07:39:29.610: D/StrictMode(12379): at java.lang.Thread.run(Thread.java:1012)
05-16 07:39:29.612: D/StrictMode(12379): StrictMode policy violation: android.os.strictmode.UnbufferedIoViolation
05-16 07:39:29.612: D/StrictMode(12379): at android.os.StrictMode$AndroidBlockGuardPolicy.onUnbufferedIO(StrictMode.java:1647)
05-16 07:39:29.612: D/StrictMode(12379): at libcore.io.IoTracker.trackIo(IoTracker.java:35)
05-16 07:39:29.612: D/StrictMode(12379): at libcore.io.IoTracker.trackIo(IoTracker.java:45)
05-16 07:39:29.612: D/StrictMode(12379): at java.io.FileOutputStream.write(FileOutputStream.java:398)
05-16 07:39:29.612: D/StrictMode(12379): at java.io.ObjectOutputStream$BlockDataOutputStream.write(ObjectOutputStream.java:1934)
05-16 07:39:29.612: D/StrictMode(12379): at java.io.ObjectOutputStream.defaultWriteFields(ObjectOutputStream.java:1590)
05-16 07:39:29.612: D/StrictMode(12379): at java.io.ObjectOutputStream.writeSerialData(ObjectOutputStream.java:1565)
05-16 07:39:29.612: D/StrictMode(12379): at java.io.ObjectOutputStream.writeOrdinaryObject(ObjectOutputStream.java:1488)
05-16 07:39:29.612: D/StrictMode(12379): at java.io.ObjectOutputStream.writeObject0(ObjectOutputStream.java:1234)
05-16 07:39:29.612: D/StrictMode(12379): at java.io.ObjectOutputStream.writeObject(ObjectOutputStream.java:354)
05-16 07:39:29.612: D/StrictMode(12379): at java.util.HashMap.internalWriteEntries(HashMap.java:1789)
05-16 07:39:29.612: D/StrictMode(12379): at java.util.HashMap.writeObject(HashMap.java:1366)
05-16 07:39:29.612: D/StrictMode(12379): at java.lang.reflect.Method.invoke(Native Method)
05-16 07:39:29.612: D/StrictMode(12379): at java.io.ObjectStreamClass.invokeWriteObject(ObjectStreamClass.java:1036)
05-16 07:39:29.612: D/StrictMode(12379): at java.io.ObjectOutputStream.writeSerialData(ObjectOutputStream.java:1552)
05-16 07:39:29.612: D/StrictMode(12379): at java.io.ObjectOutputStream.writeOrdinaryObject(ObjectOutputStream.java:1488)
05-16 07:39:29.612: D/StrictMode(12379): at java.io.ObjectOutputStream.writeObject0(ObjectOutputStream.java:1234)
05-16 07:39:29.612: D/StrictMode(12379): at java.io.ObjectOutputStream.writeObject(ObjectOutputStream.java:354)
05-16 07:39:29.612: D/StrictMode(12379): at bbaq.run(PG:15)
05-16 07:39:29.612: D/StrictMode(12379): at bbas.a(PG:17)
05-16 07:39:29.612: D/StrictMode(12379): at bbau.f(PG:5)
05-16 07:39:29.612: D/StrictMode(12379): at baru.b(PG:18)
05-16 07:39:29.612: D/StrictMode(12379): at com.google.android.apps.messaging.rcsmigration.RcsStateProvider.lambda$onMigrationComplete$0$com-google-android-apps-messaging-rcsmigration-RcsStateProvider(PG:10)
05-16 07:39:29.612: D/StrictMode(12379): at swa.run(Unknown Source:2)
05-16 07:39:29.612: D/StrictMode(12379): at brho.run(PG:2)
05-16 07:39:29.612: D/StrictMode(12379): at java.util.concurrent.Executors$RunnableAdapter.call(Executors.java:463)
05-16 07:39:29.612: D/StrictMode(12379): at bwax.a(PG:1)
05-16 07:39:29.612: D/StrictMode(12379): at bvzz.run(PG:4)
05-16 07:39:29.612: D/StrictMode(12379): at bway.run(PG:1)
05-16 07:39:29.612: D/StrictMode(12379): at bfab.run(PG:1)
05-16 07:39:29.612: D/StrictMode(12379): at bfai.run(PG:23)
05-16 07:39:29.612: D/StrictMode(12379): at bezd.run(PG:2)
05-16 07:39:29.612: D/StrictMode(12379): at bezn.run(PG:4)
05-16 07:39:29.612: D/StrictMode(12379): at java.lang.Thread.run(Thread.java:1012)
05-16 07:39:29.616: I/RcsClientLib(12379): shouldUseCarrierServicesJibeService: true, CarrierServices rcs service found: true
05-16 07:39:29.619: I/RcsClientLib(12379): com.google.android.rcs.client.chatsession.ChatSessionService connected
05-16 07:39:29.619: I/RcsClientLib(12379): Connecting EventService
05-16 07:39:29.619: I/BugleRcs(12379): com.google.android.rcs.client.chatsession.ChatSessionService RCS service connected
05-16 07:39:29.629: I/RcsClientLib(12379): shouldUseCarrierServicesJibeService: true, CarrierServices rcs service found: true
05-16 07:39:29.630: I/RcsClientLib(12379): com.google.android.rcs.client.events.EventService connected
05-16 07:39:29.631: I/BugleRcs(12379): com.google.android.rcs.client.events.EventService RCS service connected
05-16 07:39:29.632: I/RcsClientLib(12379): Connecting ContactsService
05-16 07:39:29.641: I/RcsClientLib(12379): shouldUseCarrierServicesJibeService: true, CarrierServices rcs service found: true
05-16 07:39:29.642: I/RcsClientLib(12379): com.google.android.rcs.client.contacts.ContactsService connected
05-16 07:39:29.643: I/BugleRcs(12379): com.google.android.rcs.client.contacts.ContactsService RCS service connected
05-16 07:39:29.643: I/RcsClientLib(12379): Connecting FileTransferService
05-16 07:39:29.652: I/RcsClientLib(12379): shouldUseCarrierServicesJibeService: true, CarrierServices rcs service found: true
05-16 07:39:29.653: I/RcsClientLib(12379): com.google.android.rcs.client.filetransfer.FileTransferService connected
05-16 07:39:29.653: I/BugleRcs(12379): com.google.android.rcs.client.filetransfer.FileTransferService RCS service connected
05-16 07:39:29.653: I/RcsClientLib(12379): Connecting LocationSharingService
05-16 07:39:29.662: I/RcsClientLib(12379): shouldUseCarrierServicesJibeService: true, CarrierServices rcs service found: true
05-16 07:39:29.663: I/RcsClientLib(12379): Connecting ImsConnectionTrackerService
05-16 07:39:29.664: I/RcsClientLib(12379): com.google.android.rcs.client.locationsharing.LocationSharingService connected
05-16 07:39:29.664: I/BugleRcs(12379): com.google.android.rcs.client.locationsharing.LocationSharingService RCS service connected
05-16 07:39:29.674: I/RcsClientLib(12379): shouldUseCarrierServicesJibeService: true, CarrierServices rcs service found: true
05-16 07:39:29.676: I/RcsClientLib(12379): com.google.android.rcs.client.ims.ImsConnectionTrackerService connected
05-16 07:39:29.676: I/BugleRcs(12379): com.google.android.rcs.client.ims.ImsConnectionTrackerService RCS service connected
05-16 07:39:29.677: I/BugleRcs(12379): subscribing to global rcs listener
05-16 07:39:29.677: I/RcsClientLib(12379): Connecting RcsProfileService
05-16 07:39:29.678: I/CarrierServices(4451): [36] EventHubProxy.subscribe: Adding event listener com.google.android.ims.rcsservice.events.IEventObserver$Stub$Proxy@5b3a1d for category 3 with key 5978653 for hub UI
05-16 07:39:29.679: I/CarrierServices(4451): [36] EventHubProxy.subscribe: Adding event listener com.google.android.ims.rcsservice.events.IEventObserver$Stub$Proxy@1fac492 for category 5 with key 33211538 for hub UI
05-16 07:39:29.679: I/CarrierServices(4451): [36] EventHubProxy.subscribe: Adding event listener com.google.android.ims.rcsservice.events.IEventObserver$Stub$Proxy@a965e63 for category 2 with key 177626723 for hub UI
05-16 07:39:29.683: W/BugleTachygram(12379): Not using Tachygram because PEv3 is disabled
05-16 07:39:29.697: I/RcsClientLib(12379): shouldUseCarrierServicesJibeService: true, CarrierServices rcs service found: true
05-16 07:39:29.700: I/RcsClientLib(12379): com.google.android.rcs.client.profile.RcsProfileService connected
05-16 07:39:29.700: I/BugleRcs(12379): com.google.android.rcs.client.profile.RcsProfileService RCS service connected
05-16 07:39:29.704: W/BugleTachygram(12379): Not using Tachygram because PEv3 is disabled
05-16 07:39:29.705: I/RcsClientLib(12379): Connecting BusinessInfoService
05-16 07:39:29.712: W/BugleAction(12379): Null config in BugleSharedPrefs
05-16 07:39:29.713: W/BugleAction(12379): Failed to get msisdn from Bugle
05-16 07:39:29.713: W/BugleAction(12379): Null config in BugleSharedPrefs
05-16 07:39:29.713: W/BugleAction(12379): Failed to get msisdn from Bugle
05-16 07:39:29.717: I/CarrierServices(4451): [68] dkk.f: RCS Configuration storage in Bugle is disabled by p/h flag, using ProvisioningEngineStateCacheUtil.getProvisioningConfigurationForGivenSimIfExist()
05-16 07:39:29.717: W/BugleRcsEngine(12379): [217] RcsProfileService.g: Result is null when getting value for id:4
05-16 07:39:29.717: W/Bugle(12379): SubscriptionMetadataUtils get: invalid subId = -2
05-16 07:39:29.718: W/Bugle(12379): SubscriptionMetadataUtils get: invalid subId = -2
05-16 07:39:29.718: W/Bugle(12379): SubscriptionMetadataUtils get: invalid subId = -2
05-16 07:39:29.720: W/Bugle(12379): SubscriptionMetadataUtils get: invalid subId = -2
05-16 07:39:29.720: W/Bugle(12379): SubscriptionUtilsAsOfLMR1: getSelfRawNumber: subInfo is null for subscription{id:-1}
05-16 07:39:29.721: W/Bugle(12379): SubscriptionMetadataUtils get: invalid subId = -1
05-16 07:39:29.721: W/Bugle(12379): SubscriptionMetadataUtils get: invalid subId = -1
05-16 07:39:29.722: I/CarrierServices(4451): [36] dkk.f: RCS Configuration storage in Bugle is disabled by p/h flag, using ProvisioningEngineStateCacheUtil.getProvisioningConfigurationForGivenSimIfExist()
05-16 07:39:29.723: W/BugleRcsEngine(12379): [51] RcsProfileService.g: Result is null when getting value for id:4
05-16 07:39:29.723: W/Bugle(12379): SubscriptionMetadataUtils get: invalid subId = -2
05-16 07:39:29.723: W/BugleAction(12379): No default number, returning empty msisdn
05-16 07:39:29.724: I/BugleNetwork(12379): TachyonPhoneRegistration: Ensuring Tachyon phone registration
05-16 07:39:29.724: W/Bugle(12379): SubscriptionMetadataUtils get: invalid subId = -2
05-16 07:39:29.724: W/Bugle(12379): SubscriptionMetadataUtils get: invalid subId = -2
05-16 07:39:29.725: W/BugleAction(12379): Null config in BugleSharedPrefs
05-16 07:39:29.725: W/BugleAction(12379): Failed to get msisdn from Bugle
05-16 07:39:29.725: W/Bugle(12379): SubscriptionMetadataUtils get: invalid subId = -2
05-16 07:39:29.725: W/Bugle(12379): SubscriptionUtilsAsOfLMR1: getSelfRawNumber: subInfo is null for subscription{id:-1}
05-16 07:39:29.725: I/RcsClientLib(12379): shouldUseCarrierServicesJibeService: true, CarrierServices rcs service found: true
05-16 07:39:29.725: W/Bugle(12379): SubscriptionMetadataUtils get: invalid subId = -1
05-16 07:39:29.725: W/Bugle(12379): SubscriptionMetadataUtils get: invalid subId = -1
05-16 07:39:29.726: W/BugleAction(12379): No default number, returning empty msisdn
05-16 07:39:29.726: W/BugleEtouffee(12379): E2eeStartupTask: Skip prekey checking because MSISDN is empty.
05-16 07:39:29.727: I/RcsClientLib(12379): Connecting RcsMessagingService
05-16 07:39:29.727: I/RcsClientLib(12379): com.google.android.rcs.client.businessinfo.BusinessInfoService connected
05-16 07:39:29.728: I/BugleRcs(12379): com.google.android.rcs.client.businessinfo.BusinessInfoService RCS service connected
05-16 07:39:29.730: I/CarrierServices(4451): [36] dkk.f: RCS Configuration storage in Bugle is disabled by p/h flag, using ProvisioningEngineStateCacheUtil.getProvisioningConfigurationForGivenSimIfExist()
05-16 07:39:29.730: W/BugleRcsEngine(12379): [50] RcsProfileService.g: Result is null when getting value for id:4
05-16 07:39:29.730: W/BugleTachygram(12379): Not using Tachygram because PEv3 is disabled
05-16 07:39:29.731: W/Bugle(12379): SubscriptionMetadataUtils get: invalid subId = -2
05-16 07:39:29.732: W/Bugle(12379): SubscriptionMetadataUtils get: invalid subId = -2
05-16 07:39:29.732: W/Bugle(12379): SubscriptionMetadataUtils get: invalid subId = -2
05-16 07:39:29.741: W/Bugle(12379): SubscriptionMetadataUtils get: invalid subId = -2
05-16 07:39:29.741: W/Bugle(12379): SubscriptionUtilsAsOfLMR1: getSelfRawNumber: subInfo is null for subscription{id:-1}
05-16 07:39:29.742: W/Bugle(12379): SubscriptionMetadataUtils get: invalid subId = -1
05-16 07:39:29.742: W/Bugle(12379): SubscriptionMetadataUtils get: invalid subId = -1
05-16 07:39:29.743: W/BugleAction(12379): No default number, returning empty msisdn
05-16 07:39:29.745: E/BugleNetwork(12379): Failed to ensure Tachyon phone registration.
05-16 07:39:29.745: E/BugleNetwork(12379): java.lang.IllegalArgumentException: normalizedPhoneNumber is empty
05-16 07:39:29.745: E/BugleNetwork(12379): at ahwd.<init>(PG:2)
05-16 07:39:29.745: E/BugleNetwork(12379): at ahwb.b(PG:1)
05-16 07:39:29.745: E/BugleNetwork(12379): at agzd.apply(PG:8)
05-16 07:39:29.745: E/BugleNetwork(12379): at brhs.apply(PG:2)
05-16 07:39:29.745: E/BugleNetwork(12379): at bvwn.d(PG:2)
05-16 07:39:29.745: E/BugleNetwork(12379): at bvwo.run(PG:9)
05-16 07:39:29.745: E/BugleNetwork(12379): at bvyj.execute(PG:1)
05-16 07:39:29.745: E/BugleNetwork(12379): at bvwi.o(PG:1)
05-16 07:39:29.745: E/BugleNetwork(12379): at bvwi.j(PG:12)
05-16 07:39:29.745: E/BugleNetwork(12379): at bvwi.set(PG:2)
05-16 07:39:29.745: E/BugleNetwork(12379): at bwax.e(PG:1)
05-16 07:39:29.745: E/BugleNetwork(12379): at bvzz.run(PG:8)
05-16 07:39:29.745: E/BugleNetwork(12379): at bway.run(PG:1)
05-16 07:39:29.745: E/BugleNetwork(12379): at bfai.run(PG:23)
05-16 07:39:29.745: E/BugleNetwork(12379): at bezd.run(PG:2)
05-16 07:39:29.745: E/BugleNetwork(12379): at bezn.run(PG:4)
05-16 07:39:29.745: E/BugleNetwork(12379): at java.lang.Thread.run(Thread.java:1012)
05-16 07:39:29.751: I/RcsClientLib(12379): shouldUseCarrierServicesJibeService: true, CarrierServices rcs service found: true
05-16 07:39:29.754: I/RcsClientLib(12379): com.google.android.rcs.client.messaging.RcsMessagingService connected
05-16 07:39:29.754: I/BugleRcs(12379): com.google.android.rcs.client.messaging.RcsMessagingService RCS service connected
05-16 07:39:29.755: I/RcsClientLib(12379): Connecting TransportControlService
05-16 07:39:29.758: W/BugleTachygram(12379): Not using Tachygram because PEv3 is disabled
05-16 07:39:29.779: I/RcsClientLib(12379): shouldUseCarrierServicesJibeService: true, CarrierServices rcs service found: true
05-16 07:39:29.782: I/BugleRcs(12379): connecting to 10 Rcs Services
