blob: be7352aae7e267845d321c601da8d92bf6ebe192 [file] [log] [blame]
05-16 07:39:26.519: D/AOC(1054): A3:MSG: window_orientation.c, 697: [WO] Proposed rotation: 1, flat angle threshold: 40
05-16 07:39:26.519: D/AOC(1054): A3:MSG: window_orientation.c, 1105: [WO] orientation angle 89, orientation 1
05-16 07:39:26.519: D/AOC(1054): A3:MSG: window_orientation.c, 430: [WO] Gyro angle integrated: 0.070911
05-16 07:39:26.519: D/AOC(1054): A3:MSG: window_orientation.c, 430: [WO] Gyro angle integrated: 0.070911
05-16 07:39:26.792: W/sh(16446): type=1400 audit(0.0:308): avc: denied { read } for name="cache" dev="dm-7" ino=16 scontext=u:r:shell:s0 tcontext=u:object_r:cache_file:s0 tclass=lnk_file permissive=0
05-16 07:39:26.919: D/OomAdjuster(1495): Not killing cached processes
05-16 07:39:27.127: I/PackageManager(1495): Integrity check passed for file:///data/app/vmdl1564907657.tmp
05-16 07:39:27.232: W/ziparchive(1495): Unable to open '/data/app/~~ikt1-6l7_kOOIoAYcgiSLg==/com.google.android.gms.policy_test_support-UQ439ZagNoXyLN_8Jw5Eaw==/base.dm': No such file or directory
05-16 07:39:27.232: I/PackageDexOptimizer(1495): Running dexopt (dexoptNeeded=1) on: /data/app/~~ikt1-6l7_kOOIoAYcgiSLg==/com.google.android.gms.policy_test_support-UQ439ZagNoXyLN_8Jw5Eaw==/base.apk pkg=com.google.android.gms.policy_test_support isa=arm64 dexoptFlags=boot_complete,profile_guided,public,enable_hidden_api_checks targetFilter=speed-profile oatDir=/data/app/~~ikt1-6l7_kOOIoAYcgiSLg==/com.google.android.gms.policy_test_support-UQ439ZagNoXyLN_8Jw5Eaw==/oat classLoaderContext=PCL[]{}
05-16 07:39:27.235: V/installd(984): DexInv: --- BEGIN '/data/app/~~ikt1-6l7_kOOIoAYcgiSLg==/com.google.android.gms.policy_test_support-UQ439ZagNoXyLN_8Jw5Eaw==/base.apk' ---
05-16 07:39:27.235: V/installd(984): Running /apex/com.android.art/bin/dex2oat64 in=base.apk out=/data/app/~~ikt1-6l7_kOOIoAYcgiSLg==/com.google.android.gms.policy_test_support-UQ439ZagNoXyLN_8Jw5Eaw==/oat/arm64/base.odex
05-16 07:39:27.283: W/dex2oat64(16462): Mismatch between dex2oat instruction set features to use (ISA: Arm64 Feature string: -a53,crc,lse,fp16,dotprod,-sve) and those from CPP defines (ISA: Arm64 Feature string: -a53,-crc,-lse,-fp16,-dotprod,-sve) for the command line:
05-16 07:39:27.283: W/dex2oat64(16462): /apex/com.android.art/bin/dex2oat64 --zip-fd=7 --zip-location=base.apk --oat-fd=8 --oat-location=/data/app/~~ikt1-6l7_kOOIoAYcgiSLg==/com.google.android.gms.policy_test_support-UQ439ZagNoXyLN_8Jw5Eaw==/oat/arm64/base.odex --input-vdex-fd=-1 --output-vdex-fd=9 --swap-fd=10 --classpath-dir=/data/app/~~ikt1-6l7_kOOIoAYcgiSLg==/com.google.android.gms.policy_test_support-UQ439ZagNoXyLN_8Jw5Eaw== --class-loader-context=PCL[]{} --compact-dex-level=none --instruction-set=arm64 --instruction-set-features=default --instruction-set-variant=cortex-a55 --compiler-filter=speed-profile --compilation-reason=install --max-image-block-size=524288 --resolve-startup-const-strings=true --generate-mini-debug-info --runtime-arg -Xtarget-sdk-version:33 --runtime-arg -Xhidden-api-policy:enabled --cpu-set=0,1,2,3,4,5,6,7 -j8 --runtime-arg -Xms64m --runtime-arg -Xmx512m
05-16 07:39:27.283: I/dex2oat64(16462): /apex/com.android.art/bin/dex2oat64 --input-vdex-fd=-1 --output-vdex-fd=9 --classpath-dir=/data/app/~~ikt1-6l7_kOOIoAYcgiSLg==/com.google.android.gms.policy_test_support-UQ439ZagNoXyLN_8Jw5Eaw== --class-loader-context=PCL[]{} --compact-dex-level=none --compiler-filter=speed-profile --compilation-reason=install --max-image-block-size=524288 --resolve-startup-const-strings=true --generate-mini-debug-info --cpu-set=0,1,2,3,4,5,6,7 -j8
05-16 07:39:27.369: I/dex2oat64(16462): dex2oat took 91.398ms (91.401ms cpu) (threads: 8) arena alloc=0B (0B) java alloc=192KB (196832B) native alloc=1555KB (1593072B) free=1152KB (1180592B)
05-16 07:39:27.373: V/installd(984): DexInv: --- END '/data/app/~~ikt1-6l7_kOOIoAYcgiSLg==/com.google.android.gms.policy_test_support-UQ439ZagNoXyLN_8Jw5Eaw==/base.apk' (success) ---
05-16 07:39:27.375: W/PackageManager(1495): User 0 is not ready. Restore at install didn't take place.
05-16 07:39:27.377: D/PackageInstallerSession(1495): Marking session 1564907657 as applied
05-16 07:39:27.378: E/installd(984): Couldn't opendir /data/app/vmdl1564907657.tmp: No such file or directory
05-16 07:39:27.378: E/installd(984): Failed to delete /data/app/vmdl1564907657.tmp: No such file or directory
05-16 07:39:27.388: D/CompatibilityChangeReporter(1495): Compat change id reported: 168419799; UID 10257; state: DISABLED
05-16 07:39:27.394: I/MediaProvider(3676): Invalidating LocalCallingIdentity cache for package com.google.android.gms.policy_test_support. Reason: package android.intent.action.PACKAGE_ADDED
05-16 07:39:27.402: I/InputReader(1495): Reconfiguring input devices, changes=KEYBOARD_LAYOUTS |
05-16 07:39:27.403: I/RoleService(1495): Granting default roles...
05-16 07:39:27.408: I/Telecom(1495): DefaultDialerCache: Refreshing default dialer for user 0: now com.google.android.dialer: DDC.oR@AfY
05-16 07:39:27.408: W/sh(16474): type=1400 audit(0.0:309): avc: denied { read } for name="cache" dev="dm-7" ino=16 scontext=u:r:shell:s0 tcontext=u:object_r:cache_file:s0 tclass=lnk_file permissive=0
05-16 07:39:27.412: I/GsaVoiceInteractionSrv(3737): O received Intent { act=android.intent.action.PACKAGE_ADDED dat=package: flg=0x4000010 (has extras) }
05-16 07:39:27.416: V/MediaPlayerList(2838): mPackageChangedBroadcastReceiver: action: android.intent.action.PACKAGE_ADDED
05-16 07:39:27.416: W/BroadcastQueue(1495): Background execution not allowed: receiving Intent { act=android.intent.action.PACKAGE_ADDED dat=package: flg=0x4000010 (has extras) } to com.google.android.packageinstaller/com.android.packageinstaller.PackageInstalledReceiver
05-16 07:39:27.416: D/MediaPlayerList(2838): Name of package changed: com.google.android.gms.policy_test_support
05-16 07:39:27.416: W/BroadcastQueue(1495): Background execution not allowed: receiving Intent { act=android.intent.action.PACKAGE_ADDED dat=package: flg=0x4000010 (has extras) } to com.android.vending/com.google.android.finsky.packagemonitor.impl.PackageMonitorReceiverImpl$RegisteredReceiver
05-16 07:39:27.416: W/BroadcastQueue(1495): Background execution not allowed: receiving Intent { act=android.intent.action.PACKAGE_ADDED dat=package: flg=0x4000010 (has extras) } to com.android.vending/com.google.android.finsky.packagemonitor.backgroundimpl.BackgroundPackageMonitorReceiverImpl$RegisteredReceiver
05-16 07:39:27.417: W/BroadcastQueue(1495): Background execution not allowed: receiving Intent { act=android.intent.action.PACKAGE_ADDED dat=package: flg=0x4000010 (has extras) } to com.google.android.gms/.games.chimera.GamesSystemBroadcastReceiverProxy
05-16 07:39:27.417: W/BroadcastQueue(1495): Background execution not allowed: receiving Intent { act=android.intent.action.PACKAGE_ADDED dat=package: flg=0x4000010 (has extras) } to com.google.android.gms/.gass.chimera.PackageChangeBroadcastReceiver
05-16 07:39:27.417: W/BroadcastQueue(1495): Background execution not allowed: receiving Intent { act=android.intent.action.PACKAGE_ADDED dat=package: flg=0x4000010 (has extras) } to com.google.android.gms/.chimera.GmsIntentOperationService$PersistentTrustedReceiver
05-16 07:39:27.417: I/Finsky(14188): [2] vny.g(0): vny - Received: android.intent.action.PACKAGE_ADDED, [TAsD3pqu7qg-JZYPvpWmQGEwsDQ0NnuVQpcaQGQjJQU]
05-16 07:39:27.429: W/WindowMagnificationMgr(1495): requestConnection duplicated request: connect=false, mConnectionState=DISCONNECTED
05-16 07:39:27.430: D/CompatibilityChangeReporter(1495): Compat change id reported: 218533173; UID 10257; state: ENABLED
05-16 07:39:27.430: I/AiAiEcho(3659): Settings cha with uri: content://settings/secure/accessibility_enabled
05-16 07:39:27.431: I/Finsky(14188): [209] oin.run(16): Wrote row to frosting DB: 396
05-16 07:39:27.432: W/BroadcastQueue(1495): Background execution not allowed: receiving Intent { act=android.intent.action.PACKAGE_ADDED dat=package: flg=0x4000010 (has extras) } to com.google.android.googlequicksearchbox/com.google.android.apps.gsa.googlequicksearchbox.GelStubAppWatcher
05-16 07:39:27.440: I/AiAiEcho(3659): Predicting[8]: { Feature:WEATHER, creation:2023-05-16T14:21:34Z, expiry:2023-05-16T15:00:00Z, isExpired: false}, { Feature:WEATHER, creation:2023-05-16T15:00:00Z, expiry:2023-05-16T16:00:00Z, isExpired: true}, { Feature:WEATHER, creation:2023-05-16T16:00:00Z, expiry:2023-05-16T17:00:00Z, isExpired: true}, { Feature:WEATHER, creation:2023-05-16T17:00:00Z, expiry:2023-05-16T18:00:00Z, isExpired: true}, { Feature:WEATHER, creation:2023-05-16T18:00:00Z, expiry:2023-05-16T19:00:00Z, isExpired: true}, { Feature:WEATHER, creation:2023-05-16T19:00:00Z, expiry:2023-05-16T20:00:00Z, isExpired: true}, { Feature:WEATHER, creation:2023-05-16T20:00:00Z, expiry:2023-05-16T20:21:34Z, isExpired: true}, { Feature:TIPS, creation:2023-05-16T14:36:04.811Z, expiry:2023-05-19T14:36:04.601Z, isExpired: false}
05-16 07:39:27.441: V/MediaPlayerList(2838): mPackageChangedBroadcastReceiver: action: android.intent.action.PACKAGE_CHANGED
05-16 07:39:27.441: D/MediaPlayerList(2838): Name of package changed: com.google.android.gms.policy_test_support
05-16 07:39:27.442: I/InputReader(1495): Reconfiguring input devices, changes=KEYBOARD_LAYOUTS |
05-16 07:39:27.442: I/AiAiEcho(3659): Ranked targets strategy: WEIGHTED, count: 2, ranking metadata: { cardId: TIPS-2029576961, card type: TIPS, update time: 2023-05-16T14:36:04.811Z, expiration time: 2023-05-19T14:36:04.601Z, ranking metadata: RankingMetaData(urgency=0.992, priority=1.0, recency=1.0, rankScore=0.992, importantTimePoints=# krk@7bca4) }, { cardId: WEATHER-569377243, card type: WEATHER, update time: 2023-05-16T14:21:34Z, expiration time: 2023-05-16T15:00:00Z, ranking metadata: RankingMetaData(urgency=0.902, priority=0.3, recency=0.8, rankScore=0.27060002, importantTimePoints=# krk@7bca4) }
05-16 07:39:27.443: I/AiAiEcho(3659): Predicting[8]: { Feature:WEATHER, creation:2023-05-16T14:21:34Z, expiry:2023-05-16T15:00:00Z, isExpired: false}, { Feature:WEATHER, creation:2023-05-16T15:00:00Z, expiry:2023-05-16T16:00:00Z, isExpired: true}, { Feature:WEATHER, creation:2023-05-16T16:00:00Z, expiry:2023-05-16T17:00:00Z, isExpired: true}, { Feature:WEATHER, creation:2023-05-16T17:00:00Z, expiry:2023-05-16T18:00:00Z, isExpired: true}, { Feature:WEATHER, creation:2023-05-16T18:00:00Z, expiry:2023-05-16T19:00:00Z, isExpired: true}, { Feature:WEATHER, creation:2023-05-16T19:00:00Z, expiry:2023-05-16T20:00:00Z, isExpired: true}, { Feature:WEATHER, creation:2023-05-16T20:00:00Z, expiry:2023-05-16T20:21:34Z, isExpired: true}, { Feature:TIPS, creation:2023-05-16T14:36:04.811Z, expiry:2023-05-19T14:36:04.601Z, isExpired: false}
05-16 07:39:27.445: I/AiAiEcho(3659): Ranked targets strategy: WEIGHTED, count: 2, ranking metadata: { cardId: TIPS-2029576961, card type: TIPS, update time: 2023-05-16T14:36:04.811Z, expiration time: 2023-05-19T14:36:04.601Z, ranking metadata: RankingMetaData(urgency=0.992, priority=1.0, recency=1.0, rankScore=0.992, importantTimePoints=# krk@7bca4) }, { cardId: WEATHER-569377243, card type: WEATHER, update time: 2023-05-16T14:21:34Z, expiration time: 2023-05-16T15:00:00Z, ranking metadata: RankingMetaData(urgency=0.902, priority=0.3, recency=0.8, rankScore=0.27060002, importantTimePoints=# krk@7bca4) }
05-16 07:39:27.447: I/AiAiEcho(3659): #postPredictionTargets: Sending updates to UISurface lockscreen with targets# 1
05-16 07:39:27.447: I/Telecom(1495): DefaultDialerCache: Refreshing default dialer for user 0: now com.google.android.dialer: DDC.oR@Afc
05-16 07:39:27.447: I/AiAiEcho(3659): #postPredictionTargets: Sending updates to UISurface home with targets# 1
05-16 07:39:27.448: I/BcSmartspaceCard(3132): setFormattedContentDescription: textView=SUBTITLE, text=Tap for tips, iconDescription=, contentDescription=Tap for tips
05-16 07:39:27.449: W/A(3737): Failed to notify listeners
05-16 07:39:27.449: W/A(3737): java.util.concurrent.CancellationException
05-16 07:39:27.449: W/A(3737): at java.util.concurrent.FutureTask.report(FutureTask.java:121)
05-16 07:39:27.449: W/A(3737): at java.util.concurrent.FutureTask.get(FutureTask.java:191)
05-16 07:39:27.449: W/A(3737): at com.google.common.util.concurrent.bv.get(PG:1)
05-16 07:39:27.449: W/A(3737): at com.google.common.util.concurrent.ed.a(PG:1)
05-16 07:39:27.449: W/A(3737): at com.google.common.util.concurrent.cj.r(PG:2)
05-16 07:39:27.449: W/A(3737): at com.google.common.util.concurrent.cc.run(PG:4)
05-16 07:39:27.449: W/A(3737): at com.google.common.util.concurrent.bg.execute(PG:1)
05-16 07:39:27.449: W/A(3737): at com.google.common.util.concurrent.bj.c(PG:1)
05-16 07:39:27.449: W/A(3737): at com.google.common.util.concurrent.bj.b(PG:3)
05-16 07:39:27.449: W/A(3737): at com.google.common.util.concurrent.cy.done(PG:1)
05-16 07:39:27.449: W/A(3737): at java.util.concurrent.FutureTask.finishCompletion(FutureTask.java:381)
05-16 07:39:27.449: W/A(3737): at java.util.concurrent.FutureTask.cancel(FutureTask.java:179)
05-16 07:39:27.449: W/A(3737): at com.google.common.util.concurrent.bv.cancel(PG:1)
05-16 07:39:27.449: W/A(3737): at com.google.android.apps.search.assistant.platform.ondevice.fulfillment.server.j.q.run(PG:1)
05-16 07:39:27.449: W/A(3737): at com.google.apps.tiktok.tracing.ek.run(PG:2)
05-16 07:39:27.449: W/A(3737): at java.util.concurrent.Executors$RunnableAdapter.call(Executors.java:463)
05-16 07:39:27.449: W/A(3737): at com.google.common.util.concurrent.ea.a(PG:1)
05-16 07:39:27.449: W/A(3737): at com.google.common.util.concurrent.cw.run(PG:4)
05-16 07:39:27.449: W/A(3737): at com.google.common.util.concurrent.eb.run(PG:1)
05-16 07:39:27.449: W/A(3737): at com.google.android.libraries.i.af.run(PG:1)
05-16 07:39:27.449: W/A(3737): at com.google.android.libraries.i.an.run(PG:23)
05-16 07:39:27.449: W/A(3737): at com.google.android.libraries.i.l.run(PG:2)
05-16 07:39:27.449: W/A(3737): at com.google.android.libraries.i.q.run(PG:4)
05-16 07:39:27.449: W/A(3737): at java.lang.Thread.run(Thread.java:1012)
05-16 07:39:27.449: I/AiAiEcho(3659): #postPredictionTargets: Sending updates to UISurface lockscreen with targets# 1
05-16 07:39:27.449: I/AiAiEcho(3659): #postPredictionTargets: Sending updates to UISurface home with targets# 1
05-16 07:39:27.453: I/BcSmartspaceCard(3132): setFormattedContentDescription: textView=SUBTITLE, text=Tap for tips, iconDescription=, contentDescription=Tap for tips
05-16 07:39:27.456: I/PermissionControllerServiceImpl(3480): Updating user sensitive for uid 10257
05-16 07:39:27.457: I/PermissionControllerServiceImpl(3480): Updating user sensitive for uid 10257
05-16 07:39:27.462: I/Finsky(14188): [2] qqh.ahl(1): DTU: Received onPackageAdded, replacing: false
05-16 07:39:27.463: I/Finsky(14188): [78] jlf.a(5): AIM: AppInfoManager-Perf > OnDeviceAppInfo > cacheHitCount=0, cacheMissCount=1. Missed in cache (limit 10) : [com.google.android.gms.policy_test_support]
05-16 07:39:27.464: I/Finsky(14188): [78] jiv.apply(110): AIM: Got app ownership map. App counts: . Unique apps: 0
05-16 07:39:27.466: I/ProvidersCache(6803): Provider returned no roots. Possibly naughty: com.google.android.apps.docs.storage
05-16 07:39:27.467: I/Finsky(14188): [212] aw.a(5): Asset module storage cleared for package com.google.android.gms.policy_test_support.
05-16 07:39:27.471: I/Finsky(14188): [2] aguv.c(5): Do not start WearSupportService due to Wear service optimization
05-16 07:39:27.471: I/Finsky(14188): [2] aacd.f(8): Clearing split related stale data.
05-16 07:39:27.474: D/CarrierSvcBindHelper(2974): onPackageAdded: com.google.android.gms.policy_test_support
05-16 07:39:27.474: D/CarrierSvcBindHelper(2974): No carrier app for: 0
05-16 07:39:27.475: D/CarrierSvcBindHelper(2974): No carrier app for: 1
05-16 07:39:27.476: E/VvmPkgInstalledRcvr(2974): cannot create TelephonyManager from ComponentInfo{com.android.phone/com.android.services.telephony.TelephonyConnectionService}, E, UserHandle{0}
05-16 07:39:27.477: I/Finsky(14188): [2] vny.g(0): vny - Received: android.intent.action.PACKAGE_CHANGED, [TAsD3pqu7qg-JZYPvpWmQGEwsDQ0NnuVQpcaQGQjJQU]
05-16 07:39:27.478: I/Finsky(14188): [209] oin.run(16): Wrote row to frosting DB: 397
05-16 07:39:27.478: D/RegisteredNfcFServicesCache(3748): Service unchanged, not updating
05-16 07:39:27.481: I/Finsky(14188): [82] jlf.a(5): AIM: AppInfoManager-Perf > OnDeviceAppInfo > cacheHitCount=0, cacheMissCount=1. Missed in cache (limit 10) : [com.google.android.gms.policy_test_support]
05-16 07:39:27.482: I/Finsky(14188): [82] jiv.apply(110): AIM: Got app ownership map. App counts: . Unique apps: 0
05-16 07:39:27.486: I/GamesModuleFactoryProvi(15673): Creating production RootComponent asynchronously. [CONTEXT service_id=1 ]
05-16 07:39:27.499: D/CarrierSvcBindHelper(2974): onPackageModified: com.google.android.gms.policy_test_support
05-16 07:39:27.499: I/Finsky(14188): [209] oin.run(16): Wrote row to frosting DB: 398
05-16 07:39:27.500: D/CarrierSvcBindHelper(2974): No carrier app for: 0
05-16 07:39:27.500: D/CarrierSvcBindHelper(2974): No carrier app for: 1
05-16 07:39:27.501: D/ImsResolver(2974): maybeAddedImsService, packageName: com.google.android.gms.policy_test_support
05-16 07:39:27.502: D/RegisteredNfcFServicesCache(3748): Service unchanged, not updating
05-16 07:39:27.503: D/SecureElementService(2906): getReaders() for com.android.nfc
05-16 07:39:27.505: D/ImsResolver(2974): maybeAddedImsService, packageName: com.google.android.gms.policy_test_support
05-16 07:39:27.508: E/VerityUtils(1495): Failed to measure fs-verity, errno 1: /data/app/~~ikt1-6l7_kOOIoAYcgiSLg==/com.google.android.gms.policy_test_support-UQ439ZagNoXyLN_8Jw5Eaw==/base.apk
05-16 07:39:27.510: I/SecureElement-Terminal-SIM2(2906): isNfcEventAllowed: No access rules for checking.
05-16 07:39:27.513: I/Fitness(10395): OnPackageChangedOperation got intent: Intent { act=android.intent.action.PACKAGE_CHANGED dat=package: flg=0x5000010 pkg=com.google.android.gms cmp=com.google.android.gms/.chimera.PersistentIntentOperationService (has extras) } [CONTEXT service_id=17 ]
05-16 07:39:27.514: I/GmsModuleFndr(15673): Beginning GMS chimera module scan
05-16 07:39:27.516: I/EuiccGoogle(3449): [2] UiccSlotsManager.getFirstActiveEuiccSlotId: isRemovableEsimDefault: false
05-16 07:39:27.516: D/SecureElementService(2906): getReaders() for com.android.nfc
05-16 07:39:27.516: I/Finsky(14188): [209] oin.run(16): Wrote row to frosting DB: 399
05-16 07:39:27.517: I/EuiccGoogle(3449): [2] EuiccServiceImpl.onCreate: onCreate DSDS mode: simCardState is 11
05-16 07:39:27.517: I/EuiccGoogle(3449): [2] Partner.getResourceEntry: Partner app=com.google.android.euiccoverlay, Resource name=esim_supported_countries, type=string, id = 0
05-16 07:39:27.517: I/EuiccGoogle(3449): [2] Partner.getResourceEntry: Partner app=com.google.android.euiccoverlay, Resource name=esim_unsupported_countries, type=string, id = 2130903040
05-16 07:39:27.519: I/SecureElement-Terminal-SIM2(2906): isNfcEventAllowed: No access rules for checking.
05-16 07:39:27.523: I/ProximityAuth(10395): [RecentAppsMediator] Package added: (user=UserHandle{0}) com.google.android.gms.policy_test_support
05-16 07:39:27.523: W/GCM(10395): Unexpected forwarded intent: Intent { act=android.intent.action.PACKAGE_ADDED dat=package: flg=0x4000010 pkg=com.google.android.gms cmp=com.google.android.gms/.chimera.PersistentIntentOperationService (has extras) }
05-16 07:39:27.525: I/FontLog(10395): Package com.google.android.gms.policy_test_support has no metadata [CONTEXT service_id=132 ]
05-16 07:39:27.525: W/GCM(10395): Unexpected forwarded intent: Intent { act=android.intent.action.PACKAGE_ADDED dat=package: flg=0x4000010 pkg=com.google.android.gms cmp=com.google.android.gms/.chimera.PersistentIntentOperationService (has extras) }
05-16 07:39:27.527: I/ModuleSetMgr(15673): Computing pending module set with APKs: [[AdsFdrDynamite.integ:231004600100000], [GamePlatform.optional:230914190000], [Games.optional:230914100000], [MapsCoreDynamite.integ:224312102100400], [MlkitBarcodeUi.optional:230914100000], [MlkitOcrCommon.optional:230914100400], [TfliteDynamiteDynamite.integ:231406200100400], [VisionBarcode.optional:230914100400], [VisionOcrDynamite.integ:231602400100000], [AdsFdrDynamite.integ:224400003100000], [Cronetdynamite:230914190400], [Dynamiteloader:230914190000], [Dynamitemodulesa:230914190000], [Dynamitemodulesc:230914190000], [Googlecertificates:230914190000], [Mapsdynamite:230914190000], [Measurementdynamite:230914190000], [SidecarAps.integ:2052100000]]
05-16 07:39:27.537: I/ModuleSetMgr(15673): Pending container module APKs: [[GamePlatform.optional:230914190000], [Games.optional:230914100000], [MapsCoreDynamite.integ:224312102100400], [MlkitBarcodeUi.optional:230914100000], [MlkitOcrCommon.optional:230914100400], [VisionBarcode.optional:230914100400]]
05-16 07:39:27.537: I/ModuleSetMgr(15673): Pending non-container module APKs: [[VisionOcrDynamite.integ:231602400100000], [TfliteDynamiteDynamite.integ:231406200100400], [AdsFdrDynamite.integ:231004600100000]]
05-16 07:39:27.539: I/EuiccGoogle(3449): [80] EuiccServiceImpl.onGetEuiccProfileInfoList: onGetEuiccProfileInfoList: slotId = 0
05-16 07:39:27.542: I/Fitness(10395): FitCleanupIntentOperation received Intent android.intent.action.PACKAGE_CHANGED [CONTEXT service_id=17 ]
05-16 07:39:27.543: I/Icing(15673): IndexChimeraService.getServiceInterface callingPackage=com.google.android.gms componentName=AppsCorpus serviceId=36
05-16 07:39:27.543: I/EuiccGoogle(3449): [80] EuiccServiceImpl.onGetEuiccProfileInfoList: slotId = 0, isRemovable = false
05-16 07:39:27.543: I/EuiccGoogle(3449): [80] EuiccServiceImpl.onGetEuiccProfileInfoList: onGetEuiccProfileInfoList: isRemovable = false.
05-16 07:39:27.543: I/EuiccGoogle(3449): [80] EuiccServiceImpl.getSimCardState: getSimCardState for slotId: 0
05-16 07:39:27.546: I/EuiccGoogle(3449): [80] EuiccServiceImpl.onGetEuiccProfileInfoList: GetEuiccProfileInfoListResult: simCardState :11and simCardStateAtTelephony:11 for slot:0
05-16 07:39:27.546: I/EuiccGoogle(3449): [80] EuiccServiceImpl.getProfileInfoList: getProfileInfoList: slotId = 0.
05-16 07:39:27.546: I/EuiccGoogle(3449): [80] EuiccServiceImpl.getEidFromSlotId: getEidFromSlotId: slotId = 0.
05-16 07:39:27.546: I/EuiccGoogle(3449): [80] UiccSlotsManager.getEidForSlot: getEidForSlot: 0
05-16 07:39:27.547: I/Finsky(14188): [73] ycx.accept(55): SCH: Scheduling phonesky job Id: 12-1, CT: 1684247967476, Constraints: [{ L: 15000, D: 86400000, C: 1, I: 1, N: 1 }]
05-16 07:39:27.548: I/EuiccGoogle(3449): [80] BlockingEuiccCardManager.requestAllProfiles: requestAllProfiles: cardId = [OD3cfHYRI633IGgpT2gc8b0yjRE]
05-16 07:39:27.550: I/Fitness(10395): OnPackageChangedOperation got intent: Intent { act=android.intent.action.PACKAGE_CHANGED dat=package: flg=0x5000010 pkg=com.google.android.gms cmp=com.google.android.gms/.chimera.PersistentIntentOperationService (has extras) } [CONTEXT service_id=17 ]
05-16 07:39:27.552: I/Finsky(14188): [82] ycy.apply(69): SCH: Scheduling 1 system job(s)
05-16 07:39:27.552: I/Fitness(10395): FitCleanupIntentOperation received Intent android.intent.action.PACKAGE_CHANGED [CONTEXT service_id=17 ]
05-16 07:39:27.553: I/Finsky(14188): [82] ysd.d(4): SCH: Scheduling system job Id: 9289, L: 14923, D: 73820812, C: false, I: false, N: 1
05-16 07:39:27.561: I/Finsky(14188): [70] jvi.abQ(78): [ContentSync] finished, scheduled=true
05-16 07:39:27.578: W/PackageParser(15673): Unknown element under <manifest>: queries at /data/user_de/0/com.google.android.gms/app_chimera/m/0000000b/AdsDynamite.apk Binary XML file line #11
05-16 07:39:27.583: W/Icing(15673): No valid account for uploading user actions
05-16 07:39:27.590: W/ChimeraUtils(10395): Module com.google.android.gms.nearby_en has empty metadata display_name_string_id
05-16 07:39:27.594: W/PackageManager(1495): Failed registering loading progress callback. Package is fully loaded.
05-16 07:39:27.594: W/ChimeraUtils(10395): Module com.google.android.gms.nearby_en has empty metadata display_name_string_id
05-16 07:39:27.595: I/Icing(15673): Usage reports ok 0, Failed Usage reports 0, indexed 0, rejected 0
05-16 07:39:27.602: W/WindowMagnificationMgr(1495): requestConnection duplicated request: connect=false, mConnectionState=DISCONNECTED
05-16 07:39:27.605: W/ChimeraUtils(10395): Module com.google.android.gms.nearby_en has empty metadata display_name_string_id
05-16 07:39:27.608: I/Icing(15673): Indexing com.google.android.gms-apps from com.google.android.gms
05-16 07:39:27.613: I/Finsky(14188): [73] jlc.a(11): AIM: AppInfoManager-Perf > ItemModel > CacheSize=0, cacheHitCount=0, cacheMissCount=1, total appsWithNoServerDataCount=0. Missed in cache (limit 10) : [com.google.android.gms.policy_test_support]
05-16 07:39:27.613: I/Finsky(14188): [73] jle.n(3): AIM: AppInfoManager-Perf > ItemModel > ItemStore Called 1 apps cacheOptions = USE_CACHE
05-16 07:39:27.614: I/Finsky(14188): [73] jlc.a(98): AIM: ItemModel fetch - unauth(1), auth()
05-16 07:39:27.615: I/Finsky(14188): [78] rom.apply(5): ItemStore: Not cached: com.google.android.gms.policy_test_support
05-16 07:39:27.626: I/Icing(15673): Indexing done com.google.android.gms-apps
05-16 07:39:27.630: I/Icing(15673): Indexing com.google.android.gms-apps from com.google.android.gms
05-16 07:39:27.637: I/PackageManager(1495): Integrity check passed for file:///data/app/vmdl1712575403.tmp
05-16 07:39:27.656: I/Finsky(14188): [83] jlc.a(11): AIM: AppInfoManager-Perf > ItemModel > CacheSize=0, cacheHitCount=0, cacheMissCount=1, total appsWithNoServerDataCount=0. Missed in cache (limit 10) : [com.google.android.gms.policy_test_support]
05-16 07:39:27.658: I/Finsky(14188): [83] jle.n(3): AIM: AppInfoManager-Perf > ItemModel > ItemStore Called 1 apps cacheOptions = USE_CACHE
05-16 07:39:27.658: I/Finsky(14188): [83] jlc.a(98): AIM: ItemModel fetch - unauth(1), auth()
05-16 07:39:27.659: I/Finsky(14188): [78] rom.apply(5): ItemStore: Not cached: com.google.android.gms.policy_test_support
05-16 07:39:27.661: W/PackageParser(15673): Unknown element under <manifest>: queries at /data/user_de/0/com.google.android.gms/app_chimera/m/0000001b/dl-AdsFdrDynamite.integ_231004600100000.apk Binary XML file line #15
05-16 07:39:27.662: I/Icing(15673): Indexing done com.google.android.gms-apps
05-16 07:39:27.666: I/EuiccGoogle(3449): [81] EuiccServiceImpl.onGetEuiccProfileInfoList: onGetEuiccProfileInfoList: slotId = 0
05-16 07:39:27.667: I/AiAiEcho(3659): EchoSearch: AppFetcherImpl is initialized with [24] apps [time=72, reason=com.google.android.gms.policy_test_support is added]
05-16 07:39:27.706: E/Finsky(14188): [82] rou.a(16): ItemStore: getItems RPC failed.
05-16 07:39:27.706: E/Finsky(14188): [73] rou.a(16): ItemStore: getItems RPC failed.
05-16 07:39:27.726: W/ChimeraUtils(10395): Module com.google.android.gms.nearby_en has empty metadata display_name_string_id
05-16 07:39:27.731: I/EuiccGoogle(3449): [81] EuiccServiceImpl.onGetEuiccProfileInfoList: slotId = 0, isRemovable = false
05-16 07:39:27.731: I/EuiccGoogle(3449): [81] EuiccServiceImpl.onGetEuiccProfileInfoList: onGetEuiccProfileInfoList: isRemovable = false.
05-16 07:39:27.731: I/EuiccGoogle(3449): [81] EuiccServiceImpl.getSimCardState: getSimCardState for slotId: 0
05-16 07:39:27.737: I/AiAiStatsd(3659): Successfully logged feature enablement for ECHO_ALL_APPS.
05-16 07:39:27.746: W/ChimeraUtils(10395): Module com.google.android.gms.nearby_en has empty metadata display_name_string_id
05-16 07:39:27.748: W/ChimeraUtils(10395): Module com.google.android.gms.nearby_en has empty metadata display_name_string_id
05-16 07:39:27.749: I/EuiccGoogle(3449): [81] EuiccServiceImpl.onGetEuiccProfileInfoList: GetEuiccProfileInfoListResult: simCardState :11and simCardStateAtTelephony:11 for slot:0
05-16 07:39:27.749: I/EuiccGoogle(3449): [81] EuiccServiceImpl.getProfileInfoList: getProfileInfoList: slotId = 0.
05-16 07:39:27.749: I/EuiccGoogle(3449): [81] EuiccServiceImpl.getEidFromSlotId: getEidFromSlotId: slotId = 0.
05-16 07:39:27.749: I/EuiccGoogle(3449): [81] UiccSlotsManager.getEidForSlot: getEidForSlot: 0
05-16 07:39:27.750: W/ChimeraModuleApk(15673): Failed to read chimera manifests from InstalledApk(com.google.android.gms.policy_test_support): ChimeraManifest.pb
05-16 07:39:27.760: I/EuiccGoogle(3449): [81] BlockingEuiccCardManager.requestAllProfiles: requestAllProfiles: cardId = [OD3cfHYRI633IGgpT2gc8b0yjRE]
05-16 07:39:27.760: W/ziparchive(1495): Unable to open '/data/app/~~HImdXeMnR3ELV0l1KdXvvw==/com.google.android.gmscore.testing.testsupport-4ljY_h-SwCRCJwj8-HT9BQ==/base.dm': No such file or directory
05-16 07:39:27.760: I/PackageDexOptimizer(1495): Running dexopt (dexoptNeeded=1) on: /data/app/~~HImdXeMnR3ELV0l1KdXvvw==/com.google.android.gmscore.testing.testsupport-4ljY_h-SwCRCJwj8-HT9BQ==/base.apk pkg=com.google.android.gmscore.testing.testsupport isa=arm64 dexoptFlags=boot_complete,profile_guided,public,enable_hidden_api_checks targetFilter=speed-profile oatDir=/data/app/~~HImdXeMnR3ELV0l1KdXvvw==/com.google.android.gmscore.testing.testsupport-4ljY_h-SwCRCJwj8-HT9BQ==/oat classLoaderContext=PCL[]{PCL[/system/framework/android.test.base.jar]#PCL[/system/framework/org.apache.http.legacy.jar]}
05-16 07:39:27.763: V/installd(984): DexInv: --- BEGIN '/data/app/~~HImdXeMnR3ELV0l1KdXvvw==/com.google.android.gmscore.testing.testsupport-4ljY_h-SwCRCJwj8-HT9BQ==/base.apk' ---
05-16 07:39:27.763: V/installd(984): Running /apex/com.android.art/bin/dex2oat64 in=base.apk out=/data/app/~~HImdXeMnR3ELV0l1KdXvvw==/com.google.android.gmscore.testing.testsupport-4ljY_h-SwCRCJwj8-HT9BQ==/oat/arm64/base.odex
05-16 07:39:27.764: I/AiAiEcho(3659): EchoSearch: WidgetFetcherImpl is initialized with [25] widgets [reason=package added for userId: 0]
05-16 07:39:27.765: I/Icing(15673): IndexChimeraService.getServiceInterface callingPackage=com.google.android.gms componentName=null serviceId=30
05-16 07:39:27.767: I/system_server(1495): Background concurrent copying GC freed 1570242(81MB) AllocSpace objects, 170(3748KB) LOS objects, 75% free, 29MB/117MB, paused 238us,244us total 389.728ms
05-16 07:39:27.783: W/dex2oat64(16544): Mismatch between dex2oat instruction set features to use (ISA: Arm64 Feature string: -a53,crc,lse,fp16,dotprod,-sve) and those from CPP defines (ISA: Arm64 Feature string: -a53,-crc,-lse,-fp16,-dotprod,-sve) for the command line:
05-16 07:39:27.783: W/dex2oat64(16544): /apex/com.android.art/bin/dex2oat64 --zip-fd=7 --zip-location=base.apk --oat-fd=8 --oat-location=/data/app/~~HImdXeMnR3ELV0l1KdXvvw==/com.google.android.gmscore.testing.testsupport-4ljY_h-SwCRCJwj8-HT9BQ==/oat/arm64/base.odex --input-vdex-fd=-1 --output-vdex-fd=9 --swap-fd=10 --classpath-dir=/data/app/~~HImdXeMnR3ELV0l1KdXvvw==/com.google.android.gmscore.testing.testsupport-4ljY_h-SwCRCJwj8-HT9BQ== --class-loader-context=PCL[]{PCL[/system/framework/android.test.base.jar]#PCL[/system/framework/org.apache.http.legacy.jar]} --compact-dex-level=none --instruction-set=arm64 --instruction-set-features=default --instruction-set-variant=cortex-a55 --compiler-filter=speed-profile --compilation-reason=install --max-image-block-size=524288 --resolve-startup-const-strings=true --generate-mini-debug-info --runtime-arg -Xtarget-sdk-version:25 --runtime-arg -Xhidden-api-policy:enabled --cpu-set=0,1,2,3,4,5,6,7 -j8 --runtime-arg -Xms64m --runtime-arg -Xmx512m
05-16 07:39:27.783: I/dex2oat64(16544): /apex/com.android.art/bin/dex2oat64 --input-vdex-fd=-1 --output-vdex-fd=9 --classpath-dir=/data/app/~~HImdXeMnR3ELV0l1KdXvvw==/com.google.android.gmscore.testing.testsupport-4ljY_h-SwCRCJwj8-HT9BQ== --class-loader-context=PCL[]{PCL[/system/framework/android.test.base.jar]#PCL[/system/framework/org.apache.http.legacy.jar]} --compact-dex-level=none --compiler-filter=speed-profile --compilation-reason=install --max-image-block-size=524288 --resolve-startup-const-strings=true --generate-mini-debug-info --cpu-set=0,1,2,3,4,5,6,7 -j8
05-16 07:39:27.784: W/Icing(15673): No valid account for uploading user actions
05-16 07:39:27.795: W/ChimeraCfgRslvr(15673): Can't get Chimera manifests from ApkDescriptor(INSTALLED, com.google.android.gms.policy_test_support)
05-16 07:39:27.803: W/System(1495): A resource failed to call close.
05-16 07:39:27.804: I/Icing(15673): Usage reports ok 0, Failed Usage reports 0, indexed 0, rejected 0
05-16 07:39:27.809: W/System(1495): A resource failed to call close.
05-16 07:39:27.825: I/gle.android.gms(15673): Compiler allocated 4835KB to compile java.util.ArrayList gxr.c(java.util.List, boolean)
05-16 07:39:27.902: I/WifiHAL(892): Creating message to get link statistics; iface = 47
05-16 07:39:27.911: I/ChimeraCfgMgr(15673): Updating module config: ads_fdr:2310046005100000,container:2309149190400+game_platform+games+maps_core+mlkit.barcode.ui+mlkit.ocr.common+vision.barcode,tflite_dynamite:2314062005100400+tflite_dynamite,vision_ocr:2316024005100000+vision.ocr -> ads_fdr:2310046005100000,container:2309149190400+game_platform+games+maps_core+mlkit.barcode.ui+mlkit.ocr.common+vision.barcode,tflite_dynamite:2314062005100400+tflite_dynamite,vision_ocr:2316024005100000+vision.ocr
05-16 07:39:27.911: E/DowngradeHelper(15673): isModuleDowngradeRequired false
05-16 07:39:27.930: W/BroadcastQueue(1495): Background execution not allowed: receiving Intent { act=com.google.android.chimera.MODULE_CONFIGURATION_CHANGED flg=0x10 (has extras) } to com.google.android.gms/.chimera.GmsIntentOperationService$PersistentInternalReceiver
05-16 07:39:27.950: I/GmsDebugLogger(15673): [46] ads_fdr:2310046005100000,container:2309149190400+game_platform+games+maps_core+mlkit.barcode.ui+mlkit.ocr.common+vision.barcode,tflite_dynamite:2314062005100400+tflite_dynamite,vision_ocr:2316024005100000+vision.ocr
05-16 07:39:27.951: I/WifiHAL(892): In GetLinkStatsCommand::handleResponse
05-16 07:39:27.955: I/Auth(15673): [SupervisedAccountIntentOperation] onHandleIntent(): android.intent.action.PACKAGE_ADDED
05-16 07:39:27.962: D/BoundBrokerSvc(15673): onBind: Intent { act=com.google.android.gms.common.BIND_SHARED_PREFS pkg=com.google.android.gms }
05-16 07:39:27.962: D/BoundBrokerSvc(15673): Loading bound service for intent: Intent { act=com.google.android.gms.common.BIND_SHARED_PREFS pkg=com.google.android.gms }
05-16 07:39:27.966: I/BlockstoreStorage(15673): Clearing Blockstore Data for package com.google.android.gms.policy_test_support [CONTEXT service_id=258 ]
05-16 07:39:27.969: D/BoundBrokerSvc(15673): onUnbind: Intent { act=com.google.android.gms.common.BIND_SHARED_PREFS pkg=com.google.android.gms }
05-16 07:39:27.977: I/BlockstoreStorage(15673): Keyless data not found or its IsLastInstallationData = false. [CONTEXT service_id=258 ]
05-16 07:39:27.984: I/dex2oat64(16544): dex2oat took 203.362ms (315.543ms cpu) (threads: 8) arena alloc=0B (0B) java alloc=1964KB (2011424B) native alloc=1861KB (1906096B) free=1594KB (1633040B)
05-16 07:39:27.987: I/Dck(15673): doesDeviceHaveSupportedWirelessCapabilities: wccSysProp:3, wccMendel:1, deviceWccOverride:false [CONTEXT service_id=289 ]
05-16 07:39:27.988: D/BoundBrokerSvc(10395): onBind: Intent { act=com.google.android.gms.nearby.exposurenotification.START dat=chimera-action:/... cmp=com.google.android.gms/.chimera.PersistentApiServiceNoInstantApps }
05-16 07:39:27.988: D/BoundBrokerSvc(10395): Loading bound service for intent: Intent { act=com.google.android.gms.nearby.exposurenotification.START dat=chimera-action:/... cmp=com.google.android.gms/.chimera.PersistentApiServiceNoInstantApps }
05-16 07:39:27.989: W/ProviderHelper(15673): Unknown dynamite feature providerinstaller.dynamite
05-16 07:39:27.989: I/DynamiteModule(15673): Considering local module com.google.android.gms.providerinstaller.dynamite:1 and remote module com.google.android.gms.providerinstaller.dynamite:0
05-16 07:39:27.989: I/DynamiteModule(15673): Selected local version of com.google.android.gms.providerinstaller.dynamite
05-16 07:39:27.989: E/PhenotypeRegOp(15673): Attempting to overwrite config package for com.google.android.gms.maps#com.google.android.gms [CONTEXT service_id=231 ]
05-16 07:39:27.990: E/PhenotypeRegOp(15673): Attempting to overwrite config package for com.google.android.gms.cast [CONTEXT service_id=231 ]
05-16 07:39:27.990: E/PhenotypeRegOp(15673): Attempting to overwrite config package for com.google.android.gms.mobile_data_plan [CONTEXT service_id=231 ]
05-16 07:39:27.990: E/PhenotypeRegOp(15673): Attempting to overwrite config package for com.google.android.gms.udc [CONTEXT service_id=231 ]
05-16 07:39:27.990: E/PhenotypeRegOp(15673): Attempting to overwrite config package for com.google.android.gms.vision [CONTEXT service_id=231 ]
05-16 07:39:27.991: I/Dck(15673): isDckModuleEligible: isAtLeastR:true, hasWccSupport:true, downloadAllowed:true [CONTEXT service_id=289 ]
05-16 07:39:27.991: V/installd(984): DexInv: --- END '/data/app/~~HImdXeMnR3ELV0l1KdXvvw==/com.google.android.gmscore.testing.testsupport-4ljY_h-SwCRCJwj8-HT9BQ==/base.apk' (success) ---
05-16 07:39:27.992: W/PackageManager(1495): User 0 is not ready. Restore at install didn't take place.
05-16 07:39:27.995: D/PackageInstallerSession(1495): Marking session 1712575403 as applied
05-16 07:39:27.995: E/installd(984): Couldn't opendir /data/app/vmdl1712575403.tmp: No such file or directory
05-16 07:39:27.996: E/installd(984): Failed to delete /data/app/vmdl1712575403.tmp: No such file or directory
05-16 07:39:27.996: I/GmsModuleFndr(15673): Beginning GMS chimera module scan
05-16 07:39:27.998: I/ModuleSetMgr(15673): Computing pending module set with APKs: [[AdsFdrDynamite.integ:231004600100000], [GamePlatform.optional:230914190000], [Games.optional:230914100000], [MapsCoreDynamite.integ:224312102100400], [MlkitBarcodeUi.optional:230914100000], [MlkitOcrCommon.optional:230914100400], [TfliteDynamiteDynamite.integ:231406200100400], [VisionBarcode.optional:230914100400], [VisionOcrDynamite.integ:231602400100000], [AdsFdrDynamite.integ:224400003100000], [Cronetdynamite:230914190400], [Dynamiteloader:230914190000], [Dynamitemodulesa:230914190000], [Dynamitemodulesc:230914190000], [Googlecertificates:230914190000], [Mapsdynamite:230914190000], [Measurementdynamite:230914190000], [TestSupport.integ:13745000000], [SidecarAps.integ:2052100000]]
05-16 07:39:28.007: I/ModuleSetMgr(15673): Pending container module APKs: [[GamePlatform.optional:230914190000], [Games.optional:230914100000], [MapsCoreDynamite.integ:224312102100400], [MlkitBarcodeUi.optional:230914100000], [MlkitOcrCommon.optional:230914100400], [VisionBarcode.optional:230914100400]]
05-16 07:39:28.007: I/ModuleSetMgr(15673): Pending non-container module APKs: [[VisionOcrDynamite.integ:231602400100000], [TfliteDynamiteDynamite.integ:231406200100400], [AdsFdrDynamite.integ:231004600100000]]
05-16 07:39:28.008: W/ChimeraUtils(10395): Module com.google.android.gms.nearby_en has empty metadata display_name_string_id
05-16 07:39:28.009: D/CompatibilityChangeReporter(1495): Compat change id reported: 168419799; UID 10258; state: DISABLED
05-16 07:39:28.014: I/GsaVoiceInteractionSrv(3737): O received Intent { act=android.intent.action.PACKAGE_ADDED dat=package: flg=0x4000010 (has extras) }
05-16 07:39:28.014: D/CompatibilityChangeReporter(1495): Compat change id reported: 218533173; UID 10258; state: DISABLED
05-16 07:39:28.015: I/MediaProvider(3676): Invalidating LocalCallingIdentity cache for package com.google.android.gmscore.testing.testsupport. Reason: package android.intent.action.PACKAGE_ADDED
05-16 07:39:28.017: I/Telecom(1495): DefaultDialerCache: Refreshing default dialer for user 0: now com.google.android.dialer: DDC.oR@Afo
05-16 07:39:28.017: V/MediaPlayerList(2838): mPackageChangedBroadcastReceiver: action: android.intent.action.PACKAGE_ADDED
05-16 07:39:28.017: D/MediaPlayerList(2838): Name of package changed: com.google.android.gmscore.testing.testsupport
05-16 07:39:28.018: I/Finsky(14188): [2] vny.g(0): vny - Received: android.intent.action.PACKAGE_ADDED, [Cfp7IzF5TvVG3xiSuASXeJDeHWm6HS2AulwLaqmOV14]
05-16 07:39:28.019: I/InputReader(1495): Reconfiguring input devices, changes=KEYBOARD_LAYOUTS |
05-16 07:39:28.020: W/BroadcastQueue(1495): Background execution not allowed: receiving Intent { act=android.intent.action.PACKAGE_ADDED dat=package: flg=0x4000010 (has extras) } to com.google.android.packageinstaller/com.android.packageinstaller.PackageInstalledReceiver
05-16 07:39:28.021: I/PermissionControllerServiceImpl(3480): Updating user sensitive for uid 10258
05-16 07:39:28.032: W/ChimeraUtils(10395): Module com.google.android.gms.nearby_en has empty metadata display_name_string_id
05-16 07:39:28.033: W/A(3737): Failed to notify listeners
05-16 07:39:28.033: W/A(3737): java.util.concurrent.CancellationException
05-16 07:39:28.033: W/A(3737): at java.util.concurrent.FutureTask.report(FutureTask.java:121)
05-16 07:39:28.033: W/A(3737): at java.util.concurrent.FutureTask.get(FutureTask.java:191)
05-16 07:39:28.033: W/A(3737): at com.google.common.util.concurrent.bv.get(PG:1)
05-16 07:39:28.033: W/A(3737): at com.google.common.util.concurrent.ed.a(PG:1)
05-16 07:39:28.033: W/A(3737): at com.google.common.util.concurrent.cj.r(PG:2)
05-16 07:39:28.033: W/A(3737): at com.google.common.util.concurrent.cc.run(PG:4)
05-16 07:39:28.033: W/A(3737): at com.google.common.util.concurrent.bg.execute(PG:1)
05-16 07:39:28.033: W/A(3737): at com.google.common.util.concurrent.bj.c(PG:1)
05-16 07:39:28.033: W/A(3737): at com.google.common.util.concurrent.bj.b(PG:3)
05-16 07:39:28.033: W/A(3737): at com.google.common.util.concurrent.cy.done(PG:1)
05-16 07:39:28.033: W/A(3737): at java.util.concurrent.FutureTask.finishCompletion(FutureTask.java:381)
05-16 07:39:28.033: W/A(3737): at java.util.concurrent.FutureTask.cancel(FutureTask.java:179)
05-16 07:39:28.033: W/A(3737): at com.google.common.util.concurrent.bv.cancel(PG:1)
05-16 07:39:28.033: W/A(3737): at com.google.android.apps.search.assistant.platform.ondevice.fulfillment.server.j.q.run(PG:1)
05-16 07:39:28.033: W/A(3737): at com.google.apps.tiktok.tracing.ek.run(PG:2)
05-16 07:39:28.033: W/A(3737): at java.util.concurrent.Executors$RunnableAdapter.call(Executors.java:463)
05-16 07:39:28.033: W/A(3737): at com.google.common.util.concurrent.ea.a(PG:1)
05-16 07:39:28.033: W/A(3737): at com.google.common.util.concurrent.cw.run(PG:4)
05-16 07:39:28.033: W/A(3737): at com.google.common.util.concurrent.eb.run(PG:1)
05-16 07:39:28.033: W/A(3737): at com.google.android.libraries.i.af.run(PG:1)
05-16 07:39:28.033: W/A(3737): at com.google.android.libraries.i.an.run(PG:23)
05-16 07:39:28.033: W/A(3737): at com.google.android.libraries.i.l.run(PG:2)
05-16 07:39:28.033: W/A(3737): at com.google.android.libraries.i.q.run(PG:4)
05-16 07:39:28.033: W/A(3737): at java.lang.Thread.run(Thread.java:1012)
05-16 07:39:28.042: D/CarrierSvcBindHelper(2974): onPackageAdded: com.google.android.gmscore.testing.testsupport
05-16 07:39:28.043: D/CarrierSvcBindHelper(2974): No carrier app for: 0
05-16 07:39:28.043: D/CarrierSvcBindHelper(2974): No carrier app for: 1
05-16 07:39:28.043: I/Finsky(14188): [2] qqh.ahl(1): DTU: Received onPackageAdded, replacing: false
05-16 07:39:28.043: I/Finsky(14188): [83] jlf.a(5): AIM: AppInfoManager-Perf > OnDeviceAppInfo > cacheHitCount=0, cacheMissCount=1. Missed in cache (limit 10) : [com.google.android.gmscore.testing.testsupport]
05-16 07:39:28.044: I/Finsky(14188): [211] jvi.abQ(78): [ContentSync] finished, scheduled=false
05-16 07:39:28.044: I/Finsky(14188): [212] aw.a(5): Asset module storage cleared for package com.google.android.gmscore.testing.testsupport.
05-16 07:39:28.044: E/VvmPkgInstalledRcvr(2974): cannot create TelephonyManager from ComponentInfo{com.android.phone/com.android.services.telephony.TelephonyConnectionService}, E, UserHandle{0}
05-16 07:39:28.044: W/BroadcastQueue(1495): Background execution not allowed: receiving Intent { act=android.intent.action.PACKAGE_ADDED dat=package: flg=0x4000010 (has extras) } to com.android.vending/com.google.android.finsky.packagemonitor.impl.PackageMonitorReceiverImpl$RegisteredReceiver
05-16 07:39:28.049: D/ImsResolver(2974): maybeAddedImsService, packageName: com.google.android.gmscore.testing.testsupport
05-16 07:39:28.049: I/Auth(15673): [SupervisedAccountIntentOperation] onHandleIntent(): android.intent.action.PACKAGE_ADDED
05-16 07:39:28.050: I/ProximityAuth(10395): [RecentAppsMediator] Package added: (user=UserHandle{0}) com.google.android.gmscore.testing.testsupport
05-16 07:39:28.050: I/BlockstoreStorage(15673): Clearing Blockstore Data for package com.google.android.gmscore.testing.testsupport [CONTEXT service_id=258 ]
05-16 07:39:28.051: W/GCM(10395): Unexpected forwarded intent: Intent { act=android.intent.action.PACKAGE_ADDED dat=package: flg=0x4000010 pkg=com.google.android.gms cmp=com.google.android.gms/.chimera.PersistentIntentOperationService (has extras) }
05-16 07:39:28.051: I/BlockstoreStorage(15673): Keyless data not found or its IsLastInstallationData = false. [CONTEXT service_id=258 ]
05-16 07:39:28.052: W/GCM(10395): Unexpected forwarded intent: Intent { act=android.intent.action.PACKAGE_ADDED dat=package: flg=0x4000010 pkg=com.google.android.gms cmp=com.google.android.gms/.chimera.PersistentIntentOperationService (has extras) }
05-16 07:39:28.052: I/ProvidersCache(6803): Provider returned no roots. Possibly naughty: com.google.android.apps.docs.storage
05-16 07:39:28.053: W/WindowMagnificationMgr(1495): requestConnection duplicated request: connect=false, mConnectionState=DISCONNECTED
05-16 07:39:28.053: I/Dck(15673): doesDeviceHaveSupportedWirelessCapabilities: wccSysProp:3, wccMendel:1, deviceWccOverride:false [CONTEXT service_id=289 ]
05-16 07:39:28.053: I/Dck(15673): isDckModuleEligible: isAtLeastR:true, hasWccSupport:true, downloadAllowed:true [CONTEXT service_id=289 ]
05-16 07:39:28.054: I/Finsky(14188): [83] jiv.apply(110): AIM: Got app ownership map. App counts: . Unique apps: 0
05-16 07:39:28.054: I/Finsky(14188): [209] oin.run(16): Wrote row to frosting DB: 400
05-16 07:39:28.058: E/VerityUtils(1495): Failed to measure fs-verity, errno 1: /data/app/~~HImdXeMnR3ELV0l1KdXvvw==/com.google.android.gmscore.testing.testsupport-4ljY_h-SwCRCJwj8-HT9BQ==/base.apk
05-16 07:39:28.059: I/Telecom(1495): DefaultDialerCache: Refreshing default dialer for user 0: now com.google.android.dialer: DDC.oR@Af0
05-16 07:39:28.059: I/InputReader(1495): Reconfiguring input devices, changes=KEYBOARD_LAYOUTS |
05-16 07:39:28.059: V/MediaPlayerList(2838): mPackageChangedBroadcastReceiver: action: android.intent.action.PACKAGE_CHANGED
05-16 07:39:28.059: D/MediaPlayerList(2838): Name of package changed: com.google.android.gmscore.testing.testsupport
05-16 07:39:28.061: W/BroadcastQueue(1495): Background execution not allowed: receiving Intent { act=android.intent.action.PACKAGE_ADDED dat=package: flg=0x4000010 (has extras) } to com.android.vending/com.google.android.finsky.packagemonitor.backgroundimpl.BackgroundPackageMonitorReceiverImpl$RegisteredReceiver
05-16 07:39:28.061: W/BroadcastQueue(1495): Background execution not allowed: receiving Intent { act=android.intent.action.PACKAGE_ADDED dat=package: flg=0x4000010 (has extras) } to com.google.android.gms/.games.chimera.GamesSystemBroadcastReceiverProxy
05-16 07:39:28.064: W/A(3737): Failed to notify listeners
05-16 07:39:28.064: W/A(3737): java.util.concurrent.CancellationException
05-16 07:39:28.064: W/A(3737): at java.util.concurrent.FutureTask.report(FutureTask.java:121)
05-16 07:39:28.064: W/A(3737): at java.util.concurrent.FutureTask.get(FutureTask.java:191)
05-16 07:39:28.064: W/A(3737): at com.google.common.util.concurrent.bv.get(PG:1)
05-16 07:39:28.064: W/A(3737): at com.google.common.util.concurrent.ed.a(PG:1)
05-16 07:39:28.064: W/A(3737): at com.google.common.util.concurrent.cj.r(PG:2)
05-16 07:39:28.064: W/A(3737): at com.google.common.util.concurrent.cc.run(PG:4)
05-16 07:39:28.064: W/A(3737): at com.google.common.util.concurrent.bg.execute(PG:1)
05-16 07:39:28.064: W/A(3737): at com.google.common.util.concurrent.bj.c(PG:1)
05-16 07:39:28.064: W/A(3737): at com.google.common.util.concurrent.bj.b(PG:3)
05-16 07:39:28.064: W/A(3737): at com.google.common.util.concurrent.cy.done(PG:1)
05-16 07:39:28.064: W/A(3737): at java.util.concurrent.FutureTask.finishCompletion(FutureTask.java:381)
05-16 07:39:28.064: W/A(3737): at java.util.concurrent.FutureTask.cancel(FutureTask.java:179)
05-16 07:39:28.064: W/A(3737): at com.google.common.util.concurrent.bv.cancel(PG:1)
05-16 07:39:28.064: W/A(3737): at com.google.android.apps.search.assistant.platform.ondevice.fulfillment.server.j.q.run(PG:1)
05-16 07:39:28.064: W/A(3737): at com.google.apps.tiktok.tracing.ek.run(PG:2)
05-16 07:39:28.064: W/A(3737): at java.util.concurrent.Executors$RunnableAdapter.call(Executors.java:463)
05-16 07:39:28.064: W/A(3737): at com.google.common.util.concurrent.ea.a(PG:1)
05-16 07:39:28.064: W/A(3737): at com.google.common.util.concurrent.cw.run(PG:4)
05-16 07:39:28.064: W/A(3737): at com.google.common.util.concurrent.eb.run(PG:1)
05-16 07:39:28.064: W/A(3737): at com.google.android.libraries.i.af.run(PG:1)
05-16 07:39:28.064: W/A(3737): at com.google.android.libraries.i.an.run(PG:23)
05-16 07:39:28.064: W/A(3737): at com.google.android.libraries.i.l.run(PG:2)
05-16 07:39:28.064: W/A(3737): at com.google.android.libraries.i.q.run(PG:4)
05-16 07:39:28.064: W/A(3737): at java.lang.Thread.run(Thread.java:1012)
05-16 07:39:28.066: D/BoundBrokerSvc(15673): onBind: Intent { act=com.google.android.gms.common.BIND_SHARED_PREFS pkg=com.google.android.gms }
05-16 07:39:28.066: D/BoundBrokerSvc(15673): Loading bound service for intent: Intent { act=com.google.android.gms.common.BIND_SHARED_PREFS pkg=com.google.android.gms }
