05-16 07:39:28.071: W/BroadcastQueue(1495): Background execution not allowed: receiving Intent { act=android.intent.action.PACKAGE_ADDED dat=package: flg=0x4000010 (has extras) } to com.google.android.gms/.gass.chimera.PackageChangeBroadcastReceiver
05-16 07:39:28.072: I/ProvidersCache(6803): Provider returned no roots. Possibly naughty: com.google.android.apps.docs.storage
05-16 07:39:28.072: W/BroadcastQueue(1495): Background execution not allowed: receiving Intent { act=android.intent.action.PACKAGE_ADDED dat=package: flg=0x4000010 (has extras) } to com.google.android.gms/.chimera.GmsIntentOperationService$PersistentTrustedReceiver
05-16 07:39:28.072: W/BroadcastQueue(1495): Background execution not allowed: receiving Intent { act=android.intent.action.PACKAGE_ADDED dat=package: flg=0x4000010 (has extras) } to com.google.android.googlequicksearchbox/com.google.android.apps.gsa.googlequicksearchbox.GelStubAppWatcher
05-16 07:39:28.078: I/PermissionControllerServiceImpl(3480): Updating user sensitive for uid 10258
05-16 07:39:28.080: I/Finsky(14188): [2] aguv.c(5): Do not start WearSupportService due to Wear service optimization
05-16 07:39:28.080: I/Finsky(14188): [2] aacd.f(8): Clearing split related stale data.
05-16 07:39:28.083: W/PackageParser(15673): Unknown element under <manifest>: queries at /data/user_de/0/com.google.android.gms/app_chimera/m/0000000b/AdsDynamite.apk Binary XML file line #11
05-16 07:39:28.087: D/BoundBrokerSvc(15673): onUnbind: Intent { act=com.google.android.gms.common.BIND_SHARED_PREFS pkg=com.google.android.gms }
05-16 07:39:28.091: I/Finsky(14188): [2] vny.g(0): vny - Received: android.intent.action.PACKAGE_CHANGED, [Cfp7IzF5TvVG3xiSuASXeJDeHWm6HS2AulwLaqmOV14]
05-16 07:39:28.091: I/Fitness(10395): OnPackageChangedOperation got intent: Intent { act=android.intent.action.PACKAGE_CHANGED dat=package: flg=0x5000010 pkg=com.google.android.gms cmp=com.google.android.gms/.chimera.PersistentIntentOperationService (has extras) } [CONTEXT service_id=17 ]
05-16 07:39:28.095: I/Icing(15673): Indexing com.google.android.gms-apps from com.google.android.gms
05-16 07:39:28.095: I/Icing(15673): Indexing done com.google.android.gms-apps
05-16 07:39:28.099: I/Fitness(10395): FitCleanupIntentOperation received Intent android.intent.action.PACKAGE_CHANGED [CONTEXT service_id=17 ]
05-16 07:39:28.099: W/ChimeraUtils(10395): Module com.google.android.gms.nearby_en has empty metadata display_name_string_id
05-16 07:39:28.100: D/CarrierSvcBindHelper(2974): onPackageModified: com.google.android.gmscore.testing.testsupport
05-16 07:39:28.101: D/CarrierSvcBindHelper(2974): No carrier app for: 0
05-16 07:39:28.106: I/Finsky(14188): [73] jlf.a(5): AIM: AppInfoManager-Perf > OnDeviceAppInfo > cacheHitCount=0, cacheMissCount=1. Missed in cache (limit 10) : [com.google.android.gmscore.testing.testsupport]
05-16 07:39:28.107: I/Finsky(14188): [73] jiv.apply(110): AIM: Got app ownership map. App counts: . Unique apps: 0
05-16 07:39:28.109: D/CarrierSvcBindHelper(2974): No carrier app for: 1
05-16 07:39:28.109: I/Finsky(14188): [209] oin.run(16): Wrote row to frosting DB: 401
05-16 07:39:28.113: D/ImsResolver(2974): maybeAddedImsService, packageName: com.google.android.gmscore.testing.testsupport
05-16 07:39:28.113: D/RegisteredNfcFServicesCache(3748): Service unchanged, not updating
05-16 07:39:28.114: I/Finsky(14188): [209] oin.run(16): Wrote row to frosting DB: 402
05-16 07:39:28.116: I/Finsky(14188): [209] oin.run(16): Wrote row to frosting DB: 403
05-16 07:39:28.119: I/Icing(15673): Indexing com.google.android.gms-apps from com.google.android.gms
05-16 07:39:28.122: I/Icing(15673): Indexing done com.google.android.gms-apps
05-16 07:39:28.123: I/Fitness(10395): OnPackageChangedOperation got intent: Intent { act=android.intent.action.PACKAGE_CHANGED dat=package: flg=0x5000010 pkg=com.google.android.gms cmp=com.google.android.gms/.chimera.PersistentIntentOperationService (has extras) } [CONTEXT service_id=17 ]
05-16 07:39:28.127: I/Fitness(10395): FitCleanupIntentOperation received Intent android.intent.action.PACKAGE_CHANGED [CONTEXT service_id=17 ]
05-16 07:39:28.127: D/RegisteredNfcFServicesCache(3748): Service unchanged, not updating
05-16 07:39:28.129: D/SecureElementService(2906): getReaders() for com.android.nfc
05-16 07:39:28.135: I/SecureElement-Terminal-SIM2(2906): isNfcEventAllowed: No access rules for checking.
05-16 07:39:28.138: D/SecureElementService(2906): getReaders() for com.android.nfc
05-16 07:39:28.139: I/Finsky(14188): [82] jlc.a(11): AIM: AppInfoManager-Perf > ItemModel > CacheSize=0, cacheHitCount=0, cacheMissCount=1, total appsWithNoServerDataCount=0. Missed in cache (limit 10) : [com.google.android.gmscore.testing.testsupport]
05-16 07:39:28.139: I/Finsky(14188): [82] jle.n(3): AIM: AppInfoManager-Perf > ItemModel > ItemStore Called 1 apps cacheOptions = USE_CACHE
05-16 07:39:28.139: I/Finsky(14188): [82] jlc.a(98): AIM: ItemModel fetch - unauth(1), auth()
05-16 07:39:28.140: I/Finsky(14188): [78] rom.apply(5): ItemStore: Not cached: com.google.android.gmscore.testing.testsupport
05-16 07:39:28.142: I/SecureElement-Terminal-SIM2(2906): isNfcEventAllowed: No access rules for checking.
05-16 07:39:28.142: I/Finsky(14188): [73] jlc.a(11): AIM: AppInfoManager-Perf > ItemModel > CacheSize=0, cacheHitCount=0, cacheMissCount=1, total appsWithNoServerDataCount=0. Missed in cache (limit 10) : [com.google.android.gmscore.testing.testsupport]
05-16 07:39:28.143: I/Finsky(14188): [73] jle.n(3): AIM: AppInfoManager-Perf > ItemModel > ItemStore Called 1 apps cacheOptions = USE_CACHE
05-16 07:39:28.143: I/Finsky(14188): [73] jlc.a(98): AIM: ItemModel fetch - unauth(1), auth()
05-16 07:39:28.143: I/Finsky(14188): [73] rom.apply(5): ItemStore: Not cached: com.google.android.gmscore.testing.testsupport
05-16 07:39:28.147: I/Icing(15673): Indexing com.google.android.gms-apps from com.google.android.gms
05-16 07:39:28.149: I/Icing(15673): Indexing done com.google.android.gms-apps
05-16 07:39:28.154: W/ChimeraUtils(10395): Module com.google.android.gms.nearby_en has empty metadata display_name_string_id
05-16 07:39:28.157: W/ChimeraUtils(10395): Module com.google.android.gms.nearby_en has empty metadata display_name_string_id
05-16 07:39:28.158: W/ChimeraUtils(10395): Module com.google.android.gms.nearby_en has empty metadata display_name_string_id
05-16 07:39:28.166: W/PackageManager(1495): Failed registering loading progress callback. Package is fully loaded.
05-16 07:39:28.166: I/AiAiEcho(3659): EchoSearch: AppFetcherImpl is initialized with [24] apps [time=3, reason=com.google.android.gmscore.testing.testsupport is added]
05-16 07:39:28.168: W/PackageParser(15673): Unknown element under <manifest>: queries at /data/user_de/0/com.google.android.gms/app_chimera/m/0000001b/dl-AdsFdrDynamite.integ_231004600100000.apk Binary XML file line #15
05-16 07:39:28.169: I/Icing(15673): Indexing com.google.android.gms-apps from com.google.android.gms
05-16 07:39:28.171: I/Icing(15673): Indexing done com.google.android.gms-apps
05-16 07:39:28.178: I/AiAiEcho(3659): EchoSearch: WidgetFetcherImpl is initialized with [25] widgets [reason=package added for userId: 0]
05-16 07:39:28.183: W/ChimeraUtils(10395): Module com.google.android.gms.nearby_en has empty metadata display_name_string_id
05-16 07:39:28.185: W/ChimeraUtils(10395): Module com.google.android.gms.nearby_en has empty metadata display_name_string_id
05-16 07:39:28.186: W/ChimeraUtils(10395): Module com.google.android.gms.nearby_en has empty metadata display_name_string_id
05-16 07:39:28.202: W/ChimeraModuleApk(15673): Failed to read chimera manifests from InstalledApk(com.google.android.gms.policy_test_support): ChimeraManifest.pb
05-16 07:39:28.203: W/WindowMagnificationMgr(1495): requestConnection duplicated request: connect=false, mConnectionState=DISCONNECTED
05-16 07:39:28.211: W/ChimeraUtils(10395): Module com.google.android.gms.nearby_en has empty metadata display_name_string_id
05-16 07:39:28.213: W/ChimeraUtils(10395): Module com.google.android.gms.nearby_en has empty metadata display_name_string_id
05-16 07:39:28.214: W/ChimeraUtils(10395): Module com.google.android.gms.nearby_en has empty metadata display_name_string_id
05-16 07:39:28.217: W/ChimeraCfgRslvr(15673): Can't get Chimera manifests from ApkDescriptor(INSTALLED, com.google.android.gms.policy_test_support)
05-16 07:39:28.227: E/Finsky(14188): [82] rou.a(16): ItemStore: getItems RPC failed.
05-16 07:39:28.227: E/Finsky(14188): [83] rou.a(16): ItemStore: getItems RPC failed.
05-16 07:39:28.261: W/gle.android.gms(15673): Cleared Reference was only reachable from finalizer (only reported once)
05-16 07:39:28.302: I/ChimeraCfgMgr(15673): Updating module config: ads_fdr:2310046005100000,container:2309149190400+game_platform+games+maps_core+mlkit.barcode.ui+mlkit.ocr.common+vision.barcode,tflite_dynamite:2314062005100400+tflite_dynamite,vision_ocr:2316024005100000+vision.ocr -> ads_fdr:2310046005100000,container:2309149190400+game_platform+games+maps_core+mlkit.barcode.ui+mlkit.ocr.common+vision.barcode,tflite_dynamite:2314062005100400+tflite_dynamite,vision_ocr:2316024005100000+vision.ocr
05-16 07:39:28.302: E/DowngradeHelper(15673): isModuleDowngradeRequired false
05-16 07:39:28.325: W/BroadcastQueue(1495): Background execution not allowed: receiving Intent { act=com.google.android.chimera.MODULE_CONFIGURATION_CHANGED flg=0x10 (has extras) } to com.google.android.gms/.chimera.GmsIntentOperationService$PersistentInternalReceiver
05-16 07:39:28.332: I/NewModuleHelper(15673): Sending com.google.android.chimera.IntentOperation.NEW_MODULE Container service: com.google.android.gms.chimera.GmsIntentOperationService Intents: 1,false,true
05-16 07:39:28.334: I/GmsDebugLogger(15673): [46] ads_fdr:2310046005100000,container:2309149190400+game_platform+games+maps_core+mlkit.barcode.ui+mlkit.ocr.common+vision.barcode,tflite_dynamite:2314062005100400+tflite_dynamite,vision_ocr:2316024005100000+vision.ocr
05-16 07:39:28.340: W/ziparchive(15673): Unable to open '/data/user_de/0/com.google.android.gms/app_chimera/m/0000001c/test_support.dm': No such file or directory
05-16 07:39:28.398: I/RoleService(1495): Granting default roles...
05-16 07:39:28.398: I/TestSupport(15673): Activate: 1683874800000@1684247968394
05-16 07:39:28.398: I/TestSupport(15673): Boot time: 1684247425633
05-16 07:39:28.400: I/TestSupport(15673): Updated: /data/data/com.google.android.gms/app_testsupport/.startup
05-16 07:39:28.402: I/NewModuleComplete(15673): Received com.google.android.chimera.IntentOperation.NEW_MODULE(com.google.android.gms.chimera.GmsIntentOperationService,1,false)
05-16 07:39:28.409: I/NewModuleHelper(15673): Received com.google.android.chimera.container.NEW_MODULE_FINALIZE(1/0): com.google.android.gms.chimera.GmsIntentOperationService,1,false
05-16 07:39:28.409: I/NewModuleHelper(15673): Completed all new module init intents for all processes.
05-16 07:39:28.427: I/system_server(1495): Background concurrent copying GC freed 534335(19MB) AllocSpace objects, 18(352KB) LOS objects, 74% free, 32MB/128MB, paused 139us,85us total 431.113ms
05-16 07:39:28.544: D/CompatibilityChangeReporter(1495): Compat change id reported: 161252188; UID 10258; state: DISABLED
05-16 07:39:28.544: I/ActivityManager(1495): Background started FGS: Allowed [callingPackage: com.android.shell; callingUid: 2000; uidState: CEM ; intent: Intent { act=com.google.android.gmscore.testing.testsupport.CommandService cmp=com.google.android.gmscore.testing.testsupport/.CommandService (has extras) }; code:SYSTEM_UID; tempAllowListReason:<,reasonCode:SYSTEM_ALLOW_LISTED,duration:9223372036854775807,callingUid:-1>; targetSdkVersion:25; callerTargetSdkVersion:33; startForegroundCount:0; bindFromPackage:null]
05-16 07:39:28.545: D/CompatibilityChangeReporter(1495): Compat change id reported: 135634846; UID 10258; state: DISABLED
05-16 07:39:28.545: D/CompatibilityChangeReporter(1495): Compat change id reported: 177438394; UID 10258; state: DISABLED
05-16 07:39:28.545: D/CompatibilityChangeReporter(1495): Compat change id reported: 135772972; UID 10258; state: DISABLED
05-16 07:39:28.545: D/CompatibilityChangeReporter(1495): Compat change id reported: 135754954; UID 10258; state: DISABLED
05-16 07:39:28.545: D/CompatibilityChangeReporter(1495): Compat change id reported: 143937733; UID 10258; state: DISABLED
05-16 07:39:28.550: D/AOC(1054): A3:MSG: window_orientation.c, 697: [WO] Proposed rotation: 1, flat angle threshold: 40
05-16 07:39:28.550: D/AOC(1054): A3:MSG: window_orientation.c, 1105: [WO] orientation angle 89, orientation 1
05-16 07:39:28.550: D/AOC(1054): A3:MSG: window_orientation.c, 430: [WO] Gyro angle integrated: 0.016195
05-16 07:39:28.551: D/AOC(1054): A3:MSG: window_orientation.c, 430: [WO] Gyro angle integrated: 0.016195
05-16 07:39:28.558: D/Zygote(810): Forked child process 16605
05-16 07:39:28.559: I/ActivityManager(1495): Start proc 16605:com.google.android.gmscore.testing.testsupport/u0a258 for service {com.google.android.gmscore.testing.testsupport/com.google.android.gmscore.testing.testsupport.CommandService}
05-16 07:39:28.566: I/libc(16605): SetHeapTaggingLevel: tag level set to 0
05-16 07:39:28.578: E/ing.testsupport(16605): Not starting debugger since process cannot load the jdwp agent.
05-16 07:39:28.590: D/CompatibilityChangeReporter(16605): Compat change id reported: 171979766; UID 10258; state: DISABLED
05-16 07:39:28.595: D/ApplicationLoaders(16605): Returning zygote-cached class loader: /system/framework/android.test.base.jar
05-16 07:39:28.598: D/nativeloader(16605): Configuring classloader-namespace for other apk /system/framework/org.apache.http.legacy.jar. target_sdk_version=25, uses_libraries=ALL, library_path=/data/app/~~HImdXeMnR3ELV0l1KdXvvw==/com.google.android.gmscore.testing.testsupport-4ljY_h-SwCRCJwj8-HT9BQ==/lib/arm64, permitted_path=/data:/mnt/expand:/data/user/0/com.google.android.gmscore.testing.testsupport
05-16 07:39:28.603: D/nativeloader(16605): Configuring classloader-namespace for other apk /data/app/~~HImdXeMnR3ELV0l1KdXvvw==/com.google.android.gmscore.testing.testsupport-4ljY_h-SwCRCJwj8-HT9BQ==/base.apk. target_sdk_version=25, uses_libraries=, library_path=/data/app/~~HImdXeMnR3ELV0l1KdXvvw==/com.google.android.gmscore.testing.testsupport-4ljY_h-SwCRCJwj8-HT9BQ==/lib/arm64, permitted_path=/data:/mnt/expand:/data/user/0/com.google.android.gmscore.testing.testsupport
05-16 07:39:28.612: V/GraphicsEnvironment(16605): ANGLE Developer option for 'com.google.android.gmscore.testing.testsupport' set to: 'default'
05-16 07:39:28.612: V/GraphicsEnvironment(16605): ANGLE GameManagerService for com.google.android.gmscore.testing.testsupport: false
05-16 07:39:28.612: V/GraphicsEnvironment(16605): Neither updatable production driver nor prerelease driver is supported.
05-16 07:39:28.614: D/NetworkSecurityConfig(16605): No Network Security Config specified, using platform default
05-16 07:39:28.614: D/NetworkSecurityConfig(16605): No Network Security Config specified, using platform default
05-16 07:39:28.618: I/TSDRIVER(16605): CommandService onHandleIntent()
05-16 07:39:28.619: I/TSDRIVER(16605): Got command: PACKAGE
05-16 07:39:28.622: I/TSDRIVER(16605): flag package: Eglnc2VydmljZXMaJAogZ21zOnBoZW5vdHlwZTplbmFibGVEZWJ1Z1NlcnZpY2UYAQ
05-16 07:39:28.625: I/TSDRIVER(16605): flag package: gservices
05-16 07:39:28.627: E/GooglePlayServicesUtil(16605): The Google Play services resources were not found. Check your project configuration to ensure that the resources are included.
05-16 07:39:28.635: D/BoundBrokerSvc(15673): onBind: Intent { act=com.google.android.gms.testsupport.service.START pkg=com.google.android.gms }
05-16 07:39:28.636: D/BoundBrokerSvc(15673): Loading bound service for intent: Intent { act=com.google.android.gms.testsupport.service.START pkg=com.google.android.gms }
05-16 07:39:28.669: I/m.bcd(15673): Primes not initialized, returning default (no-op) Primes instance which will ignore all calls. Please call Primes.initialize(...) before using any Primes API.
05-16 07:39:28.701: W/ziparchive(15673): Unable to open '/data/user_de/0/com.google.android.gms/app_chimera/m/0000000d/DynamiteLoader.dm': No such file or directory
05-16 07:39:28.703: I/DynamiteModule(15673): Considering local module com.google.android.gms.googlecertificates:7 and remote module com.google.android.gms.googlecertificates:7
05-16 07:39:28.703: I/DynamiteModule(15673): Selected local version of com.google.android.gms.googlecertificates
05-16 07:39:28.711: I/TestSupport(15673): Activated: 1683874800000@1684247968394
05-16 07:39:28.711: I/TestSupport(15673): Boot time: 1684247425633
05-16 07:39:28.712: I/TestSupport(15673): Passing package and signature checks: com.google.android.gmscore.testing.testsupport
05-16 07:39:28.712: W/gle.android.gms(15673): Accessing hidden method Landroid/content/pm/IPackageManager;->freeStorage(Ljava/lang/String;JILandroid/content/IntentSender;)V (max-target-o, linking, denied)
05-16 07:39:28.727: I/TestSupport(15673): SetOverrideOperation: gms:phenotype:enableDebugService = true [CONTEXT service_id=133 ]
05-16 07:39:28.730: D/GservicesProvider(3913): Update with URI content://com.google.android.gsf.gservices/override
05-16 07:39:28.777: I/GservicesProvider(3913): override update completed
05-16 07:39:28.781: D/GservicesChangeReceiver(4981): Gservices Changed broadcast Received. context is android.app.ReceiverRestrictedContext@646f85b
05-16 07:39:28.782: W/CarrierServices(4451): [71] dly.b: No config URL. RCS not configured for dual-registration.
05-16 07:39:28.783: W/BugleRcsEngine(12379): [212] baio.b: No config URL. RCS not configured for dual-registration.
05-16 07:39:28.783: I/TestSupport(15673): GServices override confirmed: gms:phenotype:enableDebugService=true [CONTEXT service_id=133 ]
05-16 07:39:28.785: I/TSDRIVER(16605): Handled command: PACKAGE
05-16 07:39:28.785: I/BugleRcsProvisioning(12379): RcsProvisioningTrigger: onGservicesUpdated
05-16 07:39:28.785: I/BugleRcsProvisioning(12379): RcsProvisioningTrigger: updateRcsAvailability : hint = GSERVICE_UPDATE
05-16 07:39:28.794: I/Backup(15673): [GmsBackupStatusChangeReceiver] Going to enable gms backup transport.
05-16 07:39:28.794: I/Bugle(12379): RcsAvailabilityUtilForProvisioningEngineV2: updateAvailabilityAsync, hint: GSERVICE_UPDATE
05-16 07:39:28.794: I/BugleRcs(12379): RcsAvailabilityUpdaterRemote: postUpdateRcsAvailability, hint: GSERVICE_UPDATE
05-16 07:39:28.794: I/BugleRcs(12379): RcsAvailabilityUpdaterRemote: updateRcsAvailabilityAsync, hint: GSERVICE_UPDATE
05-16 07:39:28.796: I/BugleRcs(12379): ClientInfoProvider: MSIM Rcs enabled because default{subid:-1} matches data{subid:-1} . Unrelated: sms{subid:-1}
05-16 07:39:28.798: I/BugleRcs(12379): RcsAvailabilityUpdaterRemote: updateRcsAvailabilityAsync, trivialAvailability: null
05-16 07:39:28.803: I/Backup(15673): [BackupTransportMigratorChimeraService] Starting migration...
05-16 07:39:28.806: D/CarrierServices(4451): log_saver already enabled
05-16 07:39:28.807: I/CarrierServices(4451): [72] EventHubProxy.unsubscribe: Removing event listener 262334508 for category 8 for hub ENGINE
05-16 07:39:28.808: I/CarrierServices(4451): [72] EventHubProxy.subscribe: Adding event listener djo@f46b45c for category 8 with key 256291932 for hub ENGINE
05-16 07:39:28.809: D/BugleRcsEngine(12379): log_saver already enabled
05-16 07:39:28.811: I/BugleRcs(12379): RcsAvailabilityUpdaterRemote: getRcsAvailabilityFromSignupServiceAsync
05-16 07:39:28.812: I/GmsModuleFndr(15673): Beginning GMS chimera module scan
05-16 07:39:28.814: I/RcsClientLib(12379): Connecting SignupService
05-16 07:39:28.817: I/Herrevad(10395): [501] apah.a: updateListenState
05-16 07:39:28.817: I/A(10908): Updating Gservices keys
05-16 07:39:28.821: I/Auth(10395): [AuthManaged, PasswordComplexityHelperImpl] Updating password complexity components state.
05-16 07:39:28.821: I/Auth(10395): [AuthManaged, PasswordComplexityHelperImpl] Disabling com.google.android.gms.auth.managed.admin.DeviceAdminReceiver
05-16 07:39:28.821: I/Auth(10395): [AuthManaged, PasswordComplexityHelperImpl] Disabling com.google.android.gms.auth.managed.ui.SetNewPasswordActivity
05-16 07:39:28.823: I/HubbleConsentChecker(7366): isOptedIn=false
05-16 07:39:28.823: D/ConnMetrics:ConnectivityMetrics(7366): Opted out
05-16 07:39:28.824: I/ModuleSetMgr(15673): Computing pending module set with APKs: [[AdsFdrDynamite.integ:231004600100000], [GamePlatform.optional:230914190000], [Games.optional:230914100000], [MapsCoreDynamite.integ:224312102100400], [MlkitBarcodeUi.optional:230914100000], [MlkitOcrCommon.optional:230914100400], [TfliteDynamiteDynamite.integ:231406200100400], [VisionBarcode.optional:230914100400], [VisionOcrDynamite.integ:231602400100000], [AdsFdrDynamite.integ:224400003100000], [Cronetdynamite:230914190400], [Dynamiteloader:230914190000], [Dynamitemodulesa:230914190000], [Dynamitemodulesc:230914190000], [Googlecertificates:230914190000], [Mapsdynamite:230914190000], [Measurementdynamite:230914190000], [TestSupport.integ:13745000000], [SidecarAps.integ:2052100000]]
05-16 07:39:28.831: I/CarrierServices(4451): [2] ehx.g: Checking if using CarrierServices.apk is possible. Enabled: true, isAtLeastM: true, runningInsideBugle: false
05-16 07:39:28.831: I/ModuleSetMgr(15673): Pending container module APKs: [[GamePlatform.optional:230914190000], [Games.optional:230914100000], [MapsCoreDynamite.integ:224312102100400], [MlkitBarcodeUi.optional:230914100000], [MlkitOcrCommon.optional:230914100400], [VisionBarcode.optional:230914100400]]
05-16 07:39:28.831: I/ModuleSetMgr(15673): Pending non-container module APKs: [[VisionOcrDynamite.integ:231602400100000], [TfliteDynamiteDynamite.integ:231406200100400], [AdsFdrDynamite.integ:231004600100000]]
05-16 07:39:28.833: I/AlarmManager(10395): setExactAndAllowWhileIdle [name: GCM_CONN_ALARM type: 2 triggerAtMillis: 573201]
05-16 07:39:28.833: W/JobScheduler(1495): Job didn't exist in JobStore: 9f2acd #u0a163/-1000018 com.google.android.googlequicksearchbox/com.google.android.apps.gsa.tasks.BackgroundTasksJobService
05-16 07:39:28.834: D/CompatibilityChangeReporter(1495): Compat change id reported: 171306433; UID 10164; state: ENABLED
05-16 07:39:28.835: D/CompatibilityChangeReporter(1495): Compat change id reported: 161252188; UID 10258; state: DISABLED
05-16 07:39:28.835: I/CarrierServices(4451): [2] RcsAutoStartReceiver.a: RcsAutoStartReceiver triggered. Fetching RCS State. Action: com.google.gservices.intent.action.GSERVICES_CHANGED
05-16 07:39:28.835: I/ActivityManager(1495): Background started FGS: Allowed [callingPackage: com.android.shell; callingUid: 2000; uidState: CEM ; intent: Intent { act=com.google.android.gmscore.testing.testsupport.CommandService cmp=com.google.android.gmscore.testing.testsupport/.CommandService (has extras) }; code:SYSTEM_UID; tempAllowListReason:<,reasonCode:SYSTEM_ALLOW_LISTED,duration:9223372036854775807,callingUid:-1>; targetSdkVersion:25; callerTargetSdkVersion:33; startForegroundCount:0; bindFromPackage:null]
05-16 07:39:28.837: I/CarrierServices(4451): [2] RcsStateFetcher.bindService:108 Migration binding to RcsMigrationService
05-16 07:39:28.838: I/RcsClientLib(12379): shouldUseCarrierServicesJibeService: true, CarrierServices rcs service found: true
05-16 07:39:28.842: I/BugleDataModel(12379): RcsMigrationService: Returning RCS state provider.
05-16 07:39:28.843: I/RcsClientLib(12379): com.google.android.rcs.client.signup.SignupService connected
05-16 07:39:28.844: I/CarrierServices(4451): [68] dia.b: RcsAvailabilityManager: Calculating Rcs Availability
05-16 07:39:28.845: I/BugleRcsEngine(12379): [176] bbei.j: Checking if using CarrierServices.apk is possible. Enabled: true, isAtLeastM: true, runningInsideBugle: true
05-16 07:39:28.845: I/GCoreUlr(10395): DispatchingService ignoring Intent { act=android.net.wifi.WIFI_STATE_CHANGED flg=0x4000010 (has extras) } because ULR inactive
05-16 07:39:28.847: I/TSDRIVER(16605): CommandService onHandleIntent()
05-16 07:39:28.847: I/TSDRIVER(16605): Got command: PACKAGE
05-16 07:39:28.847: I/TSDRIVER(16605): flag package: Eitjb20uZ29vZ2xlLmFuZHJvaWQuZ21zLmF1dGguYXBpLmNyZWRlbnRpYWxzGh4KGlNhdmVTdHJhdGVneV9fZW5hYmxlU2F2aW5nGAA
05-16 07:39:28.848: I/TSDRIVER(16605): flag package: com.google.android.gms.auth.api.credentials
05-16 07:39:28.851: I/GCoreUlr(10395): WorldUpdater received intent Intent { act=com.google.android.location.reporting.ACTION_UPDATE_WORLD cmp=com.google.android.gms/com.google.android.location.reporting.service.DispatchingService (has extras) } with receiverAction com.google.gservices.intent.action.GSERVICES_CHANGED
05-16 07:39:28.851: I/CarrierServices(4451): [68] dkk.y: Bugle is default SMS app: true
05-16 07:39:28.856: I/TestSupport(15673): SetOverrideOperation: gms:phenotype:phenotype_flag:debug_bypass_phenotype = false [CONTEXT service_id=133 ]
05-16 07:39:28.858: D/GservicesProvider(3913): Update with URI content://com.google.android.gsf.gservices/override
05-16 07:39:28.859: I/GCoreUlr(10395): WorldUpdater:com.google.gservices.intent.action.GSERVICES_CHANGED: Ensuring that reporting is stopped because of reasons: (no Google accounts)
05-16 07:39:28.861: I/GCoreUlr(10395): Unbound from all signal providers.
05-16 07:39:28.861: I/CarrierServices(4451): [68] dia.b: Bugle has minimum required RCS permissions: true
05-16 07:39:28.867: I/CarrierServices(4451): [68] dkk.x: Rcs is enabled from user settings: true
05-16 07:39:28.867: W/CarrierServices(4451): [68] dly.b: No config URL. RCS not configured for dual-registration.
05-16 07:39:28.868: I/GCoreUlr(10395): Unbound from all signal providers.
05-16 07:39:28.868: I/GCoreUlr(10395): Stopping handler for UlrDispSvcFast
05-16 07:39:28.869: I/RcsProvisioning(12379): Failed to read config: no config found /data/user/0/com.google.android.apps.messaging/files/rcsconfig: open failed: ENOENT (No such file or directory)
05-16 07:39:28.870: W/Bugle(12379): SubscriptionMetadataUtils get: invalid subId = -1
05-16 07:39:28.871: I/CarrierServices(4451): [68] ehx.g: Checking if using CarrierServices.apk is possible. Enabled: true, isAtLeastM: true, runningInsideBugle: false
05-16 07:39:28.874: W/PackageParser(15673): Unknown element under <manifest>: queries at /data/user_de/0/com.google.android.gms/app_chimera/m/0000000b/AdsDynamite.apk Binary XML file line #11
05-16 07:39:28.876: I/CarrierServices(4451): [68] dia.b: Config state is not ACCEPTED, provisioning still in progress
05-16 07:39:28.876: I/CarrierServices(4451): [68] dia.b: RcsAvailabilityManager: Rcs Availability still DISABLED_SIM_ABSENT (RCS is disabled due to SIM absent)
05-16 07:39:28.878: I/BugleRcs(12379): RcsAvailabilityUpdaterRemote: updateRcsAvailabilityPostProcess, Get Updated RcsAvailability, RcsAvailability: DISABLED_SIM_ABSENT, SimId: redacted-pii[0-chars]
05-16 07:39:28.878: I/RcsClientLib(12379): Disconnecting SignupService
05-16 07:39:28.879: I/BugleRcsProvisioning(12379): RcsProvisioningTrigger: onRcsAvailabilityUpdate : availability is updated to RCS is disabled due to SIM absent, lastAvailability is null, simId hash = -2884776407910416226, isPev3Enabled = false
05-16 07:39:28.879: W/Bugle(12379): SubscriptionUtilsAsOfQ: subscriberId is empty. Does TelephonyManager have necessary permissions?
05-16 07:39:28.880: I/BugleRcs(12379): RcsAvailabilityUpdaterRemote: postUpdateRcsAvailability : success updating RCS availability async
05-16 07:39:28.883: I/GservicesProvider(3913): override update completed
05-16 07:39:28.885: W/PackageParser(15673): Unknown element under <manifest>: queries at /data/user_de/0/com.google.android.gms/app_chimera/m/0000001b/dl-AdsFdrDynamite.integ_231004600100000.apk Binary XML file line #15
05-16 07:39:28.887: W/BugleRcsEngine(12379): [213] baio.b: No config URL. RCS not configured for dual-registration.
05-16 07:39:28.888: I/TestSupport(15673): GServices override confirmed: gms:phenotype:phenotype_flag:debug_bypass_phenotype=false [CONTEXT service_id=133 ]
05-16 07:39:28.890: I/BugleRcsProvisioning(12379): RcsProvisioningTrigger: onGservicesUpdated
05-16 07:39:28.891: I/BugleRcsProvisioning(12379): RcsProvisioningTrigger: updateRcsAvailability : hint = GSERVICE_UPDATE
05-16 07:39:28.896: I/TestSupport(15673): SetFlagOverridesOperation: com.google.android.gms.auth.api.credentials, '', [Flag(SaveStrategy__enableSaving, false, 2, 0)] [CONTEXT service_id=133 ]
05-16 07:39:28.896: I/Bugle(12379): RcsAvailabilityUtilForProvisioningEngineV2: updateAvailabilityAsync, hint: GSERVICE_UPDATE
05-16 07:39:28.897: I/BugleRcs(12379): RcsAvailabilityUpdaterRemote: postUpdateRcsAvailability, hint: GSERVICE_UPDATE
05-16 07:39:28.897: I/BugleRcs(12379): RcsAvailabilityUpdaterRemote: updateRcsAvailabilityAsync, hint: GSERVICE_UPDATE
05-16 07:39:28.898: I/BugleRcs(12379): ClientInfoProvider: MSIM Rcs enabled because default{subid:-1} matches data{subid:-1} . Unrelated: sms{subid:-1}
05-16 07:39:28.899: I/BugleRcs(12379): RcsAvailabilityUpdaterRemote: updateRcsAvailabilityAsync, trivialAvailability: null
05-16 07:39:28.903: I/BugleRcs(12379): RcsAvailabilityUpdaterRemote: getRcsAvailabilityFromSignupServiceAsync
05-16 07:39:28.905: I/RcsClientLib(12379): Connecting SignupService
05-16 07:39:28.906: I/RecoverableKeyStoreGms(15673): [RecoverableKeyStoreGmsInitOperation] Initializing auth_folsom
05-16 07:39:28.908: I/SyncIntentOperation(15673): Handling the intent: Intent { act=com.google.gservices.intent.action.GSERVICES_CHANGED flg=0x1000010 pkg=com.google.android.gms cmp=com.google.android.gms/.chimera.GmsIntentOperationService (has extras) }. [CONTEXT service_id=80 ]
05-16 07:39:28.912: I/RecoverableKeyStoreGms(15673): [RecoverableKeyStoreGmsInitOperation] com.google.android.gms.auth.folsom.service.FolsomPublicKeyUpdateService is already enabled. Ignore.
05-16 07:39:28.912: I/RecoverableKeyStoreGms(15673): [RecoverableKeyStoreGmsInitOperation] com.google.android.gms.auth.folsom.service.GcmReceiverService is already enabled. Ignore.
05-16 07:39:28.913: D/BugleRcsEngine(12379): log_saver already enabled
05-16 07:39:28.914: V/RecoverableKeyStoreMgr(1495): Not updating secret types - same as old value.
05-16 07:39:28.917: I/RecoverableKeyStoreGms(15673): [RecoverableKeyStoreGmsInitOperation] Setting vault handle
05-16 07:39:28.917: V/RecoverableKeyStoreMgr(1495): Not updating server params - same as old value.
05-16 07:39:28.917: I/RecoverySnapshotLstnrs(1495): Registered listener for agent with uid 10164
05-16 07:39:28.919: I/RecoverableKeyStoreGms(15673): [EnrollmentManager] Returning certificates list from cache [CONTEXT service_id=172 ]
05-16 07:39:28.924: I/GmsModuleFndr(15673): Beginning GMS chimera module scan
05-16 07:39:28.926: I/RecoverableKeyStoreMgr(1495): The cert file serial number is the same, so skip updating.
05-16 07:39:28.926: I/RcsClientLib(12379): shouldUseCarrierServicesJibeService: true, CarrierServices rcs service found: true
05-16 07:39:28.926: I/RecoverableKeyStoreGms(15673): [EnrollmentManager] Recovery service is initialized. [CONTEXT service_id=172 ]
05-16 07:39:28.927: I/ModuleSetMgr(15673): Computing pending module set with APKs: [[AdsFdrDynamite.integ:231004600100000], [GamePlatform.optional:230914190000], [Games.optional:230914100000], [MapsCoreDynamite.integ:224312102100400], [MlkitBarcodeUi.optional:230914100000], [MlkitOcrCommon.optional:230914100400], [TfliteDynamiteDynamite.integ:231406200100400], [VisionBarcode.optional:230914100400], [VisionOcrDynamite.integ:231602400100000], [AdsFdrDynamite.integ:224400003100000], [Cronetdynamite:230914190400], [Dynamiteloader:230914190000], [Dynamitemodulesa:230914190000], [Dynamitemodulesc:230914190000], [Googlecertificates:230914190000], [Mapsdynamite:230914190000], [Measurementdynamite:230914190000], [TestSupport.integ:13745000000], [SidecarAps.integ:2052100000]]
05-16 07:39:28.930: I/RcsClientLib(12379): com.google.android.rcs.client.signup.SignupService connected
05-16 07:39:28.931: E/RecoverySnapshotStorage(1495): Error reading snapshot for 10164 from disk
05-16 07:39:28.931: E/RecoverySnapshotStorage(1495): java.io.FileNotFoundException: /data/system/recoverablekeystore/snapshots/10164.xml: open failed: ENOENT (No such file or directory)
05-16 07:39:28.931: E/RecoverySnapshotStorage(1495): at libcore.io.IoBridge.open(IoBridge.java:574)
05-16 07:39:28.931: E/RecoverySnapshotStorage(1495): at java.io.FileInputStream.<init>(FileInputStream.java:160)
05-16 07:39:28.931: E/RecoverySnapshotStorage(1495): at com.android.server.locksettings.recoverablekeystore.storage.RecoverySnapshotStorage.readFromDisk(RecoverySnapshotStorage.java:152)
05-16 07:39:28.931: E/RecoverySnapshotStorage(1495): at com.android.server.locksettings.recoverablekeystore.storage.RecoverySnapshotStorage.get(RecoverySnapshotStorage.java:104)
05-16 07:39:28.931: E/RecoverySnapshotStorage(1495): at com.android.server.locksettings.recoverablekeystore.RecoverableKeyStoreManager.getKeyChainSnapshot(RecoverableKeyStoreManager.java:342)
05-16 07:39:28.931: E/RecoverySnapshotStorage(1495): at com.android.server.locksettings.LockSettingsService.getKeyChainSnapshot(LockSettingsService.java:2587)
05-16 07:39:28.931: E/RecoverySnapshotStorage(1495): at com.android.internal.widget.ILockSettings$Stub.onTransact(ILockSettings.java:786)
05-16 07:39:28.931: E/RecoverySnapshotStorage(1495): at android.os.Binder.execTransactInternal(Binder.java:1280)
05-16 07:39:28.931: E/RecoverySnapshotStorage(1495): at android.os.Binder.execTransact(Binder.java:1244)
05-16 07:39:28.931: E/RecoverySnapshotStorage(1495): Caused by: android.system.ErrnoException: open failed: ENOENT (No such file or directory)
05-16 07:39:28.931: E/RecoverySnapshotStorage(1495): at libcore.io.Linux.open(Native Method)
05-16 07:39:28.931: E/RecoverySnapshotStorage(1495): at libcore.io.ForwardingOs.open(ForwardingOs.java:563)
05-16 07:39:28.931: E/RecoverySnapshotStorage(1495): at libcore.io.BlockGuardOs.open(BlockGuardOs.java:274)
05-16 07:39:28.931: E/RecoverySnapshotStorage(1495): at libcore.io.IoBridge.open(IoBridge.java:560)
05-16 07:39:28.931: E/RecoverySnapshotStorage(1495): ... 8 more
05-16 07:39:28.931: I/CarrierServices(4451): [68] dia.b: RcsAvailabilityManager: Calculating Rcs Availability
05-16 07:39:28.932: W/PlatformKeyManager(1495): Platform generation ID was 0 but no entry was present in AndroidKeyStore. Generating fresh key.
05-16 07:39:28.939: I/ModuleSetMgr(15673): Pending container module APKs: [[GamePlatform.optional:230914190000], [Games.optional:230914100000], [MapsCoreDynamite.integ:224312102100400], [MlkitBarcodeUi.optional:230914100000], [MlkitOcrCommon.optional:230914100400], [VisionBarcode.optional:230914100400]]
05-16 07:39:28.939: I/ModuleSetMgr(15673): Pending non-container module APKs: [[VisionOcrDynamite.integ:231602400100000], [TfliteDynamiteDynamite.integ:231406200100400], [AdsFdrDynamite.integ:231004600100000]]
05-16 07:39:28.940: I/CarrierServices(4451): [68] dkk.y: Bugle is default SMS app: true
05-16 07:39:28.941: E/keystore2(504): keystore2::error: In import_key.
05-16 07:39:28.941: E/keystore2(504): Caused by:
05-16 07:39:28.941: E/keystore2(504): 0: In store_new_key.
05-16 07:39:28.941: E/keystore2(504): 1: In store_new_key. Failed to handle super encryption.
05-16 07:39:28.941: E/keystore2(504): 2: In handle_super_encryption_on_key_init: User ECDH key missing.
05-16 07:39:28.941: E/keystore2(504): 3: Error::Rc(ResponseCode(4))
05-16 07:39:28.942: W/RecoverableKeyStoreGms(15673): [WrappingKeyManager] InternalRecoveryServiceException during wrapping key generation [CONTEXT service_id=172 ]
05-16 07:39:28.942: W/RecoverableKeyStoreGms(15673): android.security.keystore.recovery.InternalRecoveryServiceException: Failed to import secret key.
05-16 07:39:28.942: W/RecoverableKeyStoreGms(15673): at android.security.keystore.recovery.RecoveryController.wrapUnexpectedServiceSpecificException(RecoveryController.java:773)
05-16 07:39:28.942: W/RecoverableKeyStoreGms(15673): at android.security.keystore.recovery.RecoveryController.generateKey(RecoveryController.java:562)
05-16 07:39:28.942: W/RecoverableKeyStoreGms(15673): at plc.f(:com.google.android.gms@[email protected] (190400-515650844):3)
05-16 07:39:28.942: W/RecoverableKeyStoreGms(15673): at plc.e(:com.google.android.gms@[email protected] (190400-515650844):15)
05-16 07:39:28.942: W/RecoverableKeyStoreGms(15673): at pic.f(:com.google.android.gms@[email protected] (190400-515650844):39)
05-16 07:39:28.942: W/RecoverableKeyStoreGms(15673): at com.google.android.gms.auth.folsom.operation.GserviceChangeIntentOperation.onHandleIntent(:com.google.android.gms@[email protected] (190400-515650844):8)
05-16 07:39:28.942: W/RecoverableKeyStoreGms(15673): at com.google.android.chimera.IntentOperation.onHandleIntent(:com.google.android.gms@[email protected] (190400-515650844):2)
05-16 07:39:28.942: W/RecoverableKeyStoreGms(15673): at yej.onHandleIntent(:com.google.android.gms@[email protected] (190400-515650844):4)
05-16 07:39:28.942: W/RecoverableKeyStoreGms(15673): at gxa.run(:com.google.android.gms@[email protected] (190400-515650844):3)
05-16 07:39:28.942: W/RecoverableKeyStoreGms(15673): at gwz.run(:com.google.android.gms@[email protected] (190400-515650844):11)
05-16 07:39:28.942: W/RecoverableKeyStoreGms(15673): at czpz.run(:com.google.android.gms@[email protected] (190400-515650844):2)
05-16 07:39:28.942: W/RecoverableKeyStoreGms(15673): at java.util.concurrent.ThreadPoolExecutor.runWorker(ThreadPoolExecutor.java:1137)
05-16 07:39:28.942: W/RecoverableKeyStoreGms(15673): at java.util.concurrent.ThreadPoolExecutor$Worker.run(ThreadPoolExecutor.java:637)
05-16 07:39:28.942: W/RecoverableKeyStoreGms(15673): at java.lang.Thread.run(Thread.java:1012)
05-16 07:39:28.942: W/RecoverableKeyStoreGms(15673): Caused by: android.os.ServiceSpecificException: Failed to import secret key. (code 22)
05-16 07:39:28.942: W/RecoverableKeyStoreGms(15673): at android.os.Parcel.createExceptionOrNull(Parcel.java:3025)
05-16 07:39:28.942: W/RecoverableKeyStoreGms(15673): at android.os.Parcel.createException(Parcel.java:2995)
05-16 07:39:28.942: W/RecoverableKeyStoreGms(15673): at android.os.Parcel.readException(Parcel.java:2978)
05-16 07:39:28.942: W/RecoverableKeyStoreGms(15673): at android.os.Parcel.readException(Parcel.java:2920)
05-16 07:39:28.942: W/RecoverableKeyStoreGms(15673): at com.android.internal.widget.ILockSettings$Stub$Proxy.generateKey(ILockSettings.java:1574)
05-16 07:39:28.942: W/RecoverableKeyStoreGms(15673): at android.security.keystore.recovery.RecoveryController.generateKey(RecoveryController.java:549)
05-16 07:39:28.942: W/RecoverableKeyStoreGms(15673): ... 12 more
05-16 07:39:28.943: I/CarrierServices(4451): [68] dia.b: Bugle has minimum required RCS permissions: true
05-16 07:39:28.950: I/CarrierServices(4451): [68] dkk.x: Rcs is enabled from user settings: true
05-16 07:39:28.951: W/CarrierServices(4451): [68] dly.b: No config URL. RCS not configured for dual-registration.
05-16 07:39:28.954: D/GservicesChangeReceiver(4981): Gservices Changed broadcast Received. context is android.app.ReceiverRestrictedContext@646f85b
05-16 07:39:28.955: I/MobileDataHub(15673): Scheduling periodic tasks
05-16 07:39:28.957: I/MdiSyncModule(15673): flag handling is skipping irrelevant intent.
05-16 07:39:28.958: I/CarrierServices(4451): [68] ehx.g: Checking if using CarrierServices.apk is possible. Enabled: true, isAtLeastM: true, runningInsideBugle: false
05-16 07:39:28.958: W/PackageParser(15673): Unknown element under <manifest>: queries at /data/user_de/0/com.google.android.gms/app_chimera/m/0000000b/AdsDynamite.apk Binary XML file line #11
05-16 07:39:28.958: W/MobileDataHub(15673): [Service] appsupload-periodic periodic task disabled
05-16 07:39:28.961: I/HubbleConsentChecker(7366): isOptedIn=false
05-16 07:39:28.961: D/ConnMetrics:ConnectivityMetrics(7366): Opted out
05-16 07:39:28.961: I/MS_Utils(15673): version of com.google.android.apps.maps = 1066662178
05-16 07:39:28.964: I/GmsSyncPolicyEngine(15673): Periodic sync 1 disabled by policy, cancelled.
05-16 07:39:28.964: I/GmsSyncPolicyEngine(15673): Periodic sync 2 disabled by policy, cancelled.
05-16 07:39:28.965: I/CarrierServices(4451): [68] dia.b: Config state is not ACCEPTED, provisioning still in progress
05-16 07:39:28.965: I/CarrierServices(4451): [68] dia.b: RcsAvailabilityManager: Rcs Availability still DISABLED_SIM_ABSENT (RCS is disabled due to SIM absent)
05-16 07:39:28.965: I/Backup(15673): [GmsBackupStatusChangeReceiver] Going to enable gms backup transport.
05-16 07:39:28.965: I/BugleRcs(12379): RcsAvailabilityUpdaterRemote: updateRcsAvailabilityPostProcess, Get Updated RcsAvailability, RcsAvailability: DISABLED_SIM_ABSENT, SimId: redacted-pii[0-chars]
05-16 07:39:28.966: I/SystemUpdate(15673): [Installation,ReceiverIntentOperation] Received intent: Intent { act=com.google.gservices.intent.action.GSERVICES_CHANGED flg=0x1000010 pkg=com.google.android.gms cmp=com.google.android.gms/.chimera.GmsIntentOperationService (has extras) }.
05-16 07:39:28.966: I/RcsClientLib(12379): Disconnecting SignupService
05-16 07:39:28.967: I/BugleRcsProvisioning(12379): RcsProvisioningTrigger: onRcsAvailabilityUpdate : availability is updated to RCS is disabled due to SIM absent, lastAvailability is null, simId hash = -2884776407910416226, isPev3Enabled = false
05-16 07:39:28.969: I/BugleRcs(12379): RcsAvailabilityUpdaterRemote: postUpdateRcsAvailability : success updating RCS availability async
05-16 07:39:28.975: W/PackageParser(15673): Unknown element under <manifest>: queries at /data/user_de/0/com.google.android.gms/app_chimera/m/0000001b/dl-AdsFdrDynamite.integ_231004600100000.apk Binary XML file line #15
05-16 07:39:28.981: W/Bugle(12379): SubscriptionMetadataUtils get: invalid subId = -1
05-16 07:39:28.983: I/Herrevad(10395): [499] apah.a: updateListenState
05-16 07:39:28.988: W/Bugle(12379): SubscriptionUtilsAsOfQ: subscriberId is empty. Does TelephonyManager have necessary permissions?
05-16 07:39:28.989: I/Auth(10395): [AuthManaged, PasswordComplexityHelperImpl] Updating password complexity components state.
05-16 07:39:28.989: I/Auth(10395): [AuthManaged, PasswordComplexityHelperImpl] Disabling com.google.android.gms.auth.managed.admin.DeviceAdminReceiver
05-16 07:39:28.990: I/Auth(10395): [AuthManaged, PasswordComplexityHelperImpl] Disabling com.google.android.gms.auth.managed.ui.SetNewPasswordActivity
05-16 07:39:28.992: I/A(10908): Updating Gservices keys
05-16 07:39:29.004: W/JobScheduler(1495): Job didn't exist in JobStore: d0560c0 #u0a163/-1000019 com.google.android.googlequicksearchbox/com.google.android.apps.gsa.tasks.BackgroundTasksJobService
05-16 07:39:29.006: I/GCoreUlr(10395): WorldUpdater received intent Intent { act=com.google.android.location.reporting.ACTION_UPDATE_WORLD cmp=com.google.android.gms/com.google.android.location.reporting.service.DispatchingService (has extras) } with receiverAction com.google.gservices.intent.action.GSERVICES_CHANGED
05-16 07:39:29.009: W/DynamiteModule(15673): Local module descriptor class for com.google.android.gms.vision.dynamite.ocr not found.
05-16 07:39:29.009: W/ProviderHelper(15673): Unknown dynamite feature vision.dynamite.ocr
05-16 07:39:29.010: I/DynamiteModule(15673): Considering local module com.google.android.gms.vision.dynamite.ocr:0 and remote module com.google.android.gms.vision.dynamite.ocr:0
05-16 07:39:29.010: I/DynamiteModule(15673): Considering local module com.google.android.gms.vision.ocr:0 and remote module com.google.android.gms.vision.ocr:231602400
05-16 07:39:29.010: I/DynamiteModule(15673): Selected remote version of com.google.android.gms.vision.ocr, version >= 231602400
05-16 07:39:29.011: I/GCoreUlr(10395): WorldUpdater:com.google.gservices.intent.action.GSERVICES_CHANGED: Ensuring that reporting is stopped because of reasons: (no Google accounts)
05-16 07:39:29.013: I/GCoreUlr(10395): Unbound from all signal providers.
05-16 07:39:29.014: I/DynamiteModule(15673): Considering local module com.google.android.gms.mlkit_ocr_common:0 and remote module com.google.android.gms.mlkit_ocr_common:230914000
05-16 07:39:29.014: I/DynamiteModule(15673): Selected remote version of com.google.android.gms.mlkit_ocr_common, version >= 230914000
05-16 07:39:29.016: I/OcrModelUpStIntentOp(15673): Downloading text recognizer
05-16 07:39:29.021: I/GCoreUlr(10395): DispatchingService ignoring Intent { act=android.net.wifi.WIFI_STATE_CHANGED flg=0x4000010 (has extras) } because ULR inactive
05-16 07:39:29.025: D/BoundBrokerSvc(15673): onRebind: Intent { act=com.google.android.gms.chimera.container.moduleinstall.ModuleInstallService.START dat=chimera-action:/... cmp=com.google.android.gms/.chimera.GmsApiService }
05-16 07:39:29.026: D/BoundBrokerSvc(15673): onBind: Intent { act=com.google.android.gms.ocr.service.internal.START dat=chimera-action:/... cmp=com.google.android.gms/.chimera.GmsInternalApiService }
05-16 07:39:29.026: D/BoundBrokerSvc(15673): Loading bound service for intent: Intent { act=com.google.android.gms.ocr.service.internal.START dat=chimera-action:/... cmp=com.google.android.gms/.chimera.GmsInternalApiService }
05-16 07:39:29.026: I/GCoreUlr(10395): Unbound from all signal providers.
05-16 07:39:29.026: I/GCoreUlr(10395): Stopping handler for UlrDispSvcFast
05-16 07:39:29.031: W/NetworkScheduler(10395): The extras of the task (com.google.android.gms.ocr.service.ModelCleanUpTaskService:type_[4]) are not valid to be persisted so that the task is not persisted [CONTEXT service_id=218 ]
05-16 07:39:29.031: W/NetworkScheduler(10395): java.lang.IllegalArgumentException: Only the following extra parameter types are supported: Integer, Long, Double, String, Boolean, and nested Bundles with the same restrictions.
05-16 07:39:29.031: W/NetworkScheduler(10395): at attp.e(:com.google.android.gms@[email protected] (190400-515650844):6)
05-16 07:39:29.031: W/NetworkScheduler(10395): at burn.f(:com.google.android.gms@[email protected] (190400-515650844):38)
05-16 07:39:29.031: W/NetworkScheduler(10395): at buqg.n(:com.google.android.gms@[email protected] (190400-515650844):3)
05-16 07:39:29.031: W/NetworkScheduler(10395): at buqg.u(:com.google.android.gms@[email protected] (190400-515650844):20)
05-16 07:39:29.031: W/NetworkScheduler(10395): at buqg.h(:com.google.android.gms@[email protected] (190400-515650844):3)
05-16 07:39:29.031: W/NetworkScheduler(10395): at bulx.run(:com.google.android.gms@[email protected] (190400-515650844):9)
05-16 07:39:29.031: W/NetworkScheduler(10395): at aawx.c(:com.google.android.gms@[email protected] (190400-515650844):6)
05-16 07:39:29.031: W/NetworkScheduler(10395): at aawx.run(:com.google.android.gms@[email protected] (190400-515650844):7)
05-16 07:39:29.031: W/NetworkScheduler(10395): at java.util.concurrent.ThreadPoolExecutor.runWorker(ThreadPoolExecutor.java:1137)
05-16 07:39:29.031: W/NetworkScheduler(10395): at java.util.concurrent.ThreadPoolExecutor$Worker.run(ThreadPoolExecutor.java:637)
05-16 07:39:29.031: W/NetworkScheduler(10395): at abcd.run(:com.google.android.gms@[email protected] (190400-515650844):0)
05-16 07:39:29.031: W/NetworkScheduler(10395): at java.lang.Thread.run(Thread.java:1012)
05-16 07:39:29.054: I/GmsModuleFndr(15673): Beginning GMS chimera module scan
05-16 07:39:29.056: I/ModuleSetMgr(15673): Computing pending module set with APKs: [[AdsFdrDynamite.integ:231004600100000], [GamePlatform.optional:230914190000], [Games.optional:230914100000], [MapsCoreDynamite.integ:224312102100400], [MlkitBarcodeUi.optional:230914100000], [MlkitOcrCommon.optional:230914100400], [TfliteDynamiteDynamite.integ:231406200100400], [VisionBarcode.optional:230914100400], [VisionOcrDynamite.integ:231602400100000], [AdsFdrDynamite.integ:224400003100000], [Cronetdynamite:230914190400], [Dynamiteloader:230914190000], [Dynamitemodulesa:230914190000], [Dynamitemodulesc:230914190000], [Googlecertificates:230914190000], [Mapsdynamite:230914190000], [Measurementdynamite:230914190000], [TestSupport.integ:13745000000], [SidecarAps.integ:2052100000]]
05-16 07:39:29.061: I/ModuleSetMgr(15673): Pending container module APKs: [[GamePlatform.optional:230914190000], [Games.optional:230914100000], [MapsCoreDynamite.integ:224312102100400], [MlkitBarcodeUi.optional:230914100000], [MlkitOcrCommon.optional:230914100400], [VisionBarcode.optional:230914100400]]
05-16 07:39:29.061: I/ModuleSetMgr(15673): Pending non-container module APKs: [[VisionOcrDynamite.integ:231602400100000], [TfliteDynamiteDynamite.integ:231406200100400], [AdsFdrDynamite.integ:231004600100000]]
05-16 07:39:29.074: W/PackageParser(15673): Unknown element under <manifest>: queries at /data/user_de/0/com.google.android.gms/app_chimera/m/0000000b/AdsDynamite.apk Binary XML file line #11
05-16 07:39:29.083: W/PackageParser(15673): Unknown element under <manifest>: queries at /data/user_de/0/com.google.android.gms/app_chimera/m/0000001b/dl-AdsFdrDynamite.integ_231004600100000.apk Binary XML file line #15
05-16 07:39:29.092: I/RecoverableKeyStoreGms(15673): [RecoverableKeyStoreGmsInitOperation] Initializing auth_folsom
05-16 07:39:29.092: I/RecoverableKeyStoreGms(15673): [RecoverableKeyStoreGmsInitOperation] com.google.android.gms.auth.folsom.service.FolsomPublicKeyUpdateService is already enabled. Ignore.
05-16 07:39:29.092: I/RecoverableKeyStoreGms(15673): [RecoverableKeyStoreGmsInitOperation] com.google.android.gms.auth.folsom.service.GcmReceiverService is already enabled. Ignore.
05-16 07:39:29.093: I/SyncIntentOperation(15673): Handling the intent: Intent { act=com.google.gservices.intent.action.GSERVICES_CHANGED flg=0x1000010 pkg=com.google.android.gms cmp=com.google.android.gms/.chimera.GmsIntentOperationService (has extras) }. [CONTEXT service_id=80 ]
05-16 07:39:29.093: I/RcsProvisioning(12379): Failed to read config: no config found /data/user/0/com.google.android.apps.messaging/files/rcsconfig: open failed: ENOENT (No such file or directory)
