05-16 07:39:34.271: W/BcSmartspaceView(3132): at android.view.ViewGroup.dispatchAttachedToWindow(ViewGroup.java:3491)
05-16 07:39:34.271: W/BcSmartspaceView(3132): at android.view.ViewGroup.dispatchAttachedToWindow(ViewGroup.java:3498)
05-16 07:39:34.271: W/BcSmartspaceView(3132): at android.view.ViewGroup.addViewInner(ViewGroup.java:5291)
05-16 07:39:34.271: W/BcSmartspaceView(3132): at android.view.ViewGroup.addView(ViewGroup.java:5077)
05-16 07:39:34.271: W/BcSmartspaceView(3132): at com.android.launcher3.CellLayout.addViewToCellLayout(Unknown Source:64)
05-16 07:39:34.271: W/BcSmartspaceView(3132): at com.android.launcher3.Workspace.bindAndInitFirstWorkspaceScreen(Unknown Source:53)
05-16 07:39:34.271: W/BcSmartspaceView(3132): at com.android.launcher3.Workspace.removeAllWorkspaceScreens(Unknown Source:43)
05-16 07:39:34.271: W/BcSmartspaceView(3132): at com.android.launcher3.Launcher.startBinding(Unknown Source:29)
05-16 07:39:34.271: W/BcSmartspaceView(3132): at com.android.launcher3.model.BaseLoaderResults$WorkspaceBinder.lambda$bind$0(Unknown Source:3)
05-16 07:39:34.271: W/BcSmartspaceView(3132): at com.android.launcher3.model.BaseLoaderResults$WorkspaceBinder.g(Unknown Source:0)
05-16 07:39:34.271: W/BcSmartspaceView(3132): at com.android.launcher3.model.a.execute(Unknown Source:0)
05-16 07:39:34.271: W/BcSmartspaceView(3132): at com.android.launcher3.model.BaseLoaderResults$WorkspaceBinder.lambda$executeCallbacksTask$9(Unknown Source:18)
05-16 07:39:34.271: W/BcSmartspaceView(3132): at com.android.launcher3.model.BaseLoaderResults$WorkspaceBinder.c(Unknown Source:0)
05-16 07:39:34.271: W/BcSmartspaceView(3132): at com.android.launcher3.model.g.run(Unknown Source:4)
05-16 07:39:34.271: W/BcSmartspaceView(3132): at android.os.Handler.handleCallback(Handler.java:942)
05-16 07:39:34.271: W/BcSmartspaceView(3132): at android.os.Handler.dispatchMessage(Handler.java:99)
05-16 07:39:34.271: W/BcSmartspaceView(3132): at android.os.Looper.loopOnce(Looper.java:201)
05-16 07:39:34.271: W/BcSmartspaceView(3132): at android.os.Looper.loop(Looper.java:288)
05-16 07:39:34.271: W/BcSmartspaceView(3132): at android.app.ActivityThread.main(ActivityThread.java:7872)
05-16 07:39:34.271: W/BcSmartspaceView(3132): at java.lang.reflect.Method.invoke(Native Method)
05-16 07:39:34.271: W/BcSmartspaceView(3132): at com.android.internal.os.RuntimeInit$MethodAndArgsCaller.run(RuntimeInit.java:548)
05-16 07:39:34.271: W/BcSmartspaceView(3132): at com.android.internal.os.ZygoteInit.main(ZygoteInit.java:936)
05-16 07:39:34.271: W/BcSmartspaceView(3132): Caused by: android.os.RemoteException: Remote stack trace:
05-16 07:39:34.271: W/BcSmartspaceView(3132): at android.app.ContextImpl.enforce(ContextImpl.java:2240)
05-16 07:39:34.271: W/BcSmartspaceView(3132): at android.app.ContextImpl.enforceCallingOrSelfPermission(ContextImpl.java:2268)
05-16 07:39:34.271: W/BcSmartspaceView(3132): at com.android.server.content.ContentService.handleIncomingUser(ContentService.java:1397)
05-16 07:39:34.271: W/BcSmartspaceView(3132): at com.android.server.content.ContentService.registerContentObserver(ContentService.java:369)
05-16 07:39:34.271: W/BcSmartspaceView(3132): at android.content.IContentService$Stub.onTransact(IContentService.java:486)
05-16 07:39:34.272: I/AiAiEcho(3659): #postPredictionTargets: Sending updates to UISurface lockscreen with targets# 1
05-16 07:39:34.272: I/AiAiEcho(3659): #postPredictionTargets: Sending updates to UISurface home with targets# 1
05-16 07:39:34.273: I/AiAiEcho(3659): AppPredictionInputConnectorImpl#createPredictionSession
05-16 07:39:34.274: D/LoaderTask(3132): sendFirstScreenActiveInstallsBroadcast
05-16 07:39:34.278: E/BcSmartspaceCard(3132): No tap action can be set up
05-16 07:39:34.279: I/AiAiStatsd(3659): Successfully logged feature usage for VISUAL_CORTEX.
05-16 07:39:34.280: W/native(3737): W0000 00:00:1684247974.279953 16778 soda_async_impl.cc:1076] Deleting soda_impl
05-16 07:39:34.288: W/TextView(3132): onProvideContentCaptureStructure(): calling assumeLayout()
05-16 07:39:34.288: I/WindowManager(1495): finishDrawing of relaunch: Window{4ea9c9c u0 com.google.android.apps.nexuslauncher/com.google.android.apps.nexuslauncher.NexusLauncherActivity} 251ms
05-16 07:39:34.291: D/LoaderTask(3132): step 1 complete
05-16 07:39:34.292: I/SP(11662): Sync for content_cache succeeded in 246 ms: no changes
05-16 07:39:34.294: I/SP(11662): GC for 'content_cache' (10) with ttl of 0 ms took 0 ms (0/0/0)
05-16 07:39:34.295: I/WindowManager(1495): Screen frozen for +435ms due to Window{4ea9c9c u0 com.google.android.apps.nexuslauncher/com.google.android.apps.nexuslauncher.NexusLauncherActivity}
05-16 07:39:34.298: D/LoaderTask(3132): loadAllApps
05-16 07:39:34.298: D/LoaderTask(3132): bindAllApps
05-16 07:39:34.308: I/A(3737): SODA uninitialized
05-16 07:39:34.309: I/AiAiEcho(3659): AppPredictionInputConnectorImpl#createPredictionSession
05-16 07:39:34.312: W/ImageReader_JNI(1495): Unable to acquire a buffer item, very likely client tried to acquire more than maxImages buffers
05-16 07:39:34.313: D/LoaderTask(3132): update icon cache
05-16 07:39:34.313: D/LoaderTask(3132): save shortcuts in icon cache
05-16 07:39:34.317: I/LatencyTracker(1495): ACTION_ROTATE_SCREEN latency=457
05-16 07:39:34.320: W/ContentCaptureService(3659): handleSendEvents() received empty list of events
05-16 07:39:34.322: I/GoogleInputMethodService(11662): GoogleInputMethodService.onFinishInput():3220
05-16 07:39:34.322: D/SearchUiPerUserService(1495): Creating SearchSessionInfo for session Id=com.google.android.apps.nexuslauncher:d14fab71-ebf7-4ae8-bacc-28cfeacfa517,0
05-16 07:39:34.323: I/AiAiEcho(3659): SearchContextManagerImpl::setSearchContext resultTypes=[141183] extras=[Bundle[mParcelledData.dataSize=500]] sessionId=[com.google.android.apps.nexuslauncher:d14fab71-ebf7-4ae8-bacc-28cfeacfa517,0]
05-16 07:39:34.323: I/GoogleInputMethodService(11662): GoogleInputMethodService.updateDeviceLockedStatus():2114 repeatCheckTimes = 0, unlocked = true
05-16 07:39:34.323: I/GoogleInputMethodService(11662): GoogleInputMethodService.onStartInput():1919 onStartInput(EditorInfo{inputType=0x0(NULL) imeOptions=0x0 privateImeOptions=null actionName=UNSPECIFIED actionLabel=null actionId=0 initialSelStart=-1 initialSelEnd=-1 initialCapsMode=0x0 hintText=null label=null packageName=com.google.android.apps.nexuslauncher fieldId=2131361913 fieldName=null extras=null}, false)
05-16 07:39:34.324: I/GoogleInputMethodService(11662): GoogleInputMethodService.updateDeviceLockedStatus():2114 repeatCheckTimes = 2, unlocked = true
05-16 07:39:34.325: W/Binder(1495): Caught a RuntimeException from the binder stub implementation.
05-16 07:39:34.325: W/Binder(1495): java.lang.ArrayIndexOutOfBoundsException: Array index out of range: 0
05-16 07:39:34.325: W/Binder(1495): at android.util.ArraySet.valueAt(ArraySet.java:422)
05-16 07:39:34.325: W/Binder(1495): at com.android.server.contentcapture.ContentCapturePerUserService$ContentCaptureServiceRemoteCallback.updateContentCaptureOptions(ContentCapturePerUserService.java:733)
05-16 07:39:34.325: W/Binder(1495): at com.android.server.contentcapture.ContentCapturePerUserService$ContentCaptureServiceRemoteCallback.setContentCaptureWhitelist(ContentCapturePerUserService.java:646)
05-16 07:39:34.325: W/Binder(1495): at android.service.contentcapture.IContentCaptureServiceCallback$Stub.onTransact(IContentCaptureServiceCallback.java:115)
05-16 07:39:34.325: W/Binder(1495): at android.os.Binder.execTransactInternal(Binder.java:1285)
05-16 07:39:34.325: W/Binder(1495): at android.os.Binder.execTransact(Binder.java:1244)
05-16 07:39:34.337: I/SP.AiAi(3659): Scheduling: job start ({W:b:u:l, bg}), 1 started, 0 paused, 1 scheduled, 2 pending: manifests:spelling_correction-21080420 * {W:b:I:l, bg}, manifests:webref-2-en-23050201 @ * {W:b:u:l, bg}
05-16 07:39:34.343: W/TextView(3132): onProvideContentCaptureStructure(): calling assumeLayout()
05-16 07:39:34.344: W/TextView(3132): onProvideContentCaptureStructure(): calling assumeLayout()
05-16 07:39:34.344: W/TextView(3132): onProvideContentCaptureStructure(): calling assumeLayout()
05-16 07:39:34.345: D/LoaderTask(3132): step 2 complete
05-16 07:39:34.346: D/LoaderTask(3132): loadDeepShortcuts
05-16 07:39:34.346: D/LoaderTask(3132): bindDeepShortcuts
05-16 07:39:34.346: D/LoaderTask(3132): save deep shortcuts in icon cache
05-16 07:39:34.346: I/AiAiEcho(3659): AppPredictionInputConnectorImpl#createPredictionSession
05-16 07:39:34.346: D/LoaderTask(3132): step 3 complete
05-16 07:39:34.349: V/DisplayPowerController[0](1495): Brightness [0.03543307] reason changing to: 'manual', previous reason: 'manual [ dim ]'.
05-16 07:39:34.349: I/DisplayPowerController[0](1495): BrightnessEvent: disp=0, physDisp=local:4619827677550801152, brt=0.03543307, initBrt=0.0, rcmdBrt=NaN, preBrt=NaN, lux=0.0, fastAmbientLux=1.4632915E-8, slowAmbientLux=1.493972E-8, preLux=0.0, hbmMax=0.6, hbmMode=off, rbcStrength=50, powerFactor=1.0, thrmMax=1.0, flags=, reason=manual, autoBrightness=false
05-16 07:39:34.350: I/DisplayPowerController[0](1495): BrightnessEvent: disp=0, physDisp=local:4619827677550801152, brt=0.03543307, initBrt=0.03543307, rcmdBrt=NaN, preBrt=NaN, lux=0.0, fastAmbientLux=1.4632915E-8, slowAmbientLux=1.493972E-8, preLux=0.0, hbmMax=0.6, hbmMode=off, rbcStrength=50, powerFactor=1.0, thrmMax=1.0, flags=, reason=manual, autoBrightness=false
05-16 07:39:34.351: I/DisplayDevice(513): Display 4619827677550801152 policy changed
05-16 07:39:34.351: I/DisplayDevice(513): Previous: {{defaultModeId=2, allowGroupSwitching=false, primaryRange=[120.00 Hz, 120.00 Hz], appRequestRange=[0.00 Hz, 120.00 Hz]}}
05-16 07:39:34.351: I/DisplayDevice(513): Current: {{defaultModeId=2, allowGroupSwitching=false, primaryRange=[0.00 Hz, 120.00 Hz], appRequestRange=[0.00 Hz, 120.00 Hz]}}
05-16 07:39:34.351: I/DisplayDevice(513): 1 mode changes were performed under the previous policy
05-16 07:39:34.352: I/display(516): setDisplayIdleTimerEnabled() writes panel_idle(1) to the sysfs node
05-16 07:39:34.353: I/ActivityTaskManager(1495): START u0 {act=android.intent.action.MAIN cat=[android.intent.category.HOME] flg=0x10000100 cmp=com.google.android.apps.nexuslauncher/.NexusLauncherActivity (has extras)} from uid 0
05-16 07:39:34.357: D/OneSearchSuggestProvider(3132): Established or reuse existing binder channel authority=com.google.android.googlequicksearchbox
05-16 07:39:34.358: I/display(516): level=125, DimmingOn=0, Hbm=0, LhbmOn=0.
05-16 07:39:34.362: D/LoaderTask(3132): load widgets
05-16 07:39:34.363: D/LoaderTask(3132): bindWidgets
05-16 07:39:34.365: D/LoaderTask(3132): save widgets in icon cache
05-16 07:39:34.366: D/AOC(1054): A3:MSG: tmd3719_device.cc, 4060: USF: TMD3719: brightness:125 leakage:0.223647 refresh_rate:10 status:1
05-16 07:39:34.367: D/AOC(1054): A3:MSG: tmd3719_device.cc, 539: USF: TMD3719: [ALS]sync_delay_adjustment: 1217995
05-16 07:39:34.368: D/LoaderTask(3132): finish icon update
05-16 07:39:34.369: D/QuickstepModelDelegate(3132): Successfully registered for launcher snapshot logging!
05-16 07:39:34.372: D/OneSearchSuggestProvider(3132): Convert suggest response to search results for query= time=548739 mResponse list size=15
05-16 07:39:34.374: I/BcSmartspaceCard(3132): setFormattedContentDescription: textView=SUBTITLE, text=null, iconDescription=null, contentDescription=null
05-16 07:39:34.374: I/BcSmartspaceCard(3132): setFormattedContentDescription: textView=SUBTITLE, text=Tap for tips, iconDescription=, contentDescription=Tap for tips
05-16 07:39:34.374: I/BcSmartspaceCard(3132): setFormattedContentDescription: textView=SUBTITLE, text=Tap for tips, iconDescription=, contentDescription=Tap for tips
05-16 07:39:34.383: D/CompatibilityChangeReporter(12741): Compat change id reported: 160794467; UID 10179; state: ENABLED
05-16 07:39:34.389: I/AiAiEcho(3659): Predicting[8]: { Feature:WEATHER, creation:2023-05-16T14:21:34Z, expiry:2023-05-16T15:00:00Z, isExpired: false}, { Feature:WEATHER, creation:2023-05-16T15:00:00Z, expiry:2023-05-16T16:00:00Z, isExpired: true}, { Feature:WEATHER, creation:2023-05-16T16:00:00Z, expiry:2023-05-16T17:00:00Z, isExpired: true}, { Feature:WEATHER, creation:2023-05-16T17:00:00Z, expiry:2023-05-16T18:00:00Z, isExpired: true}, { Feature:WEATHER, creation:2023-05-16T18:00:00Z, expiry:2023-05-16T19:00:00Z, isExpired: true}, { Feature:WEATHER, creation:2023-05-16T19:00:00Z, expiry:2023-05-16T20:00:00Z, isExpired: true}, { Feature:WEATHER, creation:2023-05-16T20:00:00Z, expiry:2023-05-16T20:21:34Z, isExpired: true}, { Feature:TIPS, creation:2023-05-16T14:36:04.811Z, expiry:2023-05-19T14:36:04.601Z, isExpired: false}
05-16 07:39:34.392: I/AiAiEcho(3659): Ranked targets strategy: WEIGHTED, count: 2, ranking metadata: { cardId: TIPS-2029576961, card type: TIPS, update time: 2023-05-16T14:36:04.811Z, expiration time: 2023-05-19T14:36:04.601Z, ranking metadata: RankingMetaData(urgency=0.992, priority=1.0, recency=1.0, rankScore=0.992, importantTimePoints=# krk@7bca4) }, { cardId: WEATHER-569377243, card type: WEATHER, update time: 2023-05-16T14:21:34Z, expiration time: 2023-05-16T15:00:00Z, ranking metadata: RankingMetaData(urgency=0.9, priority=0.3, recency=0.8, rankScore=0.27, importantTimePoints=# krk@7bca4) }
05-16 07:39:34.392: D/LocalImageResolver(2674): Couldn't use ImageDecoder for drawable, falling back to non-resized load.
05-16 07:39:34.394: I/AiAiEcho(3659): Predicting[8]: { Feature:WEATHER, creation:2023-05-16T14:21:34Z, expiry:2023-05-16T15:00:00Z, isExpired: false}, { Feature:WEATHER, creation:2023-05-16T15:00:00Z, expiry:2023-05-16T16:00:00Z, isExpired: true}, { Feature:WEATHER, creation:2023-05-16T16:00:00Z, expiry:2023-05-16T17:00:00Z, isExpired: true}, { Feature:WEATHER, creation:2023-05-16T17:00:00Z, expiry:2023-05-16T18:00:00Z, isExpired: true}, { Feature:WEATHER, creation:2023-05-16T18:00:00Z, expiry:2023-05-16T19:00:00Z, isExpired: true}, { Feature:WEATHER, creation:2023-05-16T19:00:00Z, expiry:2023-05-16T20:00:00Z, isExpired: true}, { Feature:WEATHER, creation:2023-05-16T20:00:00Z, expiry:2023-05-16T20:21:34Z, isExpired: true}, { Feature:TIPS, creation:2023-05-16T14:36:04.811Z, expiry:2023-05-19T14:36:04.601Z, isExpired: false}
05-16 07:39:34.394: I/ActivityTaskManager(1495): START u0 {flg=0x10000000 cmp=com.google.android.apps.mtaas.backdrop/.BackdropActivity} from uid 2000
05-16 07:39:34.397: I/SP.AiAi(3659): Requesting download of URL https://gstatic.com/webref-ondevice/aiai/23050201_pir/2/en/superpacks_manifest.zip to webref-2-en-23050201.zip.fetched (constraints: W:b:u:l)
05-16 07:39:34.398: D/CompatibilityChangeReporter(1495): Compat change id reported: 194480991; UID 10252; state: ENABLED
05-16 07:39:34.398: I/AiAiEcho(3659): Ranked targets strategy: WEIGHTED, count: 2, ranking metadata: { cardId: TIPS-2029576961, card type: TIPS, update time: 2023-05-16T14:36:04.811Z, expiration time: 2023-05-19T14:36:04.601Z, ranking metadata: RankingMetaData(urgency=0.992, priority=1.0, recency=1.0, rankScore=0.992, importantTimePoints=# krk@7bca4) }, { cardId: WEATHER-569377243, card type: WEATHER, update time: 2023-05-16T14:21:34Z, expiration time: 2023-05-16T15:00:00Z, ranking metadata: RankingMetaData(urgency=0.9, priority=0.3, recency=0.8, rankScore=0.27, importantTimePoints=# krk@7bca4) }
05-16 07:39:34.400: D/CompatibilityChangeReporter(1495): Compat change id reported: 174042980; UID 10252; state: DISABLED
05-16 07:39:34.400: D/CompatibilityChangeReporter(1495): Compat change id reported: 184838306; UID 10252; state: DISABLED
05-16 07:39:34.400: D/CompatibilityChangeReporter(1495): Compat change id reported: 185004937; UID 10252; state: DISABLED
05-16 07:39:34.401: D/CompatibilityChangeReporter(1495): Compat change id reported: 181136395; UID 10252; state: DISABLED
05-16 07:39:34.401: D/CompatibilityChangeReporter(1495): Compat change id reported: 174042936; UID 10252; state: DISABLED
05-16 07:39:34.402: D/CompatibilityChangeReporter(1495): Compat change id reported: 197654537; UID 10252; state: DISABLED
05-16 07:39:34.402: D/QuickstepModelDelegate(3132): notifyAppTargetEvent action=1 launchLocation=workspace/0/[-1,-1]/[1,1]
05-16 07:39:34.403: D/CompatibilityChangeReporter(1495): Compat change id reported: 205907456; UID 10252; state: DISABLED
05-16 07:39:34.407: D/CompatibilityChangeReporter(1495): Compat change id reported: 135634846; UID 10252; state: DISABLED
05-16 07:39:34.407: D/CompatibilityChangeReporter(1495): Compat change id reported: 177438394; UID 10252; state: DISABLED
05-16 07:39:34.408: D/CompatibilityChangeReporter(1495): Compat change id reported: 135772972; UID 10252; state: DISABLED
05-16 07:39:34.408: D/CompatibilityChangeReporter(1495): Compat change id reported: 135754954; UID 10252; state: DISABLED
05-16 07:39:34.408: D/CompatibilityChangeReporter(1495): Compat change id reported: 143937733; UID 10252; state: DISABLED
05-16 07:39:34.411: D/QuickstepModelDelegate(3132): notifyAppTargetEvent action=1 launchLocation=workspace/0/[-1,-1]/[1,1]
05-16 07:39:34.416: I/SP.AiAi(3659): Registering text-classifier-annotator.696969673, url: https://www.gstatic.com/matchmaker/tclib_models/annotator/v903/en/superpacks_manifest.zip, constraints: *:*:*:*, flags: *, requested: 696969673, current: 1903348618
05-16 07:39:34.417: D/CoreBackPreview(1495): Window{b5b3a5b u0 Splash Screen com.google.android.apps.mtaas.backdrop}: Setting back callback OnBackInvokedCallbackInfo{mCallback=android.window.IOnBackInvokedCallback$Stub$Proxy@f7c3d1, mPriority=0}
05-16 07:39:34.428: I/SP.AiAi(3659): Scheduling job with delay of 0s for {W:b:I:l, bg}, 1 candidates
05-16 07:39:34.430: I/SP.AiAi(3659): Requesting download of URL https://www.gstatic.com/matchmaker/tclib_models/annotator/v903/en/superpacks_manifest.zip to text-classifier-annotator-696969673.zip.fetched (constraints: W:b:u:l)
05-16 07:39:34.435: D/LocalImageResolver(2674): Couldn't use ImageDecoder for drawable, falling back to non-resized load.
05-16 07:39:34.438: D/Zygote(810): Forked child process 16872
05-16 07:39:34.438: I/ActivityManager(1495): Start proc 16872:com.google.android.apps.mtaas.backdrop/u0a252 for next-top-activity {com.google.android.apps.mtaas.backdrop/com.google.android.apps.mtaas.backdrop.BackdropActivity}
05-16 07:39:34.438: I/SP.AiAi(3659): Scheduling: download registered, 1 started, 0 paused, 1 scheduled, 3 pending: manifests:spelling_correction-21080420 * {W:b:I:l, bg}, manifests:webref-2-en-23050201 @ {W:b:u:l, bg}, manifests:text-classifier-annotator-696969673 @ * {W:b:u:l, bg}
05-16 07:39:34.442: I/SP.AiAi(3659): Registering text-classifier-actions.1238844047, url: https://www.gstatic.com/matchmaker/tclib_models/actions/v104/en/superpacks_manifest.zip, constraints: *:*:*:*, flags: *, requested: 1238844047, current: 1140547708
05-16 07:39:34.443: I/AiAiEcho(3659): Predicting[8]: { Feature:WEATHER, creation:2023-05-16T14:21:34Z, expiry:2023-05-16T15:00:00Z, isExpired: false}, { Feature:WEATHER, creation:2023-05-16T15:00:00Z, expiry:2023-05-16T16:00:00Z, isExpired: true}, { Feature:WEATHER, creation:2023-05-16T16:00:00Z, expiry:2023-05-16T17:00:00Z, isExpired: true}, { Feature:WEATHER, creation:2023-05-16T17:00:00Z, expiry:2023-05-16T18:00:00Z, isExpired: true}, { Feature:WEATHER, creation:2023-05-16T18:00:00Z, expiry:2023-05-16T19:00:00Z, isExpired: true}, { Feature:WEATHER, creation:2023-05-16T19:00:00Z, expiry:2023-05-16T20:00:00Z, isExpired: true}, { Feature:WEATHER, creation:2023-05-16T20:00:00Z, expiry:2023-05-16T20:21:34Z, isExpired: true}, { Feature:TIPS, creation:2023-05-16T14:36:04.811Z, expiry:2023-05-19T14:36:04.601Z, isExpired: false}
05-16 07:39:34.445: I/AiAiEcho(3659): Ranked targets strategy: WEIGHTED, count: 2, ranking metadata: { cardId: TIPS-2029576961, card type: TIPS, update time: 2023-05-16T14:36:04.811Z, expiration time: 2023-05-19T14:36:04.601Z, ranking metadata: RankingMetaData(urgency=0.992, priority=1.0, recency=1.0, rankScore=0.992, importantTimePoints=# krk@7bca4) }, { cardId: WEATHER-569377243, card type: WEATHER, update time: 2023-05-16T14:21:34Z, expiration time: 2023-05-16T15:00:00Z, ranking metadata: RankingMetaData(urgency=0.9, priority=0.3, recency=0.8, rankScore=0.27, importantTimePoints=# krk@7bca4) }
05-16 07:39:34.446: I/libc(16872): SetHeapTaggingLevel: tag level set to 0
05-16 07:39:34.447: I/AiAiEcho(3659): #postPredictionTargets: Sending updates to UISurface lockscreen with targets# 1
05-16 07:39:34.447: I/AiAiEcho(3659): #postPredictionTargets: Sending updates to UISurface home with targets# 1
05-16 07:39:34.447: V/ShadeControllerImpl(2674): NotificationShadeWindow: com.android.systemui.shade.NotificationShadeWindowView{32015a7 I.E...... ......ID 0,0-1080,2340} canPanelBeCollapsed(): false
05-16 07:39:34.448: V/ShadeControllerImpl(2674): NotificationShadeWindow: com.android.systemui.shade.NotificationShadeWindowView{32015a7 I.E...... ......ID 0,0-1080,2340} canPanelBeCollapsed(): false
05-16 07:39:34.449: I/AiAiEcho(3659): #postPredictionTargets: Sending updates to UISurface lockscreen with targets# 1
05-16 07:39:34.451: I/SP.AiAi(3659): Scheduling job with delay of 0s for {W:b:I:l, bg}, 1 candidates
05-16 07:39:34.451: E/.mtaas.backdrop(16872): Not starting debugger since process cannot load the jdwp agent.
05-16 07:39:34.451: I/SP.AiAi(3659): Requesting download of URL https://www.gstatic.com/matchmaker/tclib_models/actions/v104/en/superpacks_manifest.zip to text-classifier-actions-1238844047.zip.fetched (constraints: W:b:u:l)
05-16 07:39:34.451: D/LocalImageResolver(2674): Couldn't use ImageDecoder for drawable, falling back to non-resized load.
05-16 07:39:34.457: D/LocalImageResolver(2674): Couldn't use ImageDecoder for drawable, falling back to non-resized load.
05-16 07:39:34.458: W/TouchableRegionManager(2674): onHeadsUpPinnedModeChanged
05-16 07:39:34.459: W/OnBackInvokedCallback(2674): OnBackInvokedCallback is not enabled for the application.
05-16 07:39:34.459: W/OnBackInvokedCallback(2674): Set 'android:enableOnBackInvokedCallback="true"' in the application manifest.
05-16 07:39:34.459: D/CentralSurfaces(2674): Received new disable state: enaihbcrso.qingr (unchanged)
05-16 07:39:34.460: I/AiAiEcho(3659): #postPredictionTargets: Sending updates to UISurface home with targets# 1
05-16 07:39:34.462: D/LocalImageResolver(2674): Couldn't use ImageDecoder for drawable, falling back to non-resized load.
05-16 07:39:34.464: I/SP.AiAi(3659): Scheduling: download registered, 1 started, 0 paused, 1 scheduled, 4 pending: manifests:spelling_correction-21080420 * {W:b:I:l, bg}, manifests:webref-2-en-23050201 @ {W:b:u:l, bg}, manifests:text-classifier-annotator-696969673 @ {W:b:u:l, bg}, manifests:text-classifier-actions-1238844047 @ * {W:b:u:l, bg}
05-16 07:39:34.465: D/LocalImageResolver(2674): Couldn't use ImageDecoder for drawable, falling back to non-resized load.
05-16 07:39:34.467: I/AiAiEcho(3659): #postPredictionTargets: Sending updates to UISurface lockscreen with targets# 1
05-16 07:39:34.468: I/AiAiEcho(3659): #postPredictionTargets: Sending updates to UISurface home with targets# 1
05-16 07:39:34.468: D/LocalImageResolver(2674): Couldn't use ImageDecoder for drawable, falling back to non-resized load.
05-16 07:39:34.469: D/CompatibilityChangeReporter(16872): Compat change id reported: 171979766; UID 10252; state: DISABLED
05-16 07:39:34.471: D/LocalImageResolver(2674): Couldn't use ImageDecoder for drawable, falling back to non-resized load.
05-16 07:39:34.474: D/ApplicationLoaders(16872): Returning zygote-cached class loader: /system/framework/android.test.base.jar
05-16 07:39:34.474: W/View(2674): requestLayout() improperly called by android.widget.TextView{d45799 V.ED..... ......ID 39,25-283,72 #7f0a06c5 app:id/text} during layout: running second layout pass
05-16 07:39:34.474: W/ActivityManager(1495): Unable to start service Intent { cmp=com.google.android.apps.gcs/androidx.work.impl.background.systemjob.SystemJobService } U=0: not found
05-16 07:39:34.475: E/JobScheduler.Concurrency(1495): Error executing JobStatus{51ffcd9 #u0a150/1 com.google.android.apps.gcs/androidx.work.impl.background.systemjob.SystemJobService u=0 s=10150 NET READY}
05-16 07:39:34.475: W/ActivityManager(1495): Unable to start service Intent { cmp=com.google.android.apps.gcs/androidx.work.impl.background.systemjob.SystemJobService } U=0: not found
05-16 07:39:34.475: E/JobScheduler.Concurrency(1495): Error executing JobStatus{469456a #u0a150/8 com.google.android.apps.gcs/androidx.work.impl.background.systemjob.SystemJobService u=0 s=10150 NET READY}
05-16 07:39:34.476: W/ActivityManager(1495): Unable to start service Intent { cmp=com.google.android.videos/androidx.work.impl.background.systemjob.SystemJobService } U=0: not found
05-16 07:39:34.476: E/JobScheduler.Concurrency(1495): Error executing JobStatus{4fc63bc #u0a167/3 com.google.android.videos/androidx.work.impl.background.systemjob.SystemJobService u=0 s=10167 NET READY}
05-16 07:39:34.476: D/nativeloader(16872): Configuring classloader-namespace for other apk /data/app/~~SFrqZgztTAUOYUMbtvY-lQ==/com.google.android.apps.mtaas.backdrop-tuZCSW-G2Y_awOW77UrMyQ==/base.apk. target_sdk_version=28, uses_libraries=, library_path=/data/app/~~SFrqZgztTAUOYUMbtvY-lQ==/com.google.android.apps.mtaas.backdrop-tuZCSW-G2Y_awOW77UrMyQ==/lib/arm64, permitted_path=/data:/mnt/expand:/data/user/0/com.google.android.apps.mtaas.backdrop
05-16 07:39:34.477: W/ActivityManager(1495): Unable to start service Intent { cmp=com.google.android.videos/androidx.work.impl.background.systemjob.SystemJobService } U=0: not found
05-16 07:39:34.477: E/JobScheduler.Concurrency(1495): Error executing JobStatus{7f1610a #u0a167/7 com.google.android.videos/androidx.work.impl.background.systemjob.SystemJobService u=0 s=10167 NET READY}
05-16 07:39:34.479: D/LocalImageResolver(2674): Couldn't use ImageDecoder for drawable, falling back to non-resized load.
05-16 07:39:34.484: V/GraphicsEnvironment(16872): ANGLE Developer option for 'com.google.android.apps.mtaas.backdrop' set to: 'default'
05-16 07:39:34.485: V/GraphicsEnvironment(16872): ANGLE GameManagerService for com.google.android.apps.mtaas.backdrop: false
05-16 07:39:34.485: V/GraphicsEnvironment(16872): Neither updatable production driver nor prerelease driver is supported.
05-16 07:39:34.486: D/NetworkSecurityConfig(16872): No Network Security Config specified, using platform default
05-16 07:39:34.486: D/NetworkSecurityConfig(16872): No Network Security Config specified, using platform default
05-16 07:39:34.487: W/ogle.android.as(3659): Suspending all threads took: 11.449ms
05-16 07:39:34.487: I/MultiDex(16872): VM with version 2.1.0 has multidex support
05-16 07:39:34.487: I/MultiDex(16872): Installing application
05-16 07:39:34.487: I/MultiDex(16872): VM has multidex support, MultiDex support library is disabled.
05-16 07:39:34.500: E/JobScheduler.Concurrency(1495): Had fewer than 16 in existence
05-16 07:39:34.502: E/JobScheduler.Concurrency(1495): Had fewer than 16 in existence
05-16 07:39:34.502: I/Finsky(14188): [2] afiz.adP(24): BulkDetails response obtained.
05-16 07:39:34.503: D/AppCompatDelegate(16872): Checking for metadata for AppLocalesMetadataHolderService : Service not found
05-16 07:39:34.503: E/JobScheduler.Concurrency(1495): Had fewer than 16 in existence
05-16 07:39:34.503: I/Finsky(14188): [2] aeiy.g(1): No new splits to download.
05-16 07:39:34.504: I/Finsky(14188): [73] aflv.a(1): Checking for new language splits in self-update.
05-16 07:39:34.504: W/Finsky(14188): [73] ixj.d(18): For unauth, use getDfeApiNonAuthenticated() instead!
05-16 07:39:34.504: I/Finsky(14188): [73] ixj.f(2): getDfeApiOrNonauthenticated is returning unauth api
05-16 07:39:34.506: E/JobScheduler.Concurrency(1495): Had fewer than 16 in existence
05-16 07:39:34.509: I/Finsky(14188): [73] mmp.a(41): [DeviceConfig] successfully updated device attribute payloads
05-16 07:39:34.509: I/Finsky(14188): [2] zis.b(10): SUH: Request device config token was successful in self update.
05-16 07:39:34.510: I/BackdropActivity(16872): onCreate()
05-16 07:39:34.513: W/ActivityThread(12379): getPackageInfo() called with an older ApplicationInfo than the cached version for package com.google.android.apps.messaging
05-16 07:39:34.514: E/QuickAccessWalletKeyguardQuickAffordanceConfig(2674): Wallet card retrieval error, message: "null"
05-16 07:39:34.514: I/GsaVoiceInteractionSrv(3737): Handling ACTION_STOP_HOTWORD
05-16 07:39:34.514: D/CompatibilityChangeReporter(1495): Compat change id reported: 161252188; UID 10164; state: ENABLED
05-16 07:39:34.514: I/Finsky(14188): [209] oin.run(16): Wrote row to frosting DB: 404
05-16 07:39:34.515: D/ControlsListingControllerImpl(2674): Subscribing callback, service count: 0
05-16 07:39:34.517: E/QuickAccessWalletKeyguardQuickAffordanceConfig(2674): Wallet card retrieval error, message: "null"
05-16 07:39:34.517: D/ControlsListingControllerImpl(2674): Subscribing callback, service count: 0
05-16 07:39:34.517: W/ActivityManager(1495): Unable to start service Intent { cmp=com.google.android.videos/androidx.work.impl.background.systemjob.SystemJobService } U=0: not found
05-16 07:39:34.518: E/JobScheduler.Concurrency(1495): Error executing JobStatus{4b85829 #u0a167/9 com.google.android.videos/androidx.work.impl.background.systemjob.SystemJobService u=0 s=10167 NET CHARGING READY}
05-16 07:39:34.519: W/ActivityManager(1495): Unable to start service Intent { cmp=com.google.android.videos/androidx.work.impl.background.systemjob.SystemJobService } U=0: not found
05-16 07:39:34.520: E/JobScheduler.Concurrency(1495): Error executing JobStatus{73855a4 #u0a167/11 com.google.android.videos/androidx.work.impl.background.systemjob.SystemJobService u=0 s=10167 NET READY}
05-16 07:39:34.521: I/BcSmartspaceCard(3132): setFormattedContentDescription: textView=SUBTITLE, text=Tap for tips, iconDescription=, contentDescription=Tap for tips
05-16 07:39:34.521: I/BcSmartspaceCard(3132): setFormattedContentDescription: textView=SUBTITLE, text=Tap for tips, iconDescription=, contentDescription=Tap for tips
05-16 07:39:34.522: W/Finsky(14188): [2] ziu.a(11): SUH: Self-update installed derived apk id unavailable.
05-16 07:39:34.522: I/BcSmartspaceCard(3132): setFormattedContentDescription: textView=SUBTITLE, text=Tap for tips, iconDescription=, contentDescription=Tap for tips
05-16 07:39:34.523: D/CompatibilityChangeReporter(1495): Compat change id reported: 161145287; UID 10179; state: DISABLED
05-16 07:39:34.524: I/ActivityTaskManager(1495): Activity requesting to dismiss Keyguard: ActivityRecord{aca419d u0 com.google.android.apps.mtaas.backdrop/.BackdropActivity} t9}
05-16 07:39:34.525: I/AiAiTranslate(3659): textTranslation vi,ja,fa,ro,nl,mr,mt,ar,ms,it,eo,is,et,es,iw,zh,uk,af,id,ur,mk,cy,hi,el,be,pt,lt,hr,lv,hu,ht,te,de,bg,th,bn,tl,pl,tr,kn,sv,gl,ko,sw,cs,da,ta,gu,ka,sl,ca,sk,ga,sq,no,fi,ru,fr,en,zh_Hant
05-16 07:39:34.525: I/AiAiTranslate(3659): audioRecognition en,fr,it,de,ja
05-16 07:39:34.525: I/AiAiTranslate(3659): imageRecognition af,ar,be,bg,bn,ca,cs,cy,da,de,el,eo,es,et,fa,fi,fr,ga,gl,hi,hr,ht,hu,id,is,it,ja,ko,lt,lv,mk,mr,ms,mt,nl,no,pl,pt,ro,ru,sk,sl,sq,sv,sw,ta,te,th,tl,tr,uk,ur,vi,zh,en
05-16 07:39:34.534: D/CompatibilityChangeReporter(16872): Compat change id reported: 210923482; UID 10252; state: DISABLED
05-16 07:39:34.534: D/CompatibilityChangeReporter(16872): Compat change id reported: 37756858; UID 10252; state: ENABLED
05-16 07:39:34.537: D/CompatibilityChangeReporter(16872): Compat change id reported: 171228096; UID 10252; state: ENABLED
05-16 07:39:34.539: I/BugleDataModel(12379): ParticipantFullRefresh: Start participant refresh. refreshMode: SELF_ONLY
05-16 07:39:34.539: I/AiAiTranslate(3659): chatLanguages de,en,es,fr,it,ja,hi,zh,ru,pl,pt,ko,th,tr,nl,zh_Hant
05-16 07:39:34.540: I/AiAiTranslate(3659): LiveCaption languages de,en,fr,it,ja
05-16 07:39:34.540: I/AiAiTranslate(3659): Beta audioRecognition in LiveCaption ja
05-16 07:39:34.540: I/AiAiTranslate(3659): Assistant Interpreter source languages de,en,ja,es,fr,it
05-16 07:39:34.540: I/AiAiTranslate(3659): Assistant Interpreter target languages de,en,ja,es,fr,it
05-16 07:39:34.542: I/BackdropActivity(16872): android_id: 4327372303567141761
05-16 07:39:34.545: I/BackdropActivity(16872): onResume()
05-16 07:39:34.546: I/ActivityTaskManager(1495): Activity requesting to dismiss Keyguard: ActivityRecord{aca419d u0 com.google.android.apps.mtaas.backdrop/.BackdropActivity} t9}
05-16 07:39:34.547: I/ogle.android.as(3659): Background young concurrent copying GC freed 474308(19MB) AllocSpace objects, 11(1256KB) LOS objects, 58% free, 12MB/29MB, paused 1.186ms,11.578ms total 245.728ms
05-16 07:39:34.550: I/BugleDataModel(12379): TransactionManagerImpl: tx: SelfParticipantsData#refreshSelfParticipantList started
05-16 07:39:34.555: D/CoreBackPreview(1495): Window{42a71e7 u0 com.google.android.apps.mtaas.backdrop/com.google.android.apps.mtaas.backdrop.BackdropActivity}: Setting back callback OnBackInvokedCallbackInfo{mCallback=android.window.IOnBackInvokedCallback$Stub$Proxy@2775432, mPriority=0}
05-16 07:39:34.556: I/FTLNetworkMonitor(16872): NetworkMonitoringService was created
05-16 07:39:34.556: D/CompatibilityChangeReporter(1495): Compat change id reported: 161145287; UID 10252; state: DISABLED
05-16 07:39:34.565: W/ServiceManager(513): Permission failure: android.permission.ACCESS_SURFACE_FLINGER from uid=10252 pid=0
05-16 07:39:34.565: D/PermissionCache(513): checking android.permission.ACCESS_SURFACE_FLINGER for uid=10252 => denied (224 us)
05-16 07:39:34.565: W/ServiceManager(513): Permission failure: android.permission.ACCESS_SURFACE_FLINGER from uid=10252 pid=16872
05-16 07:39:34.565: D/PermissionCache(513): checking android.permission.ACCESS_SURFACE_FLINGER for uid=10252 => denied (190 us)
05-16 07:39:34.565: W/ServiceManager(513): Permission failure: android.permission.ROTATE_SURFACE_FLINGER from uid=10252 pid=0
05-16 07:39:34.565: D/PermissionCache(513): checking android.permission.ROTATE_SURFACE_FLINGER for uid=10252 => denied (114 us)
05-16 07:39:34.565: W/ServiceManager(513): Permission failure: android.permission.INTERNAL_SYSTEM_WINDOW from uid=10252 pid=0
05-16 07:39:34.565: W/ServiceManager(513): Permission failure: android.permission.ROTATE_SURFACE_FLINGER from uid=10252 pid=16872
05-16 07:39:34.565: D/PermissionCache(513): checking android.permission.ROTATE_SURFACE_FLINGER for uid=10252 => denied (185 us)
05-16 07:39:34.565: D/PermissionCache(513): checking android.permission.INTERNAL_SYSTEM_WINDOW for uid=10252 => denied (87 us)
05-16 07:39:34.568: I/hwservicemanager(456): getTransport: Cannot find entry [email protected]::IAllocator/default in either framework or device VINTF manifest.
05-16 07:39:34.569: I/servicemanager(455): Found android.hardware.graphics.allocator.IAllocator/default in device VINTF manifest.
05-16 07:39:34.579: I/BugleDataModel(12379): TransactionManagerImpl: tx: SelfParticipantsData#refreshSelfParticipantList ended
05-16 07:39:34.584: I/A(10908): Creating in-process transport to InProcessServerAddress[com.google.android.googlequicksearchbox/OnDeviceServer[Hash:232792351]]
05-16 07:39:34.587: W/SP.AiAi(3659): File ref is being finalized but wasn't closed, file: global_747c567e8fc3942acc3543c649aa968d[1]
05-16 07:39:34.598: I/BugleDataModel(12379): TransactionManagerImpl: tx: ParticipantRefresh#refreshConversationsSelfIds started
05-16 07:39:34.600: I/FTLNetworkMonitor(16872): Network Info: [type: WIFI[], state: CONNECTED/CONNECTED, reason: (unspecified), extra: , failover: false, available: true, roaming: false]
05-16 07:39:34.601: I/FTLNetworkMonitor(16872): Network Info: [type: WIFI[], state: CONNECTED/CONNECTED, reason: (unspecified), extra: , failover: false, available: true, roaming: false]
05-16 07:39:34.602: I/ActivityTaskManager(1495): Displayed com.google.android.apps.mtaas.backdrop/.BackdropActivity: +204ms
05-16 07:39:34.609: D/CompatibilityChangeReporter(1495): Compat change id reported: 214016041; UID 10252; state: DISABLED
05-16 07:39:34.610: W/InputManager-JNI(1495): Input channel object 'b5b3a5b Splash Screen com.google.android.apps.mtaas.backdrop (client)' was disposed without first being removed with the input manager!
05-16 07:39:34.613: I/GoogleInputMethodService(11662): GoogleInputMethodService.onFinishInput():3220
05-16 07:39:34.613: W/WindowManager(1495): Failed looking up window session=Session{beb208c 2674:u0a10225} callers=com.android.server.wm.WindowManagerService.windowForClientLocked:5976 com.android.server.wm.Session.setOnBackInvokedCallbackInfo:943 android.view.IWindowSession$Stub.onTransact:1180
05-16 07:39:34.613: E/WindowManager(1495): setOnBackInvokedCallback(): No window state for package:com.android.systemui
05-16 07:39:34.614: I/BugleDataModel(12379): TransactionManagerImpl: tx: ParticipantRefresh#refreshConversationsSelfIds ended
05-16 07:39:34.614: I/GoogleInputMethodService(11662): GoogleInputMethodService.updateDeviceLockedStatus():2114 repeatCheckTimes = 0, unlocked = true
05-16 07:39:34.614: I/GoogleInputMethodService(11662): GoogleInputMethodService.onStartInput():1919 onStartInput(EditorInfo{inputType=0x0(NULL) imeOptions=0x0 privateImeOptions=null actionName=UNSPECIFIED actionLabel=null actionId=0 initialSelStart=-1 initialSelEnd=-1 initialCapsMode=0x0 hintText=null label=null packageName=com.google.android.apps.mtaas.backdrop fieldId=-1 fieldName=null extras=null}, false)
05-16 07:39:34.615: D/OneSearchSuggestProvider(3132): Shut down the binder channel
05-16 07:39:34.616: I/GoogleInputMethodService(11662): GoogleInputMethodService.updateDeviceLockedStatus():2114 repeatCheckTimes = 2, unlocked = true
05-16 07:39:34.616: I/s.nexuslauncher(3132): oneway function results for code 2 on binder at 0xb4000077ace8c4f0 will be dropped but finished with status UNKNOWN_TRANSACTION
05-16 07:39:34.620: E/JobScheduler.Concurrency(1495): Had fewer than 16 in existence
05-16 07:39:34.620: E/JobScheduler.Concurrency(1495): Had fewer than 16 in existence
05-16 07:39:34.623: I/Finsky(14188): [2] aflu.b(9): Self-update check on locale change to version=-1,derivedid=-1,splits=[]
05-16 07:39:34.626: W/Finsky(14188): [2] ziu.a(11): SUH: Self-update installed derived apk id unavailable.
05-16 07:39:34.626: I/Finsky(14188): [2] ziu.e(29): SUH: [self-update] Skipping DFE self-update. Local Version [version=83561110,derivedid=-1,splits=[]] > Server Version [version=-1,derivedid=-1,splits=[]]
05-16 07:39:34.627: I/Finsky(14188): [209] oin.run(16): Wrote row to frosting DB: 405
05-16 07:39:34.628: W/ActivityManager(1495): Unable to start service Intent { cmp=com.google.android.apps.gcs/androidx.work.impl.background.systemjob.SystemJobService } U=0: not found
05-16 07:39:34.628: E/JobScheduler.Concurrency(1495): Error executing JobStatus{51ffcd9 #u0a150/1 com.google.android.apps.gcs/androidx.work.impl.background.systemjob.SystemJobService u=0 s=10150 NET READY}
05-16 07:39:34.629: I/Bugle(12379): BroadcastReceiverAsyncWorkTracker: Acknowledging broadcast of com.google.android.apps.messaging.receiver.PhoneBootAndPackageReplacedReceiver@8ba6c81
05-16 07:39:34.629: W/ActivityManager(1495): Unable to start service Intent { cmp=com.google.android.apps.gcs/androidx.work.impl.background.systemjob.SystemJobService } U=0: not found
05-16 07:39:34.629: E/JobScheduler.Concurrency(1495): Error executing JobStatus{469456a #u0a150/8 com.google.android.apps.gcs/androidx.work.impl.background.systemjob.SystemJobService u=0 s=10150 NET READY}
05-16 07:39:34.630: W/ActivityManager(1495): Unable to start service Intent { cmp=com.google.android.videos/androidx.work.impl.background.systemjob.SystemJobService } U=0: not found
05-16 07:39:34.630: E/JobScheduler.Concurrency(1495): Error executing JobStatus{4fc63bc #u0a167/3 com.google.android.videos/androidx.work.impl.background.systemjob.SystemJobService u=0 s=10167 NET READY}
05-16 07:39:34.630: W/ActivityManager(1495): Unable to start service Intent { cmp=com.google.android.videos/androidx.work.impl.background.systemjob.SystemJobService } U=0: not found
05-16 07:39:34.631: E/JobScheduler.Concurrency(1495): Error executing JobStatus{7f1610a #u0a167/7 com.google.android.videos/androidx.work.impl.background.systemjob.SystemJobService u=0 s=10167 NET READY}
05-16 07:39:34.631: E/JobScheduler.Concurrency(1495): Had fewer than 16 in existence
05-16 07:39:34.631: E/JobScheduler.Concurrency(1495): Had fewer than 16 in existence
05-16 07:39:34.632: E/JobScheduler.Concurrency(1495): Had fewer than 16 in existence
05-16 07:39:34.632: E/JobScheduler.Concurrency(1495): Had fewer than 16 in existence
05-16 07:39:34.632: W/ActivityManager(1495): Unable to start service Intent { cmp=com.google.android.videos/androidx.work.impl.background.systemjob.SystemJobService } U=0: not found
05-16 07:39:34.632: E/JobScheduler.Concurrency(1495): Error executing JobStatus{4b85829 #u0a167/9 com.google.android.videos/androidx.work.impl.background.systemjob.SystemJobService u=0 s=10167 NET CHARGING READY}
05-16 07:39:34.633: W/Bugle(12379): SubscriptionMetadataUtils get: invalid subId = -1
05-16 07:39:34.636: W/ActivityManager(1495): Unable to start service Intent { cmp=com.google.android.videos/androidx.work.impl.background.systemjob.SystemJobService } U=0: not found
05-16 07:39:34.636: E/JobScheduler.Concurrency(1495): Error executing JobStatus{73855a4 #u0a167/11 com.google.android.videos/androidx.work.impl.background.systemjob.SystemJobService u=0 s=10167 NET READY}
05-16 07:39:34.638: W/Bugle(12379): SubscriptionMetadataUtils get: invalid subId = -1
05-16 07:39:34.639: W/Bugle(12379): SubscriptionMetadataUtils get: invalid subId = -1
05-16 07:39:34.641: W/Bugle(12379): SubscriptionUtilsAsOfLMR1: getSelfRawNumber: subInfo is null for subscription{id:-1}
05-16 07:39:34.645: D/AOC(1054): A3:MSG: window_orientation.c, 697: [WO] Proposed rotation: 1, flat angle threshold: 40
05-16 07:39:34.645: D/AOC(1054): A3:MSG: window_orientation.c, 1105: [WO] orientation angle 89, orientation 1
05-16 07:39:34.645: D/AOC(1054): A3:MSG: window_orientation.c, 430: [WO] Gyro angle integrated: 0.108261
05-16 07:39:34.645: D/AOC(1054): A3:MSG: window_orientation.c, 430: [WO] Gyro angle integrated: 0.108261
05-16 07:39:34.663: D/CompatibilityChangeReporter(1495): Compat change id reported: 168419799; UID 10116; state: DISABLED
05-16 07:39:34.664: W/ServiceConnector.Impl(1495): mayInterruptIfRunning not supported - ignoring
05-16 07:39:34.665: I/AiAiAutofill(3659): Disconnected AiAiAugmentedAutofillService.
05-16 07:39:34.695: W/AiAiAutofill(3659): Failed to set whitelist for augmented autofill service.
05-16 07:39:34.695: W/AiAiAutofill(3659): java.lang.SecurityException: caller is not user's Augmented Autofill Service
05-16 07:39:34.695: W/AiAiAutofill(3659): at android.view.autofill.AutofillManager.setAugmentedAutofillWhitelist(AutofillManager.java:2366)
05-16 07:39:34.695: W/AiAiAutofill(3659): at cah.b(PG:7)
05-16 07:39:34.695: W/AiAiAutofill(3659): at cas.g(PG:8)
05-16 07:39:34.695: W/AiAiAutofill(3659): at cas.i(Unknown Source:3)
05-16 07:39:34.695: W/AiAiAutofill(3659): at cas.d(Unknown Source:2)
05-16 07:39:34.695: W/AiAiAutofill(3659): at cai.d(PG:3)
05-16 07:39:34.695: W/AiAiAutofill(3659): at bpf.run(PG:16)
05-16 07:39:34.695: W/AiAiAutofill(3659): at cyv.run(PG:66)
05-16 07:39:34.695: W/AiAiAutofill(3659): at java.util.concurrent.Executors$RunnableAdapter.call(Executors.java:463)
05-16 07:39:34.695: W/AiAiAutofill(3659): at java.util.concurrent.FutureTask.run(FutureTask.java:264)
05-16 07:39:34.695: W/AiAiAutofill(3659): at java.util.concurrent.ScheduledThreadPoolExecutor$ScheduledFutureTask.run(ScheduledThreadPoolExecutor.java:307)
05-16 07:39:34.695: W/AiAiAutofill(3659): at java.util.concurrent.ThreadPoolExecutor.runWorker(ThreadPoolExecutor.java:1137)
05-16 07:39:34.695: W/AiAiAutofill(3659): at java.util.concurrent.ThreadPoolExecutor$Worker.run(ThreadPoolExecutor.java:637)
05-16 07:39:34.695: W/AiAiAutofill(3659): at cyv.run(PG:64)
05-16 07:39:34.695: W/AiAiAutofill(3659): at java.lang.Thread.run(Thread.java:1012)
05-16 07:39:34.695: I/AiAiAutofill(3659): Connected AiAiAugmentedAutofillService.
05-16 07:39:34.704: W/A(10908): Config group is not stored for group tapas_cortex
05-16 07:39:34.706: W/A(10908): Config group is not stored for group fedass_policy_config_group
05-16 07:39:34.707: W/A(10908): Config group is not stored for group nga_sot_configs
05-16 07:39:34.709: W/A(10908): Config group is not stored for group hotword_model_en-US_okg
05-16 07:39:34.711: W/A(10908): Config group is not stored for group speech-contextual-models
05-16 07:39:34.713: W/A(10908): Config group is not stored for group assistant_appintegration_appactions_config
05-16 07:39:34.714: W/A(10908): Config group is not stored for group hotword_model_en-US_okhey
05-16 07:39:34.714: W/A(10908): Config group is not stored for group webref-model-nga-index
05-16 07:39:34.716: I/BugleDataModel(12379): ParticipantFullRefresh: Number of participants refreshed: 0
05-16 07:39:34.717: I/A(3737): eventData = # com.google.android.apps.gsa.search.shared.service.b.us@52a13a42
05-16 07:39:34.717: I/A(3737): [255935327] {
05-16 07:39:34.717: I/A(3737): }
05-16 07:39:34.744: D/CompatibilityChangeReporter(12386): Compat change id reported: 160794467; UID 10116; state: ENABLED
05-16 07:39:34.757: D/CompatibilityChangeReporter(12386): Compat change id reported: 194532703; UID 10116; state: ENABLED
05-16 07:39:34.757: D/CompatibilityChangeReporter(1495): Compat change id reported: 194532703; UID 10116; state: ENABLED
05-16 07:39:34.765: W/NotificationHistory(1495): Attempted to add notif for locked/gone/disabled user 0
05-16 07:39:34.767: W/AiAiEcho(3659): SmartspaceNotificationPredictor no parser can handle this notification or notification is invalid
05-16 07:39:34.768: I/WifiHAL(892): Creating message to get link statistics; iface = 47
05-16 07:39:34.778: E/JobScheduler.Concurrency(1495): Had fewer than 16 in existence
05-16 07:39:34.779: E/JobScheduler.Concurrency(1495): Had fewer than 16 in existence
05-16 07:39:34.780: I/.apps.messaging(12379): JIT allocated 88KB for compiled code of java.lang.Object srf.f()
05-16 07:39:34.783: I/.apps.messaging(12379): Compiler allocated 7620KB to compile java.lang.Object srf.f()
05-16 07:39:34.816: I/WifiHAL(892): In GetLinkStatsCommand::handleResponse
05-16 07:39:34.819: D/AOC(1054): A3:MSG: controller.cc, 273: CNTRL: cmd ID: 0x000a, tag: 0x90 [cntr = 154]
05-16 07:39:34.819: D/AOC(1054): A3:MSG: controller.cc, 811: CNTRL: ipc: control, cmd ID: 0x000a, tag: 0x90, rc: 0
05-16 07:39:34.823: D/AOC(1054): A3:MSG: controller.cc, 273: CNTRL: cmd ID: 0x000a, tag: 0x91 [cntr = 155]
05-16 07:39:34.823: D/AOC(1054): A3:MSG: controller.cc, 811: CNTRL: ipc: control, cmd ID: 0x000a, tag: 0x91, rc: 0
05-16 07:39:34.824: D/AOC(1054): A3:MSG: controller.cc, 273: CNTRL: cmd ID: 0x000a, tag: 0x92 [cntr = 156]
05-16 07:39:34.824: D/AOC(1054): A3:MSG: controller.cc, 811: CNTRL: ipc: control, cmd ID: 0x000a, tag: 0x92, rc: 0
05-16 07:39:34.826: D/AOC(1054): A3:MSG: controller.cc, 273: CNTRL: cmd ID: 0x000a, tag: 0x93 [cntr = 157]
05-16 07:39:34.826: D/AOC(1054): A3:MSG: controller.cc, 811: CNTRL: ipc: control, cmd ID: 0x000a, tag: 0x93, rc: 0
05-16 07:39:34.827: D/AOC(1054): A3:MSG: controller.cc, 273: CNTRL: cmd ID: 0x000a, tag: 0x94 [cntr = 158]
05-16 07:39:34.827: D/AOC(1054): A3:MSG: controller.cc, 811: CNTRL: ipc: control, cmd ID: 0x000a, tag: 0x94, rc: 0
05-16 07:39:34.828: D/AOC(1054): A3:MSG: controller.cc, 273: CNTRL: cmd ID: 0x000a, tag: 0x95 [cntr = 159]
05-16 07:39:34.828: D/AOC(1054): A3:MSG: controller.cc, 811: CNTRL: ipc: control, cmd ID: 0x000a, tag: 0x95, rc: 0
05-16 07:39:34.829: D/AOC(1054): A3:MSG: controller.cc, 273: CNTRL: cmd ID: 0x000a, tag: 0x96 [cntr = 160]
05-16 07:39:34.829: D/AOC(1054): A3:MSG: controller.cc, 811: CNTRL: ipc: control, cmd ID: 0x000a, tag: 0x96, rc: 0
05-16 07:39:34.831: I/bthal.flowcontrol(825): HciEventPreProcess: HCI Event 0xe Opcode 0xfd59 Length 22 unhandled by ControllerActivityWatcher
05-16 07:39:34.831: D/AOC(1054): A3:MSG: controller.cc, 273: CNTRL: cmd ID: 0x000a, tag: 0x97 [cntr = 161]
05-16 07:39:34.831: D/AOC(1054): A3:MSG: controller.cc, 811: CNTRL: ipc: control, cmd ID: 0x000a, tag: 0x97, rc: 0
05-16 07:39:34.831: D/AOC(1054): A3:MSG: controller.cc, 273: CNTRL: cmd ID: 0x000a, tag: 0x98 [cntr = 162]
05-16 07:39:34.831: D/AOC(1054): A3:MSG: controller.cc, 811: CNTRL: ipc: control, cmd ID: 0x000a, tag: 0x98, rc: 0
05-16 07:39:34.832: D/AOC(1054): A3:MSG: controller.cc, 273: CNTRL: cmd ID: 0x000a, tag: 0x99 [cntr = 163]
05-16 07:39:34.832: D/AOC(1054): A3:MSG: controller.cc, 811: CNTRL: ipc: control, cmd ID: 0x000a, tag: 0x99, rc: 0
05-16 07:39:34.833: D/AOC(1054): A3:MSG: controller.cc, 273: CNTRL: cmd ID: 0x000a, tag: 0x9a [cntr = 164]
05-16 07:39:34.833: D/AOC(1054): A3:MSG: controller.cc, 811: CNTRL: ipc: control, cmd ID: 0x000a, tag: 0x9a, rc: 0
05-16 07:39:34.834: D/AOC(1054): A3:MSG: controller.cc, 273: CNTRL: cmd ID: 0x000a, tag: 0x9b [cntr = 165]
05-16 07:39:34.834: D/AOC(1054): A3:MSG: controller.cc, 811: CNTRL: ipc: control, cmd ID: 0x000a, tag: 0x9b, rc: 0
05-16 07:39:34.834: D/AOC(1054): A3:MSG: controller.cc, 273: CNTRL: cmd ID: 0x000a, tag: 0x9c [cntr = 166]
05-16 07:39:34.834: D/AOC(1054): A3:MSG: controller.cc, 811: CNTRL: ipc: control, cmd ID: 0x000a, tag: 0x9c, rc: 0
05-16 07:39:34.835: D/AOC(1054): A3:MSG: controller.cc, 273: CNTRL: cmd ID: 0x000a, tag: 0x9d [cntr = 167]
05-16 07:39:34.835: D/AOC(1054): A3:MSG: controller.cc, 811: CNTRL: ipc: control, cmd ID: 0x000a, tag: 0x9d, rc: 0
05-16 07:39:34.837: D/AOC(1054): A3:MSG: controller.cc, 273: CNTRL: cmd ID: 0x000a, tag: 0x9e [cntr = 168]
05-16 07:39:34.837: D/AOC(1054): A3:MSG: controller.cc, 811: CNTRL: ipc: control, cmd ID: 0x000a, tag: 0x9e, rc: 0
05-16 07:39:34.837: D/AOC(1054): A3:MSG: controller.cc, 273: CNTRL: cmd ID: 0x000a, tag: 0x9f [cntr = 169]
