05-16 07:39:33.252: I/NamespaceManager(10395): Package com.android.neuralnetworks name not found! Using module version.
05-16 07:39:33.253: I/NamespaceManager(10395): Package com.android.media name not found! Using module version.
05-16 07:39:33.253: I/NamespaceManager(10395): Package 1 name not found! Using module version.
05-16 07:39:33.253: I/NamespaceManager(10395): Package rkpd name not found! Using module version.
05-16 07:39:33.253: I/NamespaceManager(10395): Package com.google.android.devicelockcontroller name not found! Using module version.
05-16 07:39:33.253: I/NamespaceManager(10395): Package com.google.android.healthfitness name not found! Using module version.
05-16 07:39:33.254: I/NamespaceManager(10395): Package android.companion name not found! Using module version.
05-16 07:39:33.254: W/PhenotypeConfigurationU(10395): Update for unknown DeviceConfig package com.google.android.gms.nearby [CONTEXT service_id=204 ]
05-16 07:39:33.254: W/PhenotypeConfigurationU(10395): bsix: No package exists for config package: com.google.android.gms.nearby
05-16 07:39:33.254: W/PhenotypeConfigurationU(10395): at com.google.android.gms.platformconfigurator.PhenotypeConfigurationUpdateListener.a(:com.google.android.gms@[email protected] (190400-515650844):7)
05-16 07:39:33.254: W/PhenotypeConfigurationU(10395): at com.google.android.gms.platformconfigurator.PhenotypeConfigurationUpdateListener.onHandleIntent(:com.google.android.gms@[email protected] (190400-515650844):9)
05-16 07:39:33.254: W/PhenotypeConfigurationU(10395): at com.google.android.chimera.IntentOperation.onHandleIntent(:com.google.android.gms@[email protected] (190400-515650844):2)
05-16 07:39:33.254: W/PhenotypeConfigurationU(10395): at yej.onHandleIntent(:com.google.android.gms@[email protected] (190400-515650844):4)
05-16 07:39:33.254: W/PhenotypeConfigurationU(10395): at gxa.run(:com.google.android.gms@[email protected] (190400-515650844):3)
05-16 07:39:33.254: W/PhenotypeConfigurationU(10395): at gwz.run(:com.google.android.gms@[email protected] (190400-515650844):11)
05-16 07:39:33.254: W/PhenotypeConfigurationU(10395): at czpz.run(:com.google.android.gms@[email protected] (190400-515650844):2)
05-16 07:39:33.254: W/PhenotypeConfigurationU(10395): at java.util.concurrent.ThreadPoolExecutor.runWorker(ThreadPoolExecutor.java:1137)
05-16 07:39:33.254: W/PhenotypeConfigurationU(10395): at java.util.concurrent.ThreadPoolExecutor$Worker.run(ThreadPoolExecutor.java:637)
05-16 07:39:33.254: W/PhenotypeConfigurationU(10395): at java.lang.Thread.run(Thread.java:1012)
05-16 07:39:33.267: I/NearbyConnections(10395): Runtime state initialization complete. Nearby connections setting is disabled [CONTEXT service_id=54 ]
05-16 07:39:33.269: I/NearbyMediums(10395): BluetoothAdapter's name was not set by Nearby Connections, ignoring call to restore default scan mode. [CONTEXT service_id=54 ]
05-16 07:39:33.273: I/NearbyMediums(10395): BluetoothAdapter's name was not set by Nearby Connections, ignoring call to restore device name [CONTEXT service_id=54 ]
05-16 07:39:33.275: I/NearbyFastPair(15673): TaskSchedulerUtils cancelTask TAG_FOOTPRINTS_PERIODIC_SCHEDULE success. [CONTEXT service_id=265 ]
05-16 07:39:33.278: I/NearbySharing(15673): Runtime state initialization complete. Sharing is disabled for reason FILE_SHARING_BLOCKED. [CONTEXT service_id=194 ]
05-16 07:39:33.281: I/NearbyFastPair(10395): DynamicSupportModule: doReceive update intent [CONTEXT service_id=265 ]
05-16 07:39:33.281: I/NearbyFastPair(10395): DynamicSupportModule: onSupportStateUpdate start [CONTEXT service_id=265 ]
05-16 07:39:33.281: I/NearbyFastPair(10395): DynamicSupportModule: onSupportStateUpdate end [CONTEXT service_id=265 ]
05-16 07:39:33.283: W/ChimeraUtils(10395): Module com.google.android.gms.nearby_en has empty metadata display_name_string_id
05-16 07:39:33.284: W/ChimeraUtils(10395): Module com.google.android.gms.nearby_en has empty metadata display_name_string_id
05-16 07:39:33.285: W/ChimeraUtils(10395): Module com.google.android.gms.nearby_en has empty metadata display_name_string_id
05-16 07:39:33.296: I/NamespaceManager(10395): Package com.android.refreshratecontrol name not found! Using module version.
05-16 07:39:33.296: I/NamespaceManager(10395): Package com.google.oslo name not found! Using module version.
05-16 07:39:33.297: I/NamespaceManager(10395): Package com.android.media name not found! Using module version.
05-16 07:39:33.297: I/NamespaceManager(10395): Package com.android.media.swcodec name not found! Using module version.
05-16 07:39:33.297: I/NamespaceManager(10395): Package com.android.appsearch name not found! Using module version.
05-16 07:39:33.297: I/NamespaceManager(10395): Package com.android.neuralnetworks name not found! Using module version.
05-16 07:39:33.297: I/NamespaceManager(10395): Package com.android.media name not found! Using module version.
05-16 07:39:33.297: I/NamespaceManager(10395): Package 1 name not found! Using module version.
05-16 07:39:33.299: I/NamespaceManager(10395): Package rkpd name not found! Using module version.
05-16 07:39:33.299: I/NamespaceManager(10395): Package com.google.android.devicelockcontroller name not found! Using module version.
05-16 07:39:33.300: I/NamespaceManager(10395): Package com.google.android.healthfitness name not found! Using module version.
05-16 07:39:33.300: I/NamespaceManager(10395): Package android.companion name not found! Using module version.
05-16 07:39:33.300: W/PhenotypeConfigurationU(10395): Update for unknown DeviceConfig package com.google.android.gms.nearby [CONTEXT service_id=204 ]
05-16 07:39:33.300: W/PhenotypeConfigurationU(10395): bsix: No package exists for config package: com.google.android.gms.nearby
05-16 07:39:33.300: W/PhenotypeConfigurationU(10395): at com.google.android.gms.platformconfigurator.PhenotypeConfigurationUpdateListener.a(:com.google.android.gms@[email protected] (190400-515650844):7)
05-16 07:39:33.300: W/PhenotypeConfigurationU(10395): at com.google.android.gms.platformconfigurator.PhenotypeConfigurationUpdateListener.onHandleIntent(:com.google.android.gms@[email protected] (190400-515650844):9)
05-16 07:39:33.300: W/PhenotypeConfigurationU(10395): at com.google.android.chimera.IntentOperation.onHandleIntent(:com.google.android.gms@[email protected] (190400-515650844):2)
05-16 07:39:33.300: W/PhenotypeConfigurationU(10395): at yej.onHandleIntent(:com.google.android.gms@[email protected] (190400-515650844):4)
05-16 07:39:33.300: W/PhenotypeConfigurationU(10395): at gxa.run(:com.google.android.gms@[email protected] (190400-515650844):3)
05-16 07:39:33.300: W/PhenotypeConfigurationU(10395): at gwz.run(:com.google.android.gms@[email protected] (190400-515650844):11)
05-16 07:39:33.300: W/PhenotypeConfigurationU(10395): at czpz.run(:com.google.android.gms@[email protected] (190400-515650844):2)
05-16 07:39:33.300: W/PhenotypeConfigurationU(10395): at java.util.concurrent.ThreadPoolExecutor.runWorker(ThreadPoolExecutor.java:1137)
05-16 07:39:33.300: W/PhenotypeConfigurationU(10395): at java.util.concurrent.ThreadPoolExecutor$Worker.run(ThreadPoolExecutor.java:637)
05-16 07:39:33.300: W/PhenotypeConfigurationU(10395): at java.lang.Thread.run(Thread.java:1012)
05-16 07:39:33.302: I/NearbyConnections(10395): Runtime state initialization complete. Nearby connections setting is disabled [CONTEXT service_id=54 ]
05-16 07:39:33.305: I/NearbyMediums(10395): BluetoothAdapter's name was not set by Nearby Connections, ignoring call to restore default scan mode. [CONTEXT service_id=54 ]
05-16 07:39:33.310: I/NearbyMediums(10395): BluetoothAdapter's name was not set by Nearby Connections, ignoring call to restore device name [CONTEXT service_id=54 ]
05-16 07:39:33.310: I/TestSupport(15673): AwaitCommitOperation - committing current configuration [CONTEXT service_id=133 ]
05-16 07:39:33.315: I/NearbyFastPair(15673): TaskSchedulerUtils cancelTask TAG_FOOTPRINTS_PERIODIC_SCHEDULE success. [CONTEXT service_id=265 ]
05-16 07:39:33.318: I/RcsProvisioning(12379): Failed to read config: no config found /data/user/0/com.google.android.apps.messaging/files/rcsconfig: open failed: ENOENT (No such file or directory)
05-16 07:39:33.318: W/Bugle(12379): SubscriptionMetadataUtils get: invalid subId = -1
05-16 07:39:33.320: I/NearbyFastPair(10395): DynamicSupportModule: doReceive update intent [CONTEXT service_id=265 ]
05-16 07:39:33.321: I/NearbyFastPair(10395): DynamicSupportModule: onSupportStateUpdate start [CONTEXT service_id=265 ]
05-16 07:39:33.322: I/NearbyFastPair(10395): DynamicSupportModule: onSupportStateUpdate end [CONTEXT service_id=265 ]
05-16 07:39:33.324: I/NearbySharing(15673): Runtime state initialization complete. Sharing is disabled for reason FILE_SHARING_BLOCKED. [CONTEXT service_id=194 ]
05-16 07:39:33.325: W/Bugle(12379): SubscriptionUtilsAsOfQ: subscriberId is empty. Does TelephonyManager have necessary permissions?
05-16 07:39:33.325: W/ChimeraUtils(10395): Module com.google.android.gms.nearby_en has empty metadata display_name_string_id
05-16 07:39:33.326: W/ChimeraUtils(10395): Module com.google.android.gms.nearby_en has empty metadata display_name_string_id
05-16 07:39:33.327: W/ChimeraUtils(10395): Module com.google.android.gms.nearby_en has empty metadata display_name_string_id
05-16 07:39:33.333: I/TestSupport(15673): Committed FlagOverride(com.google.android.gms.nearby, , Flag(default_device_notification_enabled, false, 2, 0), true) [CONTEXT service_id=133 ]
05-16 07:39:33.333: I/TestSupport(15673): Committed FlagOverride(com.google.android.gms.nearby, , Flag(fast_pair_half_sheet_wear_os, false, 2, 0), true) [CONTEXT service_id=133 ]
05-16 07:39:33.409: I/TSDRIVER(16605): Handled command: PACKAGE
05-16 07:39:33.431: I/CarrierServices(4451): [73] RcsStateSaver.saveRcsState:57 Saving RCS State
05-16 07:39:33.432: I/CarrierServices(4451): [73] RcsStateSaver.saveRcsState:66 Old operation mode: 2
05-16 07:39:33.432: I/CarrierServices(4451): [73] RcsStateSaver.saveRcsState:71 New operation mode: 2
05-16 07:39:33.433: I/CarrierServices(4451): [2] RcsStateFetcher$1.onPostExecute:189 Finalizing migration for RCS state: Operation mode FULL STACK
05-16 07:39:33.434: I/BugleRcsEngine(12379): [234] RcsStateProvider.onMigrationComplete: Migration complete.
05-16 07:39:33.435: I/BugleRcsEngine(12379): [55] bbei.j: Checking if using CarrierServices.apk is possible. Enabled: true, isAtLeastM: true, runningInsideBugle: true
05-16 07:39:33.440: I/CarrierServices(4451): [2] RcsStateFetcher$GetRcsStateConnection.onFinish:162 Unbinding RcsMigrationService
05-16 07:39:33.455: I/BugleRcsEngine(12379): [55] RcsStateProvider.lambda$onMigrationComplete$0$com-google-android-apps-messaging-rcsmigration-RcsStateProvider: Rcs Engine should be running in cs.apk. Stopping JibeService.
05-16 07:39:33.455: I/RcsClientLib(12379): Disconnecting ChatSessionService
05-16 07:39:33.459: I/CarrierServices(4451): [75] EventHubProxy.unsubscribe: Removing event listener 177626723 for category 2 for hub UI
05-16 07:39:33.460: I/CarrierServices(4451): [75] EventHubProxy.unsubscribe: Removing event listener 5978653 for category 3 for hub UI
05-16 07:39:33.461: I/CarrierServices(4451): [75] EventHubProxy.unsubscribe: Removing event listener 33211538 for category 5 for hub UI
05-16 07:39:33.461: I/RcsClientLib(12379): Disconnecting EventService
05-16 07:39:33.463: I/RcsClientLib(12379): Disconnecting ContactsService
05-16 07:39:33.464: I/RcsClientLib(12379): Disconnecting FileTransferService
05-16 07:39:33.465: I/RcsClientLib(12379): Disconnecting LocationSharingService
05-16 07:39:33.466: I/RcsClientLib(12379): Disconnecting ImsConnectionTrackerService
05-16 07:39:33.467: I/RcsClientLib(12379): Disconnecting RcsProfileService
05-16 07:39:33.467: I/RcsClientLib(12379): Disconnecting BusinessInfoService
05-16 07:39:33.468: I/RcsClientLib(12379): Disconnecting RcsMessagingService
05-16 07:39:33.469: I/RcsClientLib(12379): Disconnecting TransportControlService
05-16 07:39:33.471: W/BugleRcs(12379): disconnecting from all Rcs Services
05-16 07:39:33.472: I/BugleRcsEngine(12379): [55] RcsStateProvider.lambda$onMigrationComplete$0$com-google-android-apps-messaging-rcsmigration-RcsStateProvider: JibeService stopped: false
05-16 07:39:33.472: I/RcsClientLib(12379): Connecting ChatSessionService
05-16 07:39:33.482: I/RcsClientLib(12379): shouldUseCarrierServicesJibeService: true, CarrierServices rcs service found: true
05-16 07:39:33.488: I/RcsClientLib(12379): com.google.android.rcs.client.chatsession.ChatSessionService connected
05-16 07:39:33.488: I/BugleRcs(12379): com.google.android.rcs.client.chatsession.ChatSessionService RCS service connected
05-16 07:39:33.491: I/RcsClientLib(12379): Connecting EventService
05-16 07:39:33.503: I/RcsClientLib(12379): shouldUseCarrierServicesJibeService: true, CarrierServices rcs service found: true
05-16 07:39:33.506: I/RcsClientLib(12379): com.google.android.rcs.client.events.EventService connected
05-16 07:39:33.506: I/RcsClientLib(12379): Connecting ContactsService
05-16 07:39:33.507: I/BugleRcs(12379): com.google.android.rcs.client.events.EventService RCS service connected
05-16 07:39:33.516: I/RcsClientLib(12379): shouldUseCarrierServicesJibeService: true, CarrierServices rcs service found: true
05-16 07:39:33.519: I/RcsClientLib(12379): com.google.android.rcs.client.contacts.ContactsService connected
05-16 07:39:33.519: I/BugleRcs(12379): com.google.android.rcs.client.contacts.ContactsService RCS service connected
05-16 07:39:33.521: I/RcsClientLib(12379): Connecting FileTransferService
05-16 07:39:33.542: I/RcsClientLib(12379): shouldUseCarrierServicesJibeService: true, CarrierServices rcs service found: true
05-16 07:39:33.547: I/RcsClientLib(12379): com.google.android.rcs.client.filetransfer.FileTransferService connected
05-16 07:39:33.548: I/BugleRcs(12379): com.google.android.rcs.client.filetransfer.FileTransferService RCS service connected
05-16 07:39:33.549: I/RcsClientLib(12379): Connecting LocationSharingService
05-16 07:39:33.577: I/RcsClientLib(12379): shouldUseCarrierServicesJibeService: true, CarrierServices rcs service found: true
05-16 07:39:33.580: I/RcsClientLib(12379): com.google.android.rcs.client.locationsharing.LocationSharingService connected
05-16 07:39:33.581: I/BugleRcs(12379): com.google.android.rcs.client.locationsharing.LocationSharingService RCS service connected
05-16 07:39:33.583: I/RcsClientLib(12379): Connecting ImsConnectionTrackerService
05-16 07:39:33.618: I/RcsClientLib(12379): shouldUseCarrierServicesJibeService: true, CarrierServices rcs service found: true
05-16 07:39:33.622: I/RcsClientLib(12379): Connecting RcsProfileService
05-16 07:39:33.622: I/RcsClientLib(12379): com.google.android.rcs.client.ims.ImsConnectionTrackerService connected
05-16 07:39:33.622: I/BugleRcs(12379): com.google.android.rcs.client.ims.ImsConnectionTrackerService RCS service connected
05-16 07:39:33.625: I/BugleRcs(12379): subscribing to global rcs listener
05-16 07:39:33.627: I/CarrierServices(4451): [75] EventHubProxy.subscribe: Adding event listener com.google.android.ims.rcsservice.events.IEventObserver$Stub$Proxy@3867dbf for category 3 with key 59145663 for hub UI
05-16 07:39:33.629: I/CarrierServices(4451): [75] EventHubProxy.subscribe: Adding event listener com.google.android.ims.rcsservice.events.IEventObserver$Stub$Proxy@b4dec8c for category 5 with key 189656204 for hub UI
05-16 07:39:33.630: I/CarrierServices(4451): [75] EventHubProxy.subscribe: Adding event listener com.google.android.ims.rcsservice.events.IEventObserver$Stub$Proxy@e888fd5 for category 2 with key 243830741 for hub UI
05-16 07:39:33.634: W/BugleTachygram(12379): Not using Tachygram because PEv3 is disabled
05-16 07:39:33.635: I/RcsClientLib(12379): shouldUseCarrierServicesJibeService: true, CarrierServices rcs service found: true
05-16 07:39:33.637: I/RcsClientLib(12379): Connecting BusinessInfoService
05-16 07:39:33.654: D/AndroidRuntime(16711): >>>>>> START com.android.internal.os.RuntimeInit uid 2000 <<<<<<
05-16 07:39:33.654: I/RcsClientLib(12379): com.google.android.rcs.client.profile.RcsProfileService connected
05-16 07:39:33.654: I/BugleRcs(12379): com.google.android.rcs.client.profile.RcsProfileService RCS service connected
05-16 07:39:33.657: I/RcsClientLib(12379): shouldUseCarrierServicesJibeService: true, CarrierServices rcs service found: true
05-16 07:39:33.658: I/AndroidRuntime(16711): Using default boot image
05-16 07:39:33.658: I/AndroidRuntime(16711): Leaving lock profiling enabled
05-16 07:39:33.660: W/BugleTachygram(12379): Not using Tachygram because PEv3 is disabled
05-16 07:39:33.662: I/RcsClientLib(12379): Connecting RcsMessagingService
05-16 07:39:33.678: W/BugleAction(12379): Null config in BugleSharedPrefs
05-16 07:39:33.678: W/BugleAction(12379): Failed to get msisdn from Bugle
05-16 07:39:33.678: I/RcsClientLib(12379): com.google.android.rcs.client.businessinfo.BusinessInfoService connected
05-16 07:39:33.678: I/BugleRcs(12379): com.google.android.rcs.client.businessinfo.BusinessInfoService RCS service connected
05-16 07:39:33.680: W/BugleAction(12379): Null config in BugleSharedPrefs
05-16 07:39:33.680: W/BugleAction(12379): Failed to get msisdn from Bugle
05-16 07:39:33.681: I/RcsClientLib(12379): shouldUseCarrierServicesJibeService: true, CarrierServices rcs service found: true
05-16 07:39:33.688: W/BugleTachygram(12379): Not using Tachygram because PEv3 is disabled
05-16 07:39:33.688: I/RcsClientLib(12379): Connecting TransportControlService
05-16 07:39:33.691: I/CarrierServices(4451): [74] dkk.f: RCS Configuration storage in Bugle is disabled by p/h flag, using ProvisioningEngineStateCacheUtil.getProvisioningConfigurationForGivenSimIfExist()
05-16 07:39:33.693: W/BugleRcsEngine(12379): [217] RcsProfileService.g: Result is null when getting value for id:4
05-16 07:39:33.694: W/Bugle(12379): SubscriptionMetadataUtils get: invalid subId = -2
05-16 07:39:33.695: W/Bugle(12379): SubscriptionMetadataUtils get: invalid subId = -2
05-16 07:39:33.695: W/Bugle(12379): SubscriptionMetadataUtils get: invalid subId = -2
05-16 07:39:33.696: W/Bugle(12379): SubscriptionMetadataUtils get: invalid subId = -2
05-16 07:39:33.696: W/Bugle(12379): SubscriptionUtilsAsOfLMR1: getSelfRawNumber: subInfo is null for subscription{id:-1}
05-16 07:39:33.697: W/Bugle(12379): SubscriptionMetadataUtils get: invalid subId = -1
05-16 07:39:33.698: W/Bugle(12379): SubscriptionMetadataUtils get: invalid subId = -1
05-16 07:39:33.700: W/BugleAction(12379): No default number, returning empty msisdn
05-16 07:39:33.701: I/BugleNetwork(12379): TachyonPhoneRegistration: Ensuring Tachyon phone registration
05-16 07:39:33.702: W/BugleAction(12379): Null config in BugleSharedPrefs
05-16 07:39:33.703: W/BugleAction(12379): Failed to get msisdn from Bugle
05-16 07:39:33.704: I/CarrierServices(4451): [37] dkk.f: RCS Configuration storage in Bugle is disabled by p/h flag, using ProvisioningEngineStateCacheUtil.getProvisioningConfigurationForGivenSimIfExist()
05-16 07:39:33.705: W/BugleRcsEngine(12379): [50] RcsProfileService.g: Result is null when getting value for id:4
05-16 07:39:33.705: W/Bugle(12379): SubscriptionMetadataUtils get: invalid subId = -2
05-16 07:39:33.705: I/RcsClientLib(12379): shouldUseCarrierServicesJibeService: true, CarrierServices rcs service found: true
05-16 07:39:33.707: W/Bugle(12379): SubscriptionMetadataUtils get: invalid subId = -2
05-16 07:39:33.709: W/Bugle(12379): SubscriptionMetadataUtils get: invalid subId = -2
05-16 07:39:33.710: I/BugleRcs(12379): connecting to 10 Rcs Services
05-16 07:39:33.712: W/Bugle(12379): SubscriptionMetadataUtils get: invalid subId = -2
05-16 07:39:33.712: W/Bugle(12379): SubscriptionUtilsAsOfLMR1: getSelfRawNumber: subInfo is null for subscription{id:-1}
05-16 07:39:33.714: I/RcsProvisioning(12379): Failed to read config: no config found /data/user/0/com.google.android.apps.messaging/files/rcsconfig: open failed: ENOENT (No such file or directory)
05-16 07:39:33.714: I/RcsClientLib(12379): com.google.android.rcs.client.messaging.RcsMessagingService connected
05-16 07:39:33.714: I/BugleRcs(12379): com.google.android.rcs.client.messaging.RcsMessagingService RCS service connected
05-16 07:39:33.716: W/Bugle(12379): SubscriptionMetadataUtils get: invalid subId = -1
05-16 07:39:33.716: I/CarrierServices(4451): [74] dkk.f: RCS Configuration storage in Bugle is disabled by p/h flag, using ProvisioningEngineStateCacheUtil.getProvisioningConfigurationForGivenSimIfExist()
05-16 07:39:33.716: W/BugleRcsEngine(12379): [52] RcsProfileService.g: Result is null when getting value for id:4
05-16 07:39:33.717: W/Bugle(12379): SubscriptionMetadataUtils get: invalid subId = -2
05-16 07:39:33.718: W/Bugle(12379): SubscriptionMetadataUtils get: invalid subId = -2
05-16 07:39:33.718: W/Bugle(12379): SubscriptionMetadataUtils get: invalid subId = -2
05-16 07:39:33.718: W/BugleTachygram(12379): Not using Tachygram because PEv3 is disabled
05-16 07:39:33.719: W/Bugle(12379): SubscriptionMetadataUtils get: invalid subId = -1
05-16 07:39:33.720: W/BugleAction(12379): No default number, returning empty msisdn
05-16 07:39:33.720: W/BugleEtouffee(12379): E2eeStartupTask: Skip prekey checking because MSISDN is empty.
05-16 07:39:33.721: W/Bugle(12379): SubscriptionMetadataUtils get: invalid subId = -1
05-16 07:39:33.722: W/Bugle(12379): SubscriptionMetadataUtils get: invalid subId = -2
05-16 07:39:33.722: W/Bugle(12379): SubscriptionUtilsAsOfLMR1: getSelfRawNumber: subInfo is null for subscription{id:-1}
05-16 07:39:33.733: W/Bugle(12379): SubscriptionMetadataUtils get: invalid subId = -1
05-16 07:39:33.739: I/RcsClientLib(12379): com.google.android.rcs.client.transportcontrol.TransportControlService connected
05-16 07:39:33.739: I/BugleRcs(12379): com.google.android.rcs.client.transportcontrol.TransportControlService RCS service connected
05-16 07:39:33.739: W/Bugle(12379): SubscriptionMetadataUtils get: invalid subId = -1
05-16 07:39:33.741: W/BugleAction(12379): No default number, returning empty msisdn
05-16 07:39:33.745: D/app_process(16711): Time zone APEX ICU file found: /apex/com.android.tzdata/etc/icu/icu_tzdata.dat
05-16 07:39:33.745: D/app_process(16711): I18n APEX ICU file found: /apex/com.android.i18n/etc/icu/icudt70l.dat
05-16 07:39:33.745: W/BugleTachygram(12379): Not using Tachygram because PEv3 is disabled
05-16 07:39:33.746: E/BugleNetwork(12379): Failed to ensure Tachyon phone registration.
05-16 07:39:33.746: E/BugleNetwork(12379): java.lang.IllegalArgumentException: normalizedPhoneNumber is empty
05-16 07:39:33.746: E/BugleNetwork(12379): at ahwd.<init>(PG:2)
05-16 07:39:33.746: E/BugleNetwork(12379): at ahwb.b(PG:1)
05-16 07:39:33.746: E/BugleNetwork(12379): at agzd.apply(PG:8)
05-16 07:39:33.746: E/BugleNetwork(12379): at brhs.apply(PG:2)
05-16 07:39:33.746: E/BugleNetwork(12379): at bvwn.d(PG:2)
05-16 07:39:33.746: E/BugleNetwork(12379): at bvwo.run(PG:9)
05-16 07:39:33.746: E/BugleNetwork(12379): at bvyj.execute(PG:1)
05-16 07:39:33.746: E/BugleNetwork(12379): at bvwi.o(PG:1)
05-16 07:39:33.746: E/BugleNetwork(12379): at bvwi.j(PG:12)
05-16 07:39:33.746: E/BugleNetwork(12379): at bvwi.set(PG:2)
05-16 07:39:33.746: E/BugleNetwork(12379): at bwax.e(PG:1)
05-16 07:39:33.746: E/BugleNetwork(12379): at bvzz.run(PG:8)
05-16 07:39:33.746: E/BugleNetwork(12379): at bway.run(PG:1)
05-16 07:39:33.746: E/BugleNetwork(12379): at bfai.run(PG:23)
05-16 07:39:33.746: E/BugleNetwork(12379): at bezd.run(PG:2)
05-16 07:39:33.746: E/BugleNetwork(12379): at bezn.run(PG:4)
05-16 07:39:33.746: E/BugleNetwork(12379): at java.lang.Thread.run(Thread.java:1012)
05-16 07:39:33.757: W/Bugle(12379): SubscriptionUtilsAsOfQ: subscriberId is empty. Does TelephonyManager have necessary permissions?
05-16 07:39:33.769: D/AndroidRuntime(16711): Calling main entry com.android.commands.am.Am
05-16 07:39:33.775: I/ActivityManager(1495): Force stopping com.google.android.apps.mtaas.tools appid=10247 user=0: start instr
05-16 07:39:33.778: D/CompatibilityChangeReporter(1495): Compat change id reported: 135634846; UID 10247; state: DISABLED
05-16 07:39:33.778: D/CompatibilityChangeReporter(1495): Compat change id reported: 177438394; UID 10247; state: DISABLED
05-16 07:39:33.778: D/CompatibilityChangeReporter(1495): Compat change id reported: 135772972; UID 10247; state: DISABLED
05-16 07:39:33.778: D/CompatibilityChangeReporter(1495): Compat change id reported: 135754954; UID 10247; state: DISABLED
05-16 07:39:33.779: D/CompatibilityChangeReporter(1495): Compat change id reported: 143937733; UID 10247; state: DISABLED
05-16 07:39:33.789: D/Zygote(810): Forked child process 16727
05-16 07:39:33.790: I/ActivityManager(1495): Start proc 16727:com.google.android.apps.mtaas.tools/u0a247 for added application com.google.android.apps.mtaas.tools
05-16 07:39:33.796: I/libc(16727): SetHeapTaggingLevel: tag level set to 0
05-16 07:39:33.807: E/pps.mtaas.tools(16727): Not starting debugger since process cannot load the jdwp agent.
05-16 07:39:33.808: E/Backup(15673): [BackupTransportMigratorChimeraService] Could not migrate transport!
05-16 07:39:33.809: I/Backup(15673): [BackupTransportMigratorChimeraService] Starting migration...
05-16 07:39:33.812: D/CompatibilityChangeReporter(1495): Compat change id reported: 168419799; UID 10247; state: DISABLED
05-16 07:39:33.815: D/CompatibilityChangeReporter(16727): Compat change id reported: 171979766; UID 10247; state: DISABLED
05-16 07:39:33.818: D/ApplicationLoaders(16727): Returning zygote-cached class loader: /system/framework/android.test.base.jar
05-16 07:39:33.819: D/nativeloader(16727): Configuring classloader-namespace for other apk /system/framework/org.apache.http.legacy.jar. target_sdk_version=19, uses_libraries=ALL, library_path=/data/app/~~NXDoHxZzJd2MEUTHY0OWJA==/com.google.android.apps.mtaas.tools-Y6lr9CtWOpwXcgOW0BRTuw==/lib/arm64, permitted_path=/data:/mnt/expand:/data/user/0/com.google.android.apps.mtaas.tools
05-16 07:39:33.823: D/nativeloader(16727): Configuring classloader-namespace for other apk /data/app/~~NXDoHxZzJd2MEUTHY0OWJA==/com.google.android.apps.mtaas.tools-Y6lr9CtWOpwXcgOW0BRTuw==/base.apk. target_sdk_version=19, uses_libraries=, library_path=/data/app/~~NXDoHxZzJd2MEUTHY0OWJA==/com.google.android.apps.mtaas.tools-Y6lr9CtWOpwXcgOW0BRTuw==/lib/arm64, permitted_path=/data:/mnt/expand:/data/user/0/com.google.android.apps.mtaas.tools
05-16 07:39:33.832: V/GraphicsEnvironment(16727): ANGLE Developer option for 'com.google.android.apps.mtaas.tools' set to: 'default'
05-16 07:39:33.832: V/GraphicsEnvironment(16727): ANGLE GameManagerService for com.google.android.apps.mtaas.tools: false
05-16 07:39:33.832: V/GraphicsEnvironment(16727): Neither updatable production driver nor prerelease driver is supported.
05-16 07:39:33.834: D/NetworkSecurityConfig(16727): No Network Security Config specified, using platform default
05-16 07:39:33.834: D/NetworkSecurityConfig(16727): No Network Security Config specified, using platform default
05-16 07:39:33.847: I/ActivityTaskManager(1495): Config changes=2004 {1.0 ?mcc?mnc [en] ldltr sw411dp w411dp h830dp 420dpi nrml long hdr widecg port night finger -keyb/v/h -nav/h winConfig={ mBounds=Rect(0, 0 - 1080, 2340) mAppBounds=Rect(0, 98 - 1080, 2277) mMaxBounds=Rect(0, 0 - 1080, 2340) mDisplayRotation=ROTATION_0 mWindowingMode=fullscreen mDisplayWindowingMode=fullscreen mActivityType=undefined mAlwaysOnTop=undefined mRotation=ROTATION_0} as.15 s.220 fontWeightAdjustment=0}
05-16 07:39:33.851: I/WindowManager(1495): Override config changes=2004 {1.0 ?mcc?mnc [en] ldltr sw411dp w411dp h830dp 420dpi nrml long hdr widecg port night finger -keyb/v/h -nav/h winConfig={ mBounds=Rect(0, 0 - 1080, 2340) mAppBounds=Rect(0, 98 - 1080, 2277) mMaxBounds=Rect(0, 0 - 1080, 2340) mDisplayRotation=ROTATION_0 mWindowingMode=fullscreen mDisplayWindowingMode=fullscreen mActivityType=undefined mAlwaysOnTop=undefined mRotation=ROTATION_0} as.15 s.220 fontWeightAdjustment=0} for displayId=0
05-16 07:39:33.859: D/WifiService(1495): locale changed
05-16 07:39:33.865: I/A(10908): NGA Sync: beginOnDataPresent
05-16 07:39:33.865: I/A(10908): NGA Sync: isNgaSyncEnabled: false; enableFileGroupPopulator: false; requiresMddAssets: false
05-16 07:39:33.867: I/SetupWizard(3021): [cbb] updateStatus action=android.intent.action.LOCALE_CHANGED
05-16 07:39:33.868: I/A(10908): NGA enabled in interactor.
05-16 07:39:33.868: I/SetupWizard(3021): [SetupNotificationService] createNotification startedForegroundService=true
05-16 07:39:33.870: I/DeviceModeUtil(11662): DeviceModeUtil.getDeviceMode():117 Get device mode phone by ui mode:1 and smallestScreenWidthDp:411
05-16 07:39:33.871: D/StrictMode(3737): StrictMode policy violation: android.os.strictmode.DiskReadViolation
05-16 07:39:33.871: D/StrictMode(3737): at android.os.StrictMode$AndroidBlockGuardPolicy.onReadFromDisk(StrictMode.java:1658)
05-16 07:39:33.871: D/StrictMode(3737): at libcore.io.BlockGuardOs.access(BlockGuardOs.java:74)
05-16 07:39:33.871: D/StrictMode(3737): at libcore.io.ForwardingOs.access(ForwardingOs.java:128)
05-16 07:39:33.871: D/StrictMode(3737): at android.app.ActivityThread$AndroidOs.access(ActivityThread.java:7749)
05-16 07:39:33.871: D/StrictMode(3737): at java.io.UnixFileSystem.checkAccess(UnixFileSystem.java:281)
05-16 07:39:33.871: D/StrictMode(3737): at java.io.File.exists(File.java:813)
05-16 07:39:33.871: D/StrictMode(3737): at android.app.ContextImpl.getDataDir(ContextImpl.java:2962)
05-16 07:39:33.871: D/StrictMode(3737): at android.app.ContextImpl.getDir(ContextImpl.java:2981)
05-16 07:39:33.871: D/StrictMode(3737): at android.content.ContextWrapper.getDir(ContextWrapper.java:347)
05-16 07:39:33.871: D/StrictMode(3737): at com.google.android.apps.gsa.nga.engine.recognition.l.a.an.a(PG:12)
05-16 07:39:33.871: D/StrictMode(3737): at com.google.android.apps.gsa.nga.engine.recognition.l.a.aj.a(PG:2)
05-16 07:39:33.871: D/StrictMode(3737): at com.google.android.apps.gsa.nga.engine.recognition.l.a.az.gC(PG:2)
05-16 07:39:33.871: D/StrictMode(3737): at com.google.android.apps.gsa.nga.engine.v.f.a(PG:4)
05-16 07:39:33.871: D/StrictMode(3737): at com.google.android.apps.gsa.nga.engine.v.f.S(PG:1)
05-16 07:39:33.871: D/StrictMode(3737): at com.google.android.apps.gsa.nga.engine.v.o.W(PG:2)
05-16 07:39:33.871: D/StrictMode(3737): at com.google.android.apps.gsa.nga.engine.recognition.l.a.az.H(PG:2)
05-16 07:39:33.871: D/StrictMode(3737): at com.google.android.apps.gsa.nga.engine.at.c.a(Unknown Source:4)
05-16 07:39:33.871: D/StrictMode(3737): at com.google.android.apps.gsa.nga.shared.s.g.a(PG:1)
05-16 07:39:33.871: D/StrictMode(3737): at com.google.android.apps.gsa.nga.shared.s.k.a(PG:2)
05-16 07:39:33.871: D/StrictMode(3737): at com.google.android.libraries.gsa.k.a.j.call(PG:2)
05-16 07:39:33.871: D/StrictMode(3737): at java.util.concurrent.FutureTask.run(FutureTask.java:264)
05-16 07:39:33.871: D/StrictMode(3737): at com.google.common.util.concurrent.dq.run(PG:4)
05-16 07:39:33.871: D/StrictMode(3737): at com.google.android.libraries.i.af.run(PG:1)
05-16 07:39:33.871: D/StrictMode(3737): at com.google.android.libraries.i.an.run(PG:23)
05-16 07:39:33.871: D/StrictMode(3737): at com.google.android.libraries.i.l.run(PG:2)
05-16 07:39:33.871: D/StrictMode(3737): at com.google.android.libraries.i.q.run(PG:4)
05-16 07:39:33.871: D/StrictMode(3737): at java.lang.Thread.run(Thread.java:1012)
05-16 07:39:33.871: D/StrictMode(3737): StrictMode policy violation: android.os.strictmode.DiskReadViolation
05-16 07:39:33.871: D/StrictMode(3737): at android.os.StrictMode$AndroidBlockGuardPolicy.onReadFromDisk(StrictMode.java:1658)
05-16 07:39:33.871: D/StrictMode(3737): at libcore.io.BlockGuardOs.access(BlockGuardOs.java:74)
05-16 07:39:33.871: D/StrictMode(3737): at libcore.io.ForwardingOs.access(ForwardingOs.java:128)
05-16 07:39:33.871: D/StrictMode(3737): at android.app.ActivityThread$AndroidOs.access(ActivityThread.java:7749)
05-16 07:39:33.871: D/StrictMode(3737): at java.io.UnixFileSystem.checkAccess(UnixFileSystem.java:281)
05-16 07:39:33.871: D/StrictMode(3737): at java.io.File.exists(File.java:813)
05-16 07:39:33.871: D/StrictMode(3737): at android.app.ContextImpl.getDir(ContextImpl.java:2982)
05-16 07:39:33.871: D/StrictMode(3737): at android.content.ContextWrapper.getDir(ContextWrapper.java:347)
05-16 07:39:33.871: D/StrictMode(3737): at com.google.android.apps.gsa.nga.engine.recognition.l.a.an.a(PG:12)
05-16 07:39:33.871: D/StrictMode(3737): at com.google.android.apps.gsa.nga.engine.recognition.l.a.aj.a(PG:2)
05-16 07:39:33.871: D/StrictMode(3737): at com.google.android.apps.gsa.nga.engine.recognition.l.a.az.gC(PG:2)
05-16 07:39:33.871: D/StrictMode(3737): at com.google.android.apps.gsa.nga.engine.v.f.a(PG:4)
05-16 07:39:33.871: D/StrictMode(3737): at com.google.android.apps.gsa.nga.engine.v.f.S(PG:1)
05-16 07:39:33.871: D/StrictMode(3737): at com.google.android.apps.gsa.nga.engine.v.o.W(PG:2)
05-16 07:39:33.871: D/StrictMode(3737): at com.google.android.apps.gsa.nga.engine.recognition.l.a.az.H(PG:2)
05-16 07:39:33.871: D/StrictMode(3737): at com.google.android.apps.gsa.nga.engine.at.c.a(Unknown Source:4)
05-16 07:39:33.871: D/StrictMode(3737): at com.google.android.apps.gsa.nga.shared.s.g.a(PG:1)
05-16 07:39:33.871: D/StrictMode(3737): at com.google.android.apps.gsa.nga.shared.s.k.a(PG:2)
05-16 07:39:33.871: D/StrictMode(3737): at com.google.android.libraries.gsa.k.a.j.call(PG:2)
05-16 07:39:33.871: D/StrictMode(3737): at java.util.concurrent.FutureTask.run(FutureTask.java:264)
05-16 07:39:33.871: D/StrictMode(3737): at com.google.common.util.concurrent.dq.run(PG:4)
05-16 07:39:33.871: D/StrictMode(3737): at com.google.android.libraries.i.af.run(PG:1)
05-16 07:39:33.871: D/StrictMode(3737): at com.google.android.libraries.i.an.run(PG:23)
05-16 07:39:33.871: D/StrictMode(3737): at com.google.android.libraries.i.l.run(PG:2)
05-16 07:39:33.871: D/StrictMode(3737): at com.google.android.libraries.i.q.run(PG:4)
05-16 07:39:33.871: D/StrictMode(3737): at java.lang.Thread.run(Thread.java:1012)
05-16 07:39:33.871: D/StrictMode(3737): StrictMode policy violation: android.os.strictmode.DiskReadViolation
05-16 07:39:33.871: D/StrictMode(3737): at android.os.StrictMode$AndroidBlockGuardPolicy.onReadFromDisk(StrictMode.java:1658)
05-16 07:39:33.871: D/StrictMode(3737): at libcore.io.BlockGuardOs.access(BlockGuardOs.java:74)
05-16 07:39:33.871: D/StrictMode(3737): at libcore.io.ForwardingOs.access(ForwardingOs.java:128)
05-16 07:39:33.871: D/StrictMode(3737): at android.app.ActivityThread$AndroidOs.access(ActivityThread.java:7749)
05-16 07:39:33.871: D/StrictMode(3737): at java.io.UnixFileSystem.checkAccess(UnixFileSystem.java:281)
05-16 07:39:33.871: D/StrictMode(3737): at java.io.File.exists(File.java:813)
05-16 07:39:33.871: D/StrictMode(3737): at com.google.android.apps.gsa.nga.engine.recognition.l.a.an.d(PG:1)
05-16 07:39:33.871: D/StrictMode(3737): at com.google.android.apps.gsa.nga.engine.recognition.l.a.an.a(PG:13)
05-16 07:39:33.871: D/StrictMode(3737): at com.google.android.apps.gsa.nga.engine.recognition.l.a.aj.a(PG:2)
05-16 07:39:33.871: D/StrictMode(3737): at com.google.android.apps.gsa.nga.engine.recognition.l.a.az.gC(PG:2)
05-16 07:39:33.871: D/StrictMode(3737): at com.google.android.apps.gsa.nga.engine.v.f.a(PG:4)
05-16 07:39:33.871: D/StrictMode(3737): at com.google.android.apps.gsa.nga.engine.v.f.S(PG:1)
05-16 07:39:33.871: D/StrictMode(3737): at com.google.android.apps.gsa.nga.engine.v.o.W(PG:2)
05-16 07:39:33.871: D/StrictMode(3737): at com.google.android.apps.gsa.nga.engine.recognition.l.a.az.H(PG:2)
05-16 07:39:33.871: D/StrictMode(3737): at com.google.android.apps.gsa.nga.engine.at.c.a(Unknown Source:4)
05-16 07:39:33.871: D/StrictMode(3737): at com.google.android.apps.gsa.nga.shared.s.g.a(PG:1)
05-16 07:39:33.871: D/StrictMode(3737): at com.google.android.apps.gsa.nga.shared.s.k.a(PG:2)
05-16 07:39:33.871: D/StrictMode(3737): at com.google.android.libraries.gsa.k.a.j.call(PG:2)
05-16 07:39:33.871: D/StrictMode(3737): at java.util.concurrent.FutureTask.run(FutureTask.java:264)
05-16 07:39:33.871: D/StrictMode(3737): at com.google.common.util.concurrent.dq.run(PG:4)
05-16 07:39:33.871: D/StrictMode(3737): at com.google.android.libraries.i.af.run(PG:1)
05-16 07:39:33.871: D/StrictMode(3737): at com.google.android.libraries.i.an.run(PG:23)
05-16 07:39:33.871: D/StrictMode(3737): at com.google.android.libraries.i.l.run(PG:2)
05-16 07:39:33.871: D/StrictMode(3737): at com.google.android.libraries.i.q.run(PG:4)
05-16 07:39:33.871: D/StrictMode(3737): at java.lang.Thread.run(Thread.java:1012)
05-16 07:39:33.871: W/Bugle(12379): SubscriptionMetadataUtils get: invalid subId = -1
05-16 07:39:33.872: W/A(3737): SODA model not found in g3_models for en-US
05-16 07:39:33.872: D/StrictMode(3737): StrictMode policy violation: android.os.strictmode.DiskReadViolation
05-16 07:39:33.872: D/StrictMode(3737): at android.os.StrictMode$AndroidBlockGuardPolicy.onReadFromDisk(StrictMode.java:1658)
05-16 07:39:33.872: D/StrictMode(3737): at libcore.io.BlockGuardOs.access(BlockGuardOs.java:74)
05-16 07:39:33.872: D/StrictMode(3737): at libcore.io.ForwardingOs.access(ForwardingOs.java:128)
05-16 07:39:33.872: D/StrictMode(3737): at android.app.ActivityThread$AndroidOs.access(ActivityThread.java:7749)
05-16 07:39:33.872: D/StrictMode(3737): at java.io.UnixFileSystem.checkAccess(UnixFileSystem.java:281)
05-16 07:39:33.872: D/StrictMode(3737): at java.io.File.exists(File.java:813)
05-16 07:39:33.872: D/StrictMode(3737): at com.google.android.apps.gsa.nga.engine.recognition.l.a.an.d(PG:1)
05-16 07:39:33.872: D/StrictMode(3737): at com.google.android.apps.gsa.nga.engine.recognition.l.a.an.a(PG:17)
05-16 07:39:33.872: D/StrictMode(3737): at com.google.android.apps.gsa.nga.engine.recognition.l.a.aj.a(PG:2)
05-16 07:39:33.872: D/StrictMode(3737): at com.google.android.apps.gsa.nga.engine.recognition.l.a.az.gC(PG:2)
05-16 07:39:33.872: D/StrictMode(3737): at com.google.android.apps.gsa.nga.engine.v.f.a(PG:4)
05-16 07:39:33.872: D/StrictMode(3737): at com.google.android.apps.gsa.nga.engine.v.f.S(PG:1)
05-16 07:39:33.872: D/StrictMode(3737): at com.google.android.apps.gsa.nga.engine.v.o.W(PG:2)
05-16 07:39:33.872: D/StrictMode(3737): at com.google.android.apps.gsa.nga.engine.recognition.l.a.az.H(PG:2)
05-16 07:39:33.872: D/StrictMode(3737): at com.google.android.apps.gsa.nga.engine.at.c.a(Unknown Source:4)
05-16 07:39:33.872: D/StrictMode(3737): at com.google.android.apps.gsa.nga.shared.s.g.a(PG:1)
05-16 07:39:33.872: D/StrictMode(3737): at com.google.android.apps.gsa.nga.shared.s.k.a(PG:2)
05-16 07:39:33.872: D/StrictMode(3737): at com.google.android.libraries.gsa.k.a.j.call(PG:2)
05-16 07:39:33.872: D/StrictMode(3737): at java.util.concurrent.FutureTask.run(FutureTask.java:264)
05-16 07:39:33.872: D/StrictMode(3737): at com.google.common.util.concurrent.dq.run(PG:4)
05-16 07:39:33.872: D/StrictMode(3737): at com.google.android.libraries.i.af.run(PG:1)
05-16 07:39:33.872: D/StrictMode(3737): at com.google.android.libraries.i.an.run(PG:23)
05-16 07:39:33.872: D/StrictMode(3737): at com.google.android.libraries.i.l.run(PG:2)
05-16 07:39:33.872: D/StrictMode(3737): at com.google.android.libraries.i.q.run(PG:4)
05-16 07:39:33.872: D/StrictMode(3737): at java.lang.Thread.run(Thread.java:1012)
05-16 07:39:33.872: W/A(3737): SODA model not found in system image (/system/usr/srec) for en-US
05-16 07:39:33.872: D/StrictMode(3737): StrictMode policy violation: android.os.strictmode.DiskReadViolation
05-16 07:39:33.872: D/StrictMode(3737): at android.os.StrictMode$AndroidBlockGuardPolicy.onReadFromDisk(StrictMode.java:1658)
05-16 07:39:33.872: D/StrictMode(3737): at java.io.UnixFileSystem.getBooleanAttributes(UnixFileSystem.java:250)
05-16 07:39:33.872: D/StrictMode(3737): at java.io.File.isDirectory(File.java:843)
05-16 07:39:33.872: D/StrictMode(3737): at com.google.android.apps.gsa.nga.engine.recognition.l.a.an.d(PG:1)
05-16 07:39:33.872: D/StrictMode(3737): at com.google.android.apps.gsa.nga.engine.recognition.l.a.an.a(PG:17)
05-16 07:39:33.872: D/StrictMode(3737): at com.google.android.apps.gsa.nga.engine.recognition.l.a.aj.a(PG:2)
05-16 07:39:33.872: D/StrictMode(3737): at com.google.android.apps.gsa.nga.engine.recognition.l.a.az.gC(PG:2)
05-16 07:39:33.872: D/StrictMode(3737): at com.google.android.apps.gsa.nga.engine.v.f.a(PG:4)
05-16 07:39:33.872: D/StrictMode(3737): at com.google.android.apps.gsa.nga.engine.v.f.S(PG:1)
05-16 07:39:33.872: D/StrictMode(3737): at com.google.android.apps.gsa.nga.engine.v.o.W(PG:2)
05-16 07:39:33.872: D/StrictMode(3737): at com.google.android.apps.gsa.nga.engine.recognition.l.a.az.H(PG:2)
05-16 07:39:33.872: D/StrictMode(3737): at com.google.android.apps.gsa.nga.engine.at.c.a(Unknown Source:4)
05-16 07:39:33.872: D/StrictMode(3737): at com.google.android.apps.gsa.nga.shared.s.g.a(PG:1)
05-16 07:39:33.872: D/StrictMode(3737): at com.google.android.apps.gsa.nga.shared.s.k.a(PG:2)
05-16 07:39:33.872: D/StrictMode(3737): at com.google.android.libraries.gsa.k.a.j.call(PG:2)
05-16 07:39:33.872: D/StrictMode(3737): at java.util.concurrent.FutureTask.run(FutureTask.java:264)
05-16 07:39:33.872: D/StrictMode(3737): at com.google.common.util.concurrent.dq.run(PG:4)
05-16 07:39:33.872: D/StrictMode(3737): at com.google.android.libraries.i.af.run(PG:1)
05-16 07:39:33.872: D/StrictMode(3737): at com.google.android.libraries.i.an.run(PG:23)
05-16 07:39:33.872: D/StrictMode(3737): at com.google.android.libraries.i.l.run(PG:2)
05-16 07:39:33.872: D/StrictMode(3737): at com.google.android.libraries.i.q.run(PG:4)
05-16 07:39:33.872: D/StrictMode(3737): at java.lang.Thread.run(Thread.java:1012)
05-16 07:39:33.872: D/StrictMode(3737): StrictMode policy violation: android.os.strictmode.DiskReadViolation
05-16 07:39:33.872: D/StrictMode(3737): at android.os.StrictMode$AndroidBlockGuardPolicy.onReadFromDisk(StrictMode.java:1658)
05-16 07:39:33.872: D/StrictMode(3737): at java.io.UnixFileSystem.list(UnixFileSystem.java:344)
05-16 07:39:33.872: D/StrictMode(3737): at java.io.File.list(File.java:1129)
05-16 07:39:33.872: D/StrictMode(3737): at java.io.File.listFiles(File.java:1214)
05-16 07:39:33.872: D/StrictMode(3737): at com.google.android.apps.gsa.nga.engine.recognition.l.a.an.d(PG:2)
05-16 07:39:33.872: D/StrictMode(3737): at com.google.android.apps.gsa.nga.engine.recognition.l.a.an.a(PG:17)
05-16 07:39:33.872: D/StrictMode(3737): at com.google.android.apps.gsa.nga.engine.recognition.l.a.aj.a(PG:2)
05-16 07:39:33.872: D/StrictMode(3737): at com.google.android.apps.gsa.nga.engine.recognition.l.a.az.gC(PG:2)
05-16 07:39:33.872: D/StrictMode(3737): at com.google.android.apps.gsa.nga.engine.v.f.a(PG:4)
05-16 07:39:33.872: D/StrictMode(3737): at com.google.android.apps.gsa.nga.engine.v.f.S(PG:1)
05-16 07:39:33.872: D/StrictMode(3737): at com.google.android.apps.gsa.nga.engine.v.o.W(PG:2)
05-16 07:39:33.872: D/StrictMode(3737): at com.google.android.apps.gsa.nga.engine.recognition.l.a.az.H(PG:2)
05-16 07:39:33.872: D/StrictMode(3737): at com.google.android.apps.gsa.nga.engine.at.c.a(Unknown Source:4)
05-16 07:39:33.872: D/StrictMode(3737): at com.google.android.apps.gsa.nga.shared.s.g.a(PG:1)
05-16 07:39:33.872: D/StrictMode(3737): at com.google.android.apps.gsa.nga.shared.s.k.a(PG:2)
05-16 07:39:33.872: D/StrictMode(3737): at com.google.android.libraries.gsa.k.a.j.call(PG:2)
05-16 07:39:33.872: D/StrictMode(3737): at java.util.concurrent.FutureTask.run(FutureTask.java:264)
05-16 07:39:33.872: D/StrictMode(3737): at com.google.common.util.concurrent.dq.run(PG:4)
05-16 07:39:33.872: D/StrictMode(3737): at com.google.android.libraries.i.af.run(PG:1)
05-16 07:39:33.872: D/StrictMode(3737): at com.google.android.libraries.i.an.run(PG:23)
05-16 07:39:33.872: D/StrictMode(3737): at com.google.android.libraries.i.l.run(PG:2)
05-16 07:39:33.872: D/StrictMode(3737): at com.google.android.libraries.i.q.run(PG:4)
05-16 07:39:33.872: D/StrictMode(3737): at java.lang.Thread.run(Thread.java:1012)
05-16 07:39:33.872: I/A(3737): Found LP metadata file: /product/usr/srec/en-US/metadata
05-16 07:39:33.872: I/A(3737): SODA model found in system image (/product/usr/srec) for en-US
05-16 07:39:33.873: D/StrictMode(3737): StrictMode policy violation: android.os.strictmode.DiskReadViolation
05-16 07:39:33.873: D/StrictMode(3737): at android.os.StrictMode$AndroidBlockGuardPolicy.onReadFromDisk(StrictMode.java:1658)
05-16 07:39:33.873: D/StrictMode(3737): at libcore.io.BlockGuardOs.access(BlockGuardOs.java:74)
05-16 07:39:33.873: D/StrictMode(3737): at libcore.io.ForwardingOs.access(ForwardingOs.java:128)
05-16 07:39:33.873: D/StrictMode(3737): at android.app.ActivityThread$AndroidOs.access(ActivityThread.java:7749)
05-16 07:39:33.873: D/StrictMode(3737): at java.io.UnixFileSystem.checkAccess(UnixFileSystem.java:281)
05-16 07:39:33.873: D/StrictMode(3737): at java.io.File.exists(File.java:813)
05-16 07:39:33.873: D/StrictMode(3737): at android.app.ContextImpl.ensurePrivateDirExists(ContextImpl.java:759)
05-16 07:39:33.873: D/StrictMode(3737): at android.app.ContextImpl.ensurePrivateCacheDirExists(ContextImpl.java:755)
05-16 07:39:33.873: D/StrictMode(3737): at android.app.ContextImpl.getCacheDir(ContextImpl.java:866)
05-16 07:39:33.873: D/StrictMode(3737): at android.content.ContextWrapper.getCacheDir(ContextWrapper.java:322)
05-16 07:39:33.873: D/StrictMode(3737): at com.google.android.apps.gsa.nga.engine.recognition.l.a.an.b(PG:2)
05-16 07:39:33.873: D/StrictMode(3737): at com.google.android.apps.gsa.nga.engine.recognition.l.a.aj.a(PG:3)
05-16 07:39:33.873: D/StrictMode(3737): at com.google.android.apps.gsa.nga.engine.recognition.l.a.az.gC(PG:2)
05-16 07:39:33.873: D/StrictMode(3737): at com.google.android.apps.gsa.nga.engine.v.f.a(PG:4)
05-16 07:39:33.873: D/StrictMode(3737): at com.google.android.apps.gsa.nga.engine.v.f.S(PG:1)
05-16 07:39:33.873: D/StrictMode(3737): at com.google.android.apps.gsa.nga.engine.v.o.W(PG:2)
05-16 07:39:33.873: D/StrictMode(3737): at com.google.android.apps.gsa.nga.engine.recognition.l.a.az.H(PG:2)
05-16 07:39:33.873: D/StrictMode(3737): at com.google.android.apps.gsa.nga.engine.at.c.a(Unknown Source:4)
05-16 07:39:33.873: D/StrictMode(3737): at com.google.android.apps.gsa.nga.shared.s.g.a(PG:1)
05-16 07:39:33.873: D/StrictMode(3737): at com.google.android.apps.gsa.nga.shared.s.k.a(PG:2)
05-16 07:39:33.873: D/StrictMode(3737): at com.google.android.libraries.gsa.k.a.j.call(PG:2)
05-16 07:39:33.873: D/StrictMode(3737): at java.util.concurrent.FutureTask.run(FutureTask.java:264)
05-16 07:39:33.873: D/StrictMode(3737): at com.google.common.util.concurrent.dq.run(PG:4)
05-16 07:39:33.873: D/StrictMode(3737): at com.google.android.libraries.i.af.run(PG:1)
05-16 07:39:33.873: D/StrictMode(3737): at com.google.android.libraries.i.an.run(PG:23)
05-16 07:39:33.873: D/StrictMode(3737): at com.google.android.libraries.i.l.run(PG:2)
05-16 07:39:33.873: D/StrictMode(3737): at com.google.android.libraries.i.q.run(PG:4)
05-16 07:39:33.873: D/StrictMode(3737): at java.lang.Thread.run(Thread.java:1012)
05-16 07:39:33.873: D/StrictMode(3737): StrictMode policy violation: android.os.strictmode.DiskReadViolation
05-16 07:39:33.873: D/StrictMode(3737): at android.os.StrictMode$AndroidBlockGuardPolicy.onReadFromDisk(StrictMode.java:1658)
05-16 07:39:33.873: D/StrictMode(3737): at libcore.io.BlockGuardOs.access(BlockGuardOs.java:74)
05-16 07:39:33.873: D/StrictMode(3737): at libcore.io.ForwardingOs.access(ForwardingOs.java:128)
05-16 07:39:33.873: D/StrictMode(3737): at android.app.ActivityThread$AndroidOs.access(ActivityThread.java:7749)
05-16 07:39:33.873: D/StrictMode(3737): at java.io.UnixFileSystem.checkAccess(UnixFileSystem.java:281)
05-16 07:39:33.873: D/StrictMode(3737): at java.io.File.exists(File.java:813)
05-16 07:39:33.873: D/StrictMode(3737): at android.app.ContextImpl.getDataDir(ContextImpl.java:2962)
05-16 07:39:33.873: D/StrictMode(3737): at android.app.ContextImpl.getDir(ContextImpl.java:2981)
05-16 07:39:33.873: D/StrictMode(3737): at android.content.ContextWrapper.getDir(ContextWrapper.java:347)
05-16 07:39:33.873: D/StrictMode(3737): at com.google.android.apps.gsa.nga.engine.recognition.l.a.an.a(PG:12)
05-16 07:39:33.873: D/StrictMode(3737): at com.google.android.apps.gsa.nga.engine.recognition.l.a.aj.a(PG:69)
05-16 07:39:33.873: D/StrictMode(3737): at com.google.android.apps.gsa.nga.engine.recognition.l.a.az.gC(PG:2)
05-16 07:39:33.873: D/StrictMode(3737): at com.google.android.apps.gsa.nga.engine.v.f.a(PG:4)
05-16 07:39:33.873: D/StrictMode(3737): at com.google.android.apps.gsa.nga.engine.v.f.S(PG:1)
05-16 07:39:33.873: D/StrictMode(3737): at com.google.android.apps.gsa.nga.engine.v.o.W(PG:2)
05-16 07:39:33.873: D/StrictMode(3737): at com.google.android.apps.gsa.nga.engine.recognition.l.a.az.H(PG:2)
05-16 07:39:33.873: D/StrictMode(3737): at com.google.android.apps.gsa.nga.engine.at.c.a(Unknown Source:4)
05-16 07:39:33.873: D/StrictMode(3737): at com.google.android.apps.gsa.nga.shared.s.g.a(PG:1)
05-16 07:39:33.873: D/StrictMode(3737): at com.google.android.apps.gsa.nga.shared.s.k.a(PG:2)
05-16 07:39:33.873: D/StrictMode(3737): at com.google.android.libraries.gsa.k.a.j.call(PG:2)
05-16 07:39:33.873: D/StrictMode(3737): at java.util.concurrent.FutureTask.run(FutureTask.java:264)
05-16 07:39:33.873: D/StrictMode(3737): at com.google.common.util.concurrent.dq.run(PG:4)
05-16 07:39:33.873: D/StrictMode(3737): at com.google.android.libraries.i.af.run(PG:1)
05-16 07:39:33.873: D/StrictMode(3737): at com.google.android.libraries.i.an.run(PG:23)
05-16 07:39:33.873: D/StrictMode(3737): at com.google.android.libraries.i.l.run(PG:2)
05-16 07:39:33.873: D/StrictMode(3737): at com.google.android.libraries.i.q.run(PG:4)
05-16 07:39:33.873: D/StrictMode(3737): at java.lang.Thread.run(Thread.java:1012)
