05-16 07:39:37.940: I/Icing(15673): Usage reports ok 0, Failed Usage reports 0, indexed 0, rejected 0
05-16 07:39:37.947: I/Tips_NotificationReceiv(12399): SoftwareDrop Tip label = tips_sw_202212a, Promotion Tip label =
05-16 07:39:37.949: I/Tips_SoftwareDropServic(12399): Skip to schedule the Software Drop service: tips_sw_202212a, reason shown: true, sysUser: true
05-16 07:39:37.949: I/Tips_PromotionService(12399): Skip to schedule the tip promotion service: , reason shown: false, sysUser: true
05-16 07:39:37.950: D/Tips_PhenotypeFlags(12399): invalidate cache
05-16 07:39:37.960: D/nativeloader(11053): Configuring classloader-namespace for other apk . target_sdk_version=33, uses_libraries=ALL, library_path=, permitted_path=/data:/mnt/expand
05-16 07:39:37.962: W/id.gms.unstable(11053): Accessing hidden method Ljava/util/Random;->internalNextDouble(DD)D (max-target-o, linking, denied)
05-16 07:39:37.962: W/id.gms.unstable(11053): Accessing hidden method Ljava/util/Random;->internalNextDouble(DD)D (max-target-o, linking, denied)
05-16 07:39:37.962: W/id.gms.unstable(11053): Accessing hidden method Ljava/util/Random;->internalNextInt(II)I (max-target-o, linking, denied)
05-16 07:39:37.962: W/id.gms.unstable(11053): Accessing hidden method Ljava/util/Random;->internalNextInt(II)I (max-target-o, linking, denied)
05-16 07:39:37.962: W/id.gms.unstable(11053): Accessing hidden method Ljava/util/Random;->internalNextLong(JJ)J (max-target-o, linking, denied)
05-16 07:39:37.962: W/id.gms.unstable(11053): Accessing hidden method Ljava/util/Random;->internalNextLong(JJ)J (max-target-o, linking, denied)
05-16 07:39:37.970: I/Tips_ContentUpdateRecei(12399): versionInfo: {"tipsVersion": 1678953000,"content": {"filelist": "https://www.gstatic.com/pixel-tips/2/production/","baseUri": {"scs": "https://www.gstatic.com/pixel-tips/2/production/"}},"onboarding": {"filelist": "https://www.gstatic.com/pixel-tips/2/production/onboarding/","baseUri": {"scs": "https://www.gstatic.com/pixel-tips/2/production/onboarding/"}}}, hash: 1469211461, current: 1469211461
05-16 07:39:37.970: D/Tips_AudienceManagerImp(12399): setPersonalizationAudiences old: ios,android,pixel, new ios,android,pixel
05-16 07:39:38.017: I/PhenotypeBackgroundRecv(12399): Successfully updated snapshot for com.google.android.apps.tips
05-16 07:39:38.026: I/BistoSettingsListener(10908): listener created
05-16 07:39:38.027: W/SearchServiceCore(10908): Abort, client detached.
05-16 07:39:38.027: W/SearchServiceCore(10908): Abort, client detached.
05-16 07:39:38.033: W/SearchServiceCore(10908): Abort, client detached.
05-16 07:39:38.033: W/SearchServiceCore(10908): Abort, client detached.
05-16 07:39:38.041: W/SearchServiceCore(10908): Abort, client detached.
05-16 07:39:38.041: W/SearchServiceCore(10908): Abort, client detached.
05-16 07:39:38.046: W/BpBinder(10395): Large outgoing transaction of 352696 bytes, interface descriptor <uncached descriptor>, code 4
05-16 07:39:38.047: W/A(10908): Can't format flag AndroidGsaVelourJars__velour_birthdaydoodle_jar__name to integer.
05-16 07:39:38.047: W/A(10908): Can't format flag AndroidGsaVelourJars__velour_call_jar__name to integer.
05-16 07:39:38.047: W/A(10908): Can't format flag AndroidGsaVelourJars__velour_canvas_jar__name to integer.
05-16 07:39:38.047: W/A(10908): Can't format flag AndroidGsaVelourJars__velour_chkpkg_jar__name to integer.
05-16 07:39:38.047: W/A(10908): Can't format flag AndroidGsaVelourJars__velour_crashtest_jar__name to integer.
05-16 07:39:38.047: W/A(10908): Can't format flag AndroidGsaVelourJars__velour_dining_jar__name to integer.
05-16 07:39:38.047: W/A(10908): Can't format flag AndroidGsaVelourJars__velour_doodle_notifications_jar__name to integer.
05-16 07:39:38.047: W/A(10908): Can't format flag AndroidGsaVelourJars__velour_imageviewer_jar__name to integer.
05-16 07:39:38.047: W/A(10908): Can't format flag AndroidGsaVelourJars__velour_ipa_jar__name to integer.
05-16 07:39:38.047: W/A(10908): Can't format flag AndroidGsaVelourJars__velour_jslocation_jar__name to integer.
05-16 07:39:38.047: W/A(10908): Can't format flag AndroidGsaVelourJars__velour_localintent_jar__name to integer.
05-16 07:39:38.048: W/A(10908): Can't format flag AndroidGsaVelourJars__velour_messaging_jar__name to integer.
05-16 07:39:38.048: W/A(10908): Can't format flag AndroidGsaVelourJars__velour_nativesrp_activity_jar__name to integer.
05-16 07:39:38.048: W/A(10908): Can't format flag AndroidGsaVelourJars__velour_nativesrp_presenter_jar__name to integer.
05-16 07:39:38.048: W/A(10908): Can't format flag AndroidGsaVelourJars__velour_nowcontent_jar__name to integer.
05-16 07:39:38.048: W/A(10908): Can't format flag AndroidGsaVelourJars__velour_recents_activity_jar__name to integer.
05-16 07:39:38.048: W/A(10908): Can't format flag AndroidGsaVelourJars__velour_save_jar__name to integer.
05-16 07:39:38.048: W/A(10908): Can't format flag AndroidGsaVelourJars__velour_searchresults_activity_jar__name to integer.
05-16 07:39:38.048: W/A(10908): Can't format flag AndroidGsaVelourJars__velour_test_jar__name to integer.
05-16 07:39:38.048: W/A(10908): Can't format flag AndroidGsaVelourJars__velour_weather_jar__name to integer.
05-16 07:39:38.048: W/A(10908): Can't format flag AndroidGsaVelourJars__velour_wernicke_player_homebase_jar__name to integer.
05-16 07:39:38.048: W/A(10908): Can't format flag AndroidGsaVelourJars__velour_wernicke_player_jar__name to integer.
05-16 07:39:38.048: W/A(10908): Can't format flag bindle_flags__bloblobber_blob to integer.
05-16 07:39:38.048: W/A(10908): Can't format flag bindle_flags__velour_jar to integer.
05-16 07:39:38.055: I/A(10908): Refusing EXCLUSIVE task 24, it is already pending. Try again in 359 seconds.
05-16 07:39:38.056: I/FedAssExpListener(10908): Fed-ass not supported for signed out users.
05-16 07:39:38.056: I/FedAssExpListener(10908): Successfully processed experiments changed.
05-16 07:39:38.056: I/A(10908): NGA Sync: beginOnDataPresent
05-16 07:39:38.057: I/A(10908): NGA Sync: isNgaSyncEnabled: false; enableFileGroupPopulator: false; requiresMddAssets: false
05-16 07:39:38.058: I/A(10908): NGA enabled in interactor.
05-16 07:39:38.061: W/BroadcastQueue(1495): Background execution not allowed: receiving Intent { act=com.google.android.systemui.OPA_ENABLED flg=0x10000010 (has extras) } to com.google.android.apps.nexuslauncher/.qsb.OPAStatusReceiver
05-16 07:39:38.063: I/OpaEligibilityChecker(10908): send OpaEligibilityChange broadcast to CommonBroadcastReceiver
05-16 07:39:38.063: I/OpaEnabledReceiver(2674): Dispatching OPA eligble = true; AGSA = true; OPA enabled = true
05-16 07:39:38.070: W/SearchServiceCore(10908): Abort, client detached.
05-16 07:39:38.070: W/SearchServiceCore(10908): Abort, client detached.
05-16 07:39:38.070: I/OpaEnabledReceiver(2674): Dispatching OPA eligble = true; AGSA = true; OPA enabled = true
05-16 07:39:38.085: I/Icing(15673): IndexChimeraService.getServiceInterface callingPackage=com.google.android.googlequicksearchbox componentName=agsa_icing_connection serviceId=32
05-16 07:39:38.087: I/Icing(15673): IndexChimeraService.getServiceInterface callingPackage=com.google.android.googlequicksearchbox componentName=agsa_icing_connection serviceId=33
05-16 07:39:38.089: W/Icing(15673): No valid account for uploading user actions
05-16 07:39:38.093: I/NetworkScheduler.Stats(10395): Task com.google.android.gms/com.google.android.gms.checkin.CheckinService started execution. cause:4 exec_start_elapsed_seconds: 552 [CONTEXT service_id=218 ]
05-16 07:39:38.102: I/NetworkScheduler.Stats(10395): Task com.google.android.gms/com.google.android.gms.checkin.CheckinService finished executing. cause:4 result: 3 elapsed_millis: 43 uptime_millis: 43 exec_start_elapsed_seconds: 552 [CONTEXT service_id=218 ]
05-16 07:39:38.111: W/SearchServiceCore(10908): Abort, client detached.
05-16 07:39:38.125: W/JobScheduler(1495): Job didn't exist in JobStore: cf1cbbf #u0a163/-43 com.google.android.googlequicksearchbox/com.google.android.apps.gsa.tasks.BackgroundTasksJobService
05-16 07:39:38.136: I/NetworkScheduler.Stats(10395): Task com.google.android.gms/com.google.android.gms.gass.chimera.SchedulePeriodicTasksService started execution. cause:5 exec_start_elapsed_seconds: 552 [CONTEXT service_id=218 ]
05-16 07:39:38.140: I/NetworkScheduler.Stats(10395): Task com.google.android.gms/com.google.android.gms.gass.chimera.SchedulePeriodicTasksService finished executing. cause:5 result: 1 elapsed_millis: 11 uptime_millis: 11 exec_start_elapsed_seconds: 552 [CONTEXT service_id=218 ]
05-16 07:39:38.147: I/Icing(15673): Usage reports ok 0, Failed Usage reports 0, indexed 0, rejected 0
05-16 07:39:38.150: I/PackageWatchdog(1495): Syncing state, reason: observing new packages
05-16 07:39:38.150: D/PackageWatchdog(1495): rescue-party-observer added the following packages to monitor [com.google.android.as, com.google.android.as.oss, com.google.android.apps.tips]
05-16 07:39:38.150: W/Icing(15673): No valid account for uploading user actions
05-16 07:39:38.150: I/PackageWatchdog(1495): Syncing health check requests for packages: {}
05-16 07:39:38.150: I/ExplicitHealthCheckController(1495): Service not ready to get health check supported packages. Binding...
05-16 07:39:38.154: I/ExplicitHealthCheckController(1495): Explicit health check service is bound
05-16 07:39:38.154: I/ExplicitHealthCheckController(1495): Explicit health check service is connected ComponentInfo{com.google.android.ext.services/android.ext.services.watchdog.ExplicitHealthCheckServiceImpl}
05-16 07:39:38.154: I/ExplicitHealthCheckController(1495): Service initialized, syncing requests
05-16 07:39:38.154: I/PackageWatchdog(1495): Syncing health check requests for packages: {}
05-16 07:39:38.154: D/ExplicitHealthCheckController(1495): Getting health check supported packages
05-16 07:39:38.154: I/PackageWatchdog(1495): Syncing state, reason: updated observers
05-16 07:39:38.155: I/PackageWatchdog(1495): Syncing health check requests for packages: {}
05-16 07:39:38.155: D/ExplicitHealthCheckController(1495): Getting health check supported packages
05-16 07:39:38.155: I/Icing(15673): Usage reports ok 0, Failed Usage reports 0, indexed 0, rejected 0
05-16 07:39:38.156: I/ExplicitHealthCheckController(1495): Explicit health check supported packages [PackageConfig{com.google.android.networkstack, 86400000}]
05-16 07:39:38.156: D/PackageWatchdog(1495): Received supported packages [PackageConfig{com.google.android.networkstack, 86400000}]
05-16 07:39:38.156: I/ExplicitHealthCheckController(1495): Explicit health check supported packages [PackageConfig{com.google.android.networkstack, 86400000}]
05-16 07:39:38.156: D/PackageWatchdog(1495): Received supported packages [PackageConfig{com.google.android.networkstack, 86400000}]
05-16 07:39:38.156: D/ExplicitHealthCheckController(1495): Getting health check requested packages
05-16 07:39:38.156: D/ExplicitHealthCheckController(1495): Getting health check requested packages
05-16 07:39:38.156: I/ExplicitHealthCheckController(1495): Explicit health check requested packages []
05-16 07:39:38.156: I/ExplicitHealthCheckController(1495): No more health check requests, unbinding...
05-16 07:39:38.156: I/ExplicitHealthCheckController(1495): Explicit health check requested packages []
05-16 07:39:38.157: I/ExplicitHealthCheckController(1495): Explicit health check service is unbound
05-16 07:39:38.158: I/ExplicitHealthCheckController(1495): No more health check requests, unbinding...
05-16 07:39:38.158: I/ExplicitHealthCheckController(1495): Explicit health check service is unbound
05-16 07:39:38.159: I/PackageWatchdog(1495): Saving observer state to file
05-16 07:39:38.165: D/ConnectivityService(1495): requestNetwork for uid/pid:10194/17085 activeRequest: null callbackRequest: 289 [NetworkRequest [ REQUEST id=290, [ Capabilities: INTERNET&NOT_RESTRICTED&TRUSTED&NOT_VCN_MANAGED Uid: 10194 RequestorUid: 10194 RequestorPkg: com.google.android.youtube UnderlyingNetworks: Null] ]] callback flags: 0 order: 2147483647
05-16 07:39:38.166: D/WifiNetworkFactory(1495): got request NetworkRequest [ REQUEST id=290, [ Capabilities: INTERNET&NOT_RESTRICTED&TRUSTED&NOT_VCN_MANAGED Uid: 10194 RequestorUid: 10194 RequestorPkg: com.google.android.youtube UnderlyingNetworks: Null] ]
05-16 07:39:38.166: D/UntrustedWifiNetworkFactory(1495): got request NetworkRequest [ REQUEST id=290, [ Capabilities: INTERNET&NOT_RESTRICTED&TRUSTED&NOT_VCN_MANAGED Uid: 10194 RequestorUid: 10194 RequestorPkg: com.google.android.youtube UnderlyingNetworks: Null] ]
05-16 07:39:38.166: D/OemPaidWifiNetworkFactory(1495): got request NetworkRequest [ REQUEST id=290, [ Capabilities: INTERNET&NOT_RESTRICTED&TRUSTED&NOT_VCN_MANAGED Uid: 10194 RequestorUid: 10194 RequestorPkg: com.google.android.youtube UnderlyingNetworks: Null] ]
05-16 07:39:38.166: D/ConnectivityService(1495): NetReassign [290 : null → 100] [c 0] [a 0] [i 1]
05-16 07:39:38.166: D/MultiInternetWifiNetworkFactory(1495): got request NetworkRequest [ REQUEST id=290, [ Capabilities: INTERNET&NOT_RESTRICTED&TRUSTED&NOT_VCN_MANAGED Uid: 10194 RequestorUid: 10194 RequestorPkg: com.google.android.youtube UnderlyingNetworks: Null] ]
05-16 07:39:38.187: I/AiAiTextClassifier(3659): [TcLibModelManagerImpl]: updateModelsInTextClassifierLib: Done executing updateModels() from path: /data/user/0/com.google.android.as/files/superpacks/text-classifier-annotator/v903_3963511d8644d2966855151b920fbfcb/en.fb.
05-16 07:39:38.187: I/AiAiTextClassifier(3659): [TcLibModelManagerImpl]: updateModelsInTextClassifierLib: Done executing updateModels() from path: /data/user/0/com.google.android.as/files/superpacks/text-classifier-actions/tc_model_e1df2712fc5cf9d5c2ae9d6193638533/en.model.
05-16 07:39:38.406: D/PrefCtrlListHelper(3180): Could not find Context-only controller for pref: com.android.settings.gestures.PickupGesturePreferenceController
05-16 07:39:38.408: D/nativeloader(15673): Configuring classloader-namespace for other apk . target_sdk_version=33, uses_libraries=ALL, library_path=/data/user_de/0/com.google.android.gms/app_chimera/m/0000000c/CronetDynamite.apk!/lib/arm64-v8a, permitted_path=/data:/mnt/expand
05-16 07:39:38.408: D/PrefCtrlListHelper(3180): Could not find Context-only controller for pref: com.android.settings.development.AdbDeviceNamePreferenceController
05-16 07:39:38.409: D/PrefCtrlListHelper(3180): Could not find Context-only controller for pref: com.android.settings.development.AdbQrCodePreferenceController
05-16 07:39:38.413: D/PrefCtrlListHelper(3180): Could not find Context-only controller for pref: com.google.android.settings.fuelgauge.AdaptiveChargingPreferenceController
05-16 07:39:38.414: I/cr_CronetLibraryLoader(15673): Cronet version: 109.0.5414.80, arch: aarch64
05-16 07:39:38.416: D/ConnectivityService(1495): requestNetwork for uid/pid:10164/15673 activeRequest: null callbackRequest: 291 [NetworkRequest [ REQUEST id=292, [ Capabilities: INTERNET&NOT_RESTRICTED&TRUSTED&NOT_VCN_MANAGED Uid: 10164 RequestorUid: 10164 RequestorPkg: com.google.android.gms UnderlyingNetworks: Null] ]] callback flags: 0 order: 2147483647
05-16 07:39:38.417: D/PrefCtrlListHelper(3180): Could not find Context-only controller for pref: com.android.settings.nfc.NfcForegroundPreferenceController
05-16 07:39:38.420: D/WifiNetworkFactory(1495): got request NetworkRequest [ REQUEST id=292, [ Capabilities: INTERNET&NOT_RESTRICTED&TRUSTED&NOT_VCN_MANAGED Uid: 10164 RequestorUid: 10164 RequestorPkg: com.google.android.gms UnderlyingNetworks: Null] ]
05-16 07:39:38.420: D/UntrustedWifiNetworkFactory(1495): got request NetworkRequest [ REQUEST id=292, [ Capabilities: INTERNET&NOT_RESTRICTED&TRUSTED&NOT_VCN_MANAGED Uid: 10164 RequestorUid: 10164 RequestorPkg: com.google.android.gms UnderlyingNetworks: Null] ]
05-16 07:39:38.420: D/OemPaidWifiNetworkFactory(1495): got request NetworkRequest [ REQUEST id=292, [ Capabilities: INTERNET&NOT_RESTRICTED&TRUSTED&NOT_VCN_MANAGED Uid: 10164 RequestorUid: 10164 RequestorPkg: com.google.android.gms UnderlyingNetworks: Null] ]
05-16 07:39:38.420: D/MultiInternetWifiNetworkFactory(1495): got request NetworkRequest [ REQUEST id=292, [ Capabilities: INTERNET&NOT_RESTRICTED&TRUSTED&NOT_VCN_MANAGED Uid: 10164 RequestorUid: 10164 RequestorPkg: com.google.android.gms UnderlyingNetworks: Null] ]
05-16 07:39:38.420: D/ConnectivityService(1495): NetReassign [292 : null → 100] [c 1] [a 0] [i 3]
05-16 07:39:38.425: D/ConnectivityService(1495): NetReassign [no changes] [c 1] [a 0] [i 4]
05-16 07:39:38.429: D/PrefCtrlListHelper(3180): Could not find Context-only controller for pref: com.android.settings.security.SecurityAdvancedSettingsController
05-16 07:39:38.443: D/PrefCtrlListHelper(3180): Could not find Context-only controller for pref: com.android.settings.accessibility.AccessibilityButtonPreviewPreferenceController
05-16 07:39:38.443: D/PrefCtrlListHelper(3180): Could not find Context-only controller for pref: com.android.settings.accessibility.AccessibilityButtonLocationPreferenceController
05-16 07:39:38.444: D/PrefCtrlListHelper(3180): Could not find Context-only controller for pref: com.android.settings.accessibility.AccessibilityButtonGesturePreferenceController
05-16 07:39:38.444: D/PrefCtrlListHelper(3180): Could not find Context-only controller for pref: com.android.settings.accessibility.FloatingMenuSizePreferenceController
05-16 07:39:38.444: D/PrefCtrlListHelper(3180): Could not find Context-only controller for pref: com.android.settings.accessibility.FloatingMenuFadePreferenceController
05-16 07:39:38.444: D/PrefCtrlListHelper(3180): Could not find Context-only controller for pref: com.android.settings.accessibility.FloatingMenuTransparencyPreferenceController
05-16 07:39:38.444: D/PrefCtrlListHelper(3180): Could not find Context-only controller for pref: com.android.settings.accessibility.AccessibilityButtonFooterPreferenceController
05-16 07:39:38.446: D/PrefCtrlListHelper(3180): Could not find Context-only controller for pref: com.android.settings.gestures.GestureNavigationSettingsAssistController
05-16 07:39:38.449: D/PrefCtrlListHelper(3180): Could not find Context-only controller for pref: com.android.settings.display.darkmode.DarkModeActivationPreferenceController
05-16 07:39:38.450: D/PrefCtrlListHelper(3180): Could not find Context-only controller for pref: com.android.settings.display.TwilightLocationPreferenceController
05-16 07:39:38.450: D/PrefCtrlListHelper(3180): Could not find Context-only controller for pref: com.android.settings.display.darkmode.DarkModeScheduleSelectorController
05-16 07:39:38.450: D/PrefCtrlListHelper(3180): Could not find Context-only controller for pref: com.android.settings.display.darkmode.DarkModeCustomBedtimePreferenceController
05-16 07:39:38.451: W/SettingsPrefController(3180): Skipping updateNonIndexableKeys, key already in list. com.android.settings.display.darkmode.DarkModeCustomBedtimePreferenceController@1b65d9f
05-16 07:39:38.452: D/PrefCtrlListHelper(3180): Could not find Context-only controller for pref: com.android.settings.development.featureflags.FeatureFlagsPreferenceController
05-16 07:39:38.453: D/TrafficStats(15673): tagSocket(330) with statsTag=0x7901, statsUid=10164
05-16 07:39:38.454: D/PrefCtrlListHelper(3180): Could not find Context-only controller for pref: com.android.settings.applications.specialaccess.premiumsms.PremiumSmsScreenPreferenceController
05-16 07:39:38.457: D/PrefCtrlListHelper(3180): Could not find Context-only controller for pref: com.android.settings.slices.SlicePreferenceController
05-16 07:39:38.457: D/PrefCtrlListHelper(3180): Could not find Context-only controller for pref: com.android.settings.connecteddevice.AddDevicePreferenceController
05-16 07:39:38.457: D/PrefCtrlListHelper(3180): Could not find Context-only controller for pref: com.android.settings.connecteddevice.PreviouslyConnectedDevicePreferenceController
05-16 07:39:38.457: D/PrefCtrlListHelper(3180): Could not find Context-only controller for pref: com.android.settings.connecteddevice.AdvancedConnectedDeviceController
05-16 07:39:38.457: D/PrefCtrlListHelper(3180): Could not find Context-only controller for pref: com.android.settings.connecteddevice.DiscoverableFooterPreferenceController
05-16 07:39:38.458: D/PrefCtrlListHelper(3180): Could not find Context-only controller for pref: com.android.settings.notification.BubbleNotificationPreferenceController
05-16 07:39:38.460: D/PrefCtrlListHelper(3180): Could not find Context-only controller for pref: com.android.settings.location.LocationInjectedServicesForWorkPreferenceController
05-16 07:39:38.462: D/PrefCtrlListHelper(3180): Could not find Context-only controller for pref: com.android.settings.deviceinfo.firmwareversion.FirmwareVersionDetailPreferenceController
05-16 07:39:38.463: D/PrefCtrlListHelper(3180): Could not find Context-only controller for pref: com.android.settings.deviceinfo.firmwareversion.SecurityPatchLevelPreferenceController
05-16 07:39:38.464: D/PrefCtrlListHelper(3180): Could not find Context-only controller for pref: com.android.settings.deviceinfo.firmwareversion.MainlineModuleVersionPreferenceController
05-16 07:39:38.464: D/PrefCtrlListHelper(3180): Could not find Context-only controller for pref: com.android.settings.deviceinfo.firmwareversion.BasebandVersionPreferenceController
05-16 07:39:38.465: D/PrefCtrlListHelper(3180): Could not find Context-only controller for pref: com.android.settings.deviceinfo.firmwareversion.KernelVersionPreferenceController
05-16 07:39:38.465: D/PrefCtrlListHelper(3180): Could not find Context-only controller for pref: com.android.settings.deviceinfo.firmwareversion.SimpleBuildNumberPreferenceController
05-16 07:39:38.465: D/PrefCtrlListHelper(3180): Could not find Context-only controller for pref: com.android.settings.gestures.LongPressPowerIllustrationPreferenceController
05-16 07:39:38.466: D/PrefCtrlListHelper(3180): Could not find Context-only controller for pref: com.android.settings.gestures.LongPressPowerForPowerMenuPreferenceController
05-16 07:39:38.466: D/PrefCtrlListHelper(3180): Could not find Context-only controller for pref: com.android.settings.gestures.LongPressPowerForAssistantPreferenceController
05-16 07:39:38.466: D/PrefCtrlListHelper(3180): Could not find Context-only controller for pref: com.android.settings.gestures.LongPressPowerSensitivityPreferenceController
05-16 07:39:38.466: D/PrefCtrlListHelper(3180): Could not find Context-only controller for pref: com.android.settings.gestures.LongPressPowerFooterPreferenceController
05-16 07:39:38.470: V/SettingsSearchProvider(3180): com.google.android.settings.security.SecurityHubDashboard$1@5ee39fa tried to add an empty non-indexable key
05-16 07:39:38.475: D/PrefCtrlListHelper(3180): Could not find Context-only controller for pref: com.android.settings.users.MultiUserTopIntroPreferenceController
05-16 07:39:38.476: D/PrefCtrlListHelper(3180): Could not find Context-only controller for pref: com.android.settings.users.TimeoutToUserZeroPreferenceController
05-16 07:39:38.477: D/PrefCtrlListHelper(3180): Could not find Context-only controller for pref: com.google.android.settings.gestures.columbus.ColumbusEnabledPreferenceController
05-16 07:39:38.477: D/PrefCtrlListHelper(3180): Could not find Context-only controller for pref: com.google.android.settings.gestures.columbus.ColumbusActionsPreferenceController
05-16 07:39:38.478: D/PrefCtrlListHelper(3180): Could not find Context-only controller for pref: com.google.android.settings.gestures.columbus.ColumbusLowSensitivityPreferenceController
05-16 07:39:38.479: D/PrefCtrlListHelper(3180): Could not find Context-only controller for pref: com.android.settings.security.EncryptionStatusPreferenceController
05-16 07:39:38.479: D/PrefCtrlListHelper(3180): Could not find Context-only controller for pref: com.android.settings.security.CredentialManagementAppPreferenceController
05-16 07:39:38.479: W/PrefCtrlListHelper(3180): encryption_and_credentials_encryption_status already has a controller
05-16 07:39:38.481: D/PrefCtrlListHelper(3180): Could not find Context-only controller for pref: com.android.settings.network.NetworkMobileProviderController
05-16 07:39:38.488: D/PrefCtrlListHelper(3180): Could not find Context-only controller for pref: com.android.settings.notification.RemoteVolumeGroupController
05-16 07:39:38.489: W/LocalMediaManager(3180): BluetoothAdapter is null or muting expected device not exist
05-16 07:39:38.489: D/PrefCtrlListHelper(3180): Could not find Context-only controller for pref: com.android.settings.sound.MediaOutputPreferenceController
05-16 07:39:38.490: D/PrefCtrlListHelper(3180): Could not find Context-only controller for pref: com.android.settings.notification.CallVolumePreferenceController
05-16 07:39:38.490: D/PrefCtrlListHelper(3180): Could not find Context-only controller for pref: com.android.settings.sound.HandsFreeProfileOutputPreferenceController
05-16 07:39:38.490: D/PrefCtrlListHelper(3180): Could not find Context-only controller for pref: com.android.settings.notification.zen.ZenModePreferenceController
05-16 07:39:38.491: D/PrefCtrlListHelper(3180): Could not find Context-only controller for pref: com.android.settings.notification.SpatialAudioParentPreferenceController
05-16 07:39:38.491: D/PrefCtrlListHelper(3180): Could not find Context-only controller for pref: com.android.settings.sound.MediaControlsParentPreferenceController
05-16 07:39:38.491: D/PrefCtrlListHelper(3180): Could not find Context-only controller for pref: com.android.settings.accessibility.VibrationPreferenceController
05-16 07:39:38.491: D/PrefCtrlListHelper(3180): Could not find Context-only controller for pref: com.android.settings.gestures.PreventRingingParentPreferenceController
05-16 07:39:38.491: D/PrefCtrlListHelper(3180): Could not find Context-only controller for pref: com.google.android.settings.notification.ClearCallingPreferenceController
05-16 07:39:38.491: D/PrefCtrlListHelper(3180): Could not find Context-only controller for pref: com.android.settings.notification.WorkSoundsPreferenceController
05-16 07:39:38.508: V/OnDeviceRecognitionPreferenceController(3180): Recognition service with no settings activity: com.google.android.as/com.google.android.apps.miphone.aiai.app.AiAiSpeechRecognitionService.
05-16 07:39:38.508: V/OnDeviceRecognitionPreferenceController(3180): Recognition service not in the same package as the default on-device recognizer: com.google.android.tts/com.google.android.apps.speech.tts.googletts.service.GoogleTTSRecognitionService.
05-16 07:39:38.508: V/OnDeviceRecognitionPreferenceController(3180): No speech recognition services with proper `recognition-service` meta-data found in the same package as the default on-device recognizer.
05-16 07:39:38.509: D/PrefCtrlListHelper(3180): Could not find Context-only controller for pref: com.android.settings.applications.appinfo.ManageAppLocalePreferenceController
05-16 07:39:38.509: W/PrefCtrlListHelper(3180): Cannot instantiate controller from reflection: com.android.settings.applications.appinfo.ManageAppLocalePreferenceController
05-16 07:39:38.510: D/PrefCtrlListHelper(3180): Could not find Context-only controller for pref: com.android.settings.language.OnDeviceRecognitionPreferenceController
05-16 07:39:38.510: D/PrefCtrlListHelper(3180): Could not find Context-only controller for pref: com.android.settings.language.UserDictionaryPreferenceController
05-16 07:39:38.510: D/PrefCtrlListHelper(3180): Could not find Context-only controller for pref: com.android.settings.inputmethod.GameControllerPreferenceController
05-16 07:39:38.510: D/PrefCtrlListHelper(3180): Could not find Context-only controller for pref: com.android.settings.core.WorkPreferenceController
05-16 07:39:38.510: D/PrefCtrlListHelper(3180): Could not find Context-only controller for pref: com.android.settings.inputmethod.SpellCheckerForWorkPreferenceController
05-16 07:39:38.513: V/OnDeviceRecognitionPreferenceController(3180): Recognition service with no settings activity: com.google.android.as/com.google.android.apps.miphone.aiai.app.AiAiSpeechRecognitionService.
05-16 07:39:38.513: V/OnDeviceRecognitionPreferenceController(3180): Recognition service not in the same package as the default on-device recognizer: com.google.android.tts/com.google.android.apps.speech.tts.googletts.service.GoogleTTSRecognitionService.
05-16 07:39:38.513: V/OnDeviceRecognitionPreferenceController(3180): No speech recognition services with proper `recognition-service` meta-data found in the same package as the default on-device recognizer.
05-16 07:39:38.515: D/PrefCtrlListHelper(3180): Could not find Context-only controller for pref: com.android.settings.emergency.EmergencyGesturePreferenceController
05-16 07:39:38.515: D/PrefCtrlListHelper(3180): Could not find Context-only controller for pref: com.android.settings.emergency.EmergencyGestureSoundPreferenceController
05-16 07:39:38.515: D/PrefCtrlListHelper(3180): Could not find Context-only controller for pref: com.android.settings.emergency.EmergencyGestureNumberOverridePreferenceController
05-16 07:39:38.517: D/PrefCtrlListHelper(3180): Could not find Context-only controller for pref: com.android.settings.applications.autofill.PasswordsPreferenceController
05-16 07:39:38.520: D/PrefCtrlListHelper(3180): Could not find Context-only controller for pref: com.android.settings.applications.specialaccess.deviceadmin.DeviceAdminListPreferenceController
05-16 07:39:38.520: D/PrefCtrlListHelper(3180): Could not find Context-only controller for pref: com.android.settings.emergency.MoreSettingsPreferenceController
05-16 07:39:38.521: D/PrefCtrlListHelper(3180): Could not find Context-only controller for pref: com.android.settings.emergency.EmergencyGestureEntrypointPreferenceController
05-16 07:39:38.522: D/PrefCtrlListHelper(3180): Could not find Context-only controller for pref: com.android.settings.accessibility.CaptionAppearancePreferenceController
05-16 07:39:38.523: D/PrefCtrlListHelper(3180): Could not find Context-only controller for pref: com.android.settings.accessibility.CaptionFooterPreferenceController
05-16 07:39:38.523: D/AssistGesture(3180): mAssistOnly:false, isSupported:false, isSensorAvailable:false
05-16 07:39:38.523: D/AssistGesture(3180): mAssistOnly:false, isSupported:false, isSensorAvailable:false
05-16 07:39:38.523: V/SettingsSearchProvider(3180): com.android.settings.gestures.AssistGestureSettings$1@327ad75 tried to add an empty non-indexable key
05-16 07:39:38.523: D/PrefCtrlListHelper(3180): Could not find Context-only controller for pref: com.android.settings.gestures.DoubleTwistPreferenceController
05-16 07:39:38.525: D/PrefCtrlListHelper(3180): Could not find Context-only controller for pref: com.google.android.settings.gestures.columbus.ColumbusPreferenceController
05-16 07:39:38.525: D/PrefCtrlListHelper(3180): Could not find Context-only controller for pref: com.android.settings.gestures.AssistGestureSettingsPreferenceController
05-16 07:39:38.525: D/AssistGesture(3180): mAssistOnly:false, isSupported:false, isSensorAvailable:false
05-16 07:39:38.525: D/PrefCtrlListHelper(3180): Could not find Context-only controller for pref: com.android.settings.gestures.SwipeToNotificationPreferenceController
05-16 07:39:38.525: D/PrefCtrlListHelper(3180): Could not find Context-only controller for pref: com.android.settings.gestures.DoubleTapPowerPreferenceController
05-16 07:39:38.525: D/PrefCtrlListHelper(3180): Could not find Context-only controller for pref: com.android.settings.gestures.DoubleTwistPreferenceController
05-16 07:39:38.525: D/PrefCtrlListHelper(3180): Could not find Context-only controller for pref: com.android.settings.gestures.SystemNavigationPreferenceController
05-16 07:39:38.525: D/PrefCtrlListHelper(3180): Could not find Context-only controller for pref: com.android.settings.gestures.TapScreenGesturePreferenceController
05-16 07:39:38.525: D/PrefCtrlListHelper(3180): Could not find Context-only controller for pref: com.android.settings.gestures.DoubleTapScreenPreferenceController
05-16 07:39:38.525: D/PrefCtrlListHelper(3180): Could not find Context-only controller for pref: com.android.settings.gestures.PickupGesturePreferenceController
05-16 07:39:38.525: D/PrefCtrlListHelper(3180): Could not find Context-only controller for pref: com.android.settings.gestures.OneHandedEnablePreferenceController
05-16 07:39:38.526: D/PrefCtrlListHelper(3180): Could not find Context-only controller for pref: com.android.settings.gestures.PowerMenuPreferenceController
05-16 07:39:38.526: D/PrefCtrlListHelper(3180): Could not find Context-only controller for pref: com.android.settings.gestures.PreventRingingParentPreferenceController
05-16 07:39:38.526: D/AssistGesture(3180): mAssistOnly:false, isSupported:false, isSensorAvailable:false
05-16 07:39:38.527: W/SettingsPrefController(3180): Skipping updateNonIndexableKeys, key already in list. com.android.settings.gestures.SwipeToNotificationPreferenceController@6bac541
05-16 07:39:38.528: W/SettingsPrefController(3180): Skipping updateNonIndexableKeys, key already in list. com.android.settings.gestures.DoubleTapScreenPreferenceController@6e5fae6
05-16 07:39:38.531: D/PrefCtrlListHelper(3180): Could not find Context-only controller for pref: com.android.settings.network.telephony.CallsDefaultSubscriptionController
05-16 07:39:38.531: D/PrefCtrlListHelper(3180): Could not find Context-only controller for pref: com.android.settings.network.telephony.SmsDefaultSubscriptionController
05-16 07:39:38.531: D/PrefCtrlListHelper(3180): Could not find Context-only controller for pref: com.android.settings.network.telephony.NetworkProviderWifiCallingPreferenceController
05-16 07:39:38.532: D/PrefCtrlListHelper(3180): Could not find Context-only controller for pref: com.android.settings.network.telephony.NetworkProviderBackupCallingPreferenceController
05-16 07:39:38.532: D/PrefCtrlListHelper(3180): Could not find Context-only controller for pref: com.google.android.settings.network.ConnectivityHelperCallQualityPreferenceController
05-16 07:39:38.532: D/ch_callQuality(3180): isDeviceSupport: truemIsChecked: true
05-16 07:39:38.532: D/PrefCtrlListHelper(3180): Could not find Context-only controller for pref: com.google.android.settings.network.ConnectivityHelperDeviceToDevicePreferenceController
05-16 07:39:38.532: D/ch_d2d(3180): isDeviceSupport: truemIsChecked: false
05-16 07:39:38.540: V/SettingsSearchProvider(3180): com.android.settings.wifi.WifiSettings$4@302cac1 tried to add an empty non-indexable key
05-16 07:39:38.541: D/PrefCtrlListHelper(3180): Could not find Context-only controller for pref: com.android.settings.network.NetworkProviderSimsCategoryController
05-16 07:39:38.541: W/PrefCtrlListHelper(3180): Cannot instantiate controller from reflection: com.android.settings.network.NetworkProviderSimsCategoryController
05-16 07:39:38.541: D/PrefCtrlListHelper(3180): Could not find Context-only controller for pref: com.android.settings.network.NetworkProviderDownloadedSimsCategoryController
05-16 07:39:38.541: W/PrefCtrlListHelper(3180): Cannot instantiate controller from reflection: com.android.settings.network.NetworkProviderDownloadedSimsCategoryController
05-16 07:39:38.542: D/PrefCtrlListHelper(3180): Could not find Context-only controller for pref: com.android.settings.dream.DreamMainSwitchPreferenceController
05-16 07:39:38.542: D/PrefCtrlListHelper(3180): Could not find Context-only controller for pref: com.android.settings.dream.DreamPickerController
05-16 07:39:38.543: W/DreamManagerService(1495): Falling back to default dream ComponentInfo{com.google.android.deskclock/com.android.deskclock.Screensaver}
05-16 07:39:38.623: D/PrefCtrlListHelper(3180): Could not find Context-only controller for pref: com.android.settings.dream.DreamComplicationPreferenceController
05-16 07:39:38.625: D/PrefCtrlListHelper(3180): Could not find Context-only controller for pref: com.android.settings.network.AdaptiveConnectivityTogglePreferenceController
05-16 07:39:38.625: V/SettingsSearchProvider(3180): com.android.settings.search.BaseSearchIndexProvider@d43b073 tried to add an empty non-indexable key
05-16 07:39:38.625: D/PrefCtrlListHelper(3180): Could not find Context-only controller for pref: com.android.settings.applications.specialaccess.pictureinpicture.PictureInPictureScreenPreferenceController
05-16 07:39:38.627: D/PrefCtrlListHelper(3180): Could not find Context-only controller for pref: com.android.settings.development.transcode.TranscodeUserControlPreferenceController
05-16 07:39:38.627: D/PrefCtrlListHelper(3180): Could not find Context-only controller for pref: com.android.settings.development.transcode.TranscodeGlobalTogglePreferenceController
05-16 07:39:38.627: D/PrefCtrlListHelper(3180): Could not find Context-only controller for pref: com.android.settings.development.transcode.TranscodeDefaultOptionPreferenceController
05-16 07:39:38.627: D/PrefCtrlListHelper(3180): Could not find Context-only controller for pref: com.android.settings.development.transcode.TranscodeNotificationPreferenceController
05-16 07:39:38.627: D/PrefCtrlListHelper(3180): Could not find Context-only controller for pref: com.android.settings.development.transcode.TranscodeDisableCachePreferenceController
05-16 07:39:38.628: V/SettingsSearchProvider(3180): com.android.settings.development.transcode.TranscodeSettingsFragment$1@710519c tried to add an empty non-indexable key
05-16 07:39:38.628: D/PrefCtrlListHelper(3180): Could not find Context-only controller for pref: com.android.settings.location.RecentLocationAccessSeeAllPreferenceController
05-16 07:39:38.630: D/PrefCtrlListHelper(3180): Could not find Context-only controller for pref: com.android.settings.gestures.DoubleTapPowerPreferenceController
05-16 07:39:38.631: D/PrefCtrlListHelper(3180): Could not find Context-only controller for pref: com.android.settings.deviceinfo.legal.CopyrightPreferenceController
05-16 07:39:38.631: D/PrefCtrlListHelper(3180): Could not find Context-only controller for pref: com.android.settings.deviceinfo.legal.LicensePreferenceController
05-16 07:39:38.631: D/PrefCtrlListHelper(3180): Could not find Context-only controller for pref: com.android.settings.deviceinfo.legal.TermsPreferenceController
05-16 07:39:38.631: D/PrefCtrlListHelper(3180): Could not find Context-only controller for pref: com.android.settings.deviceinfo.legal.ModuleLicensesListPreferenceController
05-16 07:39:38.631: D/PrefCtrlListHelper(3180): Could not find Context-only controller for pref: com.android.settings.deviceinfo.legal.WebViewLicensePreferenceController
05-16 07:39:38.631: D/PrefCtrlListHelper(3180): Could not find Context-only controller for pref: com.android.settings.deviceinfo.legal.WallpaperAttributionsPreferenceController
05-16 07:39:38.654: V/WifiManager(3180): registerSoftApCallback: callback=com.android.settings.wifi.tether.WifiTetherSecurityPreferenceController@fee5eff, executor=android.os.HandlerExecutor@6bac7f9
05-16 07:39:38.655: V/WifiManager(3180): SoftApCallbackProxy on mode 1, send InfoChanged, newInfo: SoftApInfo{bandwidth= 0, frequency= 0, wifiStandard= 0, mApInstanceIdentifier= null, mIdleShutdownTimeoutMillis= 0}
05-16 07:39:38.655: V/WifiManager(3180): SoftApCallbackProxy on mode 1, send InfoChanged, changedInfoList: []
05-16 07:39:38.655: V/WifiManager(3180): SoftApCallbackProxy on mode 1, send onConnectedClientsChanged(clients): []
05-16 07:39:38.656: V/WifiManager(3180): unregisterSoftApCallback: callback=com.android.settings.wifi.tether.WifiTetherSecurityPreferenceController@fee5eff
05-16 07:39:38.657: D/WifiTetherMaximizeCompatibilityPref(3180): isBridgedModeOpportunisticShutdownEnabled:true
05-16 07:39:38.662: D/PrefCtrlListHelper(3180): Could not find Context-only controller for pref: com.android.settings.accessibility.CaptionFooterPreferenceController
05-16 07:39:38.663: V/SettingsSearchProvider(3180): com.android.settings.security.ScreenPinningSettings$2@cbc2ef2 tried to add an empty non-indexable key
05-16 07:39:38.666: D/FaceSettings(3180): FaceManager is not null. Hardware detected: true
05-16 07:39:38.668: D/FaceSettings(3180): FaceManager is not null. Hardware detected: true
05-16 07:39:38.668: D/FaceSettings(3180): Get non indexable keys. isFaceHardwareDetected: true, size:12
05-16 07:39:38.668: V/SettingsSearchProvider(3180): com.android.settings.biometrics.face.FaceSettings$1@4146c42 tried to add an empty non-indexable key
05-16 07:39:38.669: D/PrefCtrlListHelper(3180): Could not find Context-only controller for pref: com.android.settings.language.LanguageAndInputPreferenceController
05-16 07:39:38.669: D/PrefCtrlListHelper(3180): Could not find Context-only controller for pref: com.android.settings.datetime.DateTimePreferenceController
05-16 07:39:38.669: D/PrefCtrlListHelper(3180): Could not find Context-only controller for pref: com.google.android.settings.aware.AwareSettingsPreferenceController
05-16 07:39:38.669: D/PrefCtrlListHelper(3180): Could not find Context-only controller for pref: com.android.settings.system.ResetPreferenceController
05-16 07:39:38.670: D/AssistGesture(3180): mAssistOnly:false, isSupported:false, isSensorAvailable:false
05-16 07:39:38.670: D/AssistGesture(3180): mAssistOnly:false, isSupported:false, isSensorAvailable:false
05-16 07:39:38.671: D/AssistGesture(3180): mAssistOnly:false, isSupported:false, isSensorAvailable:false
05-16 07:39:38.671: W/libc(3180): Access denied finding property "ro.vendor.aware_available"
05-16 07:39:38.671: W/SettingsPrefController(3180): Skipping updateNonIndexableKeys, key already in list. com.google.android.settings.aware.AwareSettingsPreferenceController@6eceaf6
05-16 07:39:38.674: D/PrefCtrlListHelper(3180): Could not find Context-only controller for pref: com.android.settings.deviceinfo.DeviceNamePreferenceController
05-16 07:39:38.674: D/PrefCtrlListHelper(3180): Could not find Context-only controller for pref: com.android.settings.deviceinfo.BrandedAccountPreferenceController
05-16 07:39:38.674: D/PrefCtrlListHelper(3180): Could not find Context-only controller for pref: com.android.settings.deviceinfo.PhoneNumberPreferenceController
05-16 07:39:38.674: D/PrefCtrlListHelper(3180): Could not find Context-only controller for pref: com.google.android.settings.warranty.WarrantyPreferenceController
05-16 07:39:38.675: D/PrefCtrlListHelper(3180): Could not find Context-only controller for pref: com.android.settings.deviceinfo.HardwareInfoPreferenceController
05-16 07:39:38.675: D/PrefCtrlListHelper(3180): Could not find Context-only controller for pref: com.android.settings.deviceinfo.imei.ImeiInfoPreferenceController
05-16 07:39:38.675: D/PrefCtrlListHelper(3180): Could not find Context-only controller for pref: com.android.settings.deviceinfo.firmwareversion.FirmwareVersionPreferenceController
05-16 07:39:38.675: D/PrefCtrlListHelper(3180): Could not find Context-only controller for pref: com.android.settings.deviceinfo.BuildNumberPreferenceController
05-16 07:39:38.681: W/BaseSearchIndex(3180): Error initial controller
05-16 07:39:38.681: D/PrefCtrlListHelper(3180): Could not find Context-only controller for pref: com.android.settings.network.AirplaneModePreferenceController
05-16 07:39:38.683: D/PrefCtrlListHelper(3180): Could not find Context-only controller for pref: com.android.settings.network.AllInOneTetherPreferenceController
05-16 07:39:38.683: D/PrefCtrlListHelper(3180): Could not find Context-only controller for pref: com.android.settings.network.AdaptiveConnectivityPreferenceController
05-16 07:39:38.708: D/AOC(1054): A3:MSG: window_orientation.c, 697: [WO] Proposed rotation: 1, flat angle threshold: 40
05-16 07:39:38.708: D/AOC(1054): A3:MSG: window_orientation.c, 1105: [WO] orientation angle 89, orientation 1
05-16 07:39:38.708: D/AOC(1054): A3:MSG: window_orientation.c, 430: [WO] Gyro angle integrated: 0.058719
05-16 07:39:38.708: D/AOC(1054): A3:MSG: window_orientation.c, 430: [WO] Gyro angle integrated: 0.058719
05-16 07:39:38.726: W/RemoteCallableBase(8243): Null cursor. Cannot add index data for Uri: content://com.google.android.GoogleCamera/settings/dynamic_indexables_raw
05-16 07:39:38.728: W/RemoteCallableBase(8243): Null cursor. Cannot add index data for Uri: content://com.google.android.apps.messaging.settings.search/settings/dynamic_indexables_raw
05-16 07:39:38.728: W/CAM_A(6917): Called queryNonIndexableKeys
05-16 07:39:38.736: W/RemoteCallableBase(8243): Null cursor. Cannot add index data for Uri: content://com.android.traceur/settings/dynamic_indexables_raw
05-16 07:39:38.737: W/RemoteCallableBase(8243): Null cursor. Cannot add index data for Uri: content://com.android.traceur/settings/non_indexables_key
05-16 07:39:38.738: W/RemoteCallableBase(8243): Null cursor. Cannot add index data for Uri: content://com.google.android.apps.nexuslauncher/settings/dynamic_indexables_raw
05-16 07:39:38.739: W/RemoteCallableBase(8243): Null cursor. Cannot add index data for Uri: content://com.google.android.apps.safetyhub.platformsettings.searchindexablesprovider/settings/dynamic_indexables_raw
05-16 07:39:38.744: W/Safetyhub.EmergencySearchIndexablesProvider(12386): Error getting setting item searchables
05-16 07:39:38.744: W/Safetyhub.EmergencySearchIndexablesProvider(12386): java.util.concurrent.ExecutionException: java.lang.IllegalStateException: No account, cannot provide search indexables
05-16 07:39:38.744: W/Safetyhub.EmergencySearchIndexablesProvider(12386): at ljq.s(PG:6)
05-16 07:39:38.744: W/Safetyhub.EmergencySearchIndexablesProvider(12386): at ljq.get(PG:13)
05-16 07:39:38.744: W/Safetyhub.EmergencySearchIndexablesProvider(12386): at hdd.a(PG:18)
05-16 07:39:38.744: W/Safetyhub.EmergencySearchIndexablesProvider(12386): at com.google.android.apps.safetyhub.platformsettings.search.EmergencySearchIndexablesProvider.a(PG:9)
05-16 07:39:38.744: W/Safetyhub.EmergencySearchIndexablesProvider(12386): at com.google.android.apps.safetyhub.platformsettings.search.EmergencySearchIndexablesProvider.queryNonIndexableKeys(PG:6)
05-16 07:39:38.744: W/Safetyhub.EmergencySearchIndexablesProvider(12386): at android.provider.SearchIndexablesProvider.query(SearchIndexablesProvider.java:127)
05-16 07:39:38.744: W/Safetyhub.EmergencySearchIndexablesProvider(12386): at android.content.ContentProvider.query(ContentProvider.java:1455)
05-16 07:39:38.744: W/Safetyhub.EmergencySearchIndexablesProvider(12386): at android.content.ContentProvider.query(ContentProvider.java:1551)
05-16 07:39:38.744: W/Safetyhub.EmergencySearchIndexablesProvider(12386): at android.content.ContentProvider$Transport.query(ContentProvider.java:285)
05-16 07:39:38.744: W/Safetyhub.EmergencySearchIndexablesProvider(12386): at android.content.ContentProviderNative.onTransact(ContentProviderNative.java:107)
05-16 07:39:38.744: W/Safetyhub.EmergencySearchIndexablesProvider(12386): at android.os.Binder.execTransactInternal(Binder.java:1285)
05-16 07:39:38.744: W/Safetyhub.EmergencySearchIndexablesProvider(12386): at android.os.Binder.execTransact(Binder.java:1244)
05-16 07:39:38.744: W/Safetyhub.EmergencySearchIndexablesProvider(12386): Caused by: java.lang.IllegalStateException: No account, cannot provide search indexables
05-16 07:39:38.744: W/Safetyhub.EmergencySearchIndexablesProvider(12386): at fwb.a(PG:81)
05-16 07:39:38.744: W/Safetyhub.EmergencySearchIndexablesProvider(12386): at lkf.a(PG:2)
05-16 07:39:38.744: W/Safetyhub.EmergencySearchIndexablesProvider(12386): at ljs.c(PG:2)
05-16 07:39:38.744: W/Safetyhub.EmergencySearchIndexablesProvider(12386): at lju.run(PG:9)
05-16 07:39:38.744: W/Safetyhub.EmergencySearchIndexablesProvider(12386): at lku.execute(PG:1)
05-16 07:39:38.744: W/Safetyhub.EmergencySearchIndexablesProvider(12386): at ljq.q(PG:1)
05-16 07:39:38.744: W/Safetyhub.EmergencySearchIndexablesProvider(12386): at ljq.j(PG:12)
05-16 07:39:38.744: W/Safetyhub.EmergencySearchIndexablesProvider(12386): at ljq.m(PG:2)
05-16 07:39:38.744: W/Safetyhub.EmergencySearchIndexablesProvider(12386): at ljt.e(PG:1)
05-16 07:39:38.744: W/Safetyhub.EmergencySearchIndexablesProvider(12386): at lju.run(PG:13)
05-16 07:39:38.744: W/Safetyhub.EmergencySearchIndexablesProvider(12386): at lku.execute(PG:1)
05-16 07:39:38.744: W/Safetyhub.EmergencySearchIndexablesProvider(12386): at ljq.q(PG:1)
05-16 07:39:38.744: W/Safetyhub.EmergencySearchIndexablesProvider(12386): at ljq.j(PG:12)
05-16 07:39:38.744: W/Safetyhub.EmergencySearchIndexablesProvider(12386): at ljq.o(PG:5)
05-16 07:39:38.744: W/Safetyhub.EmergencySearchIndexablesProvider(12386): at ljs.e(PG:2)
05-16 07:39:38.744: W/Safetyhub.EmergencySearchIndexablesProvider(12386): at lju.run(PG:13)
05-16 07:39:38.744: W/Safetyhub.EmergencySearchIndexablesProvider(12386): at lmg.run(PG:1)
05-16 07:39:38.744: W/Safetyhub.EmergencySearchIndexablesProvider(12386): at lmh.run(PG:4)
05-16 07:39:38.744: W/Safetyhub.EmergencySearchIndexablesProvider(12386): at hcg.run(PG:5)
05-16 07:39:38.744: W/Safetyhub.EmergencySearchIndexablesProvider(12386): at hcn.run(PG:23)
05-16 07:39:38.744: W/Safetyhub.EmergencySearchIndexablesProvider(12386): at hbo.run(PG:81)
05-16 07:39:38.744: W/Safetyhub.EmergencySearchIndexablesProvider(12386): at hbt.run(PG:4)
05-16 07:39:38.744: W/Safetyhub.EmergencySearchIndexablesProvider(12386): at java.lang.Thread.run(Thread.java:1012)
05-16 07:39:38.745: W/RemoteCallableBase(8243): Null cursor. Cannot add index data for Uri: content://com.google.android.apps.security.securityhub.searchindexables/settings/dynamic_indexables_raw
05-16 07:39:38.749: W/RemoteCallableBase(8243): Null cursor. Cannot add index data for Uri: content://com.google.android.apps.tips.settings.search/settings/dynamic_indexables_raw
05-16 07:39:38.752: W/RemoteCallableBase(8243): Null cursor. Cannot add index data for Uri: content://com.google.android.apps.wellbeing/settings/dynamic_indexables_raw
