05-16 07:39:36.119: I/bt_stack(2838): [INFO:le_scanning_manager.cc(146)] Unregister in shim layer, scanner_id:1
05-16 07:39:36.120: I/Nearby(10395): Successfully shutdown executor MBleClient.executorService. [CONTEXT service_id=49 ]
05-16 07:39:36.120: D/CompatibilityChangeReporter(1495): Compat change id reported: 161252188; UID 10178; state: DISABLED
05-16 07:39:36.122: D/TileServices(2674): Couldn't find tile for ComponentInfo{com.google.android.apps.wellbeing/com.google.android.apps.wellbeing.focusmode.quicksettings.FocusModeTileService}
05-16 07:39:36.122: D/TileServices(2674): Couldn't find tile for ComponentInfo{com.google.android.apps.wellbeing/com.google.android.apps.wellbeing.focusmode.quicksettings.FocusModeTileService}
05-16 07:39:36.122: V/MediaProvider(3676): Skipping next row id backup for internal database.
05-16 07:39:36.122: V/MediaProvider(3676): Skipping next row id backup.
05-16 07:39:36.125: D/CompatibilityChangeReporter(1495): Compat change id reported: 161252188; UID 10194; state: DISABLED
05-16 07:39:36.126: V/MediaProvider(3676): Skipping next row id backup for internal database.
05-16 07:39:36.126: V/MediaProvider(3676): Skipping next row id backup.
05-16 07:39:36.126: D/CompatibilityChangeReporter(1495): Compat change id reported: 168419799; UID 10081; state: DISABLED
05-16 07:39:36.129: V/MediaProvider(3676): Skipping next row id backup for internal database.
05-16 07:39:36.129: V/MediaProvider(3676): Skipping next row id backup.
05-16 07:39:36.130: V/MediaProvider(3676): Skipping next row id backup for internal database.
05-16 07:39:36.130: V/MediaProvider(3676): Skipping next row id backup.
05-16 07:39:36.131: I/MediaProvider(3676): End Intent { act=android.intent.action.LOCALE_CHANGED flg=0x1200810 cmp=com.google.android.providers.media.module/com.android.providers.media.MediaService }
05-16 07:39:36.133: D/CompatibilityChangeReporter(1495): Compat change id reported: 161252188; UID 10138; state: ENABLED
05-16 07:39:36.139: D/CompatibilityChangeReporter(1495): Compat change id reported: 161252188; UID 10116; state: ENABLED
05-16 07:39:36.140: D/CompatibilityChangeReporter(1495): Compat change id reported: 161252188; UID 10142; state: ENABLED
05-16 07:39:36.142: D/CompatibilityChangeReporter(1495): Compat change id reported: 161252188; UID 10252; state: DISABLED
05-16 07:39:36.143: D/PrefCtrlListHelper(3180): Could not find Context-only controller for pref: com.android.settings.applications.specialaccess.notificationaccess.NotificationAccessScreenPreferenceController
05-16 07:39:36.144: W/A(10908): Exception while fetching versionCode for package[com.google.android.apps.tv.launcherx].
05-16 07:39:36.144: W/A(10908): android.content.pm.PackageManager$NameNotFoundException: com.google.android.apps.tv.launcherx
05-16 07:39:36.144: W/A(10908): at android.app.ApplicationPackageManager.getPackageInfoAsUser(ApplicationPackageManager.java:253)
05-16 07:39:36.144: W/A(10908): at android.app.ApplicationPackageManager.getPackageInfo(ApplicationPackageManager.java:213)
05-16 07:39:36.144: W/A(10908): at android.app.ApplicationPackageManager.getPackageInfo(ApplicationPackageManager.java:207)
05-16 07:39:36.144: W/A(10908): at com.google.android.apps.gsa.staticplugins.ad.h.c(PG:4)
05-16 07:39:36.144: W/A(10908): at com.google.android.apps.gsa.staticplugins.ad.h.e(PG:375)
05-16 07:39:36.144: W/A(10908): at com.google.android.apps.gsa.staticplugins.ad.h.a(PG:38)
05-16 07:39:36.144: W/A(10908): at com.google.android.apps.gsa.staticplugins.ad.p.a(PG:1)
05-16 07:39:36.144: W/A(10908): at com.google.android.libraries.gsa.k.a.f.a(PG:2)
05-16 07:39:36.144: W/A(10908): at com.google.android.apps.gsa.shared.logger.f.a.a.l.h(PG:2)
05-16 07:39:36.144: W/A(10908): at com.google.android.apps.gsa.shared.logger.f.a.a.h.a(Unknown Source:4)
05-16 07:39:36.144: W/A(10908): at com.google.common.util.concurrent.dz.a(PG:1)
05-16 07:39:36.144: W/A(10908): at com.google.common.util.concurrent.cw.run(PG:4)
05-16 07:39:36.144: W/A(10908): at com.google.common.util.concurrent.eb.run(PG:1)
05-16 07:39:36.144: W/A(10908): at com.google.android.libraries.i.af.run(PG:1)
05-16 07:39:36.144: W/A(10908): at com.google.android.libraries.i.an.run(PG:23)
05-16 07:39:36.144: W/A(10908): at com.google.android.libraries.i.l.run(PG:2)
05-16 07:39:36.144: W/A(10908): at com.google.android.libraries.i.q.run(PG:4)
05-16 07:39:36.144: W/A(10908): at java.lang.Thread.run(Thread.java:1012)
05-16 07:39:36.144: W/A(10908): Failed to fetch versionCode for package[com.google.android.apps.tv.launcherx].
05-16 07:39:36.145: D/PrefCtrlListHelper(3180): Could not find Context-only controller for pref: com.android.settings.biometrics.combination.BiometricFaceStatusPreferenceController
05-16 07:39:36.147: D/PrefCtrlListHelper(3180): Could not find Context-only controller for pref: com.android.settings.biometrics.combination.BiometricFingerprintStatusPreferenceController
05-16 07:39:36.147: D/PrefCtrlListHelper(3180): Could not find Context-only controller for pref: com.android.settings.biometrics.combination.BiometricSettingsKeyguardPreferenceController
05-16 07:39:36.147: D/PrefCtrlListHelper(3180): Could not find Context-only controller for pref: com.android.settings.biometrics.combination.BiometricSettingsAppPreferenceController
05-16 07:39:36.148: D/PrefCtrlListHelper(3180): Could not find Context-only controller for pref: com.android.settings.accessibility.DaltonizerPreferenceController
05-16 07:39:36.148: D/PrefCtrlListHelper(3180): Could not find Context-only controller for pref: com.android.settings.accessibility.ColorInversionPreferenceController
05-16 07:39:36.148: D/PrefCtrlListHelper(3180): Could not find Context-only controller for pref: com.android.settings.display.DarkUIPreferenceController
05-16 07:39:36.149: D/PrefCtrlListHelper(3180): Could not find Context-only controller for pref: com.android.settings.accessibility.DisableAnimationsPreferenceController
05-16 07:39:36.149: D/PrefCtrlListHelper(3180): Could not find Context-only controller for pref: com.android.settings.accessibility.LargePointerIconPreferenceController
05-16 07:39:36.154: D/PrefCtrlListHelper(3180): Could not find Context-only controller for pref: com.android.settings.enterprise.ManageDeviceAdminPreferenceController
05-16 07:39:36.154: D/PrefCtrlListHelper(3180): Could not find Context-only controller for pref: com.android.settings.enterprise.EnterprisePrivacyPreferenceController
05-16 07:39:36.155: D/PrefCtrlListHelper(3180): Could not find Context-only controller for pref: com.android.settings.enterprise.FinancedPrivacyPreferenceController
05-16 07:39:36.155: D/PrefCtrlListHelper(3180): Could not find Context-only controller for pref: com.android.settings.security.SimLockPreferenceController
05-16 07:39:36.155: D/PrefCtrlListHelper(3180): Could not find Context-only controller for pref: com.android.settings.security.EncryptionStatusPreferenceController
05-16 07:39:36.155: D/PrefCtrlListHelper(3180): Could not find Context-only controller for pref: com.android.settings.security.trustagent.ManageTrustAgentsPreferenceController
05-16 07:39:36.155: D/PrefCtrlListHelper(3180): Could not find Context-only controller for pref: com.android.settings.security.ScreenPinningPreferenceController
05-16 07:39:36.155: D/PrefCtrlListHelper(3180): Could not find Context-only controller for pref: com.android.settings.security.ConfirmSimDeletionPreferenceController
05-16 07:39:36.159: D/PrefCtrlListHelper(3180): Could not find Context-only controller for pref: com.android.settings.security.CredentialManagementAppHeaderController
05-16 07:39:36.159: D/PrefCtrlListHelper(3180): Could not find Context-only controller for pref: com.android.settings.security.CredentialManagementAppButtonsController
05-16 07:39:36.159: D/PrefCtrlListHelper(3180): Could not find Context-only controller for pref: com.android.settings.security.CredentialManagementAppPolicyController
05-16 07:39:36.160: W/libc(3180): Access denied finding property "ro.vendor.aware_available"
05-16 07:39:36.160: V/SettingsSearchProvider(3180): com.google.android.settings.aware.TapGestureSettings$1@155ab6 tried to add an empty non-indexable key
05-16 07:39:36.160: D/PrefCtrlListHelper(3180): Could not find Context-only controller for pref: com.android.settings.applications.specialaccess.vrlistener.VrListenerScreenPreferenceController
05-16 07:39:36.165: D/CompatibilityChangeReporter(3480): Compat change id reported: 183155436; UID 10240; state: ENABLED
05-16 07:39:36.171: I/Icing(15673): IndexChimeraService.getServiceInterface callingPackage=com.google.android.gms componentName=AppsCorpus serviceId=32
05-16 07:39:36.171: D/BoundBrokerSvc(15673): onBind: Intent { act=com.google.android.gms.common.BIND_SHARED_PREFS pkg=com.google.android.gms }
05-16 07:39:36.171: D/BoundBrokerSvc(15673): Loading bound service for intent: Intent { act=com.google.android.gms.common.BIND_SHARED_PREFS pkg=com.google.android.gms }
05-16 07:39:36.174: D/ForcePeakRefreshRateCtr(3180): DEFAULT_REFRESH_RATE : 60.0 mPeakRefreshRate : 120.00001
05-16 07:39:36.175: D/display(516): setActiveConfigWithConstraints:: PrimaryDisplay config(38) test(0)
05-16 07:39:36.176: D/hwc-drm-connector(516): Updating LP mode to: 1080x2340x30
05-16 07:39:36.177: I/DisplayDeviceRepository(1495): Display device changed: DisplayDeviceInfo{"Built-in Screen": uniqueId="local:4619827677550801152", 1080 x 2340, modeId 4, defaultModeId 3, supportedModes [{id=1, width=1440, height=3120, fps=60.0, alternativeRefreshRates=[120.00001]}, {id=2, width=1440, height=3120, fps=120.00001, alternativeRefreshRates=[60.0]}, {id=3, width=1080, height=2340, fps=120.00001, alternativeRefreshRates=[60.0]}, {id=4, width=1080, height=2340, fps=60.0, alternativeRefreshRates=[120.00001]}], colorMode 0, supportedColorModes [0, 7, 9], hdrCapabilities HdrCapabilities{mSupportedHdrTypes=[2, 3, 4], mMaxLuminance=1000.0, mMaxAverageLuminance=120.0, mMinLuminance=5.0E-4}, allmSupported false, gameContentTypeSupported false, density 420, 386.366 x 383.458 dpi, appVsyncOff 6233334, presDeadline 11500000, cutout DisplayCutout{insets=Rect(0, 98 - 0, 0) waterfall=Insets{left=0, top=0, right=0, bottom=0} boundingRect={Bounds=[Rect(0, 0 - 0, 0), Rect(490, 0 - 599, 98), Rect(0, 0 - 0, 0), Rect(0, 0 - 0, 0)]} cutoutPathParserInfo={CutoutPathParserInfo{displayWidth=1080 displayHeight=2340 physicalDisplayWidth=1440 physicalDisplayHeight=3120 density={3.5} cutoutSpec={M 677,72 a 43,43 0 1 0 86,0 a 43,43 0 1 0 -86,0 Z @left} rotation={0} scale={1.0} physicalPixelDisplaySizeRatio={0.75}}}}, touch INTERNAL, rotation 0, type INTERNAL, address {port=0, model=0x401ceccbbbeef1}, deviceProductInfo DeviceProductInfo{name=Common Panel, manufacturerPnpId=GGL, productId=0, modelYear=null, manufactureDate=ManufactureDate{week=1, year=1990}, connectionToSinkType=0}, state ON, frameRateOverride , brightnessMinimum 0.0, brightnessMaximum 1.0, brightnessDefault 0.17429718, roundedCorners RoundedCorners{[RoundedCorner{position=TopLeft, radius=38, center=Point(38, 38)}, RoundedCorner{position=TopRight, radius=38, center=Point(1042, 38)}, RoundedCorner{position=BottomRight, radius=37, center=Point(1043, 2303)}, RoundedCorner{position=BottomLeft, radius=37, center=Point(37, 2303)}]}, FLAG_ALLOWED_TO_BE_DEFAULT_DISPLAY, FLAG_ROTATES_WITH_CONTENT, FLAG_SECURE, FLAG_SUPPORTS_PROTECTED_BUFFERS, installOrientation 0}
05-16 07:39:36.178: D/PrefCtrlListHelper(3180): Could not find Context-only controller for pref: com.android.settings.notification.ConversationListSummaryPreferenceController
05-16 07:39:36.178: D/PrefCtrlListHelper(3180): Could not find Context-only controller for pref: com.android.settings.notification.BubbleSummaryNotificationPreferenceController
05-16 07:39:36.186: E/BLASTBufferQueue(2674): [VRI[StatusBar]#2](f:0,a:2) Faking releaseBufferCallback from transactionCompleteCallback
05-16 07:39:36.186: E/BLASTBufferQueue(16872): [VRI[BackdropActivity]#0](f:0,a:4) Faking releaseBufferCallback from transactionCompleteCallback
05-16 07:39:36.185: D/PrefCtrlListHelper(3180): Could not find Context-only controller for pref: com.android.settings.applications.specialaccess.notificationaccess.NotificationAccessController
05-16 07:39:36.186: D/PrefCtrlListHelper(3180): Could not find Context-only controller for pref: com.android.settings.notification.RedactNotificationPreferenceController
05-16 07:39:36.186: D/PrefCtrlListHelper(3180): Could not find Context-only controller for pref: com.android.settings.notification.RedactNotificationPreferenceController
05-16 07:39:36.188: D/BoundBrokerSvc(15673): onUnbind: Intent { act=com.google.android.gms.common.BIND_SHARED_PREFS pkg=com.google.android.gms }
05-16 07:39:36.190: I/SoundTriggerService(1495): getModuleProperties()
05-16 07:39:36.190: I/pixel-thermal(1481): VIRTUAL-SKIN-CPU:34.0205 raw data:[VIRTUAL-SKIN-CPU:34021(VIRTUAL-GNSS-DISP:34021(gnss_tcxo_therm:35022 disp_therm:33709 ) VIRTUAL-USB2-QUIET:31239(usb_pwr_therm2:32863 quiet_therm:33197 ) VIRTUAL-QUIET-USB2:31964(quiet_therm:33197 usb_pwr_therm2:32863 ) VIRTUAL-NEUTRAL-QUIET:33392(neutral_therm:34911 quiet_therm:33197 ) ) ]
05-16 07:39:36.190: I/Icing(15673): Query from package: com.google.android.gms, component: AppsCorpus, restrict package: com.google.android.gms, start: 0, num: 100
05-16 07:39:36.192: W/BaseSearchIndex(3180): Error initial controller
05-16 07:39:36.195: D/PrefCtrlListHelper(3180): Could not find Context-only controller for pref: com.android.settings.notification.ImportanceResetPreferenceController
05-16 07:39:36.195: D/PrefCtrlListHelper(3180): Could not find Context-only controller for pref: com.android.settings.location.LocationIndicatorsPreferenceController
05-16 07:39:36.196: D/PrefCtrlListHelper(3180): Could not find Context-only controller for pref: com.android.settings.biometrics.face.FaceSettingsLockscreenBypassPreferenceController
05-16 07:39:36.196: D/PrefCtrlListHelper(3180): Could not find Context-only controller for pref: com.android.settings.notification.zen.ZenModePreferenceController
05-16 07:39:36.199: D/PrefCtrlListHelper(3180): Could not find Context-only controller for pref: com.android.settings.notification.SnoozeNotificationPreferenceController
05-16 07:39:36.200: D/PrefCtrlListHelper(3180): Could not find Context-only controller for pref: com.android.settings.notification.BadgingNotificationPreferenceController
05-16 07:39:36.200: D/PrefCtrlListHelper(3180): Could not find Context-only controller for pref: com.android.settings.notification.PulseNotificationPreferenceController
05-16 07:39:36.201: D/PersistedStoragePackageUninstalledReceiver(3480): Received android.intent.action.PACKAGE_FULLY_REMOVED for com.google.android.apps.mtaas.tools for u0
05-16 07:39:36.202: E/BLASTBufferQueue(16872): [VRI[BackdropActivity]#0](f:0,a:5) Faking releaseBufferCallback from transactionCompleteCallback
05-16 07:39:36.202: E/BLASTBufferQueue(16872): [VRI[BackdropActivity]#0](f:0,a:5) Faking releaseBufferCallback from transactionCompleteCallback
05-16 07:39:36.204: D/PrefCtrlListHelper(3180): Could not find Context-only controller for pref: com.android.settings.accessibility.VibrationMainSwitchPreferenceController
05-16 07:39:36.205: I/pixel-thermal(1481): VIRTUAL-SKIN:34.0205 raw data:[VIRTUAL-SKIN:34021(VIRTUAL-GNSS-DISP:34021 VIRTUAL-USB2-QUIET:31239 VIRTUAL-QUIET-USB2:31964 VIRTUAL-NEUTRAL-QUIET:33392 ) ]
05-16 07:39:36.205: I/pixel-thermal(1481): VIRTUAL-SKIN-CHARGE:33.5284 raw data:[VIRTUAL-SKIN-CHARGE:33528(qi_therm:36001 quiet_therm:33197 ) ]
05-16 07:39:36.205: I/pixel-thermal(1481): quiet_therm:33.197 raw data:[quiet_therm:33197 ]
05-16 07:39:36.205: I/pixel-thermal(1481): VIRTUAL-SKIN-GPU:34.0205 raw data:[VIRTUAL-SKIN-GPU:34021(VIRTUAL-GNSS-DISP:34021 VIRTUAL-USB2-QUIET:31239 VIRTUAL-QUIET-USB2:31964 VIRTUAL-NEUTRAL-QUIET:33392 ) ]
05-16 07:39:36.205: I/pixel-thermal(1481): cellular-emergency:34.0205 raw data:[cellular-emergency:34021(VIRTUAL-GNSS-DISP:34021 VIRTUAL-USB2-QUIET:31239 VIRTUAL-QUIET-USB2:31964 VIRTUAL-NEUTRAL-QUIET:33392 ) ]
05-16 07:39:36.205: I/pixel-thermal(1481): VIRTUAL-SKIN-HINT:34.0205 raw data:[VIRTUAL-SKIN-HINT:34021(VIRTUAL-GNSS-DISP:34021 VIRTUAL-USB2-QUIET:31239 VIRTUAL-QUIET-USB2:31964 VIRTUAL-NEUTRAL-QUIET:33392 ) ]
05-16 07:39:36.209: W/PrefCtrlListHelper(3180): Cannot instantiate controller from reflection: com.android.settings.accessibility.VibrationMainSwitchPreferenceController
05-16 07:39:36.209: D/PrefCtrlListHelper(3180): Could not find Context-only controller for pref: com.android.settings.accessibility.RingVibrationIntensityPreferenceController
05-16 07:39:36.211: I/MediaProvider(3676): Begin Intent { act=android.intent.action.PACKAGE_FULLY_REMOVED dat=package: flg=0x5000010 cmp=com.google.android.providers.media.module/com.android.providers.media.MediaService (has extras) }
05-16 07:39:36.211: W/PrefCtrlListHelper(3180): Cannot instantiate controller from reflection: com.android.settings.accessibility.RingVibrationIntensityPreferenceController
05-16 07:39:36.211: D/PrefCtrlListHelper(3180): Could not find Context-only controller for pref: com.android.settings.accessibility.VibrationRampingRingerTogglePreferenceController
05-16 07:39:36.211: W/PrefCtrlListHelper(3180): Cannot instantiate controller from reflection: com.android.settings.accessibility.VibrationRampingRingerTogglePreferenceController
05-16 07:39:36.211: D/MediaProvider(3676): Deleted 0 Android/media items belonging to com.google.android.apps.mtaas.tools on /data/user/0/com.google.android.providers.media.module/databases/external.db
05-16 07:39:36.211: D/PrefCtrlListHelper(3180): Could not find Context-only controller for pref: com.android.settings.accessibility.NotificationVibrationIntensityPreferenceController
05-16 07:39:36.211: W/PrefCtrlListHelper(3180): Cannot instantiate controller from reflection: com.android.settings.accessibility.NotificationVibrationIntensityPreferenceController
05-16 07:39:36.212: D/PrefCtrlListHelper(3180): Could not find Context-only controller for pref: com.android.settings.accessibility.AlarmVibrationIntensityPreferenceController
05-16 07:39:36.212: W/PrefCtrlListHelper(3180): Cannot instantiate controller from reflection: com.android.settings.accessibility.AlarmVibrationIntensityPreferenceController
05-16 07:39:36.212: D/PrefCtrlListHelper(3180): Could not find Context-only controller for pref: com.android.settings.accessibility.HapticFeedbackIntensityPreferenceController
05-16 07:39:36.214: W/PrefCtrlListHelper(3180): Cannot instantiate controller from reflection: com.android.settings.accessibility.HapticFeedbackIntensityPreferenceController
05-16 07:39:36.214: D/PrefCtrlListHelper(3180): Could not find Context-only controller for pref: com.android.settings.accessibility.MediaVibrationIntensityPreferenceController
05-16 07:39:36.214: W/PrefCtrlListHelper(3180): Cannot instantiate controller from reflection: com.android.settings.accessibility.MediaVibrationIntensityPreferenceController
05-16 07:39:36.215: D/PrefCtrlListHelper(3180): Could not find Context-only controller for pref: com.android.settings.applications.specialaccess.notificationaccess.NotificationAccessScreenPreferenceController
05-16 07:39:36.215: I/MediaProvider(3676): End Intent { act=android.intent.action.PACKAGE_FULLY_REMOVED dat=package: flg=0x5000010 cmp=com.google.android.providers.media.module/com.android.providers.media.MediaService (has extras) }
05-16 07:39:36.218: D/PrefCtrlListHelper(3180): Could not find Context-only controller for pref: com.android.settings.accessibility.ToggleAutoclickCustomSeekbarController
05-16 07:39:36.218: D/PrefCtrlListHelper(3180): Could not find Context-only controller for pref: com.android.settings.accessibility.ToggleAutoclickFooterPreferenceController
05-16 07:39:36.219: D/PrefCtrlListHelper(3180): Could not find Context-only controller for pref: com.android.settings.security.trustagent.TrustAgentsPreferenceController
05-16 07:39:36.219: D/PrefCtrlListHelper(3180): Could not find Context-only controller for pref: com.android.settings.accessibility.MagnificationGesturesPreferenceController
05-16 07:39:36.219: D/PrefCtrlListHelper(3180): Could not find Context-only controller for pref: com.android.settings.accessibility.MagnificationNavbarPreferenceController
05-16 07:39:36.222: D/PrefCtrlListHelper(3180): Could not find Context-only controller for pref: com.android.settings.biometrics.combination.BiometricFaceStatusPreferenceController
05-16 07:39:36.222: D/PrefCtrlListHelper(3180): Could not find Context-only controller for pref: com.android.settings.biometrics.combination.BiometricFingerprintStatusPreferenceController
05-16 07:39:36.223: D/PrefCtrlListHelper(3180): Could not find Context-only controller for pref: com.android.settings.accessibility.TextReadingFragmentForA11ySettingsController
05-16 07:39:36.223: D/PrefCtrlListHelper(3180): Could not find Context-only controller for pref: com.android.settings.accessibility.ReduceBrightColorsPreferenceController
05-16 07:39:36.223: D/PrefCtrlListHelper(3180): Could not find Context-only controller for pref: com.android.settings.accessibility.MagnificationPreferenceController
05-16 07:39:36.224: D/PrefCtrlListHelper(3180): Could not find Context-only controller for pref: com.android.settings.accessibility.VibrationPreferenceController
05-16 07:39:36.224: D/PrefCtrlListHelper(3180): Could not find Context-only controller for pref: com.android.settings.accessibility.LiveCaptionPreferenceController
05-16 07:39:36.224: D/PrefCtrlListHelper(3180): Could not find Context-only controller for pref: com.android.settings.accessibility.CaptioningPreferenceController
05-16 07:39:36.224: D/PrefCtrlListHelper(3180): Could not find Context-only controller for pref: com.android.settings.accessibility.RTTSettingPreferenceController
05-16 07:39:36.224: D/RTTSettingsCtr(3180): init controller
05-16 07:39:36.224: D/PrefCtrlListHelper(3180): Could not find Context-only controller for pref: com.android.settings.accessibility.AudioDescriptionPreferenceController
05-16 07:39:36.224: D/PrefCtrlListHelper(3180): Could not find Context-only controller for pref: com.android.settings.accessibility.AccessibilityHearingAidPreferenceController
05-16 07:39:36.224: D/PrefCtrlListHelper(3180): Could not find Context-only controller for pref: com.android.settings.language.TtsPreferenceController
05-16 07:39:36.225: D/PrefCtrlListHelper(3180): Could not find Context-only controller for pref: com.android.settings.biometrics.combination.BiometricSettingsKeyguardPreferenceController
05-16 07:39:36.225: D/PrefCtrlListHelper(3180): Could not find Context-only controller for pref: com.android.settings.biometrics.combination.BiometricSettingsAppPreferenceController
05-16 07:39:36.227: E/BLASTBufferQueue(16872): [VRI[BackdropActivity]#0](f:0,a:4) Faking releaseBufferCallback from transactionCompleteCallback
05-16 07:39:36.227: E/BLASTBufferQueue(16872): [VRI[BackdropActivity]#0](f:0,a:4) Faking releaseBufferCallback from transactionCompleteCallback
05-16 07:39:36.228: D/PrefCtrlListHelper(3180): Could not find Context-only controller for pref: com.android.settings.biometrics.face.FaceSettingsLockscreenBypassPreferenceController
05-16 07:39:36.229: D/PrefCtrlListHelper(3180): Could not find Context-only controller for pref: com.android.settings.users.AddUserWhenLockedPreferenceController
05-16 07:39:36.233: W/android.youtube(17085): Accessing hidden field Ljava/util/Collections$SynchronizedCollection;->mutex:Ljava/lang/Object; (max-target-o, reflection, denied)
05-16 07:39:36.233: W/android.youtube(17085): Accessing hidden method Ljava/util/Collections$SynchronizedSet;-><init>(Ljava/util/Set;Ljava/lang/Object;)V (max-target-o, reflection, denied)
05-16 07:39:36.233: W/android.youtube(17085): Accessing hidden method Ljava/util/Collections$SynchronizedCollection;-><init>(Ljava/util/Collection;Ljava/lang/Object;)V (max-target-o, reflection, denied)
05-16 07:39:36.235: D/PrefCtrlListHelper(3180): Could not find Context-only controller for pref: com.android.settings.display.WalletPrivacyPreferenceController
05-16 07:39:36.236: D/PrefCtrlListHelper(3180): Could not find Context-only controller for pref: com.android.settings.display.ControlsPrivacyPreferenceController
05-16 07:39:36.236: D/PrefCtrlListHelper(3180): Could not find Context-only controller for pref: com.android.settings.display.ControlsTrivialPrivacyPreferenceController
05-16 07:39:36.237: D/PrefCtrlListHelper(3180): Could not find Context-only controller for pref: com.android.settings.display.LockscreenClockPreferenceController
05-16 07:39:36.237: D/PrefCtrlListHelper(3180): Could not find Context-only controller for pref: com.android.settings.display.AmbientDisplayWhenToShowPreferenceController
05-16 07:39:36.237: D/PrefCtrlListHelper(3180): Could not find Context-only controller for pref: com.android.settings.display.AmbientDisplayAlwaysOnPreferenceController
05-16 07:39:36.237: D/PrefCtrlListHelper(3180): Could not find Context-only controller for pref: com.android.settings.gestures.TapScreenGesturePreferenceController
05-16 07:39:36.237: D/PrefCtrlListHelper(3180): Could not find Context-only controller for pref: com.android.settings.gestures.DoubleTapScreenPreferenceController
05-16 07:39:36.238: D/PrefCtrlListHelper(3180): Could not find Context-only controller for pref: com.android.settings.gestures.PickupGesturePreferenceController
05-16 07:39:36.238: D/PrefCtrlListHelper(3180): Could not find Context-only controller for pref: com.android.settings.display.AmbientDisplayNotificationsPreferenceController
05-16 07:39:36.241: W/libc(3180): Access denied finding property "ro.vendor.aware_available"
05-16 07:39:36.242: D/PrefCtrlListHelper(3180): Could not find Context-only controller for pref: com.android.settings.applications.managedomainurls.WebActionCategoryController
05-16 07:39:36.242: D/PrefCtrlListHelper(3180): Could not find Context-only controller for pref: com.android.settings.applications.managedomainurls.InstantAppWebActionPreferenceController
05-16 07:39:36.242: D/PrefCtrlListHelper(3180): Could not find Context-only controller for pref: com.android.settings.applications.managedomainurls.InstantAppAccountPreferenceController
05-16 07:39:36.242: D/display(516): setActiveConfigWithConstraints:: PrimaryDisplay config(37) test(0)
05-16 07:39:36.243: D/hwc-drm-connector(516): Updating LP mode to: 1080x2340x30
05-16 07:39:36.244: E/BLASTBufferQueue(16872): [VRI[BackdropActivity]#0](f:0,a:4) Faking releaseBufferCallback from transactionCompleteCallback
05-16 07:39:36.244: E/BLASTBufferQueue(16872): [VRI[BackdropActivity]#0](f:0,a:4) Faking releaseBufferCallback from transactionCompleteCallback
05-16 07:39:36.245: D/PrefCtrlListHelper(3180): Could not find Context-only controller for pref: com.android.settings.accessibility.DaltonizerPreferenceController
05-16 07:39:36.245: D/PrefCtrlListHelper(3180): Could not find Context-only controller for pref: com.android.settings.accessibility.ColorInversionPreferenceController
05-16 07:39:36.246: D/PrefCtrlListHelper(3180): Could not find Context-only controller for pref: com.android.settings.display.DarkUIPreferenceController
05-16 07:39:36.246: D/PrefCtrlListHelper(3180): Could not find Context-only controller for pref: com.android.settings.accessibility.DisableAnimationsPreferenceController
05-16 07:39:36.246: D/PrefCtrlListHelper(3180): Could not find Context-only controller for pref: com.android.settings.accessibility.LargePointerIconPreferenceController
05-16 07:39:36.248: D/PrefCtrlListHelper(3180): Could not find Context-only controller for pref: com.android.settings.applications.managedomainurls.DomainAppPreferenceController
05-16 07:39:36.249: D/PrefCtrlListHelper(3180): Could not find Context-only controller for pref: com.android.settings.gestures.SystemNavigationPreferenceController
05-16 07:39:36.249: D/PrefCtrlListHelper(3180): Could not find Context-only controller for pref: com.android.settings.gestures.OneHandedEnablePreferenceController
05-16 07:39:36.249: D/PrefCtrlListHelper(3180): Could not find Context-only controller for pref: com.android.settings.accessibility.PowerButtonEndsCallPreferenceController
05-16 07:39:36.249: D/PrefCtrlListHelper(3180): Could not find Context-only controller for pref: com.android.settings.accessibility.LockScreenRotationPreferenceController
05-16 07:39:36.249: D/PrefCtrlListHelper(3180): Could not find Context-only controller for pref: com.android.settings.display.DeviceStateAutoRotateOverviewController
05-16 07:39:36.250: D/PrefCtrlListHelper(3180): Could not find Context-only controller for pref: com.android.settings.applications.specialaccess.interactacrossprofiles.InteractAcrossProfilesController
05-16 07:39:36.250: D/PrefCtrlListHelper(3180): Could not find Context-only controller for pref: com.android.settings.enterprise.ManageDeviceAdminPreferenceController
05-16 07:39:36.250: D/PrefCtrlListHelper(3180): Could not find Context-only controller for pref: com.android.settings.applications.specialaccess.SystemAlertWindowPreferenceController
05-16 07:39:36.250: D/PrefCtrlListHelper(3180): Could not find Context-only controller for pref: com.android.settings.applications.specialaccess.zenaccess.ZenAccessController
05-16 07:39:36.251: D/PrefCtrlListHelper(3180): Could not find Context-only controller for pref: com.android.settings.applications.specialaccess.notificationaccess.NotificationAccessController
05-16 07:39:36.251: D/PrefCtrlListHelper(3180): Could not find Context-only controller for pref: com.android.settings.applications.specialaccess.pictureinpicture.PictureInPictureController
05-16 07:39:36.251: D/PrefCtrlListHelper(3180): Could not find Context-only controller for pref: com.android.settings.applications.specialaccess.premiumsms.PremiumSmsController
05-16 07:39:36.251: D/PrefCtrlListHelper(3180): Could not find Context-only controller for pref: com.android.settings.applications.specialaccess.DataSaverController
05-16 07:39:36.251: D/PrefCtrlListHelper(3180): Could not find Context-only controller for pref: com.android.settings.applications.specialaccess.vrlistener.EnabledVrListenersController
05-16 07:39:36.251: D/PrefCtrlListHelper(3180): Could not find Context-only controller for pref: com.android.settings.applications.specialaccess.MoreSpecialAccessPreferenceController
05-16 07:39:36.252: I/DisplayDeviceRepository(1495): Display device changed: DisplayDeviceInfo{"Built-in Screen": uniqueId="local:4619827677550801152", 1080 x 2340, modeId 3, defaultModeId 3, supportedModes [{id=1, width=1440, height=3120, fps=60.0, alternativeRefreshRates=[120.00001]}, {id=2, width=1440, height=3120, fps=120.00001, alternativeRefreshRates=[60.0]}, {id=3, width=1080, height=2340, fps=120.00001, alternativeRefreshRates=[60.0]}, {id=4, width=1080, height=2340, fps=60.0, alternativeRefreshRates=[120.00001]}], colorMode 0, supportedColorModes [0, 7, 9], hdrCapabilities HdrCapabilities{mSupportedHdrTypes=[2, 3, 4], mMaxLuminance=1000.0, mMaxAverageLuminance=120.0, mMinLuminance=5.0E-4}, allmSupported false, gameContentTypeSupported false, density 420, 386.366 x 383.458 dpi, appVsyncOff 6233332, presDeadline 11500000, cutout DisplayCutout{insets=Rect(0, 98 - 0, 0) waterfall=Insets{left=0, top=0, right=0, bottom=0} boundingRect={Bounds=[Rect(0, 0 - 0, 0), Rect(490, 0 - 599, 98), Rect(0, 0 - 0, 0), Rect(0, 0 - 0, 0)]} cutoutPathParserInfo={CutoutPathParserInfo{displayWidth=1080 displayHeight=2340 physicalDisplayWidth=1440 physicalDisplayHeight=3120 density={3.5} cutoutSpec={M 677,72 a 43,43 0 1 0 86,0 a 43,43 0 1 0 -86,0 Z @left} rotation={0} scale={1.0} physicalPixelDisplaySizeRatio={0.75}}}}, touch INTERNAL, rotation 0, type INTERNAL, address {port=0, model=0x401ceccbbbeef1}, deviceProductInfo DeviceProductInfo{name=Common Panel, manufacturerPnpId=GGL, productId=0, modelYear=null, manufactureDate=ManufactureDate{week=1, year=1990}, connectionToSinkType=0}, state ON, frameRateOverride , brightnessMinimum 0.0, brightnessMaximum 1.0, brightnessDefault 0.17429718, roundedCorners RoundedCorners{[RoundedCorner{position=TopLeft, radius=38, center=Point(38, 38)}, RoundedCorner{position=TopRight, radius=38, center=Point(1042, 38)}, RoundedCorner{position=BottomRight, radius=37, center=Point(1043, 2303)}, RoundedCorner{position=BottomLeft, radius=37, center=Point(37, 2303)}]}, FLAG_ALLOWED_TO_BE_DEFAULT_DISPLAY, FLAG_ROTATES_WITH_CONTENT, FLAG_SECURE, FLAG_SUPPORTS_PROTECTED_BUFFERS, installOrientation 0}
05-16 07:39:36.259: D/PrefCtrlListHelper(3180): Could not find Context-only controller for pref: com.android.settings.display.AutoBrightnessDetailPreferenceController
05-16 07:39:36.261: D/PrefCtrlListHelper(3180): Could not find Context-only controller for pref: com.android.settings.gestures.AssistGestureSettingsPreferenceController
05-16 07:39:36.262: D/AssistGesture(3180): mAssistOnly:false, isSupported:false, isSensorAvailable:false
05-16 07:39:36.273: D/PrefCtrlListHelper(3180): Could not find Context-only controller for pref: com.android.settings.enterprise.ManageDeviceAdminPreferenceController
05-16 07:39:36.273: D/PrefCtrlListHelper(3180): Could not find Context-only controller for pref: com.android.settings.enterprise.EnterprisePrivacyPreferenceController
05-16 07:39:36.273: D/PrefCtrlListHelper(3180): Could not find Context-only controller for pref: com.android.settings.enterprise.FinancedPrivacyPreferenceController
05-16 07:39:36.273: D/PrefCtrlListHelper(3180): Could not find Context-only controller for pref: com.android.settings.security.SimLockPreferenceController
05-16 07:39:36.273: D/PrefCtrlListHelper(3180): Could not find Context-only controller for pref: com.android.settings.security.EncryptionStatusPreferenceController
05-16 07:39:36.273: D/PrefCtrlListHelper(3180): Could not find Context-only controller for pref: com.android.settings.security.trustagent.ManageTrustAgentsPreferenceController
05-16 07:39:36.273: D/PrefCtrlListHelper(3180): Could not find Context-only controller for pref: com.android.settings.security.ScreenPinningPreferenceController
05-16 07:39:36.273: D/PrefCtrlListHelper(3180): Could not find Context-only controller for pref: com.android.settings.security.ConfirmSimDeletionPreferenceController
05-16 07:39:36.276: D/PrefCtrlListHelper(3180): Could not find Context-only controller for pref: com.android.settings.backup.BackupDataPreferenceController
05-16 07:39:36.276: D/PrefCtrlListHelper(3180): Could not find Context-only controller for pref: com.android.settings.backup.ConfigureAccountPreferenceController
05-16 07:39:36.276: D/PrefCtrlListHelper(3180): Could not find Context-only controller for pref: com.android.settings.backup.DataManagementPreferenceController
05-16 07:39:36.276: D/PrefCtrlListHelper(3180): Could not find Context-only controller for pref: com.android.settings.backup.AutoRestorePreferenceController
05-16 07:39:36.276: D/PrefCtrlListHelper(3180): Could not find Context-only controller for pref: com.android.settings.backup.BackupInactivePreferenceController
05-16 07:39:36.278: D/PrefCtrlListHelper(3180): Could not find Context-only controller for pref: com.google.android.settings.notification.ClearCallingTogglePreferenceController
05-16 07:39:36.278: D/PrefCtrlListHelper(3180): Could not find Context-only controller for pref: com.google.android.settings.notification.ClearCallingFooterPreferenceController
05-16 07:39:36.279: D/PrefCtrlListHelper(3180): Could not find Context-only controller for pref: com.android.settings.bluetooth.BluetoothDeviceRenamePreferenceController
05-16 07:39:36.279: D/PrefCtrlListHelper(3180): Could not find Context-only controller for pref: com.android.settings.connecteddevice.AddDevicePreferenceController
05-16 07:39:36.280: D/PrefCtrlListHelper(3180): Could not find Context-only controller for pref: com.android.settings.accessibility.AccessibilityControlTimeoutFooterPreferenceController
05-16 07:39:36.282: D/PrefCtrlListHelper(3180): Could not find Context-only controller for pref: com.android.settings.fuelgauge.batterysaver.BatterySaverButtonPreferenceController
05-16 07:39:36.282: D/PrefCtrlListHelper(3180): Could not find Context-only controller for pref: com.android.settings.fuelgauge.batterysaver.BatterySaverStickyPreferenceController
05-16 07:39:36.282: W/libc(3180): Access denied finding property "ro.vendor.aware_available"
05-16 07:39:36.284: D/PrefCtrlListHelper(3180): Could not find Context-only controller for pref: com.android.settings.development.qstile.DevelopmentTilePreferenceController
05-16 07:39:36.285: D/PrefCtrlListHelper(3180): Could not find Context-only controller for pref: com.android.settings.applications.DefaultAppsPreferenceController
05-16 07:39:36.285: D/PrefCtrlListHelper(3180): Could not find Context-only controller for pref: com.android.settings.applications.HibernatedAppsPreferenceController
05-16 07:39:36.285: D/PrefCtrlListHelper(3180): Could not find Context-only controller for pref: com.android.settings.applications.AppBatteryUsagePreferenceController
05-16 07:39:36.285: D/PrefCtrlListHelper(3180): Could not find Context-only controller for pref: com.android.settings.applications.SpecialAppAccessPreferenceController
05-16 07:39:36.287: D/PrefCtrlListHelper(3180): Could not find Context-only controller for pref: com.android.settings.nfc.NfcPreferenceController
05-16 07:39:36.288: D/PrefCtrlListHelper(3180): Could not find Context-only controller for pref: com.android.settings.nfc.NfcDetectionPointController
05-16 07:39:36.288: D/PrefCtrlListHelper(3180): Could not find Context-only controller for pref: com.android.settings.nfc.SecureNfcPreferenceController
05-16 07:39:36.289: D/PrefCtrlListHelper(3180): Could not find Context-only controller for pref: com.android.settings.applications.specialaccess.DefaultPaymentSettingsPreferenceController
05-16 07:39:36.298: D/PrefCtrlListHelper(3180): Could not find Context-only controller for pref: com.android.settings.network.telephony.MobileNetworkSwitchController
05-16 07:39:36.299: D/PrefCtrlListHelper(3180): Could not find Context-only controller for pref: com.android.settings.network.telephony.DisabledSubscriptionController
05-16 07:39:36.300: D/PrefCtrlListHelper(3180): Could not find Context-only controller for pref: com.android.settings.network.telephony.CallsDefaultSubscriptionController
05-16 07:39:36.300: D/PrefCtrlListHelper(3180): Could not find Context-only controller for pref: com.android.settings.network.telephony.SmsDefaultSubscriptionController
05-16 07:39:36.302: W/Icing(15673): No valid account for uploading user actions
05-16 07:39:36.304: D/PrefCtrlListHelper(3180): Could not find Context-only controller for pref: com.android.settings.network.telephony.DataServiceSetupPreferenceController
05-16 07:39:36.306: I/MobileNetworkUtils(3180): showEuiccSettings: esimIgnoredDevice: false, enabledEsimUiByDefault: true, euiccProvisioned: false, inDeveloperMode: true.
05-16 07:39:36.306: D/PrefCtrlListHelper(3180): Could not find Context-only controller for pref: com.android.settings.network.telephony.MobileDataPreferenceController
05-16 07:39:36.307: I/MobileNetworkUtils(3180): showEuiccSettings: esimIgnoredDevice: false, enabledEsimUiByDefault: true, euiccProvisioned: false, inDeveloperMode: true.
05-16 07:39:36.309: D/PrefCtrlListHelper(3180): Could not find Context-only controller for pref: com.android.settings.notification.ConversationListSummaryPreferenceController
05-16 07:39:36.312: D/PrefCtrlListHelper(3180): Could not find Context-only controller for pref: com.android.settings.notification.BubbleSummaryNotificationPreferenceController
05-16 07:39:36.312: D/PrefCtrlListHelper(3180): Could not find Context-only controller for pref: com.android.settings.applications.specialaccess.notificationaccess.NotificationAccessController
05-16 07:39:36.313: D/PrefCtrlListHelper(3180): Could not find Context-only controller for pref: com.android.settings.notification.RedactNotificationPreferenceController
05-16 07:39:36.313: D/PrefCtrlListHelper(3180): Could not find Context-only controller for pref: com.android.settings.network.telephony.RoamingPreferenceController
05-16 07:39:36.313: D/PrefCtrlListHelper(3180): Could not find Context-only controller for pref: com.android.settings.network.telephony.DataUsagePreferenceController
05-16 07:39:36.314: D/PrefCtrlListHelper(3180): Could not find Context-only controller for pref: com.android.settings.datausage.BillingCyclePreferenceController
05-16 07:39:36.314: D/PrefCtrlListHelper(3180): Could not find Context-only controller for pref: com.android.settings.network.CarrierWifiTogglePreferenceController
05-16 07:39:36.314: D/PrefCtrlListHelper(3180): Could not find Context-only controller for pref: com.android.settings.network.telephony.MmsMessagePreferenceController
05-16 07:39:36.315: D/PrefCtrlListHelper(3180): Could not find Context-only controller for pref: com.android.settings.notification.RedactNotificationPreferenceController
05-16 07:39:36.316: D/PrefCtrlListHelper(3180): Could not find Context-only controller for pref: com.android.settings.biometrics.face.FaceSettingsLockscreenBypassPreferenceController
05-16 07:39:36.316: D/PrefCtrlListHelper(3180): Could not find Context-only controller for pref: com.android.settings.notification.zen.ZenModePreferenceController
05-16 07:39:36.317: D/PrefCtrlListHelper(3180): Could not find Context-only controller for pref: com.android.settings.notification.SnoozeNotificationPreferenceController
05-16 07:39:36.317: D/PrefCtrlListHelper(3180): Could not find Context-only controller for pref: com.android.settings.notification.BadgingNotificationPreferenceController
05-16 07:39:36.317: D/PrefCtrlListHelper(3180): Could not find Context-only controller for pref: com.android.settings.notification.PulseNotificationPreferenceController
05-16 07:39:36.318: I/Icing(15673): Usage reports ok 1, Failed Usage reports 0, indexed 0, rejected 0
05-16 07:39:36.318: D/PrefCtrlListHelper(3180): Could not find Context-only controller for pref: com.android.settings.network.telephony.DataDuringCallsPreferenceController
05-16 07:39:36.319: D/PrefCtrlListHelper(3180): Could not find Context-only controller for pref: com.android.settings.network.telephony.Enhanced4gLtePreferenceController
05-16 07:39:36.321: D/PrefCtrlListHelper(3180): Could not find Context-only controller for pref: com.android.settings.network.telephony.Enhanced4gCallingPreferenceController
05-16 07:39:36.321: D/PrefCtrlListHelper(3180): Could not find Context-only controller for pref: com.android.settings.network.telephony.Enhanced4gAdvancedCallingPreferenceController
05-16 07:39:36.321: D/PrefCtrlListHelper(3180): Could not find Context-only controller for pref: com.android.settings.network.telephony.ContactDiscoveryPreferenceController
05-16 07:39:36.322: D/PrefCtrlListHelper(3180): Could not find Context-only controller for pref: com.android.settings.network.telephony.PreferredNetworkModePreferenceController
05-16 07:39:36.322: D/PrefCtrlListHelper(3180): Could not find Context-only controller for pref: com.android.settings.network.telephony.EnabledNetworkModePreferenceController
05-16 07:39:36.322: D/PrefCtrlListHelper(3180): Could not find Context-only controller for pref: com.android.settings.network.telephony.CarrierSettingsVersionPreferenceController
05-16 07:39:36.322: D/PrefCtrlListHelper(3180): Could not find Context-only controller for pref: com.android.settings.network.telephony.CallingPreferenceCategoryController
05-16 07:39:36.322: D/PrefCtrlListHelper(3180): Could not find Context-only controller for pref: com.android.settings.network.telephony.WifiCallingPreferenceController
05-16 07:39:36.322: D/PrefCtrlListHelper(3180): Could not find Context-only controller for pref: com.android.settings.network.telephony.VideoCallingPreferenceController
05-16 07:39:36.322: D/PrefCtrlListHelper(3180): Could not find Context-only controller for pref: com.android.settings.network.telephony.BackupCallingPreferenceController
05-16 07:39:36.322: D/PrefCtrlListHelper(3180): Could not find Context-only controller for pref: com.android.settings.network.telephony.cdma.CdmaSystemSelectPreferenceController
05-16 07:39:36.322: D/PrefCtrlListHelper(3180): Could not find Context-only controller for pref: com.android.settings.network.telephony.cdma.CdmaSubscriptionPreferenceController
05-16 07:39:36.322: D/PrefCtrlListHelper(3180): Could not find Context-only controller for pref: com.android.settings.network.telephony.NetworkPreferenceCategoryController
05-16 07:39:36.323: D/PrefCtrlListHelper(3180): Could not find Context-only controller for pref: com.android.settings.network.telephony.gsm.AutoSelectPreferenceController
05-16 07:39:36.323: D/PrefCtrlListHelper(3180): Could not find Context-only controller for pref: com.android.settings.network.telephony.gsm.OpenNetworkSelectPagePreferenceController
05-16 07:39:36.323: D/PrefCtrlListHelper(3180): Could not find Context-only controller for pref: com.android.settings.network.telephony.ApnPreferenceController
05-16 07:39:36.323: D/PrefCtrlListHelper(3180): Could not find Context-only controller for pref: com.android.settings.network.telephony.CarrierPreferenceController
05-16 07:39:36.323: D/PrefCtrlListHelper(3180): Could not find Context-only controller for pref: com.android.settings.network.telephony.Enable2gPreferenceController
05-16 07:39:36.323: D/PrefCtrlListHelper(3180): Could not find Context-only controller for pref: com.android.settings.network.telephony.NrAdvancedCallingPreferenceController
05-16 07:39:36.324: D/PrefCtrlListHelper(3180): Could not find Context-only controller for pref: com.android.settings.network.telephony.DeleteSimProfilePreferenceController
05-16 07:39:36.324: I/Icing(15673): Indexing com.google.android.gms-apps from com.google.android.gms
05-16 07:39:36.333: D/PrefCtrlListHelper(3180): Could not find Context-only controller for pref: com.android.settings.network.telephony.DisableSimFooterPreferenceController
05-16 07:39:36.333: D/PrefCtrlListHelper(3180): Could not find Context-only controller for pref: com.android.settings.network.telephony.NrDisabledInDsdsFooterPreferenceController
05-16 07:39:36.334: W/SettingsPrefController(3180): Skipping updateNonIndexableKeys, key already in list. com.android.settings.biometrics.face.FaceSettingsLockscreenBypassPreferenceController@5a02d9b
05-16 07:39:36.335: D/PrefCtrlListHelper(3180): Could not find Context-only controller for pref: com.android.settings.accessibility.VibrationMainSwitchPreferenceController
05-16 07:39:36.335: W/PrefCtrlListHelper(3180): Cannot instantiate controller from reflection: com.android.settings.accessibility.VibrationMainSwitchPreferenceController
05-16 07:39:36.337: D/PrefCtrlListHelper(3180): Could not find Context-only controller for pref: com.android.settings.accessibility.RingVibrationIntensityPreferenceController
05-16 07:39:36.337: W/PrefCtrlListHelper(3180): Cannot instantiate controller from reflection: com.android.settings.accessibility.RingVibrationIntensityPreferenceController
05-16 07:39:36.337: D/PrefCtrlListHelper(3180): Could not find Context-only controller for pref: com.android.settings.accessibility.VibrationRampingRingerTogglePreferenceController
05-16 07:39:36.337: W/PrefCtrlListHelper(3180): Cannot instantiate controller from reflection: com.android.settings.accessibility.VibrationRampingRingerTogglePreferenceController
05-16 07:39:36.337: D/PrefCtrlListHelper(3180): Could not find Context-only controller for pref: com.android.settings.accessibility.NotificationVibrationIntensityPreferenceController
05-16 07:39:36.339: W/PrefCtrlListHelper(3180): Cannot instantiate controller from reflection: com.android.settings.accessibility.NotificationVibrationIntensityPreferenceController
05-16 07:39:36.339: D/PrefCtrlListHelper(3180): Could not find Context-only controller for pref: com.android.settings.accessibility.AlarmVibrationIntensityPreferenceController
05-16 07:39:36.339: W/PrefCtrlListHelper(3180): Cannot instantiate controller from reflection: com.android.settings.accessibility.AlarmVibrationIntensityPreferenceController
05-16 07:39:36.339: D/PrefCtrlListHelper(3180): Could not find Context-only controller for pref: com.android.settings.accessibility.HapticFeedbackIntensityPreferenceController
05-16 07:39:36.340: W/PrefCtrlListHelper(3180): Cannot instantiate controller from reflection: com.android.settings.accessibility.HapticFeedbackIntensityPreferenceController
05-16 07:39:36.340: D/PrefCtrlListHelper(3180): Could not find Context-only controller for pref: com.android.settings.accessibility.MediaVibrationIntensityPreferenceController
05-16 07:39:36.340: W/PrefCtrlListHelper(3180): Cannot instantiate controller from reflection: com.android.settings.accessibility.MediaVibrationIntensityPreferenceController
05-16 07:39:36.340: D/PrefCtrlListHelper(3180): Could not find Context-only controller for pref: com.android.settings.display.AutoBrightnessPreferenceController
05-16 07:39:36.340: D/PrefCtrlListHelper(3180): Could not find Context-only controller for pref: com.android.settings.security.screenlock.LockScreenPreferenceController
05-16 07:39:36.340: D/PrefCtrlListHelper(3180): Could not find Context-only controller for pref: com.android.settings.display.ScreenTimeoutPreferenceController
05-16 07:39:36.340: D/PrefCtrlListHelper(3180): Could not find Context-only controller for pref: com.android.settings.display.DarkUIPreferenceController
05-16 07:39:36.341: D/PrefCtrlListHelper(3180): Could not find Context-only controller for pref: com.android.settings.accessibility.TextReadingFragmentForDisplaySettingsController
05-16 07:39:36.341: D/PrefCtrlListHelper(3180): Could not find Context-only controller for pref: com.android.settings.display.NightDisplayPreferenceController
