05-16 07:39:35.772: I/AiAiEcho(3659): Ranked targets strategy: WEIGHTED, count: 2, ranking metadata: { cardId: TIPS-2029576961, card type: TIPS, update time: 2023-05-16T14:36:04.811Z, expiration time: 2023-05-19T14:36:04.601Z, ranking metadata: RankingMetaData(urgency=0.992, priority=1.0, recency=1.0, rankScore=0.992, importantTimePoints=# krk@7bca4) }, { cardId: WEATHER-569377243, card type: WEATHER, update time: 2023-05-16T14:21:34Z, expiration time: 2023-05-16T15:00:00Z, ranking metadata: RankingMetaData(urgency=0.9, priority=0.3, recency=0.8, rankScore=0.27, importantTimePoints=# krk@7bca4) }
05-16 07:39:35.779: I/AiAiEcho(3659): #postPredictionTargets: Sending updates to UISurface lockscreen with targets# 1
05-16 07:39:35.779: I/DialerNotificationChannelUpdateReceiver(12034): com.android.dialer.notification.channel.NotificationChannelUpdateReceiver.onReceive:51 Updating notification channels
05-16 07:39:35.780: I/AiAiEcho(3659): #postPredictionTargets: Sending updates to UISurface home with targets# 1
05-16 07:39:35.782: I/AiAiEcho(3659): #postPredictionTargets: Sending updates to UISurface lockscreen with targets# 1
05-16 07:39:35.783: I/AiAiEcho(3659): #postPredictionTargets: Sending updates to UISurface home with targets# 1
05-16 07:39:35.792: W/Binder(1495): Caught a RuntimeException from the binder stub implementation.
05-16 07:39:35.792: W/Binder(1495): java.lang.ArrayIndexOutOfBoundsException: Array index out of range: 0
05-16 07:39:35.792: W/Binder(1495): at android.util.ArraySet.valueAt(ArraySet.java:422)
05-16 07:39:35.792: W/Binder(1495): at com.android.server.contentcapture.ContentCapturePerUserService$ContentCaptureServiceRemoteCallback.updateContentCaptureOptions(ContentCapturePerUserService.java:733)
05-16 07:39:35.792: W/Binder(1495): at com.android.server.contentcapture.ContentCapturePerUserService$ContentCaptureServiceRemoteCallback.setContentCaptureWhitelist(ContentCapturePerUserService.java:646)
05-16 07:39:35.792: W/Binder(1495): at android.service.contentcapture.IContentCaptureServiceCallback$Stub.onTransact(IContentCaptureServiceCallback.java:115)
05-16 07:39:35.792: W/Binder(1495): at android.os.Binder.execTransactInternal(Binder.java:1285)
05-16 07:39:35.792: W/Binder(1495): at android.os.Binder.execTransact(Binder.java:1244)
05-16 07:39:35.804: W/BugleTachygram(12379): Not using Tachygram because PEv3 is disabled
05-16 07:39:35.808: D/ChannelsLocaleReceiver(3030): Updating notification channels...
05-16 07:39:35.849: I/BugleDataModel(12379): PendingMessagesProcessor: process from ProcessPendingMessagesAction due to scheduled processing with delay 0 with queues:
05-16 07:39:35.854: D/libnos_transport(508): Calling App 0 with params 0x0200
05-16 07:39:35.857: W/BugleTachygram(12379): Not using Tachygram because PEv3 is disabled
05-16 07:39:35.858: D/libnos_transport(508): App 0 inspection status=0x00000000 reply_len=0 protocol=1 flags=0x0000
05-16 07:39:35.858: D/libnos_transport(508): Send app 0 command data (0 bytes)
05-16 07:39:35.858: D/libnos_transport(508): Send app 0 go command 0x00000200
05-16 07:39:35.859: D/libnos_transport(508): Polling app 0
05-16 07:39:35.863: I/BcSmartspaceCard(3132): setFormattedContentDescription: textView=SUBTITLE, text=Tap for tips, iconDescription=, contentDescription=Tap for tips
05-16 07:39:35.864: I/BcSmartspaceCard(3132): setFormattedContentDescription: textView=SUBTITLE, text=Tap for tips, iconDescription=, contentDescription=Tap for tips
05-16 07:39:35.871: D/libnos_transport(508): App 0 poll=16 status=0x00000000 reply_len=0 flags=0x0001
05-16 07:39:35.875: D/CompatibilityChangeReporter(1495): Compat change id reported: 161252188; UID 10170; state: ENABLED
05-16 07:39:35.883: I/LocaleChangeIO(10395): No action required after switch to en [CONTEXT service_id=231 ]
05-16 07:39:35.887: D/libnos_transport(508): App 0 polled=30 status=0x80000000 reply_len=92 flags=0x0000
05-16 07:39:35.887: D/libnos_transport(508): Read app 0 reply data (92 bytes)
05-16 07:39:35.887: I/BgTaskExecutorImpl(10908): Starting EXCLUSIVE background task CHIME_REGISTRATION.
05-16 07:39:35.888: D/libnos_transport(508): App 0 returning 0x0
05-16 07:39:35.888: W/DatabaseUpdateOperation(15673): Unknown action: android.intent.action.LOCALE_CHANGED!
05-16 07:39:35.899: I/A(10908): Using proto config with mendel
05-16 07:39:35.899: I/A(10908): Using proto config with mendel
05-16 07:39:35.899: I/A(10908): Merging legacy hotword config map with new proto.
05-16 07:39:35.900: I/A(10908): Skipping. Expected model: 1 Found: 2
05-16 07:39:35.900: I/A(10908): Skipping. Expected model: 1 Found: 2
05-16 07:39:35.900: I/A(10908): Skipping. Expected model: 1 Found: 2
05-16 07:39:35.900: I/A(10908): Adding from config to map. Locale: ro-RO modelPrefix: okgoogle Location:b051c93dce7bb4dcb5d9ddcbbb2ca760Test isSpeakerIdSupported: false
05-16 07:39:35.900: I/A(10908): Skipping. Expected model: 1 Found: 2
05-16 07:39:35.900: I/MicroDataManager(10908): Hotword configuration not present for the given locale en
05-16 07:39:35.901: I/BgTaskExecutorImpl(10908): Starting EXCLUSIVE background task UPDATE_HOTWORD_MODELS.
05-16 07:39:35.902: I/MediaProvider(3676): Begin Intent { act=android.intent.action.LOCALE_CHANGED flg=0x1200810 cmp=com.google.android.providers.media.module/com.android.providers.media.MediaService }
05-16 07:39:35.903: I/MicroDetectionState(10908): Should stop hotword detection immediately - true
05-16 07:39:35.914: I/A(10908): Using proto config with mendel
05-16 07:39:35.914: D/PrefCtrlListHelper(3180): Could not find Context-only controller for pref: com.android.settings.location.RecentLocationAccessPreferenceController
05-16 07:39:35.914: I/ModelDownloadController(10908): requestHotwordModelUpdate modelType-1 modelLocale-en
05-16 07:39:35.915: I/A(10908): Using proto config with mendel
05-16 07:39:35.915: I/A(10908): Merging legacy hotword config map with new proto.
05-16 07:39:35.915: I/A(10908): Skipping. Expected model: 1 Found: 2
05-16 07:39:35.915: I/A(10908): Skipping. Expected model: 1 Found: 2
05-16 07:39:35.915: I/A(10908): Skipping. Expected model: 1 Found: 2
05-16 07:39:35.915: D/PrefCtrlListHelper(3180): Could not find Context-only controller for pref: com.android.settings.location.RecentLocationAccessPreferenceController
05-16 07:39:35.915: D/CompatibilityChangeReporter(1495): Compat change id reported: 135634846; UID 10194; state: DISABLED
05-16 07:39:35.915: D/CompatibilityChangeReporter(1495): Compat change id reported: 177438394; UID 10194; state: DISABLED
05-16 07:39:35.915: D/CompatibilityChangeReporter(1495): Compat change id reported: 135772972; UID 10194; state: DISABLED
05-16 07:39:35.915: I/A(10908): Adding from config to map. Locale: ro-RO modelPrefix: okgoogle Location:b051c93dce7bb4dcb5d9ddcbbb2ca760Test isSpeakerIdSupported: false
05-16 07:39:35.915: I/A(10908): Skipping. Expected model: 1 Found: 2
05-16 07:39:35.915: D/CompatibilityChangeReporter(1495): Compat change id reported: 135754954; UID 10194; state: ENABLED
05-16 07:39:35.916: D/CompatibilityChangeReporter(1495): Compat change id reported: 143937733; UID 10194; state: ENABLED
05-16 07:39:35.916: E/ModelDownloadController(10908): Failed fetching the hotword model location configuration
05-16 07:39:35.917: D/SlicesIndexer(3180): Slices already indexed - returning.
05-16 07:39:35.918: E/ModelDownloadController(10908): Invalid hotword model location: location is null or empty: null
05-16 07:39:35.919: D/SettingsSliceProvider(3180): provide 59 non-public slices
05-16 07:39:35.919: D/SlicesIndexer(3180): Slices already indexed - returning.
05-16 07:39:35.920: D/SettingsSliceProvider(3180): Allowlisting 86 uris to 3 pkgs.
05-16 07:39:35.921: D/PrefCtrlListHelper(3180): Could not find Context-only controller for pref: com.android.settings.location.RecentLocationAccessSeeAllButtonPreferenceController
05-16 07:39:35.921: D/PrefCtrlListHelper(3180): Could not find Context-only controller for pref: com.android.settings.location.LocationForWorkPreferenceController
05-16 07:39:35.922: D/PrefCtrlListHelper(3180): Could not find Context-only controller for pref: com.android.settings.location.AppLocationPermissionPreferenceController
05-16 07:39:35.922: D/PrefCtrlListHelper(3180): Could not find Context-only controller for pref: com.android.settings.location.LocationServicesPreferenceController
05-16 07:39:35.922: D/PrefCtrlListHelper(3180): Could not find Context-only controller for pref: com.android.settings.location.LocationSettingsFooterPreferenceController
05-16 07:39:35.922: D/PrefCtrlListHelper(3180): Could not find Context-only controller for pref: com.android.settings.display.NightDisplayTopIntroPreferenceController
05-16 07:39:35.923: D/PrefCtrlListHelper(3180): Could not find Context-only controller for pref: com.android.settings.display.NightDisplayActivationPreferenceController
05-16 07:39:35.923: I/BugleDataModel(12379): PendingMessagesProcessor: process from ProcessPendingMessagesAction due to scheduled processing with delay 0 with queues:
05-16 07:39:35.925: D/PrefCtrlListHelper(3180): Could not find Context-only controller for pref: com.android.settings.location.RecentLocationAccessSeeAllButtonPreferenceController
05-16 07:39:35.925: D/PrefCtrlListHelper(3180): Could not find Context-only controller for pref: com.android.settings.location.LocationForWorkPreferenceController
05-16 07:39:35.926: V/MediaProvider(3676): Skipping next row id backup for internal database.
05-16 07:39:35.926: V/MediaProvider(3676): Skipping next row id backup.
05-16 07:39:35.926: D/PrefCtrlListHelper(3180): Could not find Context-only controller for pref: com.android.settings.location.AppLocationPermissionPreferenceController
05-16 07:39:35.926: V/MediaProvider(3676): Skipping next row id backup for internal database.
05-16 07:39:35.926: V/MediaProvider(3676): Skipping next row id backup.
05-16 07:39:35.926: D/PrefCtrlListHelper(3180): Could not find Context-only controller for pref: com.android.settings.location.LocationServicesPreferenceController
05-16 07:39:35.927: D/PrefCtrlListHelper(3180): Could not find Context-only controller for pref: com.android.settings.location.LocationSettingsFooterPreferenceController
05-16 07:39:35.927: V/MediaProvider(3676): Skipping next row id backup for internal database.
05-16 07:39:35.927: V/MediaProvider(3676): Skipping next row id backup.
05-16 07:39:35.928: D/PrefCtrlListHelper(3180): Could not find Context-only controller for pref: com.android.settings.display.NightDisplayTopIntroPreferenceController
05-16 07:39:35.928: D/PrefCtrlListHelper(3180): Could not find Context-only controller for pref: com.android.settings.display.NightDisplayActivationPreferenceController
05-16 07:39:35.929: D/PrefCtrlListHelper(3180): Could not find Context-only controller for pref: com.android.settings.display.TwilightLocationPreferenceController
05-16 07:39:35.929: D/PrefCtrlListHelper(3180): Could not find Context-only controller for pref: com.android.settings.display.NightDisplayAutoModePreferenceController
05-16 07:39:35.929: D/PrefCtrlListHelper(3180): Could not find Context-only controller for pref: com.android.settings.display.NightDisplayCustomStartTimePreferenceController
05-16 07:39:35.929: D/PrefCtrlListHelper(3180): Could not find Context-only controller for pref: com.android.settings.display.NightDisplayCustomEndTimePreferenceController
05-16 07:39:35.929: D/Zygote(810): Forked child process 17085
05-16 07:39:35.929: I/BgTaskExecutorImpl(10908): Starting EXCLUSIVE background task SEND_GSA_HOME_REQUEST.
05-16 07:39:35.929: D/PrefCtrlListHelper(3180): Could not find Context-only controller for pref: com.android.settings.display.NightDisplayIntensityPreferenceController
05-16 07:39:35.930: I/ActivityManager(1495): Start proc 17085:com.google.android.youtube/u0a194 for broadcast {com.google.android.youtube/com.google.android.apps.youtube.app.application.system.LocaleUpdatedReceiver}
05-16 07:39:35.931: I/NearbyDiscovery(10395): Show notifications: 0 total, no changes since last shown, no-op. [CONTEXT service_id=265 ]
05-16 07:39:35.931: D/PrefCtrlListHelper(3180): Could not find Context-only controller for pref: com.android.settings.display.TwilightLocationPreferenceController
05-16 07:39:35.931: D/PrefCtrlListHelper(3180): Could not find Context-only controller for pref: com.android.settings.display.NightDisplayAutoModePreferenceController
05-16 07:39:35.931: D/PrefCtrlListHelper(3180): Could not find Context-only controller for pref: com.android.settings.display.NightDisplayCustomStartTimePreferenceController
05-16 07:39:35.932: D/PrefCtrlListHelper(3180): Could not find Context-only controller for pref: com.android.settings.display.NightDisplayCustomEndTimePreferenceController
05-16 07:39:35.932: D/PrefCtrlListHelper(3180): Could not find Context-only controller for pref: com.android.settings.display.NightDisplayIntensityPreferenceController
05-16 07:39:35.932: W/SearchServiceCore(10908): Abort, client detached.
05-16 07:39:35.932: W/SearchServiceCore(10908): Abort, client detached.
05-16 07:39:35.940: V/SettingsSearchProvider(3180): com.android.settings.notification.SoundWorkSettings$1@c9616e0 tried to add an empty non-indexable key
05-16 07:39:35.941: D/PrefCtrlListHelper(3180): Could not find Context-only controller for pref: com.android.settings.display.AutoRotateSwitchBarController
05-16 07:39:35.941: D/PrefCtrlListHelper(3180): Could not find Context-only controller for pref: com.android.settings.display.AutoRotatePreferenceController
05-16 07:39:35.941: D/PrefCtrlListHelper(3180): Could not find Context-only controller for pref: com.android.settings.display.SmartAutoRotatePermissionController
05-16 07:39:35.941: W/JobScheduler(1495): Job didn't exist in JobStore: d2ded76 #u0a163/-377 com.google.android.googlequicksearchbox/com.google.android.apps.gsa.tasks.BackgroundTasksJobService
05-16 07:39:35.942: D/PrefCtrlListHelper(3180): Could not find Context-only controller for pref: com.android.settings.display.AutoRotateSwitchBarController
05-16 07:39:35.942: D/PrefCtrlListHelper(3180): Could not find Context-only controller for pref: com.android.settings.display.AutoRotatePreferenceController
05-16 07:39:35.942: D/PrefCtrlListHelper(3180): Could not find Context-only controller for pref: com.android.settings.display.SmartAutoRotatePermissionController
05-16 07:39:35.943: D/PrefCtrlListHelper(3180): Could not find Context-only controller for pref: com.android.settings.display.SmartAutoRotateCameraStateController
05-16 07:39:35.943: E/android.youtube(17085): Not starting debugger since process cannot load the jdwp agent.
05-16 07:39:35.943: D/PrefCtrlListHelper(3180): Could not find Context-only controller for pref: com.android.settings.display.SmartAutoRotateBatterySaverController
05-16 07:39:35.943: D/PrefCtrlListHelper(3180): Could not find Context-only controller for pref: com.android.settings.display.SmartAutoRotateController
05-16 07:39:35.949: D/PrefCtrlListHelper(3180): Could not find Context-only controller for pref: com.android.settings.wifi.CellularFallbackPreferenceController
05-16 07:39:35.950: D/PrefCtrlListHelper(3180): Could not find Context-only controller for pref: com.android.settings.display.SmartAutoRotateCameraStateController
05-16 07:39:35.950: D/PrefCtrlListHelper(3180): Could not find Context-only controller for pref: com.android.settings.display.SmartAutoRotateBatterySaverController
05-16 07:39:35.950: D/PrefCtrlListHelper(3180): Could not find Context-only controller for pref: com.android.settings.display.SmartAutoRotateController
05-16 07:39:35.953: D/CompatibilityChangeReporter(1495): Compat change id reported: 168419799; UID 10194; state: DISABLED
05-16 07:39:35.957: D/CompatibilityChangeReporter(17085): Compat change id reported: 171979766; UID 10194; state: ENABLED
05-16 07:39:35.959: I/A(10908): Using proto config with mendel
05-16 07:39:35.960: I/A(10908): Using proto config with mendel
05-16 07:39:35.960: I/A(10908): Merging legacy hotword config map with new proto.
05-16 07:39:35.960: I/A(10908): Skipping. Expected model: 1 Found: 2
05-16 07:39:35.960: I/A(10908): Skipping. Expected model: 1 Found: 2
05-16 07:39:35.960: I/A(10908): Skipping. Expected model: 1 Found: 2
05-16 07:39:35.960: I/A(10908): Adding from config to map. Locale: ro-RO modelPrefix: okgoogle Location:b051c93dce7bb4dcb5d9ddcbbb2ca760Test isSpeakerIdSupported: false
05-16 07:39:35.960: I/A(10908): Skipping. Expected model: 1 Found: 2
05-16 07:39:35.961: I/MicroDataManager(10908): Hotword configuration not present for the given locale en
05-16 07:39:35.961: V/MediaProvider(3676): Skipping next row id backup for internal database.
05-16 07:39:35.961: V/MediaProvider(3676): Skipping next row id backup.
05-16 07:39:35.963: V/MediaProvider(3676): Skipping next row id backup for internal database.
05-16 07:39:35.963: V/MediaProvider(3676): Skipping next row id backup.
05-16 07:39:35.964: W/JobScheduler(1495): Job didn't exist in JobStore: 149cb80 #u0a163/-183 com.google.android.googlequicksearchbox/com.google.android.apps.gsa.tasks.BackgroundTasksJobService
05-16 07:39:35.965: D/PrefCtrlListHelper(3180): Could not find Context-only controller for pref: com.android.settings.deviceinfo.storage.StorageSelectionPreferenceController
05-16 07:39:35.965: D/PrefCtrlListHelper(3180): Could not find Context-only controller for pref: com.android.settings.deviceinfo.storage.StorageUsageProgressBarPreferenceController
05-16 07:39:35.965: D/PrefCtrlListHelper(3180): Could not find Context-only controller for pref: com.android.settings.deviceinfo.storage.AutomaticStorageManagementSwitchPreferenceController
05-16 07:39:35.965: D/PrefCtrlListHelper(3180): Could not find Context-only controller for pref: com.android.settings.deviceinfo.storage.ManageStoragePreferenceController
05-16 07:39:35.965: D/PrefCtrlListHelper(3180): Could not find Context-only controller for pref: com.android.settings.inputmethod.UserDictionaryListPreferenceController
05-16 07:39:35.966: D/PrefCtrlListHelper(3180): Could not find Context-only controller for pref: com.android.settings.deviceinfo.hardwareinfo.DeviceModelPreferenceController
05-16 07:39:35.966: D/PrefCtrlListHelper(3180): Could not find Context-only controller for pref: com.android.settings.deviceinfo.hardwareinfo.SerialNumberPreferenceController
05-16 07:39:35.966: D/PrefCtrlListHelper(3180): Could not find Context-only controller for pref: com.android.settings.deviceinfo.hardwareinfo.HardwareRevisionPreferenceController
05-16 07:39:35.968: I/NearbyDiscovery(10395): Show notifications: 0 total, no changes since last shown, no-op. [CONTEXT service_id=265 ]
05-16 07:39:35.970: W/SearchServiceCore(10908): Abort, client detached.
05-16 07:39:35.970: W/SearchServiceCore(10908): Abort, client detached.
05-16 07:39:35.970: I/BgTaskExecutorImpl(10908): Starting EXCLUSIVE background task UPDATE_HOTWORD_MODELS.
05-16 07:39:35.970: D/PrefCtrlListHelper(3180): Could not find Context-only controller for pref: com.android.settings.accessibility.AccessibilityButtonPreferenceController
05-16 07:39:35.971: D/PrefCtrlListHelper(3180): Could not find Context-only controller for pref: com.android.settings.accessibility.AccessibilityShortcutPreferenceController
05-16 07:39:35.974: V/MediaProvider(3676): Skipping next row id backup for internal database.
05-16 07:39:35.974: V/MediaProvider(3676): Skipping next row id backup.
05-16 07:39:35.980: V/MediaProvider(3676): Skipping next row id backup for internal database.
05-16 07:39:35.980: V/MediaProvider(3676): Skipping next row id backup.
05-16 07:39:35.984: I/RoleService(1495): Granting default roles...
05-16 07:39:35.985: D/PrefCtrlListHelper(3180): Could not find Context-only controller for pref: com.android.settings.wifi.CellularFallbackPreferenceController
05-16 07:39:35.988: V/MediaProvider(3676): Skipping next row id backup for internal database.
05-16 07:39:35.989: D/PrefCtrlListHelper(3180): Could not find Context-only controller for pref: com.android.settings.deviceinfo.storage.StorageSelectionPreferenceController
05-16 07:39:35.989: D/PrefCtrlListHelper(3180): Could not find Context-only controller for pref: com.android.settings.deviceinfo.storage.StorageUsageProgressBarPreferenceController
05-16 07:39:35.989: D/PrefCtrlListHelper(3180): Could not find Context-only controller for pref: com.android.settings.deviceinfo.storage.AutomaticStorageManagementSwitchPreferenceController
05-16 07:39:35.990: D/PrefCtrlListHelper(3180): Could not find Context-only controller for pref: com.android.settings.deviceinfo.storage.ManageStoragePreferenceController
05-16 07:39:35.990: W/SettingsPrefController(3180): Skipping updateNonIndexableKeys, key already in list. com.android.settings.deviceinfo.storage.StorageSelectionPreferenceController@8a7ca82
05-16 07:39:35.990: W/SettingsPrefController(3180): Skipping updateNonIndexableKeys, key already in list. com.android.settings.deviceinfo.storage.StorageUsageProgressBarPreferenceController@1b10593
05-16 07:39:35.990: D/PrefCtrlListHelper(3180): Could not find Context-only controller for pref: com.android.settings.inputmethod.UserDictionaryListPreferenceController
05-16 07:39:35.991: D/PrefCtrlListHelper(3180): Could not find Context-only controller for pref: com.android.settings.deviceinfo.hardwareinfo.DeviceModelPreferenceController
05-16 07:39:35.991: D/PrefCtrlListHelper(3180): Could not find Context-only controller for pref: com.android.settings.deviceinfo.hardwareinfo.SerialNumberPreferenceController
05-16 07:39:35.991: D/PrefCtrlListHelper(3180): Could not find Context-only controller for pref: com.android.settings.deviceinfo.hardwareinfo.HardwareRevisionPreferenceController
05-16 07:39:35.991: D/PrefCtrlListHelper(3180): Could not find Context-only controller for pref: com.android.settings.accessibility.AccessibilityButtonPreferenceController
05-16 07:39:35.992: D/PrefCtrlListHelper(3180): Could not find Context-only controller for pref: com.android.settings.accessibility.AccessibilityShortcutPreferenceController
05-16 07:39:35.992: I/ogle.android.as(3659): Background concurrent copying GC freed 560552(20MB) AllocSpace objects, 12(984KB) LOS objects, 75% free, 8422KB/32MB, paused 80us,2.772ms total 229.588ms
05-16 07:39:35.994: D/PrefCtrlListHelper(3180): Could not find Context-only controller for pref: com.android.settings.privacy.WorkPolicyInfoPreferenceController
05-16 07:39:35.989: V/MediaProvider(3676): Skipping next row id backup.
05-16 07:39:35.994: D/PrefCtrlListHelper(3180): Could not find Context-only controller for pref: com.android.settings.applications.specialaccess.interactacrossprofiles.InteractAcrossProfilesController
05-16 07:39:35.994: D/PrefCtrlListHelper(3180): Could not find Context-only controller for pref: com.android.settings.privacy.AccessibilityUsagePreferenceController
05-16 07:39:35.995: E/native(3659): E0000 00:00:1684247975.994976 3671 mmap.cc:233] Error during Unmap / munmap: Invalid argument
05-16 07:39:35.995: D/nativeloader(17085): Configuring classloader-namespace for other apk /system/framework/org.apache.http.legacy.jar. target_sdk_version=31, uses_libraries=ALL, library_path=/product/app/YouTube/lib/arm64:/product/app/YouTube/YouTube.apk!/lib/arm64-v8a, permitted_path=/data:/mnt/expand:/data/user/0/com.google.android.youtube
05-16 07:39:35.996: D/PrefCtrlListHelper(3180): Could not find Context-only controller for pref: com.android.settings.privacy.PrivacyHubPreferenceController
05-16 07:39:35.996: D/PrefCtrlListHelper(3180): Could not find Context-only controller for pref: com.android.settings.privacy.CameraToggleController
05-16 07:39:35.996: D/PrefCtrlListHelper(3180): Could not find Context-only controller for pref: com.android.settings.privacy.MicToggleController
05-16 07:39:35.996: D/PrefCtrlListHelper(3180): Could not find Context-only controller for pref: com.android.settings.sound.MediaControlsLockScreenPreferenceController
05-16 07:39:35.996: D/PrefCtrlListHelper(3180): Could not find Context-only controller for pref: com.android.settings.privacy.EnableContentCapturePreferenceController
05-16 07:39:35.996: D/PrefCtrlListHelper(3180): Could not find Context-only controller for pref: com.android.settings.privacy.EnableContentCaptureWithServiceSettingsPreferenceController
05-16 07:39:36.004: W/libc(3180): Access denied finding property "ro.vendor.aware_available"
05-16 07:39:36.004: I/A(10908): Using proto config with mendel
05-16 07:39:36.005: D/PrefCtrlListHelper(3180): Could not find Context-only controller for pref: com.android.settings.notification.SpatialAudioPreferenceController
05-16 07:39:36.005: D/PrefCtrlListHelper(3180): Could not find Context-only controller for pref: com.android.settings.notification.SpatialAudioWiredHeadphonesController
05-16 07:39:36.005: I/ModelDownloadController(10908): requestHotwordModelUpdate modelType-1 modelLocale-en
05-16 07:39:36.006: D/PrefCtrlListHelper(3180): Could not find Context-only controller for pref: com.android.settings.accessibility.CaptionFooterPreferenceController
05-16 07:39:36.006: D/PrefCtrlListHelper(3180): Could not find Context-only controller for pref: com.android.settings.accessibility.SelectLongPressTimeoutPreferenceController
05-16 07:39:36.006: D/PrefCtrlListHelper(3180): Could not find Context-only controller for pref: com.android.settings.accessibility.AccessibilityTimeoutPreferenceController
05-16 07:39:36.006: D/PrefCtrlListHelper(3180): Could not find Context-only controller for pref: com.android.settings.accessibility.AutoclickPreferenceController
05-16 07:39:36.007: D/CompatibilityChangeReporter(1495): Compat change id reported: 161252188; UID 10179; state: ENABLED
05-16 07:39:36.007: D/PrefCtrlListHelper(3180): Could not find Context-only controller for pref: com.android.settings.network.EraseEuiccDataController
05-16 07:39:36.007: I/A(10908): Using proto config with mendel
05-16 07:39:36.007: I/A(10908): Merging legacy hotword config map with new proto.
05-16 07:39:36.007: I/A(10908): Skipping. Expected model: 1 Found: 2
05-16 07:39:36.007: I/A(10908): Skipping. Expected model: 1 Found: 2
05-16 07:39:36.007: I/A(10908): Skipping. Expected model: 1 Found: 2
05-16 07:39:36.007: I/A(10908): Adding from config to map. Locale: ro-RO modelPrefix: okgoogle Location:b051c93dce7bb4dcb5d9ddcbbb2ca760Test isSpeakerIdSupported: false
05-16 07:39:36.008: I/A(10908): Skipping. Expected model: 1 Found: 2
05-16 07:39:36.008: V/MediaProvider(3676): Skipping next row id backup for internal database.
05-16 07:39:36.008: V/MediaProvider(3676): Skipping next row id backup.
05-16 07:39:36.009: D/PrefCtrlListHelper(3180): Could not find Context-only controller for pref: com.google.android.settings.fuelgauge.reversecharging.ReverseChargingSwitchPreferenceController
05-16 07:39:36.010: V/SettingsSearchProvider(3180): com.android.settings.datausage.DataSaverSummary$1@1af6dde tried to add an empty non-indexable key
05-16 07:39:36.012: V/SettingsSearchProvider(3180): com.android.settings.datetime.timezone.TimeZoneSettings$1@c3e2ada tried to add an empty non-indexable key
05-16 07:39:36.016: D/PrefCtrlListHelper(3180): Could not find Context-only controller for pref: com.google.android.settings.fuelgauge.reversecharging.ReverseChargingTopIntroController
05-16 07:39:36.017: D/PrefCtrlListHelper(3180): Could not find Context-only controller for pref: com.google.android.settings.fuelgauge.reversecharging.ReverseChargingSeekBarController
05-16 07:39:36.017: D/PrefCtrlListHelper(3180): Could not find Context-only controller for pref: com.google.android.settings.fuelgauge.reversecharging.ReverseChargingAutoTurnOnSwitchPreferenceController
05-16 07:39:36.017: W/libc(3180): Access denied finding property "ro.vendor.aware_available"
05-16 07:39:36.018: D/PrefCtrlListHelper(3180): Could not find Context-only controller for pref: com.android.settings.accessibility.PrimaryMonoPreferenceController
05-16 07:39:36.018: V/MediaProvider(3676): Skipping next row id backup for internal database.
05-16 07:39:36.018: V/MediaProvider(3676): Skipping next row id backup.
05-16 07:39:36.018: D/PrefCtrlListHelper(3180): Could not find Context-only controller for pref: com.android.settings.gestures.TapScreenGesturePreferenceController
05-16 07:39:36.019: D/PrefCtrlListHelper(3180): Could not find Context-only controller for pref: com.android.settings.sound.MediaControlsPreferenceController
05-16 07:39:36.019: D/PrefCtrlListHelper(3180): Could not find Context-only controller for pref: com.android.settings.sound.MediaControlsLockScreenPreferenceController
05-16 07:39:36.019: D/PrefCtrlListHelper(3180): Could not find Context-only controller for pref: com.android.settings.sound.MediaControlsRecommendationController
05-16 07:39:36.019: D/PrefCtrlListHelper(3180): Could not find Context-only controller for pref: com.android.settings.location.LocationInjectedServicesPreferenceController
05-16 07:39:36.019: D/PrefCtrlListHelper(3180): Could not find Context-only controller for pref: com.android.settings.location.LocationServicesWifiScanningPreferenceController
05-16 07:39:36.019: D/PrefCtrlListHelper(3180): Could not find Context-only controller for pref: com.android.settings.location.LocationServicesBluetoothScanningPreferenceController
05-16 07:39:36.019: W/libc(3180): Access denied finding property "ro.vendor.aware_available"
05-16 07:39:36.022: E/ApplicationPropertiesBu(10908): Error when converting version: messages.android_20220809_01_RC02_alldpi.arm64-v8a.phone
05-16 07:39:36.022: E/ApplicationPropertiesBu(10908): java.lang.NumberFormatException: For input string: "messages"
05-16 07:39:36.022: E/ApplicationPropertiesBu(10908): at java.lang.Long.parseLong(Long.java:736)
05-16 07:39:36.022: E/ApplicationPropertiesBu(10908): at java.lang.Long.parseLong(Long.java:861)
05-16 07:39:36.022: E/ApplicationPropertiesBu(10908): at com.google.android.apps.gsa.staticplugins.ad.h.d(PG:3)
05-16 07:39:36.022: E/ApplicationPropertiesBu(10908): at com.google.android.apps.gsa.staticplugins.ad.h.h(PG:3)
05-16 07:39:36.022: E/ApplicationPropertiesBu(10908): at com.google.android.apps.gsa.staticplugins.ad.h.e(PG:273)
05-16 07:39:36.022: E/ApplicationPropertiesBu(10908): at com.google.android.apps.gsa.staticplugins.ad.h.a(PG:38)
05-16 07:39:36.022: E/ApplicationPropertiesBu(10908): at com.google.android.apps.gsa.staticplugins.ad.p.a(PG:1)
05-16 07:39:36.022: E/ApplicationPropertiesBu(10908): at com.google.android.libraries.gsa.k.a.f.a(PG:2)
05-16 07:39:36.022: E/ApplicationPropertiesBu(10908): at com.google.android.apps.gsa.shared.logger.f.a.a.l.h(PG:2)
05-16 07:39:36.022: E/ApplicationPropertiesBu(10908): at com.google.android.apps.gsa.shared.logger.f.a.a.h.a(Unknown Source:4)
05-16 07:39:36.022: E/ApplicationPropertiesBu(10908): at com.google.common.util.concurrent.dz.a(PG:1)
05-16 07:39:36.022: E/ApplicationPropertiesBu(10908): at com.google.common.util.concurrent.cw.run(PG:4)
05-16 07:39:36.022: E/ApplicationPropertiesBu(10908): at com.google.common.util.concurrent.eb.run(PG:1)
05-16 07:39:36.022: E/ApplicationPropertiesBu(10908): at com.google.android.libraries.i.af.run(PG:1)
05-16 07:39:36.022: E/ApplicationPropertiesBu(10908): at com.google.android.libraries.i.an.run(PG:23)
05-16 07:39:36.022: E/ApplicationPropertiesBu(10908): at com.google.android.libraries.i.l.run(PG:2)
05-16 07:39:36.022: E/ApplicationPropertiesBu(10908): at com.google.android.libraries.i.q.run(PG:4)
05-16 07:39:36.022: E/ApplicationPropertiesBu(10908): at java.lang.Thread.run(Thread.java:1012)
05-16 07:39:36.026: E/ModelDownloadController(10908): Failed fetching the hotword model location configuration
05-16 07:39:36.026: D/PrefCtrlListHelper(3180): Could not find Context-only controller for pref: com.android.settings.development.graphicsdriver.GraphicsDriverTopIntroPreferenceController
05-16 07:39:36.027: E/ModelDownloadController(10908): Invalid hotword model location: location is null or empty: null
05-16 07:39:36.027: W/BugleTachygram(12379): Not using Tachygram because PEv3 is disabled
05-16 07:39:36.027: D/PrefCtrlListHelper(3180): Could not find Context-only controller for pref: com.android.settings.development.graphicsdriver.GraphicsDriverEnableForAllAppsPreferenceController
05-16 07:39:36.028: D/PrefCtrlListHelper(3180): Could not find Context-only controller for pref: com.android.settings.development.graphicsdriver.GraphicsDriverAppPreferenceController
05-16 07:39:36.028: W/SearchServiceCore(10908): Abort, client detached.
05-16 07:39:36.028: W/SearchServiceCore(10908): Abort, client detached.
05-16 07:39:36.033: W/JobScheduler(1495): Job didn't exist in JobStore: 1ab78fe #u0a163/-183 com.google.android.googlequicksearchbox/com.google.android.apps.gsa.tasks.BackgroundTasksJobService
05-16 07:39:36.038: D/PrefCtrlListHelper(3180): Could not find Context-only controller for pref: com.android.settings.privacy.WorkPolicyInfoPreferenceController
05-16 07:39:36.038: D/PrefCtrlListHelper(3180): Could not find Context-only controller for pref: com.android.settings.applications.specialaccess.interactacrossprofiles.InteractAcrossProfilesController
05-16 07:39:36.038: D/PrefCtrlListHelper(3180): Could not find Context-only controller for pref: com.android.settings.privacy.AccessibilityUsagePreferenceController
05-16 07:39:36.039: V/MediaProvider(3676): Skipping next row id backup for internal database.
05-16 07:39:36.040: D/PrefCtrlListHelper(3180): Could not find Context-only controller for pref: com.android.settings.privacy.PrivacyHubPreferenceController
05-16 07:39:36.040: D/PrefCtrlListHelper(3180): Could not find Context-only controller for pref: com.android.settings.privacy.CameraToggleController
05-16 07:39:36.040: D/PrefCtrlListHelper(3180): Could not find Context-only controller for pref: com.android.settings.privacy.MicToggleController
05-16 07:39:36.040: D/PrefCtrlListHelper(3180): Could not find Context-only controller for pref: com.android.settings.sound.MediaControlsLockScreenPreferenceController
05-16 07:39:36.041: D/PrefCtrlListHelper(3180): Could not find Context-only controller for pref: com.android.settings.privacy.EnableContentCapturePreferenceController
05-16 07:39:36.041: D/PrefCtrlListHelper(3180): Could not find Context-only controller for pref: com.android.settings.privacy.EnableContentCaptureWithServiceSettingsPreferenceController
05-16 07:39:36.040: V/MediaProvider(3676): Skipping next row id backup.
05-16 07:39:36.045: D/nativeloader(17085): Configuring vendor-classloader-namespace for unbundled product apk /product/app/YouTube/YouTube.apk. target_sdk_version=31, uses_libraries=, library_path=/product/app/YouTube/lib/arm64:/product/app/YouTube/YouTube.apk!/lib/arm64-v8a:/product/lib64:/system/product/lib64, permitted_path=/data:/mnt/expand:/data/user/0/com.google.android.youtube:/product/lib64:/system/product/lib64
05-16 07:39:36.047: V/MediaProvider(3676): Skipping next row id backup for internal database.
05-16 07:39:36.047: V/MediaProvider(3676): Skipping next row id backup.
05-16 07:39:36.052: I/BugleDataModel(12379): PendingMessagesProcessor: process from ProcessPendingMessagesAction due to scheduled processing with delay 0 with queues:
05-16 07:39:36.054: W/PrefControllerMixin(3180): Skipping updateNonIndexableKeys due to empty key com.android.settings.notification.LockScreenNotificationPreferenceController@c6b8618
05-16 07:39:36.056: V/MediaProvider(3676): Skipping next row id backup for internal database.
05-16 07:39:36.056: V/MediaProvider(3676): Skipping next row id backup.
05-16 07:39:36.058: D/SlicesIndexer(3180): Slices already indexed - returning.
05-16 07:39:36.058: V/MediaProvider(3676): Skipping next row id backup for internal database.
05-16 07:39:36.058: V/MediaProvider(3676): Skipping next row id backup.
05-16 07:39:36.058: V/MediaProvider(3676): Skipping next row id backup for internal database.
05-16 07:39:36.058: V/MediaProvider(3676): Skipping next row id backup.
05-16 07:39:36.059: D/SettingsSliceProvider(3180): Allowlisting 5 uris to 3 pkgs.
05-16 07:39:36.059: V/MediaProvider(3676): Skipping next row id backup for internal database.
05-16 07:39:36.059: V/MediaProvider(3676): Skipping next row id backup.
05-16 07:39:36.059: W/SettingsPrefController(3180): Skipping updateNonIndexableKeys, key already in list. com.android.settings.applications.specialaccess.interactacrossprofiles.InteractAcrossProfilesController@b339871
05-16 07:39:36.066: V/MediaProvider(3676): Skipping next row id backup for internal database.
05-16 07:39:36.066: V/MediaProvider(3676): Skipping next row id backup.
05-16 07:39:36.070: D/CompatibilityChangeReporter(1495): Compat change id reported: 161252188; UID 10166; state: DISABLED
05-16 07:39:36.070: V/MediaProvider(3676): Skipping next row id backup for internal database.
05-16 07:39:36.070: V/MediaProvider(3676): Skipping next row id backup.
05-16 07:39:36.072: V/MediaProvider(3676): Skipping next row id backup for internal database.
05-16 07:39:36.072: V/MediaProvider(3676): Skipping next row id backup.
05-16 07:39:36.075: D/PrefCtrlListHelper(3180): Could not find Context-only controller for pref: com.android.settings.security.CredentialManagementAppHeaderController
05-16 07:39:36.075: D/PrefCtrlListHelper(3180): Could not find Context-only controller for pref: com.android.settings.security.CredentialManagementAppButtonsController
05-16 07:39:36.076: D/PrefCtrlListHelper(3180): Could not find Context-only controller for pref: com.android.settings.security.CredentialManagementAppPolicyController
05-16 07:39:36.076: W/libc(3180): Access denied finding property "ro.vendor.aware_available"
05-16 07:39:36.076: W/libc(3180): Access denied finding property "ro.vendor.aware_available"
05-16 07:39:36.076: V/SettingsSearchProvider(3180): com.google.android.settings.aware.AwareDisplaySettings$1@d7cc0f5 tried to add an empty non-indexable key
05-16 07:39:36.077: V/MediaProvider(3676): Skipping next row id backup for internal database.
05-16 07:39:36.077: V/MediaProvider(3676): Skipping next row id backup.
05-16 07:39:36.077: D/PrefCtrlListHelper(3180): Could not find Context-only controller for pref: com.android.settings.notification.SpatialAudioPreferenceController
05-16 07:39:36.077: D/PrefCtrlListHelper(3180): Could not find Context-only controller for pref: com.android.settings.notification.SpatialAudioWiredHeadphonesController
05-16 07:39:36.079: E/ApplicationPropertiesBu(10908): Date 2021-12-06T00:00:00Z is out of expected range.
05-16 07:39:36.079: V/MediaProvider(3676): Skipping next row id backup for internal database.
05-16 07:39:36.079: V/MediaProvider(3676): Skipping next row id backup.
05-16 07:39:36.079: V/GraphicsEnvironment(17085): ANGLE Developer option for 'com.google.android.youtube' set to: 'default'
05-16 07:39:36.079: V/GraphicsEnvironment(17085): ANGLE GameManagerService for com.google.android.youtube: false
05-16 07:39:36.079: V/GraphicsEnvironment(17085): Neither updatable production driver nor prerelease driver is supported.
05-16 07:39:36.080: D/PrefCtrlListHelper(3180): Could not find Context-only controller for pref: com.android.settings.applications.specialaccess.vrlistener.VrListenerScreenPreferenceController
05-16 07:39:36.080: D/PrefCtrlListHelper(3180): Could not find Context-only controller for pref: com.android.settings.accessibility.CaptionFooterPreferenceController
05-16 07:39:36.081: V/MediaProvider(3676): Skipping next row id backup for internal database.
05-16 07:39:36.081: V/MediaProvider(3676): Skipping next row id backup.
05-16 07:39:36.081: D/PrefCtrlListHelper(3180): Could not find Context-only controller for pref: com.android.settings.accessibility.SelectLongPressTimeoutPreferenceController
05-16 07:39:36.081: D/NetworkSecurityConfig(17085): Using Network Security Config from resource network_security_config debugBuild: false
05-16 07:39:36.081: D/PrefCtrlListHelper(3180): Could not find Context-only controller for pref: com.android.settings.accessibility.AccessibilityTimeoutPreferenceController
05-16 07:39:36.081: D/PrefCtrlListHelper(3180): Could not find Context-only controller for pref: com.android.settings.accessibility.AutoclickPreferenceController
05-16 07:39:36.082: V/MediaProvider(3676): Skipping next row id backup for internal database.
05-16 07:39:36.082: V/MediaProvider(3676): Skipping next row id backup.
05-16 07:39:36.082: D/NetworkSecurityConfig(17085): Using Network Security Config from resource network_security_config debugBuild: false
05-16 07:39:36.082: D/PrefCtrlListHelper(3180): Could not find Context-only controller for pref: com.android.settings.network.EraseEuiccDataController
05-16 07:39:36.083: V/MediaProvider(3676): Skipping next row id backup for internal database.
05-16 07:39:36.083: V/MediaProvider(3676): Skipping next row id backup.
05-16 07:39:36.083: E/ApplicationPropertiesBu(10908): Date 2022-02-15T00:00:00Z is out of expected range.
05-16 07:39:36.084: E/ApplicationPropertiesBu(10908): Date 2022-02-22T00:00:00Z is out of expected range.
05-16 07:39:36.084: V/MediaProvider(3676): Skipping next row id backup for internal database.
05-16 07:39:36.084: V/MediaProvider(3676): Skipping next row id backup.
05-16 07:39:36.085: D/ForcePeakRefreshRateCtr(3180): DEFAULT_REFRESH_RATE : 60.0 mPeakRefreshRate : 120.00001
05-16 07:39:36.086: V/MediaProvider(3676): Skipping next row id backup for internal database.
05-16 07:39:36.086: V/MediaProvider(3676): Skipping next row id backup.
05-16 07:39:36.088: V/MediaProvider(3676): Skipping next row id backup for internal database.
05-16 07:39:36.088: V/MediaProvider(3676): Skipping next row id backup.
05-16 07:39:36.089: V/MediaProvider(3676): Skipping next row id backup for internal database.
05-16 07:39:36.089: V/MediaProvider(3676): Skipping next row id backup.
05-16 07:39:36.090: D/PrefCtrlListHelper(3180): Could not find Context-only controller for pref: com.google.android.settings.fuelgauge.reversecharging.ReverseChargingSwitchPreferenceController
05-16 07:39:36.091: D/PrefCtrlListHelper(3180): Could not find Context-only controller for pref: com.google.android.settings.fuelgauge.reversecharging.ReverseChargingTopIntroController
05-16 07:39:36.091: D/PrefCtrlListHelper(3180): Could not find Context-only controller for pref: com.google.android.settings.fuelgauge.reversecharging.ReverseChargingSeekBarController
05-16 07:39:36.091: D/PrefCtrlListHelper(3180): Could not find Context-only controller for pref: com.google.android.settings.fuelgauge.reversecharging.ReverseChargingAutoTurnOnSwitchPreferenceController
05-16 07:39:36.091: V/MediaProvider(3676): Skipping next row id backup for internal database.
05-16 07:39:36.091: V/MediaProvider(3676): Skipping next row id backup.
05-16 07:39:36.091: W/libc(3180): Access denied finding property "ro.vendor.aware_available"
05-16 07:39:36.092: V/SettingsSearchProvider(3180): com.google.android.settings.aware.WakeScreenGestureSettings$1@14ed43f tried to add an empty non-indexable key
05-16 07:39:36.092: D/PrefCtrlListHelper(3180): Could not find Context-only controller for pref: com.android.settings.accessibility.PrimaryMonoPreferenceController
05-16 07:39:36.092: V/MediaProvider(3676): Skipping next row id backup for internal database.
05-16 07:39:36.092: V/MediaProvider(3676): Skipping next row id backup.
05-16 07:39:36.092: D/PrefCtrlListHelper(3180): Could not find Context-only controller for pref: com.android.settings.gestures.TapScreenGesturePreferenceController
05-16 07:39:36.093: D/PrefCtrlListHelper(3180): Could not find Context-only controller for pref: com.android.settings.sound.MediaControlsPreferenceController
05-16 07:39:36.093: D/PrefCtrlListHelper(3180): Could not find Context-only controller for pref: com.android.settings.sound.MediaControlsLockScreenPreferenceController
05-16 07:39:36.093: D/PrefCtrlListHelper(3180): Could not find Context-only controller for pref: com.android.settings.sound.MediaControlsRecommendationController
05-16 07:39:36.094: D/PrefCtrlListHelper(3180): Could not find Context-only controller for pref: com.android.settings.location.LocationInjectedServicesPreferenceController
05-16 07:39:36.094: D/PrefCtrlListHelper(3180): Could not find Context-only controller for pref: com.android.settings.location.LocationServicesWifiScanningPreferenceController
05-16 07:39:36.094: D/PrefCtrlListHelper(3180): Could not find Context-only controller for pref: com.android.settings.location.LocationServicesBluetoothScanningPreferenceController
05-16 07:39:36.094: W/libc(3180): Access denied finding property "ro.vendor.aware_available"
05-16 07:39:36.094: V/SettingsSearchProvider(3180): com.google.android.settings.aware.SilenceGestureSettings$1@efc6c93 tried to add an empty non-indexable key
05-16 07:39:36.096: V/MediaProvider(3676): Skipping next row id backup for internal database.
05-16 07:39:36.096: V/MediaProvider(3676): Skipping next row id backup.
05-16 07:39:36.098: V/MediaProvider(3676): Skipping next row id backup for internal database.
05-16 07:39:36.098: V/MediaProvider(3676): Skipping next row id backup.
05-16 07:39:36.099: W/BaseSearchIndex(3180): Error initial controller
05-16 07:39:36.101: V/MediaProvider(3676): Skipping next row id backup for internal database.
05-16 07:39:36.101: V/MediaProvider(3676): Skipping next row id backup.
05-16 07:39:36.102: V/MediaProvider(3676): Skipping next row id backup for internal database.
05-16 07:39:36.102: V/MediaProvider(3676): Skipping next row id backup.
05-16 07:39:36.101: W/A(10908): Exception while fetching versionCode for package[com.google.android.apps.tv.dreamx].
05-16 07:39:36.101: W/A(10908): android.content.pm.PackageManager$NameNotFoundException: com.google.android.apps.tv.dreamx
05-16 07:39:36.101: W/A(10908): at android.app.ApplicationPackageManager.getPackageInfoAsUser(ApplicationPackageManager.java:253)
05-16 07:39:36.101: W/A(10908): at android.app.ApplicationPackageManager.getPackageInfo(ApplicationPackageManager.java:213)
05-16 07:39:36.101: W/A(10908): at android.app.ApplicationPackageManager.getPackageInfo(ApplicationPackageManager.java:207)
05-16 07:39:36.101: W/A(10908): at com.google.android.apps.gsa.staticplugins.ad.h.c(PG:4)
05-16 07:39:36.101: W/A(10908): at com.google.android.apps.gsa.staticplugins.ad.h.e(PG:375)
05-16 07:39:36.101: W/A(10908): at com.google.android.apps.gsa.staticplugins.ad.h.a(PG:38)
05-16 07:39:36.101: W/A(10908): at com.google.android.apps.gsa.staticplugins.ad.p.a(PG:1)
05-16 07:39:36.101: W/A(10908): at com.google.android.libraries.gsa.k.a.f.a(PG:2)
05-16 07:39:36.101: W/A(10908): at com.google.android.apps.gsa.shared.logger.f.a.a.l.h(PG:2)
05-16 07:39:36.101: W/A(10908): at com.google.android.apps.gsa.shared.logger.f.a.a.h.a(Unknown Source:4)
05-16 07:39:36.101: W/A(10908): at com.google.common.util.concurrent.dz.a(PG:1)
05-16 07:39:36.101: W/A(10908): at com.google.common.util.concurrent.cw.run(PG:4)
05-16 07:39:36.101: W/A(10908): at com.google.common.util.concurrent.eb.run(PG:1)
05-16 07:39:36.101: W/A(10908): at com.google.android.libraries.i.af.run(PG:1)
05-16 07:39:36.101: W/A(10908): at com.google.android.libraries.i.an.run(PG:23)
05-16 07:39:36.101: W/A(10908): at com.google.android.libraries.i.l.run(PG:2)
05-16 07:39:36.101: W/A(10908): at com.google.android.libraries.i.q.run(PG:4)
05-16 07:39:36.101: W/A(10908): at java.lang.Thread.run(Thread.java:1012)
05-16 07:39:36.104: V/MediaProvider(3676): Skipping next row id backup for internal database.
05-16 07:39:36.104: V/MediaProvider(3676): Skipping next row id backup.
05-16 07:39:36.107: D/PrefCtrlListHelper(3180): Could not find Context-only controller for pref: com.android.settings.notification.ImportanceResetPreferenceController
05-16 07:39:36.107: D/PrefCtrlListHelper(3180): Could not find Context-only controller for pref: com.android.settings.location.LocationIndicatorsPreferenceController
05-16 07:39:36.108: V/MediaProvider(3676): Skipping next row id backup for internal database.
05-16 07:39:36.108: V/MediaProvider(3676): Skipping next row id backup.
05-16 07:39:36.112: D/CompatibilityChangeReporter(1495): Compat change id reported: 161252188; UID 10141; state: ENABLED
05-16 07:39:36.113: V/MediaProvider(3676): Skipping next row id backup for internal database.
05-16 07:39:36.113: V/MediaProvider(3676): Skipping next row id backup.
05-16 07:39:36.113: W/A(10908): Failed to fetch versionCode for package[com.google.android.apps.tv.dreamx].
05-16 07:39:36.115: W/BugleTachygram(12379): Not using Tachygram because PEv3 is disabled
05-16 07:39:36.116: D/PrefCtrlListHelper(3180): Could not find Context-only controller for pref: com.android.settings.development.graphicsdriver.GraphicsDriverTopIntroPreferenceController
05-16 07:39:36.116: D/PrefCtrlListHelper(3180): Could not find Context-only controller for pref: com.android.settings.development.graphicsdriver.GraphicsDriverEnableForAllAppsPreferenceController
05-16 07:39:36.116: D/PrefCtrlListHelper(3180): Could not find Context-only controller for pref: com.android.settings.development.graphicsdriver.GraphicsDriverAppPreferenceController
05-16 07:39:36.116: D/BluetoothAdapter(10395): isLeEnabled(): ON
05-16 07:39:36.117: V/MediaProvider(3676): Skipping next row id backup for internal database.
05-16 07:39:36.117: V/MediaProvider(3676): Skipping next row id backup.
05-16 07:39:36.118: D/ActivityAttributionService(2838): notifyActivityAttributionInfo UID=1002 packageName=com.android.bluetooth deviceAddress=no_active_device_address
05-16 07:39:36.118: I/bt_btif(2838): packages/modules/Bluetooth/system/btif/src/bluetooth.cc:471 get_profile_interface: get_profile_interface: id = activity_attribution
05-16 07:39:36.118: I/bt_stack(2838): [INFO:le_scanning_manager.cc(152)] Scan in shim layer stopped
05-16 07:39:36.118: I/bluetooth(2838): packages/modules/Bluetooth/system/gd/hci/le_scanning_manager.cc:653 stop_scan: Scanning already stopped, return!
