05-16 07:39:36.638: D/MultiInternetWifiNetworkFactory(1495): got request NetworkRequest [ REQUEST id=282, [ Capabilities: INTERNET&NOT_RESTRICTED&TRUSTED&NOT_VCN_MANAGED Uid: 10194 RequestorUid: 10194 RequestorPkg: com.google.android.youtube UnderlyingNetworks: Null] ]
05-16 07:39:36.638: D/ConnectivityService(1495): NetReassign [282 : null → 100] [c 0] [a 1] [i 3]
05-16 07:39:36.643: I/bluetooth(2838): packages/modules/Bluetooth/system/gd/hci/le_scanning_manager.cc:653 stop_scan: Scanning already stopped, return!
05-16 07:39:36.644: I/bluetooth(2838): packages/modules/Bluetooth/system/gd/hci/le_scanning_manager.cc:653 stop_scan: Scanning already stopped, return!
05-16 07:39:36.647: W/BugleTachygram(12379): Not using Tachygram because PEv3 is disabled
05-16 07:39:36.653: D/PrefCtrlListHelper(3180): Could not find Context-only controller for pref: com.android.settings.network.telephony.SmsDefaultSubscriptionController
05-16 07:39:36.653: D/PrefCtrlListHelper(3180): Could not find Context-only controller for pref: com.android.settings.network.telephony.NetworkProviderWifiCallingPreferenceController
05-16 07:39:36.653: D/PrefCtrlListHelper(3180): Could not find Context-only controller for pref: com.android.settings.network.telephony.NetworkProviderBackupCallingPreferenceController
05-16 07:39:36.654: D/PrefCtrlListHelper(3180): Could not find Context-only controller for pref: com.google.android.settings.network.ConnectivityHelperCallQualityPreferenceController
05-16 07:39:36.654: D/ch_callQuality(3180): isDeviceSupport: truemIsChecked: true
05-16 07:39:36.654: D/PrefCtrlListHelper(3180): Could not find Context-only controller for pref: com.google.android.settings.network.ConnectivityHelperDeviceToDevicePreferenceController
05-16 07:39:36.654: D/ch_d2d(3180): isDeviceSupport: truemIsChecked: false
05-16 07:39:36.655: D/PrefCtrlListHelper(3180): Could not find Context-only controller for pref: com.android.settings.network.NetworkProviderSimsCategoryController
05-16 07:39:36.655: W/PrefCtrlListHelper(3180): Cannot instantiate controller from reflection: com.android.settings.network.NetworkProviderSimsCategoryController
05-16 07:39:36.655: D/PrefCtrlListHelper(3180): Could not find Context-only controller for pref: com.android.settings.network.NetworkProviderDownloadedSimsCategoryController
05-16 07:39:36.655: W/PrefCtrlListHelper(3180): Cannot instantiate controller from reflection: com.android.settings.network.NetworkProviderDownloadedSimsCategoryController
05-16 07:39:36.656: D/PrefCtrlListHelper(3180): Could not find Context-only controller for pref: com.android.settings.dream.DreamMainSwitchPreferenceController
05-16 07:39:36.656: D/PrefCtrlListHelper(3180): Could not find Context-only controller for pref: com.android.settings.dream.DreamPickerController
05-16 07:39:36.656: W/DreamManagerService(1495): Falling back to default dream ComponentInfo{com.google.android.deskclock/com.android.deskclock.Screensaver}
05-16 07:39:36.675: I/SP.AiAi(3659): Sync for text-classifier-annotator succeeded in 1446 ms: {added: [v903_3963511d8644d2966855151b920fbfcb], removed: [v903_06656a217c5954513f58be8941d7240f], metadata: false
05-16 07:39:36.675: I/SP.AiAi(3659): Deleting file v903_06656a217c5954513f58be8941d7240f/universal.fb, reason: 8
05-16 07:39:36.676: I/SP.AiAi(3659): Deleting file text-classifier-annotator/v903_06656a217c5954513f58be8941d7240f, reason: 8
05-16 07:39:36.677: D/AOC(1054): A3:MSG: window_orientation.c, 697: [WO] Proposed rotation: 1, flat angle threshold: 40
05-16 07:39:36.677: D/AOC(1054): A3:MSG: window_orientation.c, 1105: [WO] orientation angle 89, orientation 1
05-16 07:39:36.677: D/AOC(1054): A3:MSG: window_orientation.c, 430: [WO] Gyro angle integrated: 0.059164
05-16 07:39:36.677: D/AOC(1054): A3:MSG: window_orientation.c, 430: [WO] Gyro angle integrated: 0.059164
05-16 07:39:36.686: W/PackageManager(1495): User 0 is not ready. Restore at install didn't take place.
05-16 07:39:36.687: D/PackageInstallerSession(1495): Marking session 1273788669 as applied
05-16 07:39:36.689: E/installd(984): Couldn't opendir /data/app/vmdl1273788669.tmp: No such file or directory
05-16 07:39:36.689: E/installd(984): Failed to delete /data/app/vmdl1273788669.tmp: No such file or directory
05-16 07:39:36.691: D/CompatibilityChangeReporter(1495): Compat change id reported: 168419799; UID 10259; state: DISABLED
05-16 07:39:36.693: I/MediaProvider(3676): Invalidating LocalCallingIdentity cache for package com.alonalbert.firebase.test. Reason: package android.intent.action.PACKAGE_ADDED
05-16 07:39:36.693: D/CompatibilityChangeReporter(1495): Compat change id reported: 218533173; UID 10259; state: ENABLED
05-16 07:39:36.698: I/InputReader(1495): Reconfiguring input devices, changes=KEYBOARD_LAYOUTS |
05-16 07:39:36.698: I/PermissionControllerServiceImpl(3480): Updating user sensitive for uid 10259
05-16 07:39:36.701: I/Telecom(1495): DefaultDialerCache: Refreshing default dialer for user 0: now com.google.android.dialer: DDC.oR@Ahc
05-16 07:39:36.702: I/GsaVoiceInteractionSrv(3737): O received Intent { act=android.intent.action.PACKAGE_ADDED dat=package: flg=0x4000010 (has extras) }
05-16 07:39:36.704: V/MediaPlayerList(2838): mPackageChangedBroadcastReceiver: action: android.intent.action.PACKAGE_ADDED
05-16 07:39:36.704: D/MediaPlayerList(2838): Name of package changed: com.alonalbert.firebase.test
05-16 07:39:36.706: W/BroadcastQueue(1495): Background execution not allowed: receiving Intent { act=android.intent.action.PACKAGE_ADDED dat=package: flg=0x4000010 (has extras) } to com.google.android.packageinstaller/com.android.packageinstaller.PackageInstalledReceiver
05-16 07:39:36.706: I/Finsky(14188): [2] vny.g(0): vny - Received: android.intent.action.PACKAGE_ADDED, [GKIsKwa6L35qrmZvfZ-9vL9xjwyyi8fQA_wPzUejbC4]
05-16 07:39:36.707: W/BroadcastQueue(1495): Background execution not allowed: receiving Intent { act=android.intent.action.PACKAGE_ADDED dat=package: flg=0x4000010 (has extras) } to com.android.vending/com.google.android.finsky.packagemonitor.impl.PackageMonitorReceiverImpl$RegisteredReceiver
05-16 07:39:36.707: W/BroadcastQueue(1495): Background execution not allowed: receiving Intent { act=android.intent.action.PACKAGE_ADDED dat=package: flg=0x4000010 (has extras) } to com.android.vending/com.google.android.finsky.packagemonitor.backgroundimpl.BackgroundPackageMonitorReceiverImpl$RegisteredReceiver
05-16 07:39:36.708: W/BroadcastQueue(1495): Background execution not allowed: receiving Intent { act=android.intent.action.PACKAGE_ADDED dat=package: flg=0x4000010 (has extras) } to com.google.android.gms/.games.chimera.GamesSystemBroadcastReceiverProxy
05-16 07:39:36.708: W/BroadcastQueue(1495): Background execution not allowed: receiving Intent { act=android.intent.action.PACKAGE_ADDED dat=package: flg=0x4000010 (has extras) } to com.google.android.gms/.gass.chimera.PackageChangeBroadcastReceiver
05-16 07:39:36.708: W/BroadcastQueue(1495): Background execution not allowed: receiving Intent { act=android.intent.action.PACKAGE_ADDED dat=package: flg=0x4000010 (has extras) } to com.google.android.gms/.chimera.GmsIntentOperationService$PersistentTrustedReceiver
05-16 07:39:36.711: W/BroadcastQueue(1495): Background execution not allowed: receiving Intent { act=android.intent.action.PACKAGE_ADDED dat=package: flg=0x4000010 (has extras) } to com.google.android.googlequicksearchbox/com.google.android.apps.gsa.googlequicksearchbox.GelStubAppWatcher
05-16 07:39:36.711: I/Finsky(14188): [209] oin.run(16): Wrote row to frosting DB: 406
05-16 07:39:36.717: W/A(3737): Failed to notify listeners
05-16 07:39:36.717: W/A(3737): java.util.concurrent.CancellationException
05-16 07:39:36.717: W/A(3737): at java.util.concurrent.FutureTask.report(FutureTask.java:121)
05-16 07:39:36.717: W/A(3737): at java.util.concurrent.FutureTask.get(FutureTask.java:191)
05-16 07:39:36.717: W/A(3737): at com.google.common.util.concurrent.bv.get(PG:1)
05-16 07:39:36.717: W/A(3737): at com.google.common.util.concurrent.ed.a(PG:1)
05-16 07:39:36.717: W/A(3737): at com.google.common.util.concurrent.cj.r(PG:2)
05-16 07:39:36.717: W/A(3737): at com.google.common.util.concurrent.cc.run(PG:4)
05-16 07:39:36.717: W/A(3737): at com.google.common.util.concurrent.bg.execute(PG:1)
05-16 07:39:36.717: W/A(3737): at com.google.common.util.concurrent.bj.c(PG:1)
05-16 07:39:36.717: W/A(3737): at com.google.common.util.concurrent.bj.b(PG:3)
05-16 07:39:36.717: W/A(3737): at com.google.common.util.concurrent.cy.done(PG:1)
05-16 07:39:36.717: W/A(3737): at java.util.concurrent.FutureTask.finishCompletion(FutureTask.java:381)
05-16 07:39:36.717: W/A(3737): at java.util.concurrent.FutureTask.cancel(FutureTask.java:179)
05-16 07:39:36.717: W/A(3737): at com.google.common.util.concurrent.bv.cancel(PG:1)
05-16 07:39:36.717: W/A(3737): at com.google.android.apps.search.assistant.platform.ondevice.fulfillment.server.j.q.run(PG:1)
05-16 07:39:36.717: W/A(3737): at com.google.apps.tiktok.tracing.ek.run(PG:2)
05-16 07:39:36.717: W/A(3737): at java.util.concurrent.Executors$RunnableAdapter.call(Executors.java:463)
05-16 07:39:36.717: W/A(3737): at com.google.common.util.concurrent.ea.a(PG:1)
05-16 07:39:36.717: W/A(3737): at com.google.common.util.concurrent.cw.run(PG:4)
05-16 07:39:36.717: W/A(3737): at com.google.common.util.concurrent.eb.run(PG:1)
05-16 07:39:36.717: W/A(3737): at com.google.android.libraries.i.af.run(PG:1)
05-16 07:39:36.717: W/A(3737): at com.google.android.libraries.i.an.run(PG:23)
05-16 07:39:36.717: W/A(3737): at com.google.android.libraries.i.l.run(PG:2)
05-16 07:39:36.717: W/A(3737): at com.google.android.libraries.i.q.run(PG:4)
05-16 07:39:36.717: W/A(3737): at java.lang.Thread.run(Thread.java:1012)
05-16 07:39:36.719: I/SP.AiAi(3659): GC for 'text-classifier-annotator' (10) with ttl of 0 ms took 1 ms (0/1/0)
05-16 07:39:36.719: I/AiAiNowPlaying(3659): Superpacks changed. Refreshing FA controller
05-16 07:39:36.723: W/SearchServiceCore(10908): Abort, client detached.
05-16 07:39:36.723: W/SearchServiceCore(10908): Abort, client detached.
05-16 07:39:36.724: I/AiAiTextClassifier(3659): [ResourceDownloaderImpl]: downloadResource(): Successfully downloaded superpack 'text-classifier-annotator', download version 696969673.
05-16 07:39:36.724: I/Finsky(14188): [78] jlf.a(5): AIM: AppInfoManager-Perf > OnDeviceAppInfo > cacheHitCount=0, cacheMissCount=1. Missed in cache (limit 10) : [com.alonalbert.firebase.test]
05-16 07:39:36.725: I/Finsky(14188): [78] jiv.apply(110): AIM: Got app ownership map. App counts: . Unique apps: 0
05-16 07:39:36.726: I/Finsky(14188): [2] qqh.ahl(1): DTU: Received onPackageAdded, replacing: false
05-16 07:39:36.727: I/Finsky(14188): [211] jvi.abQ(78): [ContentSync] finished, scheduled=false
05-16 07:39:36.727: I/Finsky(14188): [212] aw.a(5): Asset module storage cleared for package com.alonalbert.firebase.test.
05-16 07:39:36.735: I/InputReader(1495): Reconfiguring input devices, changes=KEYBOARD_LAYOUTS |
05-16 07:39:36.736: V/MediaPlayerList(2838): mPackageChangedBroadcastReceiver: action: android.intent.action.PACKAGE_CHANGED
05-16 07:39:36.736: D/MediaPlayerList(2838): Name of package changed: com.alonalbert.firebase.test
05-16 07:39:36.738: I/Telecom(1495): DefaultDialerCache: Refreshing default dialer for user 0: now com.google.android.dialer: DDC.oR@Ahg
05-16 07:39:36.739: D/CarrierSvcBindHelper(2974): onPackageAdded: com.alonalbert.firebase.test
05-16 07:39:36.741: D/CarrierSvcBindHelper(2974): No carrier app for: 0
05-16 07:39:36.742: W/A(3737): Failed to notify listeners
05-16 07:39:36.742: W/A(3737): java.util.concurrent.CancellationException
05-16 07:39:36.742: W/A(3737): at java.util.concurrent.FutureTask.report(FutureTask.java:121)
05-16 07:39:36.742: W/A(3737): at java.util.concurrent.FutureTask.get(FutureTask.java:191)
05-16 07:39:36.742: W/A(3737): at com.google.common.util.concurrent.bv.get(PG:1)
05-16 07:39:36.742: W/A(3737): at com.google.common.util.concurrent.ed.a(PG:1)
05-16 07:39:36.742: W/A(3737): at com.google.common.util.concurrent.cj.r(PG:2)
05-16 07:39:36.742: W/A(3737): at com.google.common.util.concurrent.cc.run(PG:4)
05-16 07:39:36.742: W/A(3737): at com.google.common.util.concurrent.bg.execute(PG:1)
05-16 07:39:36.742: W/A(3737): at com.google.common.util.concurrent.bj.c(PG:1)
05-16 07:39:36.742: W/A(3737): at com.google.common.util.concurrent.bj.b(PG:3)
05-16 07:39:36.742: W/A(3737): at com.google.common.util.concurrent.cy.done(PG:1)
05-16 07:39:36.742: W/A(3737): at java.util.concurrent.FutureTask.finishCompletion(FutureTask.java:381)
05-16 07:39:36.742: W/A(3737): at java.util.concurrent.FutureTask.cancel(FutureTask.java:179)
05-16 07:39:36.742: W/A(3737): at com.google.common.util.concurrent.bv.cancel(PG:1)
05-16 07:39:36.742: W/A(3737): at com.google.android.apps.search.assistant.platform.ondevice.fulfillment.server.j.q.run(PG:1)
05-16 07:39:36.742: W/A(3737): at com.google.apps.tiktok.tracing.ek.run(PG:2)
05-16 07:39:36.742: W/A(3737): at java.util.concurrent.Executors$RunnableAdapter.call(Executors.java:463)
05-16 07:39:36.742: W/A(3737): at com.google.common.util.concurrent.ea.a(PG:1)
05-16 07:39:36.742: W/A(3737): at com.google.common.util.concurrent.cw.run(PG:4)
05-16 07:39:36.742: W/A(3737): at com.google.common.util.concurrent.eb.run(PG:1)
05-16 07:39:36.742: W/A(3737): at com.google.android.libraries.i.af.run(PG:1)
05-16 07:39:36.742: W/A(3737): at com.google.android.libraries.i.an.run(PG:23)
05-16 07:39:36.742: W/A(3737): at com.google.android.libraries.i.l.run(PG:2)
05-16 07:39:36.742: W/A(3737): at com.google.android.libraries.i.q.run(PG:4)
05-16 07:39:36.742: W/A(3737): at java.lang.Thread.run(Thread.java:1012)
05-16 07:39:36.743: D/CarrierSvcBindHelper(2974): No carrier app for: 1
05-16 07:39:36.745: E/VvmPkgInstalledRcvr(2974): cannot create TelephonyManager from ComponentInfo{com.android.phone/com.android.services.telephony.TelephonyConnectionService}, E, UserHandle{0}
05-16 07:39:36.747: I/Finsky(14188): [2] aguv.c(5): Do not start WearSupportService due to Wear service optimization
05-16 07:39:36.747: I/Finsky(14188): [2] aacd.f(8): Clearing split related stale data.
05-16 07:39:36.754: I/Finsky(14188): [2] vny.g(0): vny - Received: android.intent.action.PACKAGE_CHANGED, [GKIsKwa6L35qrmZvfZ-9vL9xjwyyi8fQA_wPzUejbC4]
05-16 07:39:36.756: I/Finsky(14188): [209] oin.run(16): Wrote row to frosting DB: 407
05-16 07:39:36.759: I/Auth(15673): [SupervisedAccountIntentOperation] onHandleIntent(): android.intent.action.PACKAGE_ADDED
05-16 07:39:36.760: I/ProximityAuth(10395): [RecentAppsMediator] Package added: (user=UserHandle{0}) com.alonalbert.firebase.test
05-16 07:39:36.760: W/GCM(10395): Unexpected forwarded intent: Intent { act=android.intent.action.PACKAGE_ADDED dat=package: flg=0x4000010 pkg=com.google.android.gms cmp=com.google.android.gms/.chimera.PersistentIntentOperationService (has extras) }
05-16 07:39:36.761: D/RegisteredNfcFServicesCache(3748): Service unchanged, not updating
05-16 07:39:36.762: W/GCM(10395): Unexpected forwarded intent: Intent { act=android.intent.action.PACKAGE_ADDED dat=package: flg=0x4000010 pkg=com.google.android.gms cmp=com.google.android.gms/.chimera.PersistentIntentOperationService (has extras) }
05-16 07:39:36.763: I/BlockstoreStorage(15673): Clearing Blockstore Data for package com.alonalbert.firebase.test [CONTEXT service_id=258 ]
05-16 07:39:36.763: I/BlockstoreStorage(15673): Keyless data not found or its IsLastInstallationData = false. [CONTEXT service_id=258 ]
05-16 07:39:36.764: D/BoundBrokerSvc(15673): onBind: Intent { act=com.google.android.gms.common.BIND_SHARED_PREFS pkg=com.google.android.gms }
05-16 07:39:36.764: D/BoundBrokerSvc(15673): Loading bound service for intent: Intent { act=com.google.android.gms.common.BIND_SHARED_PREFS pkg=com.google.android.gms }
05-16 07:39:36.767: I/Finsky(14188): [78] jlf.a(5): AIM: AppInfoManager-Perf > OnDeviceAppInfo > cacheHitCount=0, cacheMissCount=1. Missed in cache (limit 10) : [com.alonalbert.firebase.test]
05-16 07:39:36.768: I/Dck(15673): doesDeviceHaveSupportedWirelessCapabilities: wccSysProp:3, wccMendel:1, deviceWccOverride:false [CONTEXT service_id=289 ]
05-16 07:39:36.768: I/Dck(15673): isDckModuleEligible: isAtLeastR:true, hasWccSupport:true, downloadAllowed:true [CONTEXT service_id=289 ]
05-16 07:39:36.770: D/CompatibilityChangeReporter(1495): Compat change id reported: 161252188; UID 10259; state: ENABLED
05-16 07:39:36.771: I/FontLog(10395): Package com.alonalbert.firebase.test has no metadata [CONTEXT service_id=132 ]
05-16 07:39:36.771: I/Finsky(14188): [78] jiv.apply(110): AIM: Got app ownership map. App counts: . Unique apps: 0
05-16 07:39:36.773: I/ProvidersCache(6803): Provider returned no roots. Possibly naughty: com.google.android.apps.docs.storage
05-16 07:39:36.773: D/CarrierSvcBindHelper(2974): onPackageModified: com.alonalbert.firebase.test
05-16 07:39:36.773: D/CarrierSvcBindHelper(2974): No carrier app for: 0
05-16 07:39:36.774: D/CarrierSvcBindHelper(2974): No carrier app for: 1
05-16 07:39:36.774: D/ImsResolver(2974): maybeAddedImsService, packageName: com.alonalbert.firebase.test
05-16 07:39:36.781: D/ImsResolver(2974): maybeAddedImsService, packageName: com.alonalbert.firebase.test
05-16 07:39:36.786: I/PermissionControllerServiceImpl(3480): Updating user sensitive for uid 10259
05-16 07:39:36.793: I/Fitness(10395): OnPackageChangedOperation got intent: Intent { act=android.intent.action.PACKAGE_CHANGED dat=package: flg=0x5000010 pkg=com.google.android.gms cmp=com.google.android.gms/.chimera.PersistentIntentOperationService (has extras) } [CONTEXT service_id=17 ]
05-16 07:39:36.794: D/BoundBrokerSvc(15673): onUnbind: Intent { act=com.google.android.gms.common.BIND_SHARED_PREFS pkg=com.google.android.gms }
05-16 07:39:36.795: D/ConnectivityService(1495): requestNetwork for uid/pid:10194/17085 activeRequest: null callbackRequest: 283 [NetworkRequest [ REQUEST id=284, [ Capabilities: INTERNET&NOT_RESTRICTED&TRUSTED&NOT_VCN_MANAGED Uid: 10194 RequestorUid: 10194 RequestorPkg: com.google.android.youtube UnderlyingNetworks: Null] ]] callback flags: 0 order: 2147483647
05-16 07:39:36.796: D/RegisteredNfcFServicesCache(3748): Service unchanged, not updating
05-16 07:39:36.798: D/SecureElementService(2906): getReaders() for com.android.nfc
05-16 07:39:36.798: D/WifiNetworkFactory(1495): got request NetworkRequest [ REQUEST id=284, [ Capabilities: INTERNET&NOT_RESTRICTED&TRUSTED&NOT_VCN_MANAGED Uid: 10194 RequestorUid: 10194 RequestorPkg: com.google.android.youtube UnderlyingNetworks: Null] ]
05-16 07:39:36.798: D/UntrustedWifiNetworkFactory(1495): got request NetworkRequest [ REQUEST id=284, [ Capabilities: INTERNET&NOT_RESTRICTED&TRUSTED&NOT_VCN_MANAGED Uid: 10194 RequestorUid: 10194 RequestorPkg: com.google.android.youtube UnderlyingNetworks: Null] ]
05-16 07:39:36.799: D/OemPaidWifiNetworkFactory(1495): got request NetworkRequest [ REQUEST id=284, [ Capabilities: INTERNET&NOT_RESTRICTED&TRUSTED&NOT_VCN_MANAGED Uid: 10194 RequestorUid: 10194 RequestorPkg: com.google.android.youtube UnderlyingNetworks: Null] ]
05-16 07:39:36.799: D/MultiInternetWifiNetworkFactory(1495): got request NetworkRequest [ REQUEST id=284, [ Capabilities: INTERNET&NOT_RESTRICTED&TRUSTED&NOT_VCN_MANAGED Uid: 10194 RequestorUid: 10194 RequestorPkg: com.google.android.youtube UnderlyingNetworks: Null] ]
05-16 07:39:36.799: D/ConnectivityService(1495): NetReassign [284 : null → 100] [c 0] [a 1] [i 3]
05-16 07:39:36.802: D/BackupCallingPrefCtrl(3180): Not supported by framework. subId = -1
05-16 07:39:36.808: I/SecureElement-Terminal-SIM2(2906): isNfcEventAllowed: No access rules for checking.
05-16 07:39:36.809: D/ConnectivityService(1495): NetReassign [no changes] [c 0] [a 5] [i 2]
05-16 07:39:36.812: I/Fitness(10395): FitCleanupIntentOperation received Intent android.intent.action.PACKAGE_CHANGED [CONTEXT service_id=17 ]
05-16 07:39:36.813: D/SecureElementService(2906): getReaders() for com.android.nfc
05-16 07:39:36.818: W/Enable2gPreferenceController(3180): Telephony manager not yet initialized
05-16 07:39:36.820: D/VoNrSettings(3180): init:
05-16 07:39:36.820: I/SecureElement-Terminal-SIM2(2906): isNfcEventAllowed: No access rules for checking.
05-16 07:39:36.821: I/ProvidersCache(6803): Provider returned no roots. Possibly naughty: com.google.android.apps.docs.storage
05-16 07:39:36.825: W/SettingsPrefController(3180): Skipping updateNonIndexableKeys, key already in list. com.android.settings.network.telephony.DisableSimFooterPreferenceController@58d2e5d
05-16 07:39:36.826: W/SettingsPrefController(3180): Skipping updateNonIndexableKeys, key already in list. com.android.settings.network.telephony.NrDisabledInDsdsFooterPreferenceController@a2b43d2
05-16 07:39:36.829: I/Finsky(14188): [209] oin.run(16): Wrote row to frosting DB: 408
05-16 07:39:36.831: I/AmbientMusicServiceMana(3659): Disabling ambient music service unexpectedly. Permission revoked?
05-16 07:39:36.835: I/Finsky(14188): [209] oin.run(16): Wrote row to frosting DB: 409
05-16 07:39:36.837: D/PrefCtrlListHelper(3180): Could not find Context-only controller for pref: com.android.settings.display.AutoBrightnessPreferenceController
05-16 07:39:36.837: W/ChimeraUtils(10395): Module com.google.android.gms.nearby_en has empty metadata display_name_string_id
05-16 07:39:36.838: I/Fitness(10395): OnPackageChangedOperation got intent: Intent { act=android.intent.action.PACKAGE_CHANGED dat=package: flg=0x5000010 pkg=com.google.android.gms cmp=com.google.android.gms/.chimera.PersistentIntentOperationService (has extras) } [CONTEXT service_id=17 ]
05-16 07:39:36.838: D/PrefCtrlListHelper(3180): Could not find Context-only controller for pref: com.android.settings.security.screenlock.LockScreenPreferenceController
05-16 07:39:36.838: D/PrefCtrlListHelper(3180): Could not find Context-only controller for pref: com.android.settings.display.ScreenTimeoutPreferenceController
05-16 07:39:36.839: D/PrefCtrlListHelper(3180): Could not find Context-only controller for pref: com.android.settings.display.DarkUIPreferenceController
05-16 07:39:36.839: D/PrefCtrlListHelper(3180): Could not find Context-only controller for pref: com.android.settings.accessibility.TextReadingFragmentForDisplaySettingsController
05-16 07:39:36.839: D/PrefCtrlListHelper(3180): Could not find Context-only controller for pref: com.android.settings.display.NightDisplayPreferenceController
05-16 07:39:36.849: W/PackageParsing(1495): No actions in intent-filter at /data/app/vmdl852596086.tmp/base.apk Binary XML file line #33
05-16 07:39:36.849: W/PackageParsing(1495): No actions in intent-filter at /data/app/vmdl852596086.tmp/base.apk Binary XML file line #41
05-16 07:39:36.849: I/Fitness(10395): FitCleanupIntentOperation received Intent android.intent.action.PACKAGE_CHANGED [CONTEXT service_id=17 ]
05-16 07:39:36.849: W/PackageParsing(1495): No actions in intent-filter at /data/app/vmdl852596086.tmp/base.apk Binary XML file line #49
05-16 07:39:36.852: W/ChimeraUtils(10395): Module com.google.android.gms.nearby_en has empty metadata display_name_string_id
05-16 07:39:36.853: I/PackageManager(1495): Integrity check passed for file:///data/app/vmdl852596086.tmp
05-16 07:39:36.855: W/ChimeraUtils(10395): Module com.google.android.gms.nearby_en has empty metadata display_name_string_id
05-16 07:39:36.862: I/ModelReloader(3659): Cancelled all jobs.
05-16 07:39:36.864: W/PackageParsing(1495): No actions in intent-filter at /data/app/vmdl852596086.tmp/base.apk Binary XML file line #33
05-16 07:39:36.864: W/PackageParsing(1495): No actions in intent-filter at /data/app/vmdl852596086.tmp/base.apk Binary XML file line #41
05-16 07:39:36.864: W/PackageParsing(1495): No actions in intent-filter at /data/app/vmdl852596086.tmp/base.apk Binary XML file line #49
05-16 07:39:36.871: I/AmbientMusicServiceMana(3659): Unloading model 9f6ad62a-1f0b-11e7-87c5-40a8f03d3f15
05-16 07:39:36.872: I/SoundTriggerManagerComp(3659): Unloading model 9f6ad62a-1f0b-11e7-87c5-40a8f03d3f15
05-16 07:39:36.873: D/PrefCtrlListHelper(3180): Could not find Context-only controller for pref: com.android.settings.display.ColorModePreferenceController
05-16 07:39:36.873: D/PrefCtrlListHelper(3180): Could not find Context-only controller for pref: com.android.settings.display.SmartAutoRotatePreferenceController
05-16 07:39:36.873: D/PrefCtrlListHelper(3180): Could not find Context-only controller for pref: com.android.settings.display.DeviceStateAutoRotateOverviewController
05-16 07:39:36.873: D/PrefCtrlListHelper(3180): Could not find Context-only controller for pref: com.android.settings.display.ScreenResolutionController
05-16 07:39:36.873: D/PrefCtrlListHelper(3180): Could not find Context-only controller for pref: com.android.settings.display.DisplayWhiteBalancePreferenceController
05-16 07:39:36.874: D/PrefCtrlListHelper(3180): Could not find Context-only controller for pref: com.android.settings.display.PeakRefreshRatePreferenceController
05-16 07:39:36.874: D/RefreshRatePrefCtr(3180): DEFAULT_REFRESH_RATE : 60.0 mPeakRefreshRate : 120.00001
05-16 07:39:36.874: D/PrefCtrlListHelper(3180): Could not find Context-only controller for pref: com.google.android.settings.touch.TouchSensitivityPreferenceController
05-16 07:39:36.888: D/PrefCtrlListHelper(3180): Could not find Context-only controller for pref: com.android.settings.widget.VideoPreferenceController
05-16 07:39:36.889: D/PrefCtrlListHelper(3180): Could not find Context-only controller for pref: com.android.settings.gestures.DoubleTapScreenPreferenceController
05-16 07:39:36.890: D/PrefCtrlListHelper(3180): Could not find Context-only controller for pref: com.android.settings.connecteddevice.NfcAndPaymentFragmentController
05-16 07:39:36.890: D/PrefCtrlListHelper(3180): Could not find Context-only controller for pref: com.android.settings.wfd.WifiDisplayPreferenceController
05-16 07:39:36.891: D/PrefCtrlListHelper(3180): Could not find Context-only controller for pref: com.android.settings.nfc.AndroidBeamPreferenceController
05-16 07:39:36.891: D/PrefCtrlListHelper(3180): Could not find Context-only controller for pref: com.android.settings.uwb.UwbPreferenceController
05-16 07:39:36.894: I/AstreaHttpConnection(3659): DOWNLOAD COMPLETE: Downloaded 0 bytes from https://gstatic.com/matchmaker/tclib_models/actions/v104/en/tc_model_e1df2712fc5cf9d5c2ae9d6193638533.zip.
05-16 07:39:36.896: I/SP.AiAi(3659): <==== Finishing job {W:b:u:l, bg}, 1501 ms. elapsed since start
05-16 07:39:36.896: I/SP.AiAi(3659): Download stopped: text-classifier-actions:tc_model_e1df2712fc5cf9d5c2ae9d6193638533, succeeded, size: 2452263
05-16 07:39:36.897: I/Finsky(14188): [73] jlc.a(11): AIM: AppInfoManager-Perf > ItemModel > CacheSize=0, cacheHitCount=0, cacheMissCount=1, total appsWithNoServerDataCount=0. Missed in cache (limit 10) : [com.alonalbert.firebase.test]
05-16 07:39:36.898: I/Finsky(14188): [73] jle.n(3): AIM: AppInfoManager-Perf > ItemModel > ItemStore Called 1 apps cacheOptions = USE_CACHE
05-16 07:39:36.898: I/Finsky(14188): [73] jlc.a(98): AIM: ItemModel fetch - unauth(1), auth()
05-16 07:39:36.902: I/SP.AiAi(3659): Scheduling job with delay of 0s for {W:b:I:l, bg}, 1 candidates
05-16 07:39:36.904: I/Finsky(14188): [82] rom.apply(5): ItemStore: Not cached: com.alonalbert.firebase.test
05-16 07:39:36.907: I/Finsky(14188): [73] jlc.a(11): AIM: AppInfoManager-Perf > ItemModel > CacheSize=0, cacheHitCount=0, cacheMissCount=1, total appsWithNoServerDataCount=0. Missed in cache (limit 10) : [com.alonalbert.firebase.test]
05-16 07:39:36.908: I/Finsky(14188): [73] jle.n(3): AIM: AppInfoManager-Perf > ItemModel > ItemStore Called 1 apps cacheOptions = USE_CACHE
05-16 07:39:36.909: I/Finsky(14188): [73] jlc.a(98): AIM: ItemModel fetch - unauth(1), auth()
05-16 07:39:36.909: I/Finsky(14188): [83] rom.apply(5): ItemStore: Not cached: com.alonalbert.firebase.test
05-16 07:39:36.920: I/system_server(1495): Background concurrent copying GC freed 198878(9712KB) AllocSpace objects, 9(172KB) LOS objects, 75% free, 28MB/112MB, paused 87us,415us total 232.779ms
05-16 07:39:36.922: W/System(1495): A resource failed to call close.
05-16 07:39:36.923: W/System(1495): A resource failed to call close.
05-16 07:39:36.925: E/VerityUtils(1495): Failed to measure fs-verity, errno 1: /data/app/~~sL6wf2BAtmBojXsnNxr5WA==/com.alonalbert.firebase.test-BzON3CVTpPzuGv0_bde59Q==/base.apk
05-16 07:39:36.931: I/SoundTriggerService(1495): deleteSoundModel(): id = 9f6ad62a-1f0b-11e7-87c5-40a8f03d3f15
05-16 07:39:36.931: W/SoundTriggerService(1495): error onStop(): Model 9f6ad62a-1f0b-11e7-87c5-40a8f03d3f15 has no stats available
05-16 07:39:36.941: D/PrefCtrlListHelper(3180): Could not find Context-only controller for pref: com.android.settings.gestures.ButtonNavigationSettingsAssistController
05-16 07:39:36.944: I/AiAiFed(3659): [Now Playing Recognitions FA] *** disabled *** [mode=FEDERATION population=aiai/sense/ambientmusic/]
05-16 07:39:36.944: I/TrainerClient(3659): Preparing to schedule training for population:aiai/sense/ambientmusic/ session_name:ambientmusic
05-16 07:39:36.947: W/PackageManager(1495): User 0 is not ready. Restore at install didn't take place.
05-16 07:39:36.948: D/PackageInstallerSession(1495): Marking session 852596086 as applied
05-16 07:39:36.948: E/installd(984): Couldn't opendir /data/app/vmdl852596086.tmp: No such file or directory
05-16 07:39:36.948: E/installd(984): Failed to delete /data/app/vmdl852596086.tmp: No such file or directory
05-16 07:39:36.953: D/PrefCtrlListHelper(3180): Could not find Context-only controller for pref: com.android.settings.applications.specialaccess.interactacrossprofiles.InteractAcrossProfilesController
05-16 07:39:36.953: W/PrefCtrlListHelper(3180): Controller requires key but it's not defined in xml: com.android.settings.applications.specialaccess.interactacrossprofiles.InteractAcrossProfilesController
05-16 07:39:36.958: D/CompatibilityChangeReporter(1495): Compat change id reported: 168419799; UID 10260; state: DISABLED
05-16 07:39:36.959: D/PrefCtrlListHelper(3180): Could not find Context-only controller for pref: com.android.settings.datausage.UnrestrictedDataAccessPreferenceController
05-16 07:39:36.960: I/MediaProvider(3676): Invalidating LocalCallingIdentity cache for package com.alonalbert.firebase.test.test. Reason: package android.intent.action.PACKAGE_ADDED
05-16 07:39:36.965: W/SettingsPrefController(3180): Skipping updateNonIndexableKeys, key already in list. com.android.settings.datausage.UnrestrictedDataAccessPreferenceController@19502da
05-16 07:39:36.966: I/GsaVoiceInteractionSrv(3737): O received Intent { act=android.intent.action.PACKAGE_ADDED dat=package: flg=0x4000010 (has extras) }
05-16 07:39:36.966: I/InputReader(1495): Reconfiguring input devices, changes=KEYBOARD_LAYOUTS |
05-16 07:39:36.967: V/MediaPlayerList(2838): mPackageChangedBroadcastReceiver: action: android.intent.action.PACKAGE_ADDED
05-16 07:39:36.967: D/MediaPlayerList(2838): Name of package changed: com.alonalbert.firebase.test.test
05-16 07:39:36.968: D/CompatibilityChangeReporter(1495): Compat change id reported: 218533173; UID 10260; state: ENABLED
05-16 07:39:36.970: W/BroadcastQueue(1495): Background execution not allowed: receiving Intent { act=android.intent.action.PACKAGE_ADDED dat=package: flg=0x4000010 (has extras) } to com.google.android.packageinstaller/com.android.packageinstaller.PackageInstalledReceiver
05-16 07:39:36.970: I/Finsky(14188): [2] vny.g(0): vny - Received: android.intent.action.PACKAGE_ADDED, [rt-24hiEJ_wVCSPZOZNc63XurJIth2GQ_r8bqIRcyD4]
05-16 07:39:36.970: W/BroadcastQueue(1495): Background execution not allowed: receiving Intent { act=android.intent.action.PACKAGE_ADDED dat=package: flg=0x4000010 (has extras) } to com.android.vending/com.google.android.finsky.packagemonitor.impl.PackageMonitorReceiverImpl$RegisteredReceiver
05-16 07:39:36.970: W/BroadcastQueue(1495): Background execution not allowed: receiving Intent { act=android.intent.action.PACKAGE_ADDED dat=package: flg=0x4000010 (has extras) } to com.android.vending/com.google.android.finsky.packagemonitor.backgroundimpl.BackgroundPackageMonitorReceiverImpl$RegisteredReceiver
05-16 07:39:36.970: W/BroadcastQueue(1495): Background execution not allowed: receiving Intent { act=android.intent.action.PACKAGE_ADDED dat=package: flg=0x4000010 (has extras) } to com.google.android.gms/.games.chimera.GamesSystemBroadcastReceiverProxy
05-16 07:39:36.970: W/BroadcastQueue(1495): Background execution not allowed: receiving Intent { act=android.intent.action.PACKAGE_ADDED dat=package: flg=0x4000010 (has extras) } to com.google.android.gms/.gass.chimera.PackageChangeBroadcastReceiver
05-16 07:39:36.970: W/BroadcastQueue(1495): Background execution not allowed: receiving Intent { act=android.intent.action.PACKAGE_ADDED dat=package: flg=0x4000010 (has extras) } to com.google.android.gms/.chimera.GmsIntentOperationService$PersistentTrustedReceiver
05-16 07:39:36.970: W/BroadcastQueue(1495): Background execution not allowed: receiving Intent { act=android.intent.action.PACKAGE_ADDED dat=package: flg=0x4000010 (has extras) } to com.google.android.googlequicksearchbox/com.google.android.apps.gsa.googlequicksearchbox.GelStubAppWatcher
05-16 07:39:36.971: D/PrefCtrlListHelper(3180): Could not find Context-only controller for pref: com.android.settings.fuelgauge.BatteryHeaderPreferenceController
05-16 07:39:36.972: D/PrefCtrlListHelper(3180): Could not find Context-only controller for pref: com.android.settings.fuelgauge.batterytip.BatteryTipPreferenceController
05-16 07:39:36.972: D/PrefCtrlListHelper(3180): Could not find Context-only controller for pref: com.google.android.settings.fuelgauge.reversecharging.ReverseChargingPreferenceController
05-16 07:39:36.973: W/ChimeraUtils(10395): Module com.google.android.gms.nearby_en has empty metadata display_name_string_id
05-16 07:39:36.975: I/Telecom(1495): DefaultDialerCache: Refreshing default dialer for user 0: now com.google.android.dialer: DDC.oR@Ahs
05-16 07:39:36.976: I/RoleService(1495): Granting default roles...
05-16 07:39:36.978: I/Finsky(14188): [209] oin.run(16): Wrote row to frosting DB: 410
05-16 07:39:36.986: I/PermissionControllerServiceImpl(3480): Updating user sensitive for uid 10260
05-16 07:39:36.986: D/PrefCtrlListHelper(3180): Could not find Context-only controller for pref: com.android.settings.display.BatteryPercentagePreferenceController
05-16 07:39:36.987: W/A(3737): Failed to notify listeners
05-16 07:39:36.987: W/A(3737): java.util.concurrent.CancellationException
05-16 07:39:36.987: W/A(3737): at java.util.concurrent.FutureTask.report(FutureTask.java:121)
05-16 07:39:36.987: W/A(3737): at java.util.concurrent.FutureTask.get(FutureTask.java:191)
05-16 07:39:36.987: W/A(3737): at com.google.common.util.concurrent.bv.get(PG:1)
05-16 07:39:36.987: W/A(3737): at com.google.common.util.concurrent.ed.a(PG:1)
05-16 07:39:36.987: W/A(3737): at com.google.common.util.concurrent.cj.r(PG:2)
05-16 07:39:36.987: W/A(3737): at com.google.common.util.concurrent.cc.run(PG:4)
05-16 07:39:36.987: W/A(3737): at com.google.common.util.concurrent.bg.execute(PG:1)
05-16 07:39:36.987: W/A(3737): at com.google.common.util.concurrent.bj.c(PG:1)
05-16 07:39:36.987: W/A(3737): at com.google.common.util.concurrent.bj.b(PG:3)
05-16 07:39:36.987: W/A(3737): at com.google.common.util.concurrent.cy.done(PG:1)
05-16 07:39:36.987: W/A(3737): at java.util.concurrent.FutureTask.finishCompletion(FutureTask.java:381)
05-16 07:39:36.987: W/A(3737): at java.util.concurrent.FutureTask.cancel(FutureTask.java:179)
05-16 07:39:36.987: W/A(3737): at com.google.common.util.concurrent.bv.cancel(PG:1)
05-16 07:39:36.987: W/A(3737): at com.google.android.apps.search.assistant.platform.ondevice.fulfillment.server.j.q.run(PG:1)
05-16 07:39:36.987: W/A(3737): at com.google.apps.tiktok.tracing.ek.run(PG:2)
05-16 07:39:36.987: W/A(3737): at java.util.concurrent.Executors$RunnableAdapter.call(Executors.java:463)
05-16 07:39:36.987: W/A(3737): at com.google.common.util.concurrent.ea.a(PG:1)
05-16 07:39:36.987: W/A(3737): at com.google.common.util.concurrent.cw.run(PG:4)
05-16 07:39:36.987: W/A(3737): at com.google.common.util.concurrent.eb.run(PG:1)
05-16 07:39:36.987: W/A(3737): at com.google.android.libraries.i.af.run(PG:1)
05-16 07:39:36.987: W/A(3737): at com.google.android.libraries.i.an.run(PG:23)
05-16 07:39:36.987: W/A(3737): at com.google.android.libraries.i.l.run(PG:2)
05-16 07:39:36.987: W/A(3737): at com.google.android.libraries.i.q.run(PG:4)
05-16 07:39:36.987: W/A(3737): at java.lang.Thread.run(Thread.java:1012)
05-16 07:39:36.987: I/AiAiEcho(3659): Settings cha with uri: content://settings/secure/mock_location
05-16 07:39:36.989: I/AiAiEcho(3659): Predicting[8]: { Feature:WEATHER, creation:2023-05-16T14:21:34Z, expiry:2023-05-16T15:00:00Z, isExpired: false}, { Feature:WEATHER, creation:2023-05-16T15:00:00Z, expiry:2023-05-16T16:00:00Z, isExpired: true}, { Feature:WEATHER, creation:2023-05-16T16:00:00Z, expiry:2023-05-16T17:00:00Z, isExpired: true}, { Feature:WEATHER, creation:2023-05-16T17:00:00Z, expiry:2023-05-16T18:00:00Z, isExpired: true}, { Feature:WEATHER, creation:2023-05-16T18:00:00Z, expiry:2023-05-16T19:00:00Z, isExpired: true}, { Feature:WEATHER, creation:2023-05-16T19:00:00Z, expiry:2023-05-16T20:00:00Z, isExpired: true}, { Feature:WEATHER, creation:2023-05-16T20:00:00Z, expiry:2023-05-16T20:21:34Z, isExpired: true}, { Feature:TIPS, creation:2023-05-16T14:36:04.811Z, expiry:2023-05-19T14:36:04.601Z, isExpired: false}
05-16 07:39:36.991: I/InputReader(1495): Reconfiguring input devices, changes=KEYBOARD_LAYOUTS |
05-16 07:39:36.991: I/AiAiEcho(3659): Ranked targets strategy: WEIGHTED, count: 2, ranking metadata: { cardId: TIPS-2029576961, card type: TIPS, update time: 2023-05-16T14:36:04.811Z, expiration time: 2023-05-19T14:36:04.601Z, ranking metadata: RankingMetaData(urgency=0.992, priority=1.0, recency=1.0, rankScore=0.992, importantTimePoints=# krk@7bca4) }, { cardId: WEATHER-569377243, card type: WEATHER, update time: 2023-05-16T14:21:34Z, expiration time: 2023-05-16T15:00:00Z, ranking metadata: RankingMetaData(urgency=0.9, priority=0.3, recency=0.8, rankScore=0.27, importantTimePoints=# krk@7bca4) }
05-16 07:39:36.992: I/Telecom(1495): DefaultDialerCache: Refreshing default dialer for user 0: now com.google.android.dialer: DDC.oR@Ahw
05-16 07:39:36.992: V/MediaPlayerList(2838): mPackageChangedBroadcastReceiver: action: android.intent.action.PACKAGE_CHANGED
05-16 07:39:36.992: D/MediaPlayerList(2838): Name of package changed: com.alonalbert.firebase.test.test
05-16 07:39:36.993: I/PermissionControllerServiceImpl(3480): Updating user sensitive for uid 10260
05-16 07:39:36.993: W/A(3737): Failed to notify listeners
05-16 07:39:36.993: W/A(3737): java.util.concurrent.CancellationException
05-16 07:39:36.993: W/A(3737): at java.util.concurrent.FutureTask.report(FutureTask.java:121)
05-16 07:39:36.993: W/A(3737): at java.util.concurrent.FutureTask.get(FutureTask.java:191)
05-16 07:39:36.993: W/A(3737): at com.google.common.util.concurrent.bv.get(PG:1)
05-16 07:39:36.993: W/A(3737): at com.google.common.util.concurrent.ed.a(PG:1)
05-16 07:39:36.993: W/A(3737): at com.google.common.util.concurrent.cj.r(PG:2)
05-16 07:39:36.993: W/A(3737): at com.google.common.util.concurrent.cc.run(PG:4)
05-16 07:39:36.993: W/A(3737): at com.google.common.util.concurrent.bg.execute(PG:1)
05-16 07:39:36.993: W/A(3737): at com.google.common.util.concurrent.bj.c(PG:1)
05-16 07:39:36.993: W/A(3737): at com.google.common.util.concurrent.bj.b(PG:3)
05-16 07:39:36.993: W/A(3737): at com.google.common.util.concurrent.cy.done(PG:1)
05-16 07:39:36.993: W/A(3737): at java.util.concurrent.FutureTask.finishCompletion(FutureTask.java:381)
05-16 07:39:36.993: W/A(3737): at java.util.concurrent.FutureTask.cancel(FutureTask.java:179)
05-16 07:39:36.993: W/A(3737): at com.google.common.util.concurrent.bv.cancel(PG:1)
05-16 07:39:36.993: W/A(3737): at com.google.android.apps.search.assistant.platform.ondevice.fulfillment.server.j.q.run(PG:1)
05-16 07:39:36.993: W/A(3737): at com.google.apps.tiktok.tracing.ek.run(PG:2)
05-16 07:39:36.993: W/A(3737): at java.util.concurrent.Executors$RunnableAdapter.call(Executors.java:463)
05-16 07:39:36.993: W/A(3737): at com.google.common.util.concurrent.ea.a(PG:1)
05-16 07:39:36.993: W/A(3737): at com.google.common.util.concurrent.cw.run(PG:4)
05-16 07:39:36.993: W/A(3737): at com.google.common.util.concurrent.eb.run(PG:1)
05-16 07:39:36.993: W/A(3737): at com.google.android.libraries.i.af.run(PG:1)
05-16 07:39:36.993: W/A(3737): at com.google.android.libraries.i.an.run(PG:23)
05-16 07:39:36.993: W/A(3737): at com.google.android.libraries.i.l.run(PG:2)
05-16 07:39:36.993: W/A(3737): at com.google.android.libraries.i.q.run(PG:4)
05-16 07:39:36.993: W/A(3737): at java.lang.Thread.run(Thread.java:1012)
05-16 07:39:36.994: I/AiAiEcho(3659): Predicting[8]: { Feature:WEATHER, creation:2023-05-16T14:21:34Z, expiry:2023-05-16T15:00:00Z, isExpired: false}, { Feature:WEATHER, creation:2023-05-16T15:00:00Z, expiry:2023-05-16T16:00:00Z, isExpired: true}, { Feature:WEATHER, creation:2023-05-16T16:00:00Z, expiry:2023-05-16T17:00:00Z, isExpired: true}, { Feature:WEATHER, creation:2023-05-16T17:00:00Z, expiry:2023-05-16T18:00:00Z, isExpired: true}, { Feature:WEATHER, creation:2023-05-16T18:00:00Z, expiry:2023-05-16T19:00:00Z, isExpired: true}, { Feature:WEATHER, creation:2023-05-16T19:00:00Z, expiry:2023-05-16T20:00:00Z, isExpired: true}, { Feature:WEATHER, creation:2023-05-16T20:00:00Z, expiry:2023-05-16T20:21:34Z, isExpired: true}, { Feature:TIPS, creation:2023-05-16T14:36:04.811Z, expiry:2023-05-19T14:36:04.601Z, isExpired: false}
05-16 07:39:36.995: I/SP.AiAi(3659): Scheduling: download stopped, 0 started, 0 paused, 1 scheduled, 1 pending: manifests:spelling_correction-21080420 * {W:b:I:l, bg}
05-16 07:39:36.998: I/AiAiEcho(3659): Ranked targets strategy: WEIGHTED, count: 2, ranking metadata: { cardId: TIPS-2029576961, card type: TIPS, update time: 2023-05-16T14:36:04.811Z, expiration time: 2023-05-19T14:36:04.601Z, ranking metadata: RankingMetaData(urgency=0.992, priority=1.0, recency=1.0, rankScore=0.992, importantTimePoints=# krk@7bca4) }, { cardId: WEATHER-569377243, card type: WEATHER, update time: 2023-05-16T14:21:34Z, expiration time: 2023-05-16T15:00:00Z, ranking metadata: RankingMetaData(urgency=0.9, priority=0.3, recency=0.8, rankScore=0.27, importantTimePoints=# krk@7bca4) }
05-16 07:39:36.999: I/Finsky(14188): [2] qqh.ahl(1): DTU: Received onPackageAdded, replacing: false
05-16 07:39:36.999: I/Finsky(14188): [73] jlf.a(5): AIM: AppInfoManager-Perf > OnDeviceAppInfo > cacheHitCount=0, cacheMissCount=1. Missed in cache (limit 10) : [com.alonalbert.firebase.test.test]
05-16 07:39:37.000: I/Finsky(14188): [211] jvi.abQ(78): [ContentSync] finished, scheduled=false
05-16 07:39:37.000: I/Finsky(14188): [212] aw.a(5): Asset module storage cleared for package com.alonalbert.firebase.test.test.
05-16 07:39:37.003: I/AiAiEcho(3659): #postPredictionTargets: Sending updates to UISurface lockscreen with targets# 1
05-16 07:39:37.004: I/AiAiEcho(3659): #postPredictionTargets: Sending updates to UISurface home with targets# 1
05-16 07:39:37.004: I/Finsky(14188): [83] jiv.apply(110): AIM: Got app ownership map. App counts: . Unique apps: 0
05-16 07:39:37.004: W/SearchServiceCore(10908): Abort, client detached.
05-16 07:39:37.004: W/SearchServiceCore(10908): Abort, client detached.
05-16 07:39:37.005: I/BcSmartspaceCard(3132): setFormattedContentDescription: textView=SUBTITLE, text=Tap for tips, iconDescription=, contentDescription=Tap for tips
05-16 07:39:37.005: I/AiAiEcho(3659): #postPredictionTargets: Sending updates to UISurface lockscreen with targets# 1
05-16 07:39:37.005: I/AiAiEcho(3659): #postPredictionTargets: Sending updates to UISurface home with targets# 1
05-16 07:39:37.007: I/BcSmartspaceCard(3132): setFormattedContentDescription: textView=SUBTITLE, text=Tap for tips, iconDescription=, contentDescription=Tap for tips
05-16 07:39:37.012: I/Auth(15673): [SupervisedAccountIntentOperation] onHandleIntent(): android.intent.action.PACKAGE_ADDED
05-16 07:39:37.013: I/BlockstoreStorage(15673): Clearing Blockstore Data for package com.alonalbert.firebase.test.test [CONTEXT service_id=258 ]
05-16 07:39:37.013: I/BlockstoreStorage(15673): Keyless data not found or its IsLastInstallationData = false. [CONTEXT service_id=258 ]
05-16 07:39:37.014: W/GCM(10395): Unexpected forwarded intent: Intent { act=android.intent.action.PACKAGE_ADDED dat=package: flg=0x4000010 pkg=com.google.android.gms cmp=com.google.android.gms/.chimera.PersistentIntentOperationService (has extras) }
05-16 07:39:37.014: I/FontLog(10395): Package com.alonalbert.firebase.test.test has no metadata [CONTEXT service_id=132 ]
05-16 07:39:37.015: W/GCM(10395): Unexpected forwarded intent: Intent { act=android.intent.action.PACKAGE_ADDED dat=package: flg=0x4000010 pkg=com.google.android.gms cmp=com.google.android.gms/.chimera.PersistentIntentOperationService (has extras) }
05-16 07:39:37.016: I/Dck(15673): doesDeviceHaveSupportedWirelessCapabilities: wccSysProp:3, wccMendel:1, deviceWccOverride:false [CONTEXT service_id=289 ]
05-16 07:39:37.016: I/Dck(15673): isDckModuleEligible: isAtLeastR:true, hasWccSupport:true, downloadAllowed:true [CONTEXT service_id=289 ]
05-16 07:39:37.016: I/ProximityAuth(10395): [RecentAppsMediator] Package added: (user=UserHandle{0}) com.alonalbert.firebase.test.test
05-16 07:39:37.017: D/PrefCtrlListHelper(3180): Could not find Context-only controller for pref: com.android.settings.accessibility.MagnificationModePreferenceController
05-16 07:39:37.018: D/BoundBrokerSvc(15673): onBind: Intent { act=com.google.android.gms.common.BIND_SHARED_PREFS pkg=com.google.android.gms }
05-16 07:39:37.018: D/BoundBrokerSvc(15673): Loading bound service for intent: Intent { act=com.google.android.gms.common.BIND_SHARED_PREFS pkg=com.google.android.gms }
05-16 07:39:37.025: I/Finsky(14188): [2] aguv.c(5): Do not start WearSupportService due to Wear service optimization
05-16 07:39:37.025: E/VerityUtils(1495): Failed to measure fs-verity, errno 1: /data/app/~~I6mSsyMPpVHNxqAsf1APUg==/com.alonalbert.firebase.test.test-TwxyqITyK3HjzGQKWHWBuw==/base.apk
05-16 07:39:37.025: I/Finsky(14188): [2] aacd.f(8): Clearing split related stale data.
05-16 07:39:37.026: W/ChimeraUtils(10395): Module com.google.android.gms.nearby_en has empty metadata display_name_string_id
05-16 07:39:37.030: I/Fitness(10395): OnPackageChangedOperation got intent: Intent { act=android.intent.action.PACKAGE_CHANGED dat=package: flg=0x5000010 pkg=com.google.android.gms cmp=com.google.android.gms/.chimera.PersistentIntentOperationService (has extras) } [CONTEXT service_id=17 ]
05-16 07:39:37.032: D/BoundBrokerSvc(15673): onUnbind: Intent { act=com.google.android.gms.common.BIND_SHARED_PREFS pkg=com.google.android.gms }
05-16 07:39:37.036: D/CarrierSvcBindHelper(2974): onPackageAdded: com.alonalbert.firebase.test.test
05-16 07:39:37.037: D/CarrierSvcBindHelper(2974): No carrier app for: 0
05-16 07:39:37.038: D/CarrierSvcBindHelper(2974): No carrier app for: 1
05-16 07:39:37.040: I/Finsky(14188): [2] vny.g(0): vny - Received: android.intent.action.PACKAGE_CHANGED, [rt-24hiEJ_wVCSPZOZNc63XurJIth2GQ_r8bqIRcyD4]
05-16 07:39:37.040: I/Finsky(14188): [209] oin.run(16): Wrote row to frosting DB: 411
05-16 07:39:37.041: E/VvmPkgInstalledRcvr(2974): cannot create TelephonyManager from ComponentInfo{com.android.phone/com.android.services.telephony.TelephonyConnectionService}, E, UserHandle{0}
05-16 07:39:37.044: I/ProvidersCache(6803): Provider returned no roots. Possibly naughty: com.google.android.apps.docs.storage
05-16 07:39:37.048: I/Fitness(10395): FitCleanupIntentOperation received Intent android.intent.action.PACKAGE_CHANGED [CONTEXT service_id=17 ]
05-16 07:39:37.058: D/RegisteredNfcFServicesCache(3748): Service unchanged, not updating
05-16 07:39:37.059: I/Finsky(14188): [82] jlf.a(5): AIM: AppInfoManager-Perf > OnDeviceAppInfo > cacheHitCount=0, cacheMissCount=1. Missed in cache (limit 10) : [com.alonalbert.firebase.test.test]
05-16 07:39:37.059: W/ChimeraUtils(10395): Module com.google.android.gms.nearby_en has empty metadata display_name_string_id
05-16 07:39:37.060: I/Finsky(14188): [209] oin.run(16): Wrote row to frosting DB: 412
05-16 07:39:37.060: I/Finsky(14188): [82] jiv.apply(110): AIM: Got app ownership map. App counts: . Unique apps: 0
05-16 07:39:37.067: D/RegisteredNfcFServicesCache(3748): Service unchanged, not updating
05-16 07:39:37.067: D/PrefCtrlListHelper(3180): Could not find Context-only controller for pref: com.android.settings.dream.DreamComplicationPreferenceController
05-16 07:39:37.068: D/SecureElementService(2906): getReaders() for com.android.nfc
05-16 07:39:37.068: D/CarrierSvcBindHelper(2974): onPackageModified: com.alonalbert.firebase.test.test
05-16 07:39:37.068: D/CarrierSvcBindHelper(2974): No carrier app for: 0
05-16 07:39:37.068: D/CarrierSvcBindHelper(2974): No carrier app for: 1
05-16 07:39:37.068: D/ImsResolver(2974): maybeAddedImsService, packageName: com.alonalbert.firebase.test.test
05-16 07:39:37.068: D/PrefCtrlListHelper(3180): Could not find Context-only controller for pref: com.android.settings.network.AdaptiveConnectivityTogglePreferenceController
05-16 07:39:37.069: D/PrefCtrlListHelper(3180): Could not find Context-only controller for pref: com.android.settings.applications.specialaccess.pictureinpicture.PictureInPictureScreenPreferenceController
05-16 07:39:37.076: D/ImsResolver(2974): maybeAddedImsService, packageName: com.alonalbert.firebase.test.test
