05-17 09:27:40.041 2084 3816 I GCoreUlr: WorldUpdater:com.google.android.location.reporting.PHENOTYPE_FLAGS_CHANGED: Ensuring that reporting is stopped because of reasons: (no Google accounts)
05-17 09:27:40.044 2084 3816 I GCoreUlr: Unbound from all location providers
05-17 09:27:40.044 2084 3816 I GCoreUlr: Place inference reporting - stop
05-17 09:27:40.045 2084 2084 I GCoreUlr: DispatchingService.onDestroy()
05-17 09:27:40.045 2084 2084 I GCoreUlr: Stopping handler for UlrDispSvcFast
05-17 09:27:40.046 2084 3816 I GCoreUlr: DispatchingService ignoring Intent { act=android.net.wifi.WIFI_STATE_CHANGED flg=0x4000010 (has extras) } because ULR inactive
05-17 09:27:40.046 2084 2084 I GCoreUlr: Unbound from all location providers
05-17 09:27:40.046 2084 2084 I GCoreUlr: Place inference reporting - stop
05-17 09:27:40.049 2084 3802 I GCoreUlr: Starting service, intent=Intent { act=com.google.android.location.reporting.ACTION_UPDATE_WORLD cmp=com.google.android.gms/com.google.android.location.reporting.service.DispatchingService (has extras) }, extras=Bundle[{receiverAction=com.google.android.location.reporting.PHENOTYPE_FLAGS_CHANGED}]
05-17 09:27:40.050 2084 2084 E BluetoothAdapter: Bluetooth binder is null
05-17 09:27:40.061 2084 3802 I GCoreUlr: WorldUpdater received intent Intent { act=com.google.android.location.reporting.ACTION_UPDATE_WORLD cmp=com.google.android.gms/com.google.android.location.reporting.service.DispatchingService (has extras) } with receiverAction com.google.android.location.reporting.PHENOTYPE_FLAGS_CHANGED
05-17 09:27:40.064 2084 3802 E GCoreUlr: Bad errorId configuring silent feedback
05-17 09:27:40.064 2084 3802 I GCoreUlr: WorldUpdater:com.google.android.location.reporting.PHENOTYPE_FLAGS_CHANGED: Ensuring that reporting is stopped because of reasons: (no Google accounts)
05-17 09:27:40.065 2084 3802 I GCoreUlr: Unbound from all location providers
05-17 09:27:40.066 2084 3802 I GCoreUlr: Place inference reporting - stop
05-17 09:27:40.067 2084 2084 I GCoreUlr: DispatchingService.onDestroy()
05-17 09:27:40.067 2084 2084 I GCoreUlr: Stopping handler for UlrDispSvcFast
05-17 09:27:40.068 2084 2084 I GCoreUlr: Unbound from all location providers
05-17 09:27:40.068 2084 2084 I GCoreUlr: Place inference reporting - stop
05-17 09:27:40.073 2084 3816 I GCoreUlr: Starting service, intent=Intent { act=com.google.android.location.reporting.ACTION_UPDATE_WORLD cmp=com.google.android.gms/com.google.android.location.reporting.service.DispatchingService (has extras) }, extras=Bundle[{receiverAction=com.google.android.location.reporting.PHENOTYPE_FLAGS_CHANGED}]
05-17 09:27:40.074 2084 2084 E BluetoothAdapter: Bluetooth binder is null
05-17 09:27:40.083 2084 3827 I GCoreUlr: WorldUpdater received intent Intent { act=com.google.android.location.reporting.ACTION_UPDATE_WORLD cmp=com.google.android.gms/com.google.android.location.reporting.service.DispatchingService (has extras) } with receiverAction com.google.android.location.reporting.PHENOTYPE_FLAGS_CHANGED
05-17 09:27:40.084 2084 3827 E GCoreUlr: Bad errorId configuring silent feedback
05-17 09:27:40.084 2084 3827 I GCoreUlr: WorldUpdater:com.google.android.location.reporting.PHENOTYPE_FLAGS_CHANGED: Ensuring that reporting is stopped because of reasons: (no Google accounts)
05-17 09:27:40.086 2084 3827 I GCoreUlr: Unbound from all location providers
05-17 09:27:40.086 2084 3827 I GCoreUlr: Place inference reporting - stop
05-17 09:27:40.086 2084 2084 I GCoreUlr: DispatchingService.onDestroy()
05-17 09:27:40.087 2084 2084 I GCoreUlr: Stopping handler for UlrDispSvcFast
05-17 09:27:40.087 2084 3827 I GCoreUlr: DispatchingService ignoring Intent { act=android.net.wifi.WIFI_STATE_CHANGED flg=0x4000010 (has extras) } because ULR inactive
05-17 09:27:40.088 2084 2084 I GCoreUlr: Unbound from all location providers
05-17 09:27:40.088 2084 2084 I GCoreUlr: Place inference reporting - stop
05-17 09:27:40.093 2084 3802 I GCoreUlr: Starting service, intent=Intent { act=com.google.android.location.reporting.ACTION_UPDATE_WORLD cmp=com.google.android.gms/com.google.android.location.reporting.service.DispatchingService (has extras) }, extras=Bundle[{receiverAction=com.google.android.location.reporting.PHENOTYPE_FLAGS_CHANGED}]
05-17 09:27:40.095 2084 2084 E BluetoothAdapter: Bluetooth binder is null
05-17 09:27:40.105 2084 3802 I GCoreUlr: WorldUpdater received intent Intent { act=com.google.android.location.reporting.ACTION_UPDATE_WORLD cmp=com.google.android.gms/com.google.android.location.reporting.service.DispatchingService (has extras) } with receiverAction com.google.android.location.reporting.PHENOTYPE_FLAGS_CHANGED
05-17 09:27:40.107 2084 3802 E GCoreUlr: Bad errorId configuring silent feedback
05-17 09:27:40.107 2084 3802 I GCoreUlr: WorldUpdater:com.google.android.location.reporting.PHENOTYPE_FLAGS_CHANGED: Ensuring that reporting is stopped because of reasons: (no Google accounts)
05-17 09:27:40.109 2084 3802 I GCoreUlr: Unbound from all location providers
05-17 09:27:40.109 2084 3802 I GCoreUlr: Place inference reporting - stop
05-17 09:27:40.110 2084 2084 I GCoreUlr: DispatchingService.onDestroy()
05-17 09:27:40.111 2084 2084 I GCoreUlr: Stopping handler for UlrDispSvcFast
05-17 09:27:40.111 2084 3802 I GCoreUlr: DispatchingService ignoring Intent { act=android.net.wifi.WIFI_STATE_CHANGED flg=0x4000010 (has extras) } because ULR inactive
05-17 09:27:40.111 2084 2084 I GCoreUlr: Unbound from all location providers
05-17 09:27:40.111 2084 2084 I GCoreUlr: Place inference reporting - stop
05-17 09:27:40.115 2084 3827 I GCoreUlr: Starting service, intent=Intent { act=com.google.android.location.reporting.ACTION_UPDATE_WORLD cmp=com.google.android.gms/com.google.android.location.reporting.service.DispatchingService (has extras) }, extras=Bundle[{receiverAction=com.google.android.location.reporting.PHENOTYPE_FLAGS_CHANGED}]
05-17 09:27:40.116 2084 2084 E BluetoothAdapter: Bluetooth binder is null
05-17 09:27:40.126 2084 3816 I GCoreUlr: WorldUpdater received intent Intent { act=com.google.android.location.reporting.ACTION_UPDATE_WORLD cmp=com.google.android.gms/com.google.android.location.reporting.service.DispatchingService (has extras) } with receiverAction com.google.android.location.reporting.PHENOTYPE_FLAGS_CHANGED
05-17 09:27:40.128 2084 3816 E GCoreUlr: Bad errorId configuring silent feedback
05-17 09:27:40.128 2084 3816 I GCoreUlr: WorldUpdater:com.google.android.location.reporting.PHENOTYPE_FLAGS_CHANGED: Ensuring that reporting is stopped because of reasons: (no Google accounts)
05-17 09:27:40.133 2084 3816 I GCoreUlr: Unbound from all location providers
05-17 09:27:40.133 2084 3816 I GCoreUlr: Place inference reporting - stop
05-17 09:27:40.135 2084 2084 I GCoreUlr: DispatchingService.onDestroy()
05-17 09:27:40.136 2084 3802 I GCoreUlr: Starting service, intent=Intent { act=com.google.android.location.reporting.ACTION_UPDATE_WORLD cmp=com.google.android.gms/com.google.android.location.reporting.service.DispatchingService (has extras) }, extras=Bundle[{receiverAction=com.google.android.location.reporting.PHENOTYPE_FLAGS_CHANGED}]
05-17 09:27:40.136 2084 2084 I GCoreUlr: Stopping handler for UlrDispSvcFast
05-17 09:27:40.136 2084 3816 I GCoreUlr: DispatchingService ignoring Intent { act=android.net.wifi.WIFI_STATE_CHANGED flg=0x4000010 (has extras) } because ULR inactive
05-17 09:27:40.137 2084 2084 I GCoreUlr: Unbound from all location providers
05-17 09:27:40.137 2084 2084 I GCoreUlr: Place inference reporting - stop
05-17 09:27:40.138 2084 2084 E BluetoothAdapter: Bluetooth binder is null
05-17 09:27:40.148 2084 3827 I GCoreUlr: WorldUpdater received intent Intent { act=com.google.android.location.reporting.ACTION_UPDATE_WORLD cmp=com.google.android.gms/com.google.android.location.reporting.service.DispatchingService (has extras) } with receiverAction com.google.android.location.reporting.PHENOTYPE_FLAGS_CHANGED
05-17 09:27:40.148 2084 3827 E GCoreUlr: Bad errorId configuring silent feedback
05-17 09:27:40.148 2084 3827 I GCoreUlr: WorldUpdater:com.google.android.location.reporting.PHENOTYPE_FLAGS_CHANGED: Ensuring that reporting is stopped because of reasons: (no Google accounts)
05-17 09:27:40.150 2084 3827 I GCoreUlr: Unbound from all location providers
05-17 09:27:40.150 2084 3827 I GCoreUlr: Place inference reporting - stop
05-17 09:27:40.151 2084 2084 I GCoreUlr: DispatchingService.onDestroy()
05-17 09:27:40.151 2084 2084 I GCoreUlr: Stopping handler for UlrDispSvcFast
05-17 09:27:40.152 2084 3827 I GCoreUlr: DispatchingService ignoring Intent { act=android.net.wifi.WIFI_STATE_CHANGED flg=0x4000010 (has extras) } because ULR inactive
05-17 09:27:40.152 2084 2084 I GCoreUlr: Unbound from all location providers
05-17 09:27:40.152 2084 2084 I GCoreUlr: Place inference reporting - stop
05-17 09:27:40.159 2084 3816 I GCoreUlr: Starting service, intent=Intent { act=com.google.android.location.reporting.ACTION_UPDATE_WORLD cmp=com.google.android.gms/com.google.android.location.reporting.service.DispatchingService (has extras) }, extras=Bundle[{receiverAction=com.google.android.location.reporting.PHENOTYPE_FLAGS_CHANGED}]
05-17 09:27:40.160 2084 2084 E BluetoothAdapter: Bluetooth binder is null
05-17 09:27:40.173 2084 3799 I GCoreUlr: WorldUpdater received intent Intent { act=com.google.android.location.reporting.ACTION_UPDATE_WORLD cmp=com.google.android.gms/com.google.android.location.reporting.service.DispatchingService (has extras) } with receiverAction com.google.android.location.reporting.PHENOTYPE_FLAGS_CHANGED
05-17 09:27:40.174 2084 3799 E GCoreUlr: Bad errorId configuring silent feedback
05-17 09:27:40.174 2084 3799 I GCoreUlr: WorldUpdater:com.google.android.location.reporting.PHENOTYPE_FLAGS_CHANGED: Ensuring that reporting is stopped because of reasons: (no Google accounts)
05-17 09:27:40.175 2084 3799 I GCoreUlr: Unbound from all location providers
05-17 09:27:40.175 2084 3799 I GCoreUlr: Place inference reporting - stop
05-17 09:27:40.176 2084 2084 I GCoreUlr: DispatchingService.onDestroy()
05-17 09:27:40.176 2084 2084 I GCoreUlr: Stopping handler for UlrDispSvcFast
05-17 09:27:40.177 2084 3799 I GCoreUlr: DispatchingService ignoring Intent { act=android.net.wifi.WIFI_STATE_CHANGED flg=0x4000010 (has extras) } because ULR inactive
05-17 09:27:40.177 2084 2084 I GCoreUlr: Unbound from all location providers
05-17 09:27:40.177 2084 2084 I GCoreUlr: Place inference reporting - stop
05-17 09:27:40.179 2084 3827 I GCoreUlr: Starting service, intent=Intent { act=com.google.android.location.reporting.ACTION_UPDATE_WORLD cmp=com.google.android.gms/com.google.android.location.reporting.service.DispatchingService (has extras) }, extras=Bundle[{receiverAction=com.google.android.location.reporting.PHENOTYPE_FLAGS_CHANGED}]
05-17 09:27:40.180 2084 2084 E BluetoothAdapter: Bluetooth binder is null
05-17 09:27:40.191 2084 3816 I GCoreUlr: WorldUpdater received intent Intent { act=com.google.android.location.reporting.ACTION_UPDATE_WORLD cmp=com.google.android.gms/com.google.android.location.reporting.service.DispatchingService (has extras) } with receiverAction com.google.android.location.reporting.PHENOTYPE_FLAGS_CHANGED
05-17 09:27:40.192 2084 3816 E GCoreUlr: Bad errorId configuring silent feedback
05-17 09:27:40.192 2084 3816 I GCoreUlr: WorldUpdater:com.google.android.location.reporting.PHENOTYPE_FLAGS_CHANGED: Ensuring that reporting is stopped because of reasons: (no Google accounts)
05-17 09:27:40.195 2084 3816 I GCoreUlr: Unbound from all location providers
05-17 09:27:40.195 2084 3816 I GCoreUlr: Place inference reporting - stop
05-17 09:27:40.196 2084 2084 I GCoreUlr: DispatchingService.onDestroy()
05-17 09:27:40.196 2084 2084 I GCoreUlr: Stopping handler for UlrDispSvcFast
05-17 09:27:40.197 2084 3816 I GCoreUlr: DispatchingService ignoring Intent { act=android.net.wifi.WIFI_STATE_CHANGED flg=0x4000010 (has extras) } because ULR inactive
05-17 09:27:40.197 2084 2084 I GCoreUlr: Unbound from all location providers
05-17 09:27:40.197 2084 2084 I GCoreUlr: Place inference reporting - stop
05-17 09:27:40.200 2084 3799 I GCoreUlr: Starting service, intent=Intent { act=com.google.android.location.reporting.ACTION_UPDATE_WORLD cmp=com.google.android.gms/com.google.android.location.reporting.service.DispatchingService (has extras) }, extras=Bundle[{receiverAction=com.google.android.location.reporting.PHENOTYPE_FLAGS_CHANGED}]
05-17 09:27:40.201 2084 2084 E BluetoothAdapter: Bluetooth binder is null
05-17 09:27:40.218 2084 3802 I GCoreUlr: WorldUpdater received intent Intent { act=com.google.android.location.reporting.ACTION_UPDATE_WORLD cmp=com.google.android.gms/com.google.android.location.reporting.service.DispatchingService (has extras) } with receiverAction com.google.android.location.reporting.PHENOTYPE_FLAGS_CHANGED
05-17 09:27:40.219 2084 3802 E GCoreUlr: Bad errorId configuring silent feedback
05-17 09:27:40.219 2084 3802 I GCoreUlr: WorldUpdater:com.google.android.location.reporting.PHENOTYPE_FLAGS_CHANGED: Ensuring that reporting is stopped because of reasons: (no Google accounts)
05-17 09:27:40.221 2084 3802 I GCoreUlr: Unbound from all location providers
05-17 09:27:40.221 2084 3802 I GCoreUlr: Place inference reporting - stop
05-17 09:27:40.222 2084 2084 I GCoreUlr: DispatchingService.onDestroy()
05-17 09:27:40.222 2084 2084 I GCoreUlr: Stopping handler for UlrDispSvcFast
05-17 09:27:40.223 2084 3802 I GCoreUlr: DispatchingService ignoring Intent { act=android.net.wifi.WIFI_STATE_CHANGED flg=0x4000010 (has extras) } because ULR inactive
05-17 09:27:40.224 2084 2084 I GCoreUlr: Unbound from all location providers
05-17 09:27:40.224 2084 2084 I GCoreUlr: Place inference reporting - stop
05-17 09:27:40.225 2084 3816 I GCoreUlr: Starting service, intent=Intent { act=com.google.android.location.reporting.ACTION_UPDATE_WORLD cmp=com.google.android.gms/com.google.android.location.reporting.service.DispatchingService (has extras) }, extras=Bundle[{receiverAction=com.google.android.location.reporting.PHENOTYPE_FLAGS_CHANGED}]
05-17 09:27:40.226 2084 2084 E BluetoothAdapter: Bluetooth binder is null
05-17 09:27:40.236 2084 3816 I GCoreUlr: WorldUpdater received intent Intent { act=com.google.android.location.reporting.ACTION_UPDATE_WORLD cmp=com.google.android.gms/com.google.android.location.reporting.service.DispatchingService (has extras) } with receiverAction com.google.android.location.reporting.PHENOTYPE_FLAGS_CHANGED
05-17 09:27:40.236 2084 3816 E GCoreUlr: Bad errorId configuring silent feedback
05-17 09:27:40.236 2084 3816 I GCoreUlr: WorldUpdater:com.google.android.location.reporting.PHENOTYPE_FLAGS_CHANGED: Ensuring that reporting is stopped because of reasons: (no Google accounts)
05-17 09:27:40.237 2084 3816 I GCoreUlr: Unbound from all location providers
05-17 09:27:40.237 2084 3816 I GCoreUlr: Place inference reporting - stop
05-17 09:27:40.238 2084 2084 I GCoreUlr: DispatchingService.onDestroy()
05-17 09:27:40.238 2084 2084 I GCoreUlr: Stopping handler for UlrDispSvcFast
05-17 09:27:40.239 2084 2084 I GCoreUlr: Unbound from all location providers
05-17 09:27:40.239 2084 2084 I GCoreUlr: Place inference reporting - stop
05-17 09:27:40.244 2084 3802 I GCoreUlr: Starting service, intent=Intent { act=com.google.android.location.reporting.ACTION_UPDATE_WORLD cmp=com.google.android.gms/com.google.android.location.reporting.service.DispatchingService (has extras) }, extras=Bundle[{receiverAction=com.google.android.location.reporting.PHENOTYPE_FLAGS_CHANGED}]
05-17 09:27:40.245 2084 2084 E BluetoothAdapter: Bluetooth binder is null
05-17 09:27:40.254 2084 3799 I GCoreUlr: WorldUpdater received intent Intent { act=com.google.android.location.reporting.ACTION_UPDATE_WORLD cmp=com.google.android.gms/com.google.android.location.reporting.service.DispatchingService (has extras) } with receiverAction com.google.android.location.reporting.PHENOTYPE_FLAGS_CHANGED
05-17 09:27:40.255 2084 3799 E GCoreUlr: Bad errorId configuring silent feedback
05-17 09:27:40.255 2084 3799 I GCoreUlr: WorldUpdater:com.google.android.location.reporting.PHENOTYPE_FLAGS_CHANGED: Ensuring that reporting is stopped because of reasons: (no Google accounts)
05-17 09:27:40.257 2084 3799 I GCoreUlr: Unbound from all location providers
05-17 09:27:40.257 2084 3799 I GCoreUlr: Place inference reporting - stop
05-17 09:27:40.259 2084 2084 I GCoreUlr: DispatchingService.onDestroy()
05-17 09:27:40.259 2084 2084 I GCoreUlr: Stopping handler for UlrDispSvcFast
05-17 09:27:40.259 2084 3799 I GCoreUlr: DispatchingService ignoring Intent { act=android.net.wifi.WIFI_STATE_CHANGED flg=0x4000010 (has extras) } because ULR inactive
05-17 09:27:40.260 2084 2084 I GCoreUlr: Unbound from all location providers
05-17 09:27:40.260 2084 2084 I GCoreUlr: Place inference reporting - stop
05-17 09:27:40.268 2084 3816 I GCoreUlr: Starting service, intent=Intent { act=com.google.android.location.reporting.ACTION_UPDATE_WORLD cmp=com.google.android.gms/com.google.android.location.reporting.service.DispatchingService (has extras) }, extras=Bundle[{receiverAction=com.google.android.location.reporting.PHENOTYPE_FLAGS_CHANGED}]
05-17 09:27:40.269 2084 2084 E BluetoothAdapter: Bluetooth binder is null
05-17 09:27:40.281 2084 3827 I GCoreUlr: WorldUpdater received intent Intent { act=com.google.android.location.reporting.ACTION_UPDATE_WORLD cmp=com.google.android.gms/com.google.android.location.reporting.service.DispatchingService (has extras) } with receiverAction com.google.android.location.reporting.PHENOTYPE_FLAGS_CHANGED
05-17 09:27:40.282 2084 3827 E GCoreUlr: Bad errorId configuring silent feedback
05-17 09:27:40.282 2084 3827 I GCoreUlr: WorldUpdater:com.google.android.location.reporting.PHENOTYPE_FLAGS_CHANGED: Ensuring that reporting is stopped because of reasons: (no Google accounts)
05-17 09:27:40.284 2084 3827 I GCoreUlr: Unbound from all location providers
05-17 09:27:40.284 2084 3827 I GCoreUlr: Place inference reporting - stop
05-17 09:27:40.284 2084 2084 I GCoreUlr: DispatchingService.onDestroy()
05-17 09:27:40.285 2084 2084 I GCoreUlr: Stopping handler for UlrDispSvcFast
05-17 09:27:40.286 2084 2084 I GCoreUlr: Unbound from all location providers
05-17 09:27:40.286 2084 2084 I GCoreUlr: Place inference reporting - stop
05-17 09:27:40.302 2084 3799 I GCoreUlr: Starting service, intent=Intent { act=com.google.android.location.reporting.ACTION_UPDATE_WORLD cmp=com.google.android.gms/com.google.android.location.reporting.service.DispatchingService (has extras) }, extras=Bundle[{receiverAction=com.google.android.location.reporting.PHENOTYPE_FLAGS_CHANGED}]
05-17 09:27:40.304 2084 2084 E BluetoothAdapter: Bluetooth binder is null
05-17 09:27:40.315 2084 3802 I GCoreUlr: WorldUpdater received intent Intent { act=com.google.android.location.reporting.ACTION_UPDATE_WORLD cmp=com.google.android.gms/com.google.android.location.reporting.service.DispatchingService (has extras) } with receiverAction com.google.android.location.reporting.PHENOTYPE_FLAGS_CHANGED
05-17 09:27:40.316 2084 3802 E GCoreUlr: Bad errorId configuring silent feedback
05-17 09:27:40.316 2084 3802 I GCoreUlr: WorldUpdater:com.google.android.location.reporting.PHENOTYPE_FLAGS_CHANGED: Ensuring that reporting is stopped because of reasons: (no Google accounts)
05-17 09:27:40.317 2084 3802 I GCoreUlr: Unbound from all location providers
05-17 09:27:40.317 2084 3802 I GCoreUlr: Place inference reporting - stop
05-17 09:27:40.319 2084 2084 I GCoreUlr: DispatchingService.onDestroy()
05-17 09:27:40.319 2084 2084 I GCoreUlr: Stopping handler for UlrDispSvcFast
05-17 09:27:40.320 2084 3802 I GCoreUlr: DispatchingService ignoring Intent { act=android.net.wifi.WIFI_STATE_CHANGED flg=0x4000010 (has extras) } because ULR inactive
05-17 09:27:40.321 2084 2084 I GCoreUlr: Unbound from all location providers
05-17 09:27:40.321 2084 2084 I GCoreUlr: Place inference reporting - stop
05-17 09:27:40.325 2084 3827 I GCoreUlr: Starting service, intent=Intent { act=com.google.android.location.reporting.ACTION_UPDATE_WORLD cmp=com.google.android.gms/com.google.android.location.reporting.service.DispatchingService (has extras) }, extras=Bundle[{receiverAction=com.google.android.location.reporting.PHENOTYPE_FLAGS_CHANGED}]
05-17 09:27:40.326 2084 2084 E BluetoothAdapter: Bluetooth binder is null
05-17 09:27:40.338 2084 3816 I GCoreUlr: WorldUpdater received intent Intent { act=com.google.android.location.reporting.ACTION_UPDATE_WORLD cmp=com.google.android.gms/com.google.android.location.reporting.service.DispatchingService (has extras) } with receiverAction com.google.android.location.reporting.PHENOTYPE_FLAGS_CHANGED
05-17 09:27:40.339 2084 3816 E GCoreUlr: Bad errorId configuring silent feedback
05-17 09:27:40.339 2084 3816 I GCoreUlr: WorldUpdater:com.google.android.location.reporting.PHENOTYPE_FLAGS_CHANGED: Ensuring that reporting is stopped because of reasons: (no Google accounts)
05-17 09:27:40.340 2084 3816 I GCoreUlr: Unbound from all location providers
05-17 09:27:40.340 2084 3816 I GCoreUlr: Place inference reporting - stop
05-17 09:27:40.341 2084 2084 I GCoreUlr: DispatchingService.onDestroy()
05-17 09:27:40.342 2084 3816 I GCoreUlr: DispatchingService ignoring Intent { act=android.net.wifi.WIFI_STATE_CHANGED flg=0x4000010 (has extras) } because ULR inactive
05-17 09:27:40.342 2084 2084 I GCoreUlr: Stopping handler for UlrDispSvcFast
05-17 09:27:40.343 2084 2084 I GCoreUlr: Unbound from all location providers
05-17 09:27:40.343 2084 2084 I GCoreUlr: Place inference reporting - stop
05-17 09:27:40.348 2084 3802 I GCoreUlr: Starting service, intent=Intent { act=com.google.android.location.reporting.ACTION_UPDATE_WORLD cmp=com.google.android.gms/com.google.android.location.reporting.service.DispatchingService (has extras) }, extras=Bundle[{receiverAction=com.google.android.location.reporting.PHENOTYPE_FLAGS_CHANGED}]
05-17 09:27:40.349 2084 2084 E BluetoothAdapter: Bluetooth binder is null
05-17 09:27:40.362 2084 3827 I GCoreUlr: WorldUpdater received intent Intent { act=com.google.android.location.reporting.ACTION_UPDATE_WORLD cmp=com.google.android.gms/com.google.android.location.reporting.service.DispatchingService (has extras) } with receiverAction com.google.android.location.reporting.PHENOTYPE_FLAGS_CHANGED
05-17 09:27:40.363 2084 3827 E GCoreUlr: Bad errorId configuring silent feedback
05-17 09:27:40.363 2084 3827 I GCoreUlr: WorldUpdater:com.google.android.location.reporting.PHENOTYPE_FLAGS_CHANGED: Ensuring that reporting is stopped because of reasons: (no Google accounts)
05-17 09:27:40.364 2084 3827 I GCoreUlr: Unbound from all location providers
05-17 09:27:40.364 2084 3827 I GCoreUlr: Place inference reporting - stop
05-17 09:27:40.365 2084 2084 I GCoreUlr: DispatchingService.onDestroy()
05-17 09:27:40.368 2084 2084 I GCoreUlr: Stopping handler for UlrDispSvcFast
05-17 09:27:40.368 2084 2084 I GCoreUlr: Unbound from all location providers
05-17 09:27:40.369 2084 2084 I GCoreUlr: Place inference reporting - stop
05-17 09:27:40.369 2084 3827 I GCoreUlr: DispatchingService ignoring Intent { act=android.net.wifi.WIFI_STATE_CHANGED flg=0x4000010 (has extras) } because ULR inactive
05-17 09:27:40.377 2084 3816 I GCoreUlr: Starting service, intent=Intent { act=com.google.android.location.reporting.ACTION_UPDATE_WORLD cmp=com.google.android.gms/com.google.android.location.reporting.service.DispatchingService (has extras) }, extras=Bundle[{receiverAction=com.google.android.location.reporting.PHENOTYPE_FLAGS_CHANGED}]
05-17 09:27:40.380 2084 2084 E BluetoothAdapter: Bluetooth binder is null
05-17 09:27:40.393 2084 3816 I GCoreUlr: WorldUpdater received intent Intent { act=com.google.android.location.reporting.ACTION_UPDATE_WORLD cmp=com.google.android.gms/com.google.android.location.reporting.service.DispatchingService (has extras) } with receiverAction com.google.android.location.reporting.PHENOTYPE_FLAGS_CHANGED
05-17 09:27:40.394 2084 3816 E GCoreUlr: Bad errorId configuring silent feedback
05-17 09:27:40.394 2084 3816 I GCoreUlr: WorldUpdater:com.google.android.location.reporting.PHENOTYPE_FLAGS_CHANGED: Ensuring that reporting is stopped because of reasons: (no Google accounts)
05-17 09:27:40.396 2084 3816 I GCoreUlr: Unbound from all location providers
05-17 09:27:40.396 2084 3816 I GCoreUlr: Place inference reporting - stop
05-17 09:27:40.397 2084 2084 I GCoreUlr: DispatchingService.onDestroy()
05-17 09:27:40.397 2084 2084 I GCoreUlr: Stopping handler for UlrDispSvcFast
05-17 09:27:40.398 2084 2084 I GCoreUlr: Unbound from all location providers
05-17 09:27:40.398 2084 2084 I GCoreUlr: Place inference reporting - stop
05-17 09:27:40.399 2084 3816 I GCoreUlr: DispatchingService ignoring Intent { act=android.net.wifi.WIFI_STATE_CHANGED flg=0x4000010 (has extras) } because ULR inactive
05-17 09:27:40.402 2084 3827 I GCoreUlr: Starting service, intent=Intent { act=com.google.android.location.reporting.ACTION_UPDATE_WORLD cmp=com.google.android.gms/com.google.android.location.reporting.service.DispatchingService (has extras) }, extras=Bundle[{receiverAction=com.google.android.location.reporting.PHENOTYPE_FLAGS_CHANGED}]
05-17 09:27:40.403 2084 2084 E BluetoothAdapter: Bluetooth binder is null
05-17 09:27:40.412 2084 3799 I GCoreUlr: WorldUpdater received intent Intent { act=com.google.android.location.reporting.ACTION_UPDATE_WORLD cmp=com.google.android.gms/com.google.android.location.reporting.service.DispatchingService (has extras) } with receiverAction com.google.android.location.reporting.PHENOTYPE_FLAGS_CHANGED
05-17 09:27:40.412 2084 3799 E GCoreUlr: Bad errorId configuring silent feedback
05-17 09:27:40.412 2084 3799 I GCoreUlr: WorldUpdater:com.google.android.location.reporting.PHENOTYPE_FLAGS_CHANGED: Ensuring that reporting is stopped because of reasons: (no Google accounts)
05-17 09:27:40.415 2084 3799 I GCoreUlr: Unbound from all location providers
05-17 09:27:40.415 2084 3799 I GCoreUlr: Place inference reporting - stop
05-17 09:27:40.417 2084 2084 I GCoreUlr: DispatchingService.onDestroy()
05-17 09:27:40.417 2084 2084 I GCoreUlr: Stopping handler for UlrDispSvcFast
05-17 09:27:40.418 2084 3799 I GCoreUlr: DispatchingService ignoring Intent { act=android.net.wifi.WIFI_STATE_CHANGED flg=0x4000010 (has extras) } because ULR inactive
05-17 09:27:40.419 2084 2084 I GCoreUlr: Unbound from all location providers
05-17 09:27:40.419 2084 2084 I GCoreUlr: Place inference reporting - stop
05-17 09:27:40.422 2084 3816 I GCoreUlr: Starting service, intent=Intent { act=com.google.android.location.reporting.ACTION_UPDATE_WORLD cmp=com.google.android.gms/com.google.android.location.reporting.service.DispatchingService (has extras) }, extras=Bundle[{receiverAction=com.google.android.location.reporting.PHENOTYPE_FLAGS_CHANGED}]
05-17 09:27:40.423 2084 2084 E BluetoothAdapter: Bluetooth binder is null
05-17 09:27:40.445 2084 3802 I GCoreUlr: WorldUpdater received intent Intent { act=com.google.android.location.reporting.ACTION_UPDATE_WORLD cmp=com.google.android.gms/com.google.android.location.reporting.service.DispatchingService (has extras) } with receiverAction com.google.android.location.reporting.PHENOTYPE_FLAGS_CHANGED
05-17 09:27:40.445 2084 3802 E GCoreUlr: Bad errorId configuring silent feedback
05-17 09:27:40.445 2084 3802 I GCoreUlr: WorldUpdater:com.google.android.location.reporting.PHENOTYPE_FLAGS_CHANGED: Ensuring that reporting is stopped because of reasons: (no Google accounts)
05-17 09:27:40.447 2084 3802 I GCoreUlr: Unbound from all location providers
05-17 09:27:40.447 2084 3802 I GCoreUlr: Place inference reporting - stop
05-17 09:27:40.448 2084 2084 I GCoreUlr: DispatchingService.onDestroy()
05-17 09:27:40.449 2084 2084 I GCoreUlr: Stopping handler for UlrDispSvcFast
05-17 09:27:40.450 2084 3802 I GCoreUlr: DispatchingService ignoring Intent { act=android.net.wifi.WIFI_STATE_CHANGED flg=0x4000010 (has extras) } because ULR inactive
05-17 09:27:40.451 2084 2084 I GCoreUlr: Unbound from all location providers
05-17 09:27:40.451 2084 2084 I GCoreUlr: Place inference reporting - stop
05-17 09:27:40.455 2084 3799 I GCoreUlr: Starting service, intent=Intent { act=com.google.android.location.reporting.ACTION_UPDATE_WORLD cmp=com.google.android.gms/com.google.android.location.reporting.service.DispatchingService (has extras) }, extras=Bundle[{receiverAction=com.google.android.location.reporting.PHENOTYPE_FLAGS_CHANGED}]
05-17 09:27:40.456 2084 2084 E BluetoothAdapter: Bluetooth binder is null
05-17 09:27:40.468 2084 3799 I GCoreUlr: WorldUpdater received intent Intent { act=com.google.android.location.reporting.ACTION_UPDATE_WORLD cmp=com.google.android.gms/com.google.android.location.reporting.service.DispatchingService (has extras) } with receiverAction com.google.android.location.reporting.PHENOTYPE_FLAGS_CHANGED
05-17 09:27:40.469 2084 3799 E GCoreUlr: Bad errorId configuring silent feedback
05-17 09:27:40.469 2084 3799 I GCoreUlr: WorldUpdater:com.google.android.location.reporting.PHENOTYPE_FLAGS_CHANGED: Ensuring that reporting is stopped because of reasons: (no Google accounts)
05-17 09:27:40.471 2084 3799 I GCoreUlr: Unbound from all location providers
05-17 09:27:40.471 2084 3799 I GCoreUlr: Place inference reporting - stop
05-17 09:27:40.472 2084 2084 I GCoreUlr: DispatchingService.onDestroy()
05-17 09:27:40.472 2084 2084 I GCoreUlr: Stopping handler for UlrDispSvcFast
05-17 09:27:40.473 2084 2084 I GCoreUlr: Unbound from all location providers
05-17 09:27:40.473 2084 2084 I GCoreUlr: Place inference reporting - stop
05-17 09:27:40.478 2084 3802 I GCoreUlr: Starting service, intent=Intent { act=com.google.android.location.reporting.ACTION_UPDATE_WORLD cmp=com.google.android.gms/com.google.android.location.reporting.service.DispatchingService (has extras) }, extras=Bundle[{receiverAction=com.google.android.location.reporting.PHENOTYPE_FLAGS_CHANGED}]
05-17 09:27:40.480 2084 2084 E BluetoothAdapter: Bluetooth binder is null
05-17 09:27:40.491 2084 3827 I GCoreUlr: WorldUpdater received intent Intent { act=com.google.android.location.reporting.ACTION_UPDATE_WORLD cmp=com.google.android.gms/com.google.android.location.reporting.service.DispatchingService (has extras) } with receiverAction com.google.android.location.reporting.PHENOTYPE_FLAGS_CHANGED
05-17 09:27:40.492 2084 3827 E GCoreUlr: Bad errorId configuring silent feedback
05-17 09:27:40.492 2084 3827 I GCoreUlr: WorldUpdater:com.google.android.location.reporting.PHENOTYPE_FLAGS_CHANGED: Ensuring that reporting is stopped because of reasons: (no Google accounts)
05-17 09:27:40.493 2084 3827 I GCoreUlr: Unbound from all location providers
05-17 09:27:40.493 2084 3827 I GCoreUlr: Place inference reporting - stop
05-17 09:27:40.495 2084 2084 I GCoreUlr: DispatchingService.onDestroy()
05-17 09:27:40.496 2084 2084 I GCoreUlr: Stopping handler for UlrDispSvcFast
05-17 09:27:40.496 2084 3827 I GCoreUlr: DispatchingService ignoring Intent { act=android.net.wifi.WIFI_STATE_CHANGED flg=0x4000010 (has extras) } because ULR inactive
05-17 09:27:40.496 2084 2084 I GCoreUlr: Unbound from all location providers
05-17 09:27:40.496 2084 2084 I GCoreUlr: Place inference reporting - stop
05-17 09:27:40.500 2084 3799 I GCoreUlr: Starting service, intent=Intent { act=com.google.android.location.reporting.ACTION_UPDATE_WORLD cmp=com.google.android.gms/com.google.android.location.reporting.service.DispatchingService (has extras) }, extras=Bundle[{receiverAction=com.google.android.location.reporting.PHENOTYPE_FLAGS_CHANGED}]
05-17 09:27:40.502 2084 2084 E BluetoothAdapter: Bluetooth binder is null
05-17 09:27:40.511 2084 3799 I GCoreUlr: WorldUpdater received intent Intent { act=com.google.android.location.reporting.ACTION_UPDATE_WORLD cmp=com.google.android.gms/com.google.android.location.reporting.service.DispatchingService (has extras) } with receiverAction com.google.android.location.reporting.PHENOTYPE_FLAGS_CHANGED
05-17 09:27:40.512 2084 3799 E GCoreUlr: Bad errorId configuring silent feedback
05-17 09:27:40.512 2084 3799 I GCoreUlr: WorldUpdater:com.google.android.location.reporting.PHENOTYPE_FLAGS_CHANGED: Ensuring that reporting is stopped because of reasons: (no Google accounts)
05-17 09:27:40.513 2084 3799 I GCoreUlr: Unbound from all location providers
05-17 09:27:40.514 2084 3799 I GCoreUlr: Place inference reporting - stop
05-17 09:27:40.516 2084 2084 I GCoreUlr: DispatchingService.onDestroy()
05-17 09:27:40.516 2084 3799 I GCoreUlr: DispatchingService ignoring Intent { act=android.net.wifi.WIFI_STATE_CHANGED flg=0x4000010 (has extras) } because ULR inactive
05-17 09:27:40.516 2084 2084 I GCoreUlr: Stopping handler for UlrDispSvcFast
05-17 09:27:40.518 2084 2084 I GCoreUlr: Unbound from all location providers
05-17 09:27:40.518 2084 2084 I GCoreUlr: Place inference reporting - stop
05-17 09:27:40.524 2084 3827 I GCoreUlr: Starting service, intent=Intent { act=com.google.android.location.reporting.ACTION_UPDATE_WORLD cmp=com.google.android.gms/com.google.android.location.reporting.service.DispatchingService (has extras) }, extras=Bundle[{receiverAction=com.google.android.location.reporting.PHENOTYPE_FLAGS_CHANGED}]
05-17 09:27:40.526 2084 2084 E BluetoothAdapter: Bluetooth binder is null
05-17 09:27:40.537 2084 3816 I GCoreUlr: WorldUpdater received intent Intent { act=com.google.android.location.reporting.ACTION_UPDATE_WORLD cmp=com.google.android.gms/com.google.android.location.reporting.service.DispatchingService (has extras) } with receiverAction com.google.android.location.reporting.PHENOTYPE_FLAGS_CHANGED
05-17 09:27:40.538 2084 3816 E GCoreUlr: Bad errorId configuring silent feedback
05-17 09:27:40.538 2084 3816 I GCoreUlr: WorldUpdater:com.google.android.location.reporting.PHENOTYPE_FLAGS_CHANGED: Ensuring that reporting is stopped because of reasons: (no Google accounts)
05-17 09:27:40.539 2084 3816 I GCoreUlr: Unbound from all location providers
05-17 09:27:40.539 2084 3816 I GCoreUlr: Place inference reporting - stop
05-17 09:27:40.541 2084 3816 I GCoreUlr: DispatchingService ignoring Intent { act=android.net.wifi.WIFI_STATE_CHANGED flg=0x4000010 (has extras) } because ULR inactive
05-17 09:27:40.542 2084 2084 I GCoreUlr: DispatchingService.onDestroy()
05-17 09:27:40.543 2084 2084 I GCoreUlr: Stopping handler for UlrDispSvcFast
05-17 09:27:40.545 2084 2084 I GCoreUlr: Unbound from all location providers
05-17 09:27:40.545 2084 2084 I GCoreUlr: Place inference reporting - stop
05-17 09:27:40.563 2084 3799 I GCoreUlr: Starting service, intent=Intent { act=com.google.android.location.reporting.ACTION_UPDATE_WORLD cmp=com.google.android.gms/com.google.android.location.reporting.service.DispatchingService (has extras) }, extras=Bundle[{receiverAction=com.google.android.location.reporting.PHENOTYPE_FLAGS_CHANGED}]
05-17 09:27:40.565 2084 2084 E BluetoothAdapter: Bluetooth binder is null
05-17 09:27:40.580 2084 3802 I GCoreUlr: WorldUpdater received intent Intent { act=com.google.android.location.reporting.ACTION_UPDATE_WORLD cmp=com.google.android.gms/com.google.android.location.reporting.service.DispatchingService (has extras) } with receiverAction com.google.android.location.reporting.PHENOTYPE_FLAGS_CHANGED
05-17 09:27:40.581 2084 3802 E GCoreUlr: Bad errorId configuring silent feedback
05-17 09:27:40.581 2084 3802 I GCoreUlr: WorldUpdater:com.google.android.location.reporting.PHENOTYPE_FLAGS_CHANGED: Ensuring that reporting is stopped because of reasons: (no Google accounts)
05-17 09:27:40.583 2084 3802 I GCoreUlr: Unbound from all location providers
05-17 09:27:40.583 2084 3802 I GCoreUlr: Place inference reporting - stop
05-17 09:27:40.584 2084 2084 I GCoreUlr: DispatchingService.onDestroy()
05-17 09:27:40.585 2084 2084 I GCoreUlr: Stopping handler for UlrDispSvcFast
05-17 09:27:40.585 2084 3802 I GCoreUlr: DispatchingService ignoring Intent { act=android.net.wifi.WIFI_STATE_CHANGED flg=0x4000010 (has extras) } because ULR inactive
05-17 09:27:40.586 2084 2084 I GCoreUlr: Unbound from all location providers
05-17 09:27:40.586 2084 2084 I GCoreUlr: Place inference reporting - stop
05-17 09:27:40.590 2084 3816 I GCoreUlr: Starting service, intent=Intent { act=com.google.android.location.reporting.ACTION_UPDATE_WORLD cmp=com.google.android.gms/com.google.android.location.reporting.service.DispatchingService (has extras) }, extras=Bundle[{receiverAction=com.google.android.location.reporting.PHENOTYPE_FLAGS_CHANGED}]
05-17 09:27:40.592 2084 2084 E BluetoothAdapter: Bluetooth binder is null
05-17 09:27:40.600 3884 3884 I dex2oat : dex2oat took 8.845s (threads: 4) arena alloc=381KB (390632B) java alloc=35MB (36825656B) native alloc=42MB (44930328B) free=4MB (5139176B) swap=16MB (16777216B)
05-17 09:27:40.617 2084 3816 I GCoreUlr: WorldUpdater received intent Intent { act=com.google.android.location.reporting.ACTION_UPDATE_WORLD cmp=com.google.android.gms/com.google.android.location.reporting.service.DispatchingService (has extras) } with receiverAction com.google.android.location.reporting.PHENOTYPE_FLAGS_CHANGED
05-17 09:27:40.618 2084 3816 E GCoreUlr: Bad errorId configuring silent feedback
05-17 09:27:40.618 2084 3816 I GCoreUlr: WorldUpdater:com.google.android.location.reporting.PHENOTYPE_FLAGS_CHANGED: Ensuring that reporting is stopped because of reasons: (no Google accounts)
05-17 09:27:40.620 1697 1710 I ActivityManager: Force stopping com.android.vending appid=10021 user=-1: installPackageLI
05-17 09:27:40.621 1697 1710 I ActivityManager: Killing 2678:com.android.vending/u0a21 (adj 900): stop com.android.vending
05-17 09:27:40.624 1697 1710 D ActivityManager: cleanUpApplicationRecord -- 2678
05-17 09:27:40.626 1697 1710 I ActivityManager: Killing 2790:com.android.vending:background/u0a21 (adj 0): stop com.android.vending
05-17 09:27:40.627 1697 1710 D ActivityManager: cleanUpApplicationRecord -- 2790
05-17 09:27:40.628 1697 1710 I ActivityManager: Killing 3389:com.android.vending:quick_launch/u0a21 (adj 902): stop com.android.vending
05-17 09:27:40.629 1697 1710 D ActivityManager: cleanUpApplicationRecord -- 3389
05-17 09:27:40.630 2084 3816 I GCoreUlr: Unbound from all location providers
05-17 09:27:40.630 2084 3816 I GCoreUlr: Place inference reporting - stop
05-17 09:27:40.631 2084 2084 I GCoreUlr: DispatchingService.onDestroy()
05-17 09:27:40.632 2084 2084 I GCoreUlr: Stopping handler for UlrDispSvcFast
05-17 09:27:40.632 2084 3816 I GCoreUlr: DispatchingService ignoring Intent { act=android.net.wifi.WIFI_STATE_CHANGED flg=0x4000010 (has extras) } because ULR inactive
05-17 09:27:40.633 2084 2084 I GCoreUlr: Unbound from all location providers
05-17 09:27:40.633 2084 2084 I GCoreUlr: Place inference reporting - stop
05-17 09:27:40.640 1697 1722 W PackageManager: Trying to update system app code path from /data/app/com.android.vending-1 to /data/app/com.android.vending-2
05-17 09:27:40.640 1697 1722 W PackageManager: Package com.android.vending desires unavailable shared library androidx.window.extensions; ignoring!
05-17 09:27:40.640 1697 1722 W PackageManager: Package com.android.vending desires unavailable shared library androidx.window.sidecar; ignoring!
05-17 09:27:40.640 1697 1722 W PackageManager: Code path for com.android.vending changing from /data/app/com.android.vending-1 to /data/app/com.android.vending-2
05-17 09:27:40.640 1697 1722 W PackageManager: Resource path for com.android.vending changing from /data/app/com.android.vending-1 to /data/app/com.android.vending-2
05-17 09:27:40.648 2084 3802 I GCoreUlr: Starting service, intent=Intent { act=com.google.android.location.reporting.ACTION_UPDATE_WORLD cmp=com.google.android.gms/com.google.android.location.reporting.service.DispatchingService (has extras) }, extras=Bundle[{receiverAction=com.google.android.location.reporting.PHENOTYPE_FLAGS_CHANGED}]
05-17 09:27:40.666 1697 3218 D ConnectivityService: ConnectivityService NetworkRequestInfo binderDied(NetworkRequest [ TRACK_DEFAULT id=6, [ Capabilities: INTERNET&NOT_RESTRICTED&TRUSTED&NOT_VPN] ], android.os.BinderProxy@6ebfb56)
05-17 09:27:40.666 1697 1747 D ConnectivityService: releasing NetworkRequest [ TRACK_DEFAULT id=6, [ Capabilities: INTERNET&NOT_RESTRICTED&TRUSTED&NOT_VPN] ]
05-17 09:27:40.673 1697 1747 E ConnectivityService: RemoteException caught trying to send a callback msg for NetworkRequest [ TRACK_DEFAULT id=6, [ Capabilities: INTERNET&NOT_RESTRICTED&TRUSTED&NOT_VPN] ]
05-17 09:27:40.679 1697 1722 W PackageManager: Unknown permission android.permission.READ_DEVICE_CONFIG in package com.android.vending
05-17 09:27:40.680 1697 1722 W PackageManager: Unknown permission android.permission.WRITE_DEVICE_CONFIG in package com.android.vending
05-17 09:27:40.680 1697 1722 W PackageManager: Unknown permission android.permission.BLUETOOTH_SCAN in package com.android.vending
05-17 09:27:40.680 1697 1722 W PackageManager: Unknown permission android.permission.BLUETOOTH_ADVERTISE in package com.android.vending
05-17 09:27:40.680 1697 1722 W PackageManager: Unknown permission android.permission.BLUETOOTH_CONNECT in package com.android.vending
05-17 09:27:40.680 1697 1722 W PackageManager: Unknown permission android.permission.NEARBY_WIFI_DEVICES in package com.android.vending
05-17 09:27:40.680 1697 1722 W PackageManager: Unknown permission android.permission.HIDE_NON_SYSTEM_OVERLAY_WINDOWS in package com.android.vending
05-17 09:27:40.680 1697 1722 W PackageManager: Unknown permission android.permission.MANAGE_CLOUDSEARCH in package com.android.vending
05-17 09:27:40.680 1697 1722 W PackageManager: Unknown permission android.permission.ACCESS_ADSERVICES_ATTRIBUTION in package com.android.vending
05-17 09:27:40.680 1697 1722 W PackageManager: Not granting permission android.permission.READ_PRIVILEGED_PHONE_STATE to package com.android.vending (protectionLevel=18 flags=0x284abec5)
05-17 09:27:40.680 1697 1722 W PackageManager: Not granting permission android.permission.SEND_DOWNLOAD_COMPLETED_INTENTS to package com.android.vending (protectionLevel=2 flags=0x284abec5)
05-17 09:27:40.680 1697 1722 W PackageManager: Unknown permission android.permission.USE_BIOMETRIC in package com.android.vending
05-17 09:27:40.680 1697 1722 W PackageManager: Unknown permission com.google.android.setupwizard.SETUP_PROGRESS_SERVICE in package com.android.vending
05-17 09:27:40.680 1697 1722 W PackageManager: Unknown permission android.permission.SEND_SAFETY_CENTER_UPDATE in package com.android.vending
05-17 09:27:40.680 1697 1722 W PackageManager: Not granting permission android.permission.BACKUP to package com.android.vending (protectionLevel=18 flags=0x284abec5)
05-17 09:27:40.680 1697 1722 W PackageManager: Not granting permission android.permission.CONNECTIVITY_INTERNAL to package com.android.vending (protectionLevel=18 flags=0x284abec5)
05-17 09:27:40.680 1697 1722 W PackageManager: Not granting permission android.permission.DUMP to package com.android.vending (protectionLevel=50 flags=0x284abec5)
05-17 09:27:40.680 1697 1722 W PackageManager: Unknown permission android.permission.ALLOCATE_AGGRESSIVE in package com.android.vending
05-17 09:27:40.680 1697 1722 W PackageManager: Not granting permission android.permission.GET_APP_OPS_STATS to package com.android.vending (protectionLevel=50 flags=0x284abec5)
05-17 09:27:40.680 1697 1722 W PackageManager: Not granting permission android.permission.SET_PREFERRED_APPLICATIONS to package com.android.vending (protectionLevel=2 flags=0x284abec5)
05-17 09:27:40.680 1697 1722 W PackageManager: Unknown permission android.permission.ACCESS_INSTANT_APPS in package com.android.vending
05-17 09:27:40.680 1697 1722 W PackageManager: Not granting permission android.permission.UPDATE_DEVICE_STATS to package com.android.vending (protectionLevel=18 flags=0x284abec5)
05-17 09:27:40.680 1697 1722 W PackageManager: Unknown permission android.permission.MANAGE_APP_OPS_MODES in package com.android.vending
05-17 09:27:40.680 1697 1722 W PackageManager: Unknown permission android.permission.MANAGE_ROLLBACKS in package com.android.vending
05-17 09:27:40.680 1697 1722 W PackageManager: Unknown permission android.permission.SET_HARMFUL_APP_WARNINGS in package com.android.vending
05-17 09:27:40.681 1697 1722 W PackageManager: Unknown permission android.permission.LOADER_USAGE_STATS in package com.android.vending
05-17 09:27:40.681 1697 1722 W PackageManager: Unknown permission com.google.android.gms.permission.AD_ID in package com.android.vending
05-17 09:27:40.681 1697 1722 W PackageManager: Unknown permission com.sec.android.provider.badge.permission.READ in package com.android.vending
05-17 09:27:40.681 1697 1722 W PackageManager: Unknown permission com.sec.android.provider.badge.permission.WRITE in package com.android.vending
05-17 09:27:40.681 1697 1722 W PackageManager: Unknown permission com.htc.launcher.permission.READ_SETTINGS in package com.android.vending
05-17 09:27:40.681 1697 1722 W PackageManager: Unknown permission com.htc.launcher.permission.UPDATE_SHORTCUT in package com.android.vending
05-17 09:27:40.681 1697 1722 W PackageManager: Unknown permission com.sonyericsson.home.permission.BROADCAST_BADGE in package com.android.vending
05-17 09:27:40.681 1697 1722 W PackageManager: Unknown permission com.sonymobile.home.permission.PROVIDER_INSERT_BADGE in package com.android.vending
05-17 09:27:40.681 1697 1722 W PackageManager: Unknown permission com.anddoes.launcher.permission.UPDATE_COUNT in package com.android.vending
05-17 09:27:40.681 1697 1722 W PackageManager: Unknown permission com.majeur.launcher.permission.UPDATE_BADGE in package com.android.vending
05-17 09:27:40.681 1697 1722 W PackageManager: Unknown permission com.huawei.android.launcher.permission.CHANGE_BADGE in package com.android.vending
05-17 09:27:40.681 1697 1722 W PackageManager: Unknown permission com.huawei.android.launcher.permission.READ_SETTINGS in package com.android.vending
05-17 09:27:40.681 1697 1722 W PackageManager: Unknown permission com.huawei.android.launcher.permission.WRITE_SETTINGS in package com.android.vending
05-17 09:27:40.681 1697 1722 W PackageManager: Unknown permission android.permission.READ_APP_BADGE in package com.android.vending
05-17 09:27:40.682 1697 1722 W PackageManager: Unknown permission com.oppo.launcher.permission.READ_SETTINGS in package com.android.vending
05-17 09:27:40.682 1697 1722 W PackageManager: Unknown permission com.oppo.launcher.permission.WRITE_SETTINGS in package com.android.vending
05-17 09:27:40.682 1697 1722 W PackageManager: Unknown permission org.chromium.arc.apkcacheprovider.permission.READ_CACHE in package com.android.vending
05-17 09:27:40.682 1697 1722 W PackageManager: Unknown permission org.chromium.arc.apkcacheprovider.permission.WRITE_CACHE in package com.android.vending
05-17 09:27:40.682 1697 1722 W PackageManager: Not granting permission android.permission.SUBSTITUTE_NOTIFICATION_APP_NAME to package com.android.vending (protectionLevel=18 flags=0x284abec5)
05-17 09:27:40.682 1697 1722 W PackageManager: Unknown permission android.permission.READ_RUNTIME_PROFILES in package com.android.vending
05-17 09:27:40.682 1697 1722 W PackageManager: Unknown permission android.permission.FOREGROUND_SERVICE in package com.android.vending
05-17 09:27:40.682 1697 1722 W PackageManager: Not granting permission android.permission.REBOOT to package com.android.vending (protectionLevel=18 flags=0x284abec5)
05-17 09:27:40.682 1697 1722 W PackageManager: Unknown permission android.permission.START_ACTIVITIES_FROM_BACKGROUND in package com.android.vending
05-17 09:27:40.682 1697 1722 W PackageManager: Unknown permission com.android.chrome.permission.SHOW_COMPLIANCE_SCREEN in package com.android.vending
05-17 09:27:40.682 1697 1722 W PackageManager: Unknown permission android.permission.CHANGE_OVERLAY_PACKAGES in package com.android.vending
05-17 09:27:40.682 1697 1722 W PackageManager: Unknown permission android.permission.SEND_DEVICE_CUSTOMIZATION_READY in package com.android.vending
05-17 09:27:40.682 1697 1722 W PackageManager: Unknown permission com.android.permission.USE_INSTALLER_V2 in package com.android.vending
05-17 09:27:40.682 1697 1722 W PackageManager: Unknown permission android.permission.QUERY_ALL_PACKAGES in package com.android.vending
05-17 09:27:40.682 1697 1722 W PackageManager: Unknown permission android.permission.OVERRIDE_COMPAT_CHANGE_CONFIG_ON_RELEASE_BUILD in package com.android.vending
05-17 09:27:40.682 1697 1722 W PackageManager: Unknown permission android.permission.LAUNCH_TWO_PANE_SETTINGS_DEEP_LINK in package com.android.vending
05-17 09:27:40.682 1697 1722 W PackageManager: Unknown permission android.permission.POST_NOTIFICATIONS in package com.android.vending
05-17 09:27:40.682 1697 1722 W PackageManager: Unknown permission com.google.android.settings.setup.dock.RUN_DOCK_SETUP in package com.android.vending
05-17 09:27:40.725 2084 2084 E BluetoothAdapter: Bluetooth binder is null
05-17 09:27:40.731 1697 1722 I art : Starting a blocking GC Explicit
05-17 09:27:40.742 2464 3908 I IntentFilterIntentSvc: Verifying IntentFilter. verificationId:0 scheme:"https" hosts:"play.google.com market.android.com" package:"com.android.vending".
05-17 09:27:40.745 2084 3827 I GCoreUlr: WorldUpdater received intent Intent { act=com.google.android.location.reporting.ACTION_UPDATE_WORLD cmp=com.google.android.gms/com.google.android.location.reporting.service.DispatchingService (has extras) } with receiverAction com.google.android.location.reporting.PHENOTYPE_FLAGS_CHANGED
05-17 09:27:40.747 2084 3827 E GCoreUlr: Bad errorId configuring silent feedback
05-17 09:27:40.747 2084 3827 I GCoreUlr: WorldUpdater:com.google.android.location.reporting.PHENOTYPE_FLAGS_CHANGED: Ensuring that reporting is stopped because of reasons: (no Google accounts)
05-17 09:27:40.751 2084 3827 I GCoreUlr: Unbound from all location providers
05-17 09:27:40.751 2084 3827 I GCoreUlr: Place inference reporting - stop
