05-17 09:27:57.987 3940 3940 I Finsky : [1] aesf.b(30): UChk: package com.google.android.music has available update because at least one of the following constraints met: isAutoDeployInstall=false, canUpdateApp=true.
05-17 09:27:57.988 3940 3940 I Finsky : [1] aesf.b(30): UChk: package com.google.android.apps.tachyon has available update because at least one of the following constraints met: isAutoDeployInstall=false, canUpdateApp=true.
05-17 09:27:57.988 3940 3940 I Finsky : [1] aesf.b(30): UChk: package com.google.android.googlequicksearchbox has available update because at least one of the following constraints met: isAutoDeployInstall=false, canUpdateApp=true.
05-17 09:27:57.989 3940 3940 I Finsky : [1] aesf.b(30): UChk: package com.google.android.talk has available update because at least one of the following constraints met: isAutoDeployInstall=false, canUpdateApp=true.
05-17 09:27:57.989 3940 3940 I Finsky : [1] aesf.b(30): UChk: package com.google.android.apps.wallpaper has available update because at least one of the following constraints met: isAutoDeployInstall=false, canUpdateApp=true.
05-17 09:27:57.990 3940 3940 I Finsky : [1] aesf.b(30): UChk: package com.android.chrome has available update because at least one of the following constraints met: isAutoDeployInstall=false, canUpdateApp=true.
05-17 09:27:57.990 3940 3940 I Finsky : [1] aesf.b(30): UChk: package com.google.android.calendar has available update because at least one of the following constraints met: isAutoDeployInstall=false, canUpdateApp=true.
05-17 09:27:57.991 3940 3940 I Finsky : [1] aesf.b(30): UChk: package com.google.android.videos has available update because at least one of the following constraints met: isAutoDeployInstall=false, canUpdateApp=true.
05-17 09:27:57.991 3940 3940 I Finsky : [1] aesf.b(30): UChk: package com.google.android.apps.photos has available update because at least one of the following constraints met: isAutoDeployInstall=false, canUpdateApp=true.
05-17 09:27:57.991 3940 3940 I Finsky : [1] aesf.b(30): UChk: package com.google.android.gms has available update because at least one of the following constraints met: isAutoDeployInstall=false, canUpdateApp=true.
05-17 09:27:57.992 3940 3940 I Finsky : [1] aesf.b(30): UChk: package com.google.android.apps.maps has available update because at least one of the following constraints met: isAutoDeployInstall=false, canUpdateApp=true.
05-17 09:27:57.992 3940 3940 I Finsky : [1] aesf.b(30): UChk: package com.google.android.apps.messaging has available update because at least one of the following constraints met: isAutoDeployInstall=false, canUpdateApp=true.
05-17 09:27:57.992 3940 3940 I Finsky : [1] aesf.b(30): UChk: package com.google.android.apps.docs has available update because at least one of the following constraints met: isAutoDeployInstall=false, canUpdateApp=true.
05-17 09:27:57.993 3940 3940 I Finsky : [1] aesf.b(30): UChk: package com.google.android.gm has available update because at least one of the following constraints met: isAutoDeployInstall=false, canUpdateApp=true.
05-17 09:27:57.993 3940 3940 I Finsky : [1] jxm.c(1): AU2: scheduling auto update v2 with 15 apps
05-17 09:27:57.996 3940 3940 I Finsky : [1] jxm.c(159): AU2: building with PhoneBasic for com.google.android.youtube
05-17 09:27:58.004 3940 3940 I Finsky : [1] jxm.c(159): AU2: building with PhoneBasic for com.google.android.music
05-17 09:27:58.009 3940 3940 I Finsky : [1] jxm.c(159): AU2: building with PhoneBasic for com.google.android.apps.tachyon
05-17 09:27:58.014 3940 3940 I Finsky : [1] jxm.c(141): AU2: building with GlobalRapid for com.google.android.googlequicksearchbox
05-17 09:27:58.017 3940 3940 I Finsky : [1] jxm.c(159): AU2: building with PhoneBasic for com.google.android.talk
05-17 09:27:58.022 3940 3940 I Finsky : [1] jxm.c(159): AU2: building with PhoneBasic for com.google.android.apps.wallpaper
05-17 09:27:58.033 3940 3940 I Finsky : [1] jxm.c(159): AU2: building with PhoneBasic for com.android.chrome
05-17 09:27:58.040 3940 3940 I Finsky : [1] jxm.c(159): AU2: building with PhoneBasic for com.google.android.calendar
05-17 09:27:58.047 3940 3940 I Finsky : [1] jxm.c(159): AU2: building with PhoneBasic for com.google.android.videos
05-17 09:27:58.053 3940 3940 I Finsky : [1] jxm.c(159): AU2: building with PhoneBasic for com.google.android.apps.photos
05-17 09:27:58.061 3940 3940 I Finsky : [1] jxm.c(165): AU2: building with PhoneGMSCore for com.google.android.gms
05-17 09:27:58.066 3940 3940 I Finsky : [1] jxm.c(159): AU2: building with PhoneBasic for com.google.android.apps.maps
05-17 09:27:58.074 3940 3940 I Finsky : [1] jxm.c(159): AU2: building with PhoneBasic for com.google.android.apps.messaging
05-17 09:27:58.080 3940 3940 I Finsky : [1] jxm.c(159): AU2: building with PhoneBasic for com.google.android.apps.docs
05-17 09:27:58.086 3940 3940 I Finsky : [1] jxm.c(159): AU2: building with PhoneBasic for com.google.android.gm
05-17 09:27:58.094 3940 3940 I Finsky : [1] jwk.apply(33): AU2: No Authentication Constraint, default to ANY.
05-17 09:27:58.094 3940 3940 E Finsky : [1] jwk.apply(41): AU2: RequiredVehicleState is missing.
05-17 09:27:58.095 3940 3940 E Finsky : [1] jwk.apply(48): AU2: RequiredBatteryLevel is missing.
05-17 09:27:58.095 3940 3940 I Finsky : [1] jwk.apply(33): AU2: No Authentication Constraint, default to ANY.
05-17 09:27:58.096 3940 3940 E Finsky : [1] jwk.apply(41): AU2: RequiredVehicleState is missing.
05-17 09:27:58.096 3940 3940 E Finsky : [1] jwk.apply(48): AU2: RequiredBatteryLevel is missing.
05-17 09:27:58.096 3940 3940 I Finsky : [1] jwk.apply(33): AU2: No Authentication Constraint, default to ANY.
05-17 09:27:58.096 3940 3940 E Finsky : [1] jwk.apply(41): AU2: RequiredVehicleState is missing.
05-17 09:27:58.096 3940 3940 E Finsky : [1] jwk.apply(48): AU2: RequiredBatteryLevel is missing.
05-17 09:27:58.097 3940 3940 I Finsky : [1] jwk.apply(33): AU2: No Authentication Constraint, default to ANY.
05-17 09:27:58.097 3940 3940 E Finsky : [1] jwk.apply(41): AU2: RequiredVehicleState is missing.
05-17 09:27:58.097 3940 3940 E Finsky : [1] jwk.apply(45): AU2: RequiredInteractivityState is missing.
05-17 09:27:58.097 3940 3940 E Finsky : [1] jwk.apply(48): AU2: RequiredBatteryLevel is missing.
05-17 09:27:58.098 3940 3940 I Finsky : [1] jwk.apply(33): AU2: No Authentication Constraint, default to ANY.
05-17 09:27:58.098 3940 3940 E Finsky : [1] jwk.apply(41): AU2: RequiredVehicleState is missing.
05-17 09:27:58.098 3940 3940 E Finsky : [1] jwk.apply(48): AU2: RequiredBatteryLevel is missing.
05-17 09:27:58.098 3940 3940 I Finsky : [1] jwk.apply(33): AU2: No Authentication Constraint, default to ANY.
05-17 09:27:58.098 3940 3940 E Finsky : [1] jwk.apply(41): AU2: RequiredVehicleState is missing.
05-17 09:27:58.099 3940 3940 E Finsky : [1] jwk.apply(48): AU2: RequiredBatteryLevel is missing.
05-17 09:27:58.099 3940 3940 I Finsky : [1] jwk.apply(33): AU2: No Authentication Constraint, default to ANY.
05-17 09:27:58.099 3940 3940 E Finsky : [1] jwk.apply(41): AU2: RequiredVehicleState is missing.
05-17 09:27:58.099 3940 3940 E Finsky : [1] jwk.apply(48): AU2: RequiredBatteryLevel is missing.
05-17 09:27:58.100 3940 3940 I Finsky : [1] jwk.apply(33): AU2: No Authentication Constraint, default to ANY.
05-17 09:27:58.100 3940 3940 E Finsky : [1] jwk.apply(41): AU2: RequiredVehicleState is missing.
05-17 09:27:58.100 3940 3940 E Finsky : [1] jwk.apply(48): AU2: RequiredBatteryLevel is missing.
05-17 09:27:58.100 3940 3940 I Finsky : [1] jwk.apply(33): AU2: No Authentication Constraint, default to ANY.
05-17 09:27:58.100 3940 3940 E Finsky : [1] jwk.apply(41): AU2: RequiredVehicleState is missing.
05-17 09:27:58.101 3940 3940 E Finsky : [1] jwk.apply(48): AU2: RequiredBatteryLevel is missing.
05-17 09:27:58.101 3940 3940 I Finsky : [1] jwk.apply(33): AU2: No Authentication Constraint, default to ANY.
05-17 09:27:58.101 3940 3940 E Finsky : [1] jwk.apply(41): AU2: RequiredVehicleState is missing.
05-17 09:27:58.102 3940 3940 E Finsky : [1] jwk.apply(48): AU2: RequiredBatteryLevel is missing.
05-17 09:27:58.102 3940 3940 I Finsky : [1] jwk.apply(33): AU2: No Authentication Constraint, default to ANY.
05-17 09:27:58.102 3940 3940 E Finsky : [1] jwk.apply(41): AU2: RequiredVehicleState is missing.
05-17 09:27:58.102 3940 3940 E Finsky : [1] jwk.apply(45): AU2: RequiredInteractivityState is missing.
05-17 09:27:58.102 3940 3940 E Finsky : [1] jwk.apply(48): AU2: RequiredBatteryLevel is missing.
05-17 09:27:58.103 3940 3940 I Finsky : [1] jwk.apply(33): AU2: No Authentication Constraint, default to ANY.
05-17 09:27:58.103 3940 3940 E Finsky : [1] jwk.apply(41): AU2: RequiredVehicleState is missing.
05-17 09:27:58.103 3940 3940 E Finsky : [1] jwk.apply(48): AU2: RequiredBatteryLevel is missing.
05-17 09:27:58.103 3940 3940 I Finsky : [1] jwk.apply(33): AU2: No Authentication Constraint, default to ANY.
05-17 09:27:58.103 3940 3940 E Finsky : [1] jwk.apply(41): AU2: RequiredVehicleState is missing.
05-17 09:27:58.103 3940 3940 E Finsky : [1] jwk.apply(48): AU2: RequiredBatteryLevel is missing.
05-17 09:27:58.103 3940 3940 I Finsky : [1] jwk.apply(33): AU2: No Authentication Constraint, default to ANY.
05-17 09:27:58.103 3940 3940 E Finsky : [1] jwk.apply(41): AU2: RequiredVehicleState is missing.
05-17 09:27:58.103 3940 3940 E Finsky : [1] jwk.apply(48): AU2: RequiredBatteryLevel is missing.
05-17 09:27:58.104 3940 3940 I Finsky : [1] jwk.apply(33): AU2: No Authentication Constraint, default to ANY.
05-17 09:27:58.104 3940 3940 E Finsky : [1] jwk.apply(41): AU2: RequiredVehicleState is missing.
05-17 09:27:58.104 3940 3940 E Finsky : [1] jwk.apply(48): AU2: RequiredBatteryLevel is missing.
05-17 09:27:58.171 3940 3940 I Finsky : [1] jxm.d(258): AU2: Notifying user that 14 applications have outstanding updates.
05-17 09:27:58.175 3940 3972 I Finsky : [249] rjk.call(151): UIMP: No update discovered for com.google.android.youtube
05-17 09:27:58.176 3940 3971 I Finsky : [248] rjk.call(151): UIMP: No update discovered for com.google.android.music
05-17 09:27:58.177 3940 3971 I Finsky : [248] rjk.call(151): UIMP: No update discovered for com.google.android.apps.tachyon
05-17 09:27:58.196 3940 3993 W GooglePlayServicesUtil: Google Play services out of date for com.android.vending. Requires 222100000 but found 10298470
05-17 09:27:58.196 3940 3993 W GoogleApiManager: The service for agrw is not available: ConnectionResult{statusCode=SERVICE_VERSION_UPDATE_REQUIRED, resolution=null, message=null}
05-17 09:27:58.197 3940 3940 I Finsky : [1] yhz.r(4): SCH: jobFinished: 10-33. TimeElapsed: 14648ms.
05-17 09:27:58.198 3940 3940 I Finsky : [1] rea.onCreate(2): IPC-SERVER: Starting gRPC host service...
05-17 09:27:58.198 3940 3971 I Finsky : [248] rjk.call(151): UIMP: No update discovered for com.google.android.googlequicksearchbox
05-17 09:27:58.200 3940 3972 I Finsky : [249] rjk.call(151): UIMP: No update discovered for com.google.android.talk
05-17 09:27:58.201 3940 3973 I Finsky : [250] rjk.call(151): UIMP: No update discovered for com.google.android.apps.wallpaper
05-17 09:27:58.201 3940 3969 I Finsky : [246] rjk.call(151): UIMP: No update discovered for com.android.chrome
05-17 09:27:58.201 3940 3971 I Finsky : [248] rjk.call(151): UIMP: No update discovered for com.google.android.calendar
05-17 09:27:58.202 3940 3972 I Finsky : [249] rjk.call(151): UIMP: No update discovered for com.google.android.videos
05-17 09:27:58.203 3940 3969 I Finsky : [246] rjk.call(151): UIMP: No update discovered for com.google.android.apps.photos
05-17 09:27:58.203 3940 3973 I Finsky : [250] rjk.call(151): UIMP: No update discovered for com.google.android.apps.maps
05-17 09:27:58.204 3940 3971 I Finsky : [248] rjk.call(151): UIMP: No update discovered for com.google.android.apps.messaging
05-17 09:27:58.204 3940 3969 I Finsky : [246] rjk.call(151): UIMP: No update discovered for com.google.android.gm
05-17 09:27:58.204 3940 3972 I Finsky : [249] rjk.call(151): UIMP: No update discovered for com.google.android.apps.docs
05-17 09:27:58.205 3940 3972 I Finsky : [249] qjy.accept(4): Outstanding updates status: [Pair{rhw@9b5a901 4}, Pair{rhw@bab01e7 4}, Pair{rhw@20e6194 4}, Pair{rhw@e52d43d 4}, Pair{rhw@a1d2432 4}, Pair{rhw@1bd583 4}, Pair{rhw@d3a0300 4}, Pair{rhw@9d7739 4}, Pair{rhw@c75517e 4}, Pair{rhw@23c46df 4}, Pair{rhw@bc4f2c 4}, Pair{rhw@8554df5 4}, Pair{rhw@a91078a 4}, Pair{rhw@ec871fb 4}]
05-17 09:27:58.212 3940 3969 I Finsky : [246] xtu.accept(57): SCH: Scheduling phonesky job Id: 26-1414141414, CT: 1684340863592, Constraints: [{ L: 43170854, D: 44070854, C: 1, I: 1, N: 0 }]
05-17 09:27:58.214 3940 4001 I Finsky : [274] yhy.a(66): SCH: Satisfied jobs for 9281 are: 12-1
05-17 09:27:58.216 3940 4058 I Finsky : [288] xtv.accept(50): SCH: Job 12-1 starting
05-17 09:27:58.216 3940 3940 I Finsky : [1] ContentSyncJob.v(3): [ContentSync] job started
05-17 09:27:58.217 3940 3971 I Finsky : [248] xtt.apply(46): SCH: Scheduling 1 system job(s)
05-17 09:27:58.218 3940 3971 I Finsky : [248] yhw.d(4): SCH: Scheduling system job Id: 9362, L: 43156228, D: 44056228, C: false, I: false, N: 0
05-17 09:27:58.223 3940 4058 I Finsky : [288] yjl.a(-1): SCH: job service finished with id 9285.
05-17 09:27:58.232 3940 4395 I Finsky : [347] qix.<init>(18): IQ: Preprocessor for install holdoff enabled.
05-17 09:27:58.232 3940 4395 I Finsky : [347] qix.<init>(20): IQ: Preprocessor for backup ready constraint enabled.
05-17 09:27:58.232 3940 4395 I Finsky : [347] pxr.accept(8): IQ: Attempting to validate incoming request. [Package:com.google.android.youtube, isid:uzBjZDkFTJWXlHbUTKquYg]
05-17 09:27:58.232 3940 4395 I Finsky : [347] pxr.accept(8): IQ: Attempting to validate incoming request. [Package:com.google.android.music, isid:6Yh7wXGuTBSgKkmMkaaPvA]
05-17 09:27:58.232 3940 4395 I Finsky : [347] pxr.accept(8): IQ: Attempting to validate incoming request. [Package:com.google.android.apps.tachyon, isid:khzcbZObT8agAQp0pSkHpA]
05-17 09:27:58.232 3940 4395 I Finsky : [347] pxr.accept(8): IQ: Attempting to validate incoming request. [Package:com.google.android.googlequicksearchbox, isid:nn-dNT6URFeHCj4DWyK82Q]
05-17 09:27:58.232 3940 4395 I Finsky : [347] pxr.accept(8): IQ: Attempting to validate incoming request. [Package:com.google.android.talk, isid:hgrMF5OpS-e4gVaZ4U0vhg]
05-17 09:27:58.232 3940 4395 I Finsky : [347] pxr.accept(8): IQ: Attempting to validate incoming request. [Package:com.google.android.apps.wallpaper, isid:dfCYUD1oT2uTSz8_0jHBRA]
05-17 09:27:58.233 3940 4395 I Finsky : [347] pxr.accept(8): IQ: Attempting to validate incoming request. [Package:com.android.chrome, isid:bFWn5RoVQJOwY6rOlhUgpQ]
05-17 09:27:58.233 3940 4395 I Finsky : [347] pxr.accept(8): IQ: Attempting to validate incoming request. [Package:com.google.android.calendar, isid:dVI-qNSgT_q40c3fQvrzjQ]
05-17 09:27:58.233 3940 4395 I Finsky : [347] pxr.accept(8): IQ: Attempting to validate incoming request. [Package:com.google.android.videos, isid:kg2mvB4FScG175fXwVXS5w]
05-17 09:27:58.233 3940 4395 I Finsky : [347] pxr.accept(8): IQ: Attempting to validate incoming request. [Package:com.google.android.apps.photos, isid:fQPBRC5DTWGiB8JJQJfgjA]
05-17 09:27:58.233 3940 4395 I Finsky : [347] pxr.accept(8): IQ: Attempting to validate incoming request. [Package:com.google.android.gms, isid:ou6Dn7YeRvuO1h-2gv5a4Q]
05-17 09:27:58.233 3940 4395 I Finsky : [347] pxr.accept(8): IQ: Attempting to validate incoming request. [Package:com.google.android.apps.maps, isid:nH6Rlz3nQQuw6ipt2-qocw]
05-17 09:27:58.233 3940 4395 I Finsky : [347] pxr.accept(8): IQ: Attempting to validate incoming request. [Package:com.google.android.apps.messaging, isid:Bp-PEChpS1yJDlR8SapnRQ]
05-17 09:27:58.233 3940 4395 I Finsky : [347] pxr.accept(8): IQ: Attempting to validate incoming request. [Package:com.google.android.apps.docs, isid:adLFFZ3VQVqBoe9dzvz-6g]
05-17 09:27:58.233 3940 4395 I Finsky : [347] pxr.accept(8): IQ: Attempting to validate incoming request. [Package:com.google.android.gm, isid:hvcRd9xISFmjcZz6dZ8s5w]
05-17 09:27:58.242 3940 3972 I Finsky : [249] qht.m(2): IQ: Scheduling install request package_name=com.google.android.youtube, pm_package_name=com.google.android.youtube, version=1531305408, priority=3, reason=auto_update, account_name=, type=0, isid=uzBjZDkFTJWXlHbUTKquYg, constraints=((REQ_CHARGING, REQ_DEVICE_IDLE, REQ_GEARHEAD_PROJECTION_OFF, NETWORK=UNMETERED, PROVISIONING_STATE=PROVISIONED, BACKUP_MANAGER_STATE=BACKUP_READY),)
05-17 09:27:58.243 3940 3972 I Finsky : [249] qht.m(2): IQ: Scheduling install request package_name=com.google.android.music, pm_package_name=com.google.android.music, version=91131, priority=3, reason=auto_update, account_name=, type=0, isid=6Yh7wXGuTBSgKkmMkaaPvA, constraints=((REQ_CHARGING, REQ_DEVICE_IDLE, REQ_GEARHEAD_PROJECTION_OFF, NETWORK=UNMETERED, PROVISIONING_STATE=PROVISIONED, BACKUP_MANAGER_STATE=BACKUP_READY),)
05-17 09:27:58.243 3940 3972 I Finsky : [249] qht.m(2): IQ: Scheduling install request package_name=com.google.android.apps.tachyon, pm_package_name=com.google.android.apps.tachyon, version=4236136, priority=3, reason=auto_update, account_name=, type=0, isid=khzcbZObT8agAQp0pSkHpA, constraints=((REQ_CHARGING, REQ_DEVICE_IDLE, REQ_GEARHEAD_PROJECTION_OFF, NETWORK=UNMETERED, PROVISIONING_STATE=PROVISIONED, BACKUP_MANAGER_STATE=BACKUP_READY),)
05-17 09:27:58.243 3940 3972 I Finsky : [249] qht.m(2): IQ: Scheduling install request package_name=com.google.android.googlequicksearchbox, pm_package_name=com.google.android.googlequicksearchbox, version=301197108, priority=1, reason=rapid_auto_update, account_name=, type=0, isid=nn-dNT6URFeHCj4DWyK82Q, constraints=((REQ_GEARHEAD_PROJECTION_OFF, NETWORK=ANY, PROVISIONING_STATE=PROVISIONED, BACKUP_MANAGER_STATE=BACKUP_READY, PROCESS_IMPORTANCE_THRESHOLD=125),)
05-17 09:27:58.244 3940 3972 I Finsky : [249] qht.m(2): IQ: Scheduling install request package_name=com.google.android.talk, pm_package_name=com.google.android.talk, version=27382052, priority=3, reason=auto_update, account_name=, type=0, isid=hgrMF5OpS-e4gVaZ4U0vhg, constraints=((REQ_CHARGING, REQ_DEVICE_IDLE, REQ_GEARHEAD_PROJECTION_OFF, NETWORK=UNMETERED, PROVISIONING_STATE=PROVISIONED, BACKUP_MANAGER_STATE=BACKUP_READY),)
05-17 09:27:58.244 3940 3972 I Finsky : [249] qht.m(2): IQ: Scheduling install request package_name=com.google.android.apps.wallpaper, pm_package_name=com.google.android.apps.wallpaper, version=169416333, priority=3, reason=auto_update, account_name=, type=0, isid=dfCYUD1oT2uTSz8_0jHBRA, constraints=((REQ_CHARGING, REQ_DEVICE_IDLE, REQ_GEARHEAD_PROJECTION_OFF, NETWORK=UNMETERED, PROVISIONING_STATE=PROVISIONED, BACKUP_MANAGER_STATE=BACKUP_READY),)
05-17 09:27:58.244 3940 3972 I Finsky : [249] qht.m(2): IQ: Scheduling install request package_name=com.android.chrome, pm_package_name=com.android.chrome, version=567207621, priority=3, reason=auto_update, account_name=, type=0, isid=bFWn5RoVQJOwY6rOlhUgpQ, constraints=((REQ_CHARGING, REQ_DEVICE_IDLE, REQ_GEARHEAD_PROJECTION_OFF, NETWORK=UNMETERED, PROVISIONING_STATE=PROVISIONED, BACKUP_MANAGER_STATE=BACKUP_READY),)
05-17 09:27:58.244 3940 3972 I Finsky : [249] qht.m(2): IQ: Scheduling install request package_name=com.google.android.calendar, pm_package_name=com.google.android.calendar, version=2017191812, priority=3, reason=auto_update, account_name=, type=0, isid=dVI-qNSgT_q40c3fQvrzjQ, constraints=((REQ_CHARGING, REQ_DEVICE_IDLE, REQ_GEARHEAD_PROJECTION_OFF, NETWORK=UNMETERED, PROVISIONING_STATE=PROVISIONED, BACKUP_MANAGER_STATE=BACKUP_READY),)
05-17 09:27:58.244 3940 3972 I Finsky : [249] qht.m(2): IQ: Scheduling install request package_name=com.google.android.videos, pm_package_name=com.google.android.videos, version=439037348, priority=3, reason=auto_update, account_name=, type=0, isid=kg2mvB4FScG175fXwVXS5w, constraints=((REQ_CHARGING, REQ_DEVICE_IDLE, REQ_GEARHEAD_PROJECTION_OFF, NETWORK=UNMETERED, PROVISIONING_STATE=PROVISIONED, BACKUP_MANAGER_STATE=BACKUP_READY),)
05-17 09:27:58.244 3940 3972 I Finsky : [249] qht.m(2): IQ: Scheduling install request package_name=com.google.android.apps.photos, pm_package_name=com.google.android.apps.photos, version=48316983, priority=3, reason=auto_update, account_name=, type=0, isid=fQPBRC5DTWGiB8JJQJfgjA, constraints=((REQ_CHARGING, REQ_DEVICE_IDLE, REQ_GEARHEAD_PROJECTION_OFF, NETWORK=UNMETERED, PROVISIONING_STATE=PROVISIONED, BACKUP_MANAGER_STATE=BACKUP_READY),)
05-17 09:27:58.244 3940 3972 I Finsky : [249] qht.m(2): IQ: Scheduling install request package_name=com.google.android.gms, pm_package_name=com.google.android.gms, version=231613022, priority=2, reason=auto_update, account_name=, type=0, isid=ou6Dn7YeRvuO1h-2gv5a4Q, constraints=((REQ_GEARHEAD_PROJECTION_OFF, NETWORK=ANY, PROVISIONING_STATE=PROVISIONED, BACKUP_MANAGER_STATE=BACKUP_READY, PROCESS_IMPORTANCE_THRESHOLD=125),)
05-17 09:27:58.245 3940 3972 I Finsky : [249] qht.m(2): IQ: Scheduling install request package_name=com.google.android.apps.maps, pm_package_name=com.google.android.apps.maps, version=1067000303, priority=3, reason=auto_update, account_name=, type=0, isid=nH6Rlz3nQQuw6ipt2-qocw, constraints=((REQ_CHARGING, REQ_DEVICE_IDLE, REQ_GEARHEAD_PROJECTION_OFF, NETWORK=UNMETERED, PROVISIONING_STATE=PROVISIONED, BACKUP_MANAGER_STATE=BACKUP_READY),)
05-17 09:27:58.245 3940 3972 I Finsky : [249] qht.m(2): IQ: Scheduling install request package_name=com.google.android.apps.messaging, pm_package_name=com.google.android.apps.messaging, version=156255063, priority=3, reason=auto_update, account_name=, type=0, isid=Bp-PEChpS1yJDlR8SapnRQ, constraints=((REQ_CHARGING, REQ_DEVICE_IDLE, REQ_GEARHEAD_PROJECTION_OFF, NETWORK=UNMETERED, PROVISIONING_STATE=PROVISIONED, BACKUP_MANAGER_STATE=BACKUP_READY),)
05-17 09:27:58.245 3940 3972 I Finsky : [249] qht.m(2): IQ: Scheduling install request package_name=com.google.android.apps.docs, pm_package_name=com.google.android.apps.docs, version=213141016, priority=3, reason=auto_update, account_name=, type=0, isid=adLFFZ3VQVqBoe9dzvz-6g, constraints=((REQ_CHARGING, REQ_DEVICE_IDLE, REQ_GEARHEAD_PROJECTION_OFF, NETWORK=UNMETERED, PROVISIONING_STATE=PROVISIONED, BACKUP_MANAGER_STATE=BACKUP_READY),)
05-17 09:27:58.245 3940 3972 I Finsky : [249] qht.m(2): IQ: Scheduling install request package_name=com.google.android.gm, pm_package_name=com.google.android.gm, version=63844677, priority=3, reason=auto_update, account_name=, type=0, isid=hvcRd9xISFmjcZz6dZ8s5w, constraints=((REQ_CHARGING, REQ_DEVICE_IDLE, REQ_GEARHEAD_PROJECTION_OFF, NETWORK=UNMETERED, PROVISIONING_STATE=PROVISIONED, BACKUP_MANAGER_STATE=BACKUP_READY),)
05-17 09:27:58.250 3940 4072 I Finsky : [302] qht.P(2): IQ: Notifying installation update. [Package:com.google.android.youtube, isid:uzBjZDkFTJWXlHbUTKquYg], status=SCHEDULED, tsc=PT0.255S
05-17 09:27:58.275 3940 4072 I Finsky : [302] qht.P(2): IQ: Notifying installation update. [Package:com.google.android.googlequicksearchbox, isid:nn-dNT6URFeHCj4DWyK82Q], status=SCHEDULED, tsc=PT0.262S
05-17 09:27:58.287 3940 3943 I art : Compiler allocated 8MB to compile void arbd.k(java.lang.Object, augb, aqzj)
05-17 09:27:58.313 3940 4072 I Finsky : [302] qht.P(2): IQ: Notifying installation update. [Package:com.google.android.apps.messaging, isid:Bp-PEChpS1yJDlR8SapnRQ], status=SCHEDULED, tsc=PT0.241S
05-17 09:27:58.319 3940 3964 I Finsky : [241] jno.h(1): Completed 0 account content syncs with 0 successful.
05-17 09:27:58.341 3940 3940 I Finsky : [1] ContentSyncJob.a(1): [ContentSync] Installation state replication succeeded.
05-17 09:27:58.341 3940 3940 I Finsky : [1] yhz.r(4): SCH: jobFinished: 12-1. TimeElapsed: 125ms.
05-17 09:27:58.343 3940 4072 I Finsky : [302] qht.P(2): IQ: Notifying installation update. [Package:com.google.android.gm, isid:hvcRd9xISFmjcZz6dZ8s5w], status=SCHEDULED, tsc=PT0.258S
05-17 09:27:58.343 3940 3940 I Finsky : [1] zdr.apply(82): IQ::HLD: Ongoing hold off applicable installs: []
05-17 09:27:58.343 3940 3940 I Finsky : [1] zdr.apply(82): IQ::HLD: Ongoing hold off applicable installs: []
05-17 09:27:58.343 3940 3940 I Finsky : [1] yhy.a(12): IQ::HLD: previousAllInstallsDone is Optional.empty, allInstallationsDone is Optional[true]
05-17 09:27:58.344 3940 3940 I Finsky : [1] yhy.a(14): IQ::HLD: Updating installations status false cross profiles
05-17 09:27:58.344 3940 3940 I Finsky : [1] kye.b(1): XPF:Binding for 252655535
05-17 09:27:58.346 3940 3940 I Finsky : [1] zdr.apply(82): IQ::HLD: Ongoing hold off applicable installs: []
05-17 09:27:58.346 3940 3940 I Finsky : [1] ProfileStateService.onCreate(-1): XPF:creating profileStateService
05-17 09:27:58.348 3940 3940 I Finsky : [1] kya.a(3): XPF:Registering listener 169740954 for user UserHandle{0}.
05-17 09:27:58.348 3940 3940 I Finsky : [1] kya.b(4): XPF:User UserHandle{0} finished enterprise setup, removing profile.
05-17 09:27:58.348 3940 3940 I Finsky : [1] kya.c(3): XPF:User UserHandle{0} is not in installation anymore, removing profile.
05-17 09:27:58.348 3940 3940 I Finsky : [1] kya.c(5): XPF:Notifying user UserHandle{0} that all installs are finished
05-17 09:27:58.350 3940 3940 I Finsky : [1] kye.d(1): XPF:unbinding for 252655535
05-17 09:27:58.351 3940 4023 I Finsky : [281] kya.e(3): XPF:Removing listener for user UserHandle{0} and listener 169740954
05-17 09:27:58.352 3940 4072 I Finsky : [302] qht.P(2): IQ: Notifying installation update. [Package:com.google.android.apps.tachyon, isid:khzcbZObT8agAQp0pSkHpA], status=SCHEDULED, tsc=PT0.344S
05-17 09:27:58.357 3940 3971 I Finsky : [248] xtu.accept(57): SCH: Scheduling phonesky job Id: 1-1337, CT: 1684340863392, Constraints: [{ L: 14906004, D: 58106004, C: 1, I: 1, N: 1 }]
05-17 09:27:58.358 3940 3971 I Finsky : [248] xtu.accept(57): SCH: Scheduling phonesky job Id: 10-4, CT: 1684340863279, Constraints: [{ L: 1200000, D: 86400000, C: 1, I: 1, N: 1 }]
05-17 09:27:58.358 3940 3971 I Finsky : [248] xtu.accept(57): SCH: Scheduling phonesky job Id: 10-11, CT: 1684340863279, Constraints: [{ L: 600000, D: 86400000, C: 1, I: 1, N: 1 }]
05-17 09:27:58.358 3940 3971 I Finsky : [248] xtu.accept(57): SCH: Scheduling phonesky job Id: 10-26, CT: 1684340863281, Constraints: [{ L: 600000, D: 86400000, C: 1, I: 1, N: 1 }]
05-17 09:27:58.358 3940 3971 I Finsky : [248] xtu.accept(57): SCH: Scheduling phonesky job Id: 10-101, CT: 1684340863282, Constraints: [{ L: 60000, D: 86400000, C: 1, I: 1, N: 1 }]
05-17 09:27:58.359 3940 3940 I Finsky : [1] zdr.apply(82): IQ::HLD: Ongoing hold off applicable installs: []
05-17 09:27:58.362 3940 3972 I Finsky : [249] xtt.apply(46): SCH: Scheduling 1 system job(s)
05-17 09:27:58.362 3940 3972 I Finsky : [249] yhw.d(4): SCH: Scheduling system job Id: 9363, L: 44920, D: 58091034, C: false, I: false, N: 1
05-17 09:27:58.367 3940 4058 I Finsky : [288] yjl.a(-1): SCH: job service finished with id 9281.
05-17 09:27:58.367 3940 3940 I Finsky : [1] zdr.apply(82): IQ::HLD: Ongoing hold off applicable installs: []
05-17 09:27:58.368 3940 4072 I Finsky : [302] qht.P(2): IQ: Notifying installation update. [Package:com.google.android.music, isid:6Yh7wXGuTBSgKkmMkaaPvA], status=SCHEDULED, tsc=PT0.361S
05-17 09:27:58.368 1697 2013 I ActivityManager: Killing 3836:com.android.deskclock/u0a42 (adj 906): empty #17
05-17 09:27:58.369 1697 2013 I ActivityManager: Killing 3601:com.google.android.music:main/u0a60 (adj 906): empty #18
05-17 09:27:58.380 3940 4072 I Finsky : [302] qht.P(2): IQ: Notifying installation update. [Package:com.google.android.apps.docs, isid:adLFFZ3VQVqBoe9dzvz-6g], status=SCHEDULED, tsc=PT0.301S
05-17 09:27:58.381 3940 3940 I Finsky : [1] zdr.apply(82): IQ::HLD: Ongoing hold off applicable installs: []
05-17 09:27:58.393 3940 4072 I Finsky : [302] qht.P(2): IQ: Notifying installation update. [Package:com.google.android.apps.maps, isid:nH6Rlz3nQQuw6ipt2-qocw], status=SCHEDULED, tsc=PT0.329S
05-17 09:27:58.399 3940 3940 I Finsky : [1] zdr.apply(82): IQ::HLD: Ongoing hold off applicable installs: []
05-17 09:27:58.401 3940 4072 I Finsky : [302] qht.P(2): IQ: Notifying installation update. [Package:com.android.chrome, isid:bFWn5RoVQJOwY6rOlhUgpQ], status=SCHEDULED, tsc=PT0.376S
05-17 09:27:58.420 3940 3940 I Finsky : [1] zdr.apply(82): IQ::HLD: Ongoing hold off applicable installs: []
05-17 09:27:58.425 1697 3217 D ActivityManager: cleanUpApplicationRecord -- 3601
05-17 09:27:58.426 1697 3156 D ActivityManager: cleanUpApplicationRecord -- 3836
05-17 09:27:58.429 3940 4072 I Finsky : [302] qht.P(2): IQ: Notifying installation update. [Package:com.google.android.gms, isid:ou6Dn7YeRvuO1h-2gv5a4Q], status=SCHEDULED, tsc=PT0.369S
05-17 09:27:58.431 3940 3940 I Finsky : [1] zdr.apply(82): IQ::HLD: Ongoing hold off applicable installs: []
05-17 09:27:58.438 3940 4072 I Finsky : [302] qht.P(2): IQ: Notifying installation update. [Package:com.google.android.videos, isid:kg2mvB4FScG175fXwVXS5w], status=SCHEDULED, tsc=PT0.392S
05-17 09:27:58.444 3940 3940 I Finsky : [1] zdr.apply(82): IQ::HLD: Ongoing hold off applicable installs: []
05-17 09:27:58.448 3940 3940 I Finsky : [1] zdr.apply(82): IQ::HLD: Ongoing hold off applicable installs: []
05-17 09:27:58.454 3940 4072 I Finsky : [302] qht.P(2): IQ: Notifying installation update. [Package:com.google.android.apps.photos, isid:fQPBRC5DTWGiB8JJQJfgjA], status=SCHEDULED, tsc=PT0.402S
05-17 09:27:58.462 3940 4072 I Finsky : [302] qht.P(2): IQ: Notifying installation update. [Package:com.google.android.calendar, isid:dVI-qNSgT_q40c3fQvrzjQ], status=SCHEDULED, tsc=PT0.422S
05-17 09:27:58.468 3940 3940 I Finsky : [1] zdr.apply(82): IQ::HLD: Ongoing hold off applicable installs: []
05-17 09:27:58.470 3940 4072 I Finsky : [302] qht.P(2): IQ: Notifying installation update. [Package:com.google.android.apps.wallpaper, isid:dfCYUD1oT2uTSz8_0jHBRA], status=SCHEDULED, tsc=PT0.449S
05-17 09:27:58.471 3940 3940 I Finsky : [1] zdr.apply(82): IQ::HLD: Ongoing hold off applicable installs: []
05-17 09:27:58.477 3940 4072 I Finsky : [302] qht.P(2): IQ: Notifying installation update. [Package:com.google.android.talk, isid:hgrMF5OpS-e4gVaZ4U0vhg], status=SCHEDULED, tsc=PT0.461S
05-17 09:27:58.478 3940 3940 I Finsky : [1] zdr.apply(82): IQ::HLD: Ongoing hold off applicable installs: []
05-17 09:27:58.485 3940 3940 I Finsky : [1] zdr.apply(82): IQ::HLD: Ongoing hold off applicable installs: []
05-17 09:27:58.486 3940 4072 I Finsky : [302] qbu.apply(53): IQ: Creating job 1, for (REQ_CHARGING, REQ_DEVICE_IDLE, REQ_GEARHEAD_PROJECTION_OFF, NETWORK=UNMETERED, PROVISIONING_STATE=PROVISIONED, BACKUP_MANAGER_STATE=BACKUP_READY)
05-17 09:27:58.487 3940 4072 I Finsky : [302] qbu.apply(53): IQ: Creating job 2, for (REQ_GEARHEAD_PROJECTION_OFF, NETWORK=ANY, PROVISIONING_STATE=PROVISIONED, BACKUP_MANAGER_STATE=BACKUP_READY, PROCESS_IMPORTANCE_THRESHOLD=125)
05-17 09:27:58.487 3940 4072 I Finsky : [302] qht.E(9): IQ: Bulk scheduling created jobs
05-17 09:27:58.507 3940 3969 I Finsky : [246] xtu.accept(57): SCH: Scheduling phonesky job Id: 3-1, CT: 1684340878487, Constraints: [{ L: 0, D: 86400000, C: 2, I: 2, N: 2 }]
05-17 09:27:58.507 3940 3969 I Finsky : [246] xtu.accept(57): SCH: Scheduling phonesky job Id: 3-2, CT: 1684340878487, Constraints: [{ L: 0, D: 86400000, C: 1, I: 1, N: 1 }, { L: 0, D: 0, C: 1, I: 1, N: 0 }]
05-17 09:27:58.511 3940 3969 I Finsky : [246] xtt.apply(46): SCH: Scheduling 2 system job(s)
05-17 09:27:58.511 3940 3969 I Finsky : [246] yhw.d(4): SCH: Scheduling system job Id: 9362, L: 0, D: 0, C: false, I: false, N: 0
05-17 09:27:58.513 3940 3969 I Finsky : [246] yhw.d(4): SCH: Scheduling system job Id: 9363, L: 0, D: 58090883, C: false, I: false, N: 1
05-17 09:27:58.519 3940 3940 I Finsky : [1] yjl.onStartJob(4): SCH: job service start with id 9362.
05-17 09:27:58.520 3940 3940 I Finsky : [1] yjl.onStartJob(4): SCH: job service start with id 9363.
05-17 09:27:58.525 3940 3973 I Finsky : [250] qcf.a(78): IQ: start evaluating install requests.
05-17 09:27:58.525 3940 3973 I Finsky : [250] qcf.a(85): IQ: no jobs active. Skipping
05-17 09:27:58.526 3940 3973 I Finsky : [250] qcf.a(99): IQ: no installs to evaluate. Skipping.
05-17 09:27:58.532 3940 4001 I Finsky : [274] yhy.a(66): SCH: Satisfied jobs for 9362 are: 3-2
05-17 09:27:58.532 3940 4058 I Finsky : [288] xtv.accept(50): SCH: Job 3-2 starting
05-17 09:27:58.535 3940 3940 I Finsky : [1] kye.b(1): XPF:Binding for 77450119
05-17 09:27:58.535 3940 4001 I Finsky : [274] yhy.a(66): SCH: Satisfied jobs for 9363 are: 3-2
05-17 09:27:58.536 3940 3940 I Finsky : [1] kye.b(1): XPF:Binding for 242337501
05-17 09:27:58.537 3940 3940 I Finsky : [1] ProfileStateService.onCreate(-1): XPF:creating profileStateService
05-17 09:27:58.538 3940 3940 I Finsky : [1] qij.e(-1): IQ: Connection has changed false
05-17 09:27:58.539 3940 3940 I Finsky : [1] kya.a(3): XPF:Registering listener 90770976 for user UserHandle{0}.
05-17 09:27:58.539 3940 3940 I Finsky : [1] kya.b(4): XPF:User UserHandle{0} finished enterprise setup, removing profile.
05-17 09:27:58.539 3940 3940 I Finsky : [1] kya.a(3): XPF:Registering listener 214496217 for user UserHandle{0}.
05-17 09:27:58.539 3940 3940 I Finsky : [1] kya.b(4): XPF:User UserHandle{0} finished enterprise setup, removing profile.
05-17 09:27:58.540 3940 3940 I Finsky : [1] kya.h(2): XPF:0 profiles are currently in enterprise setup
05-17 09:27:58.540 3940 3940 I Finsky : [1] kyb.a(2): Initializing profiles from value store.
05-17 09:27:58.540 3940 3940 I Finsky : [1] kyb.a(7): Get the following profiles from value store [].
05-17 09:27:58.540 3940 3940 I Finsky : [1] kya.f(6): XPF: 0 profiles are paused for app updates
05-17 09:27:58.541 3940 3940 I Finsky : [1] InstallQueuePhoneskyJob.g(7): IQ::IQPJ: Start job 2
05-17 09:27:58.541 3940 3972 I Finsky : [249] qcf.a(78): IQ: start evaluating install requests.
05-17 09:27:58.550 3940 3972 I Finsky : [249] qcf.a(88): IQ: 2 pending for job: 2
05-17 09:27:58.550 3940 3972 I Finsky : [249] qcf.a(103): IQ: 2 scheduled install statuses found to proceed.
05-17 09:27:58.553 3940 3972 I Finsky : [249] pyd.w(20): Installer: Asked to check if we can process a request. package=com.google.android.googlequicksearchbox, result=true, running=
05-17 09:27:58.553 3940 3972 I Finsky : , isid=nn-dNT6URFeHCj4DWyK82Q
05-17 09:27:58.554 3940 3972 I Finsky : [249] qhi.a(117): IQ: proceed install request for [Package:com.google.android.googlequicksearchbox, isid:nn-dNT6URFeHCj4DWyK82Q].
05-17 09:27:58.554 3940 3972 I Finsky : [249] qht.P(2): IQ: Notifying installation update. [Package:com.google.android.googlequicksearchbox, isid:nn-dNT6URFeHCj4DWyK82Q], status=DOWNLOAD_PENDING, tsc=PT0.541S
05-17 09:27:58.566 3940 3940 I Finsky : [1] qip.d(1): IQ: Requesting install request=package_name=com.google.android.googlequicksearchbox, pm_package_name=com.google.android.googlequicksearchbox, version=301197108, priority=1, reason=rapid_auto_update, account_name=, type=0, isid=nn-dNT6URFeHCj4DWyK82Q, constraints=((REQ_GEARHEAD_PROJECTION_OFF, NETWORK=ANY, PROVISIONING_STATE=PROVISIONED, BACKUP_MANAGER_STATE=BACKUP_READY, PROCESS_IMPORTANCE_THRESHOLD=125),)
05-17 09:27:58.568 3940 3940 I Finsky : [1] ksk.c(1): Attempt creation of cached APK for com.google.android.googlequicksearchbox
05-17 09:27:58.569 3940 3940 I Finsky : [1] pyd.Q(2): Installer: Continue install. package=com.google.android.googlequicksearchbox, isid=nn-dNT6URFeHCj4DWyK82Q
05-17 09:27:58.570 3940 3940 I Finsky : [1] pyd.am(3): Installer: Request install. package=com.google.android.googlequicksearchbox, version=301197108, mods=[], priority=1, reason=rapid_auto_update, isid=nn-dNT6URFeHCj4DWyK82Q
05-17 09:27:58.573 3940 3940 I Finsky : [1] pyd.T(18): Installer: Notifying status update. package=com.google.android.googlequicksearchbox, status=DOWNLOAD_PENDING, isid=nn-dNT6URFeHCj4DWyK82Q
05-17 09:27:58.573 3940 3940 I Finsky : [1] pyd.am(66): Installer: kick starting installation. package=com.google.android.googlequicksearchbox, isid=nn-dNT6URFeHCj4DWyK82Q
05-17 09:27:58.576 3940 3940 I Finsky : [1] pyd.S(5): Installer: found apps to install. apps=[com.google.android.googlequicksearchbox]
05-17 09:27:58.581 3940 3940 I Finsky : [1] pyd.S(48): Installer: Starting. package=com.google.android.googlequicksearchbox, activeTasks={}
05-17 09:27:58.582 3940 3940 I Finsky : [1] pys.O(5): Installer::IT: Install fields populated for com.google.android.googlequicksearchbox (isid: nn-dNT6URFeHCj4DWyK82Q)
05-17 09:27:58.582 3940 3940 I Finsky : [1] pys.w(6): Installer::IT: com.google.android.googlequicksearchbox to state 0 (isid: nn-dNT6URFeHCj4DWyK82Q)
05-17 09:27:58.583 3940 3940 I Finsky : [1] pyd.S(5): Installer: found apps to install. apps=[]
05-17 09:27:58.590 3940 3940 I Finsky : [1] pxq.accept(51): Installer::IT: no cachedApk found for com.google.android.googlequicksearchbox (isid: nn-dNT6URFeHCj4DWyK82Q)
05-17 09:27:58.590 3940 3940 I Finsky : [1] pys.w(6): Installer::IT: com.google.android.googlequicksearchbox to state 0 (isid: nn-dNT6URFeHCj4DWyK82Q)
05-17 09:27:58.590 3940 4072 I Finsky : [302] qht.P(2): IQ: Notifying installation update. [Package:com.google.android.googlequicksearchbox, isid:nn-dNT6URFeHCj4DWyK82Q], status=DOWNLOAD_PENDING, tsc=PT0.577S
05-17 09:27:58.591 3940 3940 I Finsky : [1] pys.w(14): Installer::IT: isInstantAppSplitOnlyInstall false (isid: nn-dNT6URFeHCj4DWyK82Q)
05-17 09:27:58.591 3940 3940 I Finsky : [1] pys.w(37): Installer::IT: Requesting delivery data for com.google.android.googlequicksearchbox (isid: nn-dNT6URFeHCj4DWyK82Q)
05-17 09:27:58.592 3940 3940 I Finsky : [1] zdr.apply(82): IQ::HLD: Ongoing hold off applicable installs: [[Package:com.google.android.googlequicksearchbox, isid:nn-dNT6URFeHCj4DWyK82Q]]
05-17 09:27:58.593 3940 3940 I Finsky : [1] yhy.a(12): IQ::HLD: previousAllInstallsDone is Optional[true], allInstallationsDone is Optional[false]
05-17 09:27:58.593 3940 3940 I Finsky : [1] yhy.a(14): IQ::HLD: Updating installations status true cross profiles
05-17 09:27:58.593 3940 3940 I Finsky : [1] kye.b(1): XPF:Binding for 252655535
05-17 09:27:58.595 3940 3940 I Finsky : [1] kya.a(3): XPF:Registering listener 169740954 for user UserHandle{0}.
05-17 09:27:58.595 3940 3940 I Finsky : [1] kya.b(4): XPF:User UserHandle{0} finished enterprise setup, removing profile.
05-17 09:27:58.595 3940 3940 I Finsky : [1] kya.c(2): XPF:User UserHandle{0} is in installation, adding profile.
05-17 09:27:58.605 3940 3940 I Finsky : [1] zdr.apply(82): IQ::HLD: Ongoing hold off applicable installs: [[Package:com.google.android.googlequicksearchbox, isid:nn-dNT6URFeHCj4DWyK82Q]]
05-17 09:27:58.615 3940 3973 I Finsky : [250] iwy.b(13): File-by-file compatibility check finished, isCompatible=true
05-17 09:27:58.616 3940 3973 I Finsky : [250] llx.f(1): File-by-File compatibility check result: true
05-17 09:27:58.617 3940 3940 W Finsky : [1] llx.c(12): IU: Account from AppState for update of com.google.android.googlequicksearchbox no longer exists.
05-17 09:27:58.617 3940 3940 W Finsky : [1] llx.c(14): IU: Cannot get valid account for com.google.android.googlequicksearchbox
05-17 09:27:58.617 3940 3940 I Finsky : [1] llx.c(20): Unauthenticated delivery for com.google.android.googlequicksearchbox.
05-17 09:27:58.622 3940 3980 W GooglePlayServicesUtil: Google Play services out of date for com.android.vending. Requires 12200000 but found 10298470
05-17 09:27:58.622 3940 3980 E Finsky : [258] oqq.q(22): Unable to fetch checkin consistency token: GooglePlayServices is unavailable 2
05-17 09:27:58.739 3940 3940 I Finsky : [1] pys.Z(45): Installer::IT: Nugget install disabled due to UNKNOWN
05-17 09:27:58.740 3940 3940 I Finsky : [1] pys.Z(107): Installer::IT: Required downloads: [com.google.android.googlequicksearchbox] (isid: nn-dNT6URFeHCj4DWyK82Q)
05-17 09:27:58.744 3940 4071 I Finsky : [301] vfe.run(3): Session for com.google.android.googlequicksearchbox already exists, skipping creation
05-17 09:27:58.758 3940 3972 I Finsky : [249] pyl.accept(3): Installer::IT: starting next download: package=com.google.android.googlequicksearchbox (isid: nn-dNT6URFeHCj4DWyK82Q)
05-17 09:27:58.764 3940 3971 I Finsky : [248] qlb.e(16): Installer::DLP: Downloading compressed for com.google.android.googlequicksearchbox (adid: com.google.android.googlequicksearchbox , isid: nn-dNT6URFeHCj4DWyK82Q)
05-17 09:27:58.776 1697 3214 D VoldConnector: SND -> {9 volume mkdirs /storage/1913-1616/Android/data/com.android.vending/files/}
05-17 09:27:58.784 1697 1734 D VoldConnector: RCV <- {200 9 Command succeeded}
05-17 09:27:58.790 3940 3971 I Finsky : [248] soe.q(1): enqueue()
05-17 09:27:58.792 1400 1400 I : free_cache(0) avail 5900951552
05-17 09:27:58.795 1400 1400 I : free_cache(99619020) avail 5900951552
05-17 09:27:58.796 3940 3971 I Finsky : [248] pyi.a(16): Installer::IT: Already sent resource request for com.google.android.googlequicksearchbox, adid: com.google.android.googlequicksearchbox, isid: nn-dNT6URFeHCj4DWyK82Q
05-17 09:27:58.826 4005 4057 I Finsky:background: [249] muf.e(12): enqueue(request_id=3, files_to_download=1, context[group_id=com.google.android.googlequicksearchbox], display_data[invisible=false, title=Required app update], network_restrictions=4)
05-17 09:27:58.856 4005 4053 I Finsky:background: [247] muk.b(8): Broadcasting <3:QUEUED with WAITING_FOR_START:0%[0%]>.
05-17 09:27:58.877 4005 4005 I Finsky:background: [1] DownloadService.onStartCommand(7): DownloadService is getting started sticky without notification.
05-17 09:27:58.879 4005 4053 I Finsky:background: [247] muk.b(8): Broadcasting <3:RUNNING:0%[0%]>.
05-17 09:27:58.894 3940 3940 I Finsky : [1] jxl.b(41): Installer::IT: Sending Resource Request for com.google.android.googlequicksearchbox (downloadid: com.google.android.googlequicksearchbox) (isid: nn-dNT6URFeHCj4DWyK82Q)
05-17 09:27:58.900 4005 4406 I Finsky:background: [263] xrt.K(2): Reading task has started.
05-17 09:27:58.900 4005 4407 I Finsky:background: [264] xrt.L(2): Writing task has started.
05-17 09:27:58.903 4005 4406 I Finsky:background: [263] xrt.E(22): Open stream from https://play.googleapis.com/download/by-token/download?token=AOTCm0SDOcsnEAsP71FrSRHMXZ6EA0GQKluFtJzssXz5lSxGAWh_VDBItpYJb49FNY9FhlAIxZYFLngrI5gZsUxuzylbpYNDgQh0-rlmqt7cHZymdk32_hjxF5X_EFum7pvH4N2ACpn4oE5Oh5Wqu2td-lTZU16kDcSMa-S4cAxaWQqdx2_TsIaNwvHWbQx9OMrnOcmrSGLP--84OrTiIUZ9A3b1xZE9JLuv-J48PFjKiTnAN_filWvczHoe-bvF8nWnGQob0C17UZOYJJjjgma9FhnCrPLzwwNr1qpeA3VZm8epKOXCYF6gk6F6e8ZdylW6Qotao-r5PnLjXuLJNHp23eZ1k4GxUO_dvB5FIiLmUi40vCqqp9vlSRtuDknyZwPaD_LyQeLikGWCbteSl9SzUKuClHmgizhtVGMgRWQeNCJUiPjynvgepEpY9UjBiQ1MKpBWOprhDs3MjKp6QPLLrHRQ&cpn=4OCYXF2Zq2ECDKiH&isid=nn-dNT6URFeHCj4DWyK82Q&isbg=1 [byteRangeStart=0-byteRangeStop=0]
05-17 09:27:58.928 4005 4009 I art : Do partial code cache collection, code=38KB, data=26KB
05-17 09:27:58.928 4005 4009 I art : After code cache collection, code=38KB, data=26KB
05-17 09:27:58.928 4005 4009 I art : Increasing code cache capacity to 256KB
05-17 09:27:58.930 4005 4009 I art : Compiler allocated 6MB to compile void arbd.l(java.lang.Object, aojl)
05-17 09:27:59.001 3940 3973 I Finsky : [250] aesz.run(39): UCtl: Package com.google.android.apps.tachyon client staleness timestamp changed from 1970-01-01T00:00:00Z to 2023-05-17T16:27:58.995Z, available version changed from 0 to 4236136 or in-app update priority changed from 0 to 0.
05-17 09:27:59.001 3940 3972 I Finsky : [249] aesz.run(39): UCtl: Package com.google.android.youtube client staleness timestamp changed from 1970-01-01T00:00:00Z to 2023-05-17T16:27:58.995Z, available version changed from 0 to 1531305408 or in-app update priority changed from 0 to 0.
05-17 09:27:59.001 3940 3969 I Finsky : [246] aesz.run(39): UCtl: Package com.google.android.music client staleness timestamp changed from 1970-01-01T00:00:00Z to 2023-05-17T16:27:58.995Z, available version changed from 0 to 91131 or in-app update priority changed from 0 to 0.
05-17 09:27:59.001 3940 3971 I Finsky : [248] aesz.run(39): UCtl: Package com.google.android.googlequicksearchbox client staleness timestamp changed from 1970-01-01T00:00:00Z to 2023-05-17T16:27:58.995Z, available version changed from 0 to 301197108 or in-app update priority changed from 0 to 0.
05-17 09:27:59.015 3940 3973 I Finsky : [250] aesz.run(41): UCtl: Server update discovery timestamp is changed from 1970-01-01T00:00:00Z to 2023-05-17T16:27:57.743159Z
05-17 09:27:59.015 3940 3971 I Finsky : [248] aesz.run(41): UCtl: Server update discovery timestamp is changed from 1970-01-01T00:00:00Z to 2023-05-17T16:27:57.743159Z
05-17 09:27:59.016 3940 3969 I Finsky : [246] aesz.run(41): UCtl: Server update discovery timestamp is changed from 1970-01-01T00:00:00Z to 2023-05-17T16:27:57.743159Z
05-17 09:27:59.016 3940 3972 I Finsky : [249] aesz.run(41): UCtl: Server update discovery timestamp is changed from 1970-01-01T00:00:00Z to 2023-05-17T16:27:57.743159Z
05-17 09:27:59.026 3940 3973 I Finsky : [250] aesz.run(39): UCtl: Package com.google.android.talk client staleness timestamp changed from 1970-01-01T00:00:00Z to 2023-05-17T16:27:59.017Z, available version changed from 0 to 27382052 or in-app update priority changed from 0 to 0.
05-17 09:27:59.026 3940 3973 I Finsky : [250] aesz.run(41): UCtl: Server update discovery timestamp is changed from 1970-01-01T00:00:00Z to 2023-05-17T16:27:57.743159Z
05-17 09:27:59.033 3940 3971 I Finsky : [248] aesz.run(39): UCtl: Package com.google.android.apps.wallpaper client staleness timestamp changed from 1970-01-01T00:00:00Z to 2023-05-17T16:27:59.017Z, available version changed from 0 to 169416333 or in-app update priority changed from 0 to 0.
05-17 09:27:59.033 3940 3971 I Finsky : [248] aesz.run(41): UCtl: Server update discovery timestamp is changed from 1970-01-01T00:00:00Z to 2023-05-17T16:27:57.743159Z
05-17 09:27:59.040 3940 3969 I Finsky : [246] aesz.run(39): UCtl: Package com.android.chrome client staleness timestamp changed from 1970-01-01T00:00:00Z to 2023-05-17T16:27:59.018Z, available version changed from 0 to 567207621 or in-app update priority changed from 0 to 0.
05-17 09:27:59.041 3940 3969 I Finsky : [246] aesz.run(41): UCtl: Server update discovery timestamp is changed from 1970-01-01T00:00:00Z to 2023-05-17T16:27:57.743159Z
05-17 09:27:59.047 3940 3972 I Finsky : [249] aesz.run(39): UCtl: Package com.google.android.calendar client staleness timestamp changed from 1970-01-01T00:00:00Z to 2023-05-17T16:27:59.018Z, available version changed from 0 to 2017191812 or in-app update priority changed from 0 to 0.
05-17 09:27:59.048 3940 3972 I Finsky : [249] aesz.run(41): UCtl: Server update discovery timestamp is changed from 1970-01-01T00:00:00Z to 2023-05-17T16:27:57.743159Z
05-17 09:27:59.058 3940 3973 I Finsky : [250] aesz.run(39): UCtl: Package com.google.android.videos client staleness timestamp changed from 1970-01-01T00:00:00Z to 2023-05-17T16:27:59.048Z, available version changed from 0 to 439037348 or in-app update priority changed from 0 to 0.
05-17 09:27:59.059 3940 3973 I Finsky : [250] aesz.run(41): UCtl: Server update discovery timestamp is changed from 1970-01-01T00:00:00Z to 2023-05-17T16:27:57.743159Z
05-17 09:27:59.065 3940 3969 I Finsky : [246] aesz.run(39): UCtl: Package com.google.android.apps.photos client staleness timestamp changed from 1970-01-01T00:00:00Z to 2023-05-17T16:27:59.052Z, available version changed from 0 to 48316983 or in-app update priority changed from 0 to 0.
05-17 09:27:59.065 3940 3969 I Finsky : [246] aesz.run(41): UCtl: Server update discovery timestamp is changed from 1970-01-01T00:00:00Z to 2023-05-17T16:27:57.743159Z
05-17 09:27:59.071 3940 3971 I Finsky : [248] aesz.run(39): UCtl: Package com.google.android.gms client staleness timestamp changed from 1970-01-01T00:00:00Z to 2023-05-17T16:27:59.053Z, available version changed from 0 to 231613022 or in-app update priority changed from 0 to 0.
05-17 09:27:59.071 3940 3971 I Finsky : [248] aesz.run(41): UCtl: Server update discovery timestamp is changed from 1970-01-01T00:00:00Z to 2023-05-17T16:27:57.743159Z
05-17 09:27:59.077 3940 3972 I Finsky : [249] aesz.run(39): UCtl: Package com.google.android.apps.maps client staleness timestamp changed from 1970-01-01T00:00:00Z to 2023-05-17T16:27:59.058Z, available version changed from 0 to 1067000303 or in-app update priority changed from 0 to 0.
05-17 09:27:59.078 3940 3972 I Finsky : [249] aesz.run(41): UCtl: Server update discovery timestamp is changed from 1970-01-01T00:00:00Z to 2023-05-17T16:27:57.743159Z
05-17 09:27:59.084 3940 3973 I Finsky : [250] aesz.run(39): UCtl: Package com.google.android.apps.messaging client staleness timestamp changed from 1970-01-01T00:00:00Z to 2023-05-17T16:27:59.077Z, available version changed from 0 to 156255063 or in-app update priority changed from 0 to 0.
05-17 09:27:59.085 3940 3973 I Finsky : [250] aesz.run(41): UCtl: Server update discovery timestamp is changed from 1970-01-01T00:00:00Z to 2023-05-17T16:27:57.743159Z
05-17 09:27:59.090 3940 3969 I Finsky : [246] aesz.run(39): UCtl: Package com.google.android.apps.docs client staleness timestamp changed from 1970-01-01T00:00:00Z to 2023-05-17T16:27:59.078Z, available version changed from 0 to 213141016 or in-app update priority changed from 0 to 0.
05-17 09:27:59.090 3940 3969 I Finsky : [246] aesz.run(41): UCtl: Server update discovery timestamp is changed from 1970-01-01T00:00:00Z to 2023-05-17T16:27:57.743159Z
05-17 09:27:59.096 3940 3971 I Finsky : [248] aesz.run(39): UCtl: Package com.google.android.gm client staleness timestamp changed from 1970-01-01T00:00:00Z to 2023-05-17T16:27:59.078Z, available version changed from 0 to 63844677 or in-app update priority changed from 0 to 0.
05-17 09:27:59.097 3940 3971 I Finsky : [248] aesz.run(41): UCtl: Server update discovery timestamp is changed from 1970-01-01T00:00:00Z to 2023-05-17T16:27:57.743159Z
05-17 09:27:59.253 4005 4053 I Finsky:background: [247] muk.b(8): Broadcasting <3:RUNNING:0%[0%]>.
