05-17 09:27:05.247 1697 1697 V PackageManager: reconcileAppsData for null u0 0x3
05-17 09:27:05.673 1697 1697 V PackageManager: reconcileAppsData finished 104 packages
05-17 09:27:05.729 1697 1697 W PackageInstaller: Abandoning old session first created at 1679518980843
05-17 09:27:05.729 1697 1697 W PackageInstaller: Deleting orphan stage /data/app/vmdl978423906.tmp
05-17 09:27:05.763 1697 1697 I SystemServer: StartOtaDexOptService
05-17 09:27:05.765 1697 1697 I SystemServer: StartUserManagerService
05-17 09:27:05.765 1697 1697 I SystemServiceManager: Starting com.android.server.pm.UserManagerService$LifeCycle
05-17 09:27:05.776 1697 1697 I SystemServiceManager: Starting com.android.server.BatteryService
05-17 09:27:05.785 1697 1697 I SystemServiceManager: Starting com.android.server.usage.UsageStatsService
05-17 09:27:05.816 1697 1697 I SystemServiceManager: Starting com.android.server.webkit.WebViewUpdateService
05-17 09:27:05.825 1697 1697 I SystemServer: Reading configuration...
05-17 09:27:05.825 1697 1697 I SystemServer: StartSchedulingPolicyService
05-17 09:27:05.826 1697 1697 I SystemServiceManager: Starting com.android.server.telecom.TelecomLoaderService
05-17 09:27:05.827 1697 1697 I SystemServer: StartTelephonyRegistry
05-17 09:27:05.833 1697 1697 I SystemServer: StartEntropyMixer
05-17 09:27:05.835 1697 1697 I EntropyMixer: Writing entropy...
05-17 09:27:05.845 1697 1697 I SystemServer: Camera Service
05-17 09:27:05.847 1697 1697 I SystemServiceManager: Starting com.android.server.camera.CameraService
05-17 09:27:05.851 1697 1697 I SystemServer: StartAccountManagerService
05-17 09:27:05.852 1697 1697 I SystemServiceManager: Starting com.android.server.accounts.AccountManagerService$Lifecycle
05-17 09:27:05.867 1697 1697 I SystemServer: StartContentService
05-17 09:27:05.868 1697 1697 I SystemServiceManager: Starting com.android.server.content.ContentService$Lifecycle
05-17 09:27:05.871 1697 1697 I SystemServer: InstallSystemProviders
05-17 09:27:05.903 1697 1697 I SystemServer: StartVibratorService
05-17 09:27:05.905 1697 1697 I SystemServer: StartConsumerIrService
05-17 09:27:05.905 1697 1697 I SystemServer: StartAlarmManagerService
05-17 09:27:05.906 1697 1697 I SystemServiceManager: Starting com.android.server.AlarmManagerService
05-17 09:27:05.911 1697 1697 I SystemServer: InitWatchdog
05-17 09:27:05.912 1697 1697 I SystemServer: StartInputManagerService
05-17 09:27:05.914 1697 1697 I InputManager: Initializing input manager, mUseDevInputEventForAudioJack=true
05-17 09:27:05.915 1697 1697 I SystemServer: StartWindowManagerService
05-17 09:27:05.966 1697 1717 I WindowManager: No existing display settings /data/system/display_settings.xml; starting empty
05-17 09:27:05.992 1697 1697 I SystemServer: StartVrManagerService
05-17 09:27:05.992 1697 1697 I SystemServiceManager: Starting com.android.server.vr.VrManagerService
05-17 09:27:05.997 1697 1697 I InputManager: Starting input manager
05-17 09:27:06.011 1697 1697 I SystemServer: No Bluetooth Service (emulator)
05-17 09:27:06.011 1697 1697 I SystemServer: ConnectivityMetricsLoggerService
05-17 09:27:06.011 1697 1697 I SystemServiceManager: Starting com.android.server.connectivity.MetricsLoggerService
05-17 09:27:06.014 1697 1697 I SystemServer: IpConnectivityMetrics
05-17 09:27:06.015 1697 1697 I SystemServiceManager: Starting com.android.server.connectivity.IpConnectivityMetrics
05-17 09:27:06.015 1697 1697 I SystemServer: PinnerService
05-17 09:27:06.015 1697 1697 I SystemServiceManager: Starting com.android.server.PinnerService
05-17 09:27:06.016 1697 1697 I SystemServiceManager: Starting com.android.server.InputMethodManagerService$Lifecycle
05-17 09:27:06.052 1697 1697 I SystemServer: StartAccessibilityManagerService
05-17 09:27:06.056 1697 1697 I ActivityManager: Config changes=1df8 {1.0 ?mcc?mnc [en_US] ldltr sw411dp w411dp h731dp 420dpi nrml long port ?uimode ?night -touch qwerty/v/v -nav/h s.2}
05-17 09:27:06.058 1697 1697 I ActivityManager: Config changes=508 {1.0 ?mcc?mnc [en_US] ldltr sw411dp w411dp h659dp 420dpi nrml port ?uimode ?night finger qwerty/v/v -nav/h s.3}
05-17 09:27:06.068 1697 1697 I SystemServiceManager: Starting com.android.server.MountService$Lifecycle
05-17 09:27:06.090 1697 1709 I UsageStatsService: User[0] Rollover scheduled @ 2023-03-23 14:00:55(1679605255423)
05-17 09:27:06.090 1697 1709 E AppIdleHistory: Unable to read app idle file for user 0
05-17 09:27:06.090 1697 1709 I UsageStatsService: User[0] Rolling over usage stats
05-17 09:27:06.090 1697 1709 I UsageStatsService: User[0] Flushing usage stats to disk
05-17 09:27:06.095 1697 1697 I SystemServiceManager: Starting com.android.server.UiModeManagerService
05-17 09:27:06.097 1697 1733 D MountService: Thinking about init, mSystemReady=false, mDaemonConnected=true
05-17 09:27:06.097 1697 1733 D MountService: Thinking about reset, mSystemReady=false, mDaemonConnected=true
05-17 09:27:06.097 1697 1733 D MountService: Thinking about init, mSystemReady=false, mDaemonConnected=true
05-17 09:27:06.097 1697 1733 D MountService: Thinking about reset, mSystemReady=false, mDaemonConnected=true
05-17 09:27:06.097 1697 1697 I ActivityManager: Config changes=200 {1.0 ?mcc?mnc [en_US] ldltr sw411dp w411dp h659dp 420dpi nrml port finger qwerty/v/v -nav/h s.4}
05-17 09:27:06.097 1697 1733 D CryptdConnector: SND -> {1 cryptfs getfield SystemLocale}
05-17 09:27:06.100 1697 1697 W PackageManager: No disk maintenance in 7252868100; running immediately
05-17 09:27:06.101 1697 1697 I SystemServer: StartLockSettingsService
05-17 09:27:06.101 1697 1697 I SystemServiceManager: Starting com.android.server.LockSettingsService$Lifecycle
05-17 09:27:06.104 1697 1735 D CryptdConnector: RCV <- {200 1 -1}
05-17 09:27:06.106 1697 1733 W MountService: No primary storage mounted!
05-17 09:27:06.106 1697 1733 D VoldConnector: SND -> {1 asec list}
05-17 09:27:06.110 1697 1734 D VoldConnector: RCV <- {200 1 asec operation succeeded}
05-17 09:27:06.111 1697 1709 I UsageStatsService: User[0] Rollover scheduled @ 2023-05-18 09:27:06(1684427226057)
05-17 09:27:06.111 1697 1733 W PackageManager: Not granting permission android.permission.MANAGE_DOCUMENTS to package com.google.android.youtube (protectionLevel=2 flags=0x3c59be45)
05-17 09:27:06.111 1697 1709 I UsageStatsService: User[0] Rolling over usage stats complete. Took 21 milliseconds
05-17 09:27:06.111 1697 1733 W PackageManager: Unknown permission com.google.android.launcher.permission.CONTENT_REDIRECT in package com.google.android.googlequicksearchbox
05-17 09:27:06.111 1697 1733 W PackageManager: Unknown permission com.google.android.voicesearch.SHORTCUTS_ACCESS in package com.google.android.googlequicksearchbox
05-17 09:27:06.111 1697 1733 W PackageManager: Unknown permission com.google.android.voicesearch.ACCESS_SETTINGS in package com.google.android.googlequicksearchbox
05-17 09:27:06.111 1697 1733 W PackageManager: Unknown permission com.android.browser.permission.PRELOAD in package com.google.android.googlequicksearchbox
05-17 09:27:06.111 1697 1733 W PackageManager: Unknown permission com.google.android.ears.permission.WRITE in package com.google.android.googlequicksearchbox
05-17 09:27:06.111 1697 1733 W PackageManager: Unknown permission com.google.android.apps.googlevoice.permission.AUTO_SEND in package com.google.android.googlequicksearchbox
05-17 09:27:06.111 1697 1733 W PackageManager: Unknown permission com.android.chrome.PRERENDER_URL in package com.google.android.googlequicksearchbox
05-17 09:27:06.111 1697 1733 W PackageManager: Not granting permission com.google.android.googleapps.permission.GOOGLE_AUTH to package com.android.providers.calendar (protectionLevel=2 flags=0x30083e45)
05-17 09:27:06.111 1697 1733 W PackageManager: Not granting permission com.google.android.googleapps.permission.GOOGLE_AUTH.cl to package com.android.providers.calendar (protectionLevel=2 flags=0x30083e45)
05-17 09:27:06.112 1697 1733 W PackageManager: Unknown permission android.permission.READ_DEVICE_CONFIG in package com.android.vending
05-17 09:27:06.112 1697 1733 W PackageManager: Unknown permission android.permission.WRITE_DEVICE_CONFIG in package com.android.vending
05-17 09:27:06.112 1697 1733 W PackageManager: Unknown permission android.permission.BLUETOOTH_SCAN in package com.android.vending
05-17 09:27:06.112 1697 1733 W PackageManager: Unknown permission android.permission.BLUETOOTH_ADVERTISE in package com.android.vending
05-17 09:27:06.112 1697 1733 W PackageManager: Unknown permission android.permission.BLUETOOTH_CONNECT in package com.android.vending
05-17 09:27:06.112 1697 1733 W PackageManager: Unknown permission android.permission.HIDE_NON_SYSTEM_OVERLAY_WINDOWS in package com.android.vending
05-17 09:27:06.112 1697 1733 W PackageManager: Unknown permission android.permission.MANAGE_CLOUDSEARCH in package com.android.vending
05-17 09:27:06.112 1697 1733 W PackageManager: Not granting permission android.permission.READ_PRIVILEGED_PHONE_STATE to package com.android.vending (protectionLevel=18 flags=0x384abec5)
05-17 09:27:06.112 1697 1733 W PackageManager: Not granting permission android.permission.SEND_DOWNLOAD_COMPLETED_INTENTS to package com.android.vending (protectionLevel=2 flags=0x384abec5)
05-17 09:27:06.112 1697 1733 W PackageManager: Unknown permission android.permission.USE_BIOMETRIC in package com.android.vending
05-17 09:27:06.112 1697 1733 W PackageManager: Unknown permission com.google.android.setupwizard.SETUP_PROGRESS_SERVICE in package com.android.vending
05-17 09:27:06.112 1697 1733 W PackageManager: Unknown permission android.permission.SEND_SAFETY_CENTER_UPDATE in package com.android.vending
05-17 09:27:06.112 1697 1733 W PackageManager: Not granting permission android.permission.BACKUP to package com.android.vending (protectionLevel=18 flags=0x384abec5)
05-17 09:27:06.112 1697 1733 W PackageManager: Not granting permission android.permission.CONNECTIVITY_INTERNAL to package com.android.vending (protectionLevel=18 flags=0x384abec5)
05-17 09:27:06.112 1697 1733 W PackageManager: Not granting permission android.permission.DUMP to package com.android.vending (protectionLevel=50 flags=0x384abec5)
05-17 09:27:06.112 1697 1733 W PackageManager: Unknown permission android.permission.ALLOCATE_AGGRESSIVE in package com.android.vending
05-17 09:27:06.112 1697 1733 W PackageManager: Not granting permission android.permission.GET_APP_OPS_STATS to package com.android.vending (protectionLevel=50 flags=0x384abec5)
05-17 09:27:06.112 1697 1733 W PackageManager: Not granting permission android.permission.SET_PREFERRED_APPLICATIONS to package com.android.vending (protectionLevel=2 flags=0x384abec5)
05-17 09:27:06.112 1697 1733 W PackageManager: Unknown permission android.permission.ACCESS_INSTANT_APPS in package com.android.vending
05-17 09:27:06.112 1697 1733 W PackageManager: Not granting permission android.permission.UPDATE_DEVICE_STATS to package com.android.vending (protectionLevel=18 flags=0x384abec5)
05-17 09:27:06.112 1697 1733 W PackageManager: Unknown permission android.permission.MANAGE_APP_OPS_MODES in package com.android.vending
05-17 09:27:06.112 1697 1733 W PackageManager: Unknown permission android.permission.MANAGE_ROLLBACKS in package com.android.vending
05-17 09:27:06.112 1697 1733 W PackageManager: Unknown permission android.permission.SET_HARMFUL_APP_WARNINGS in package com.android.vending
05-17 09:27:06.112 1697 1733 W PackageManager: Unknown permission android.permission.LOADER_USAGE_STATS in package com.android.vending
05-17 09:27:06.112 1697 1733 W PackageManager: Unknown permission com.google.android.gms.permission.AD_ID in package com.android.vending
05-17 09:27:06.112 1697 1733 W PackageManager: Unknown permission com.sec.android.provider.badge.permission.READ in package com.android.vending
05-17 09:27:06.112 1697 1733 W PackageManager: Unknown permission com.sec.android.provider.badge.permission.WRITE in package com.android.vending
05-17 09:27:06.112 1697 1733 W PackageManager: Unknown permission com.htc.launcher.permission.READ_SETTINGS in package com.android.vending
05-17 09:27:06.112 1697 1733 W PackageManager: Unknown permission com.htc.launcher.permission.UPDATE_SHORTCUT in package com.android.vending
05-17 09:27:06.112 1697 1733 W PackageManager: Unknown permission com.sonyericsson.home.permission.BROADCAST_BADGE in package com.android.vending
05-17 09:27:06.112 1697 1733 W PackageManager: Unknown permission com.sonymobile.home.permission.PROVIDER_INSERT_BADGE in package com.android.vending
05-17 09:27:06.113 1697 1733 W PackageManager: Unknown permission com.anddoes.launcher.permission.UPDATE_COUNT in package com.android.vending
05-17 09:27:06.113 1697 1733 W PackageManager: Unknown permission com.majeur.launcher.permission.UPDATE_BADGE in package com.android.vending
05-17 09:27:06.113 1697 1733 W PackageManager: Unknown permission com.huawei.android.launcher.permission.CHANGE_BADGE in package com.android.vending
05-17 09:27:06.113 1697 1733 W PackageManager: Unknown permission com.huawei.android.launcher.permission.READ_SETTINGS in package com.android.vending
05-17 09:27:06.113 1697 1733 W PackageManager: Unknown permission com.huawei.android.launcher.permission.WRITE_SETTINGS in package com.android.vending
05-17 09:27:06.113 1697 1733 W PackageManager: Unknown permission android.permission.READ_APP_BADGE in package com.android.vending
05-17 09:27:06.113 1697 1733 W PackageManager: Unknown permission com.oppo.launcher.permission.READ_SETTINGS in package com.android.vending
05-17 09:27:06.113 1697 1733 W PackageManager: Unknown permission com.oppo.launcher.permission.WRITE_SETTINGS in package com.android.vending
05-17 09:27:06.113 1697 1733 W PackageManager: Unknown permission org.chromium.arc.apkcacheprovider.permission.READ_CACHE in package com.android.vending
05-17 09:27:06.113 1697 1733 W PackageManager: Unknown permission org.chromium.arc.apkcacheprovider.permission.WRITE_CACHE in package com.android.vending
05-17 09:27:06.113 1697 1733 W PackageManager: Not granting permission android.permission.SUBSTITUTE_NOTIFICATION_APP_NAME to package com.android.vending (protectionLevel=18 flags=0x384abec5)
05-17 09:27:06.113 1697 1733 W PackageManager: Unknown permission android.permission.READ_RUNTIME_PROFILES in package com.android.vending
05-17 09:27:06.113 1697 1733 W PackageManager: Unknown permission android.permission.FOREGROUND_SERVICE in package com.android.vending
05-17 09:27:06.113 1697 1733 W PackageManager: Not granting permission android.permission.REBOOT to package com.android.vending (protectionLevel=18 flags=0x384abec5)
05-17 09:27:06.113 1697 1733 W PackageManager: Unknown permission android.permission.START_ACTIVITIES_FROM_BACKGROUND in package com.android.vending
05-17 09:27:06.113 1697 1733 W PackageManager: Unknown permission com.android.chrome.permission.SHOW_COMPLIANCE_SCREEN in package com.android.vending
05-17 09:27:06.113 1697 1733 W PackageManager: Unknown permission android.permission.CHANGE_OVERLAY_PACKAGES in package com.android.vending
05-17 09:27:06.113 1697 1733 W PackageManager: Unknown permission android.permission.SEND_DEVICE_CUSTOMIZATION_READY in package com.android.vending
05-17 09:27:06.113 1697 1733 W PackageManager: Unknown permission com.android.permission.USE_INSTALLER_V2 in package com.android.vending
05-17 09:27:06.113 1697 1733 W PackageManager: Unknown permission android.permission.QUERY_ALL_PACKAGES in package com.android.vending
05-17 09:27:06.113 1697 1733 W PackageManager: Unknown permission android.permission.OVERRIDE_COMPAT_CHANGE_CONFIG_ON_RELEASE_BUILD in package com.android.vending
05-17 09:27:06.113 1697 1733 W PackageManager: Unknown permission android.permission.LAUNCH_TWO_PANE_SETTINGS_DEEP_LINK in package com.android.vending
05-17 09:27:06.113 1697 1733 W PackageManager: Not granting permission android.permission.BIND_WALLPAPER to package com.android.camera2 (protectionLevel=18 flags=0x3058bc45)
05-17 09:27:06.113 1697 1733 W PackageManager: Unknown permission com.google.android.email.permission.ACCESS_PROVIDER in package com.google.android.gm
05-17 09:27:06.113 1697 1733 W PackageManager: Unknown permission com.google.android.gm.exchange.BIND in package com.google.android.gm
05-17 09:27:06.113 1697 1733 W PackageManager: Unknown permission com.android.email.partnerprovider.PARTNER_PROVIDER in package com.google.android.gm
05-17 09:27:06.114 1697 1733 W PackageManager: Unknown permission com.samsung.android.providers.context.permission.WRITE_USE_APP_FEATURE_SURVEY in package com.google.android.music
05-17 09:27:06.114 1697 1733 W PackageManager: Unknown permission android.permission.WRITE_SYNC_STATS in package com.google.android.apps.docs
05-17 09:27:06.114 1697 1733 W PackageManager: Not granting permission android.permission.INTERACT_ACROSS_USERS to package com.google.android.syncadapters.contacts (protectionLevel=50 flags=0x38083e45)
05-17 09:27:06.114 1697 1733 W PackageManager: Unknown permission com.google.android.syncadapters.contacts.permission.GAL_SEARCH in package com.google.android.syncadapters.contacts
05-17 09:27:06.114 1697 1733 W PackageManager: Unknown permission com.chrome.permission.DEVICE_EXTRAS in package com.android.chrome
05-17 09:27:06.114 1697 1733 W PackageManager: Unknown permission com.sec.enterprise.knox.MDM_CONTENT_PROVIDER in package com.android.chrome
05-17 09:27:06.115 1697 1733 W PackageManager: Unknown permission com.google.android.permission.INSTALL_WEARABLE_PACKAGES in package com.google.android.packageinstaller
05-17 09:27:06.115 1697 1733 W PackageManager: Unknown permission com.google.android.apps.enterprise.dmagent.permission.AutoSyncPermission in package com.google.android.gms
05-17 09:27:06.115 1697 1733 W PackageManager: Unknown permission com.google.android.wearable.READ_SETTINGS in package com.google.android.gms
05-17 09:27:06.115 1697 1733 W PackageManager: Unknown permission com.android.launcher.permission.PRELOAD_WORKSPACE in package com.google.android.partnersetup
05-17 09:27:06.115 1697 1733 W PackageManager: Not granting permission com.google.android.googleapps.permission.GOOGLE_AUTH to package com.google.android.videos (protectionLevel=2 flags=0x385bbe45)
05-17 09:27:06.115 1697 1733 W PackageManager: Unknown permission com.android.launcher.permission.READ_SETTINGS in package com.google.android.apps.nexuslauncher
05-17 09:27:06.115 1697 1733 W PackageManager: Not granting permission android.permission.READ_CONTACTS to package com.example.android.apis because it was previously installed without
05-17 09:27:06.115 1697 1733 W PackageManager: Not granting permission android.permission.WRITE_CONTACTS to package com.example.android.apis because it was previously installed without
05-17 09:27:06.115 1697 1733 W PackageManager: Not granting permission android.permission.ACCESS_COARSE_LOCATION to package com.example.android.apis because it was previously installed without
05-17 09:27:06.115 1697 1733 W PackageManager: Not granting permission android.permission.WRITE_EXTERNAL_STORAGE to package com.example.android.apis because it was previously installed without
05-17 09:27:06.115 1697 1733 W PackageManager: Not granting permission android.permission.SEND_SMS to package com.example.android.apis because it was previously installed without
05-17 09:27:06.115 1697 1733 W PackageManager: Not granting permission android.permission.RECEIVE_SMS to package com.example.android.apis because it was previously installed without
05-17 09:27:06.115 1697 1733 W PackageManager: Not granting permission android.permission.RECEIVE_MMS to package com.example.android.apis because it was previously installed without
05-17 09:27:06.115 1697 1733 W PackageManager: Not granting permission android.permission.READ_SMS to package com.example.android.apis because it was previously installed without
05-17 09:27:06.115 1697 1733 W PackageManager: Not granting permission android.permission.READ_PHONE_STATE to package com.example.android.apis because it was previously installed without
05-17 09:27:06.115 1697 1733 W PackageManager: Not granting permission android.permission.RECORD_AUDIO to package com.example.android.apis because it was previously installed without
05-17 09:27:06.115 1697 1733 W PackageManager: Not granting permission android.permission.CAMERA to package com.example.android.apis because it was previously installed without
05-17 09:27:06.115 1697 1733 W PackageManager: Not granting permission android.permission.READ_EXTERNAL_STORAGE to package com.example.android.apis because it was previously installed without
05-17 09:27:06.116 1697 1733 W PackageManager: Unknown permission android.permission.RUN_INSTRUMENTATION in package org.chromium.webview_shell
05-17 09:27:06.116 1697 1733 W PackageManager: Unknown permission com.google.android.gallery3d.permission.PICASA_STORE in package com.google.android.apps.photos
05-17 09:27:06.116 1697 1733 W PackageManager: Not granting permission android.permission.WRITE_MEDIA_STORAGE to package com.google.android.apps.photos (protectionLevel=18 flags=0x3858be45)
05-17 09:27:06.116 1697 1733 W PackageManager: Unknown permission com.google.android.gm.exchange.BIND in package com.google.android.calendar
05-17 09:27:06.116 1697 1733 W PackageManager: Not granting permission android.permission.CONTROL_KEYGUARD to package com.google.android.gsf.login (protectionLevel=2 flags=0x3048be45)
05-17 09:27:06.116 1697 1733 W PackageManager: Unknown permission com.android.vending.billing.IBillingAccountService.BIND2 in package com.google.android.gsf.login
05-17 09:27:06.116 1697 1733 W PackageManager: Unknown permission com.android.launcher.permission.READ_SETTINGS in package com.android.settings
05-17 09:27:06.116 1697 1733 W PackageManager: Unknown permission com.android.launcher.permission.WRITE_SETTINGS in package com.android.settings
05-17 09:27:06.116 1697 1733 W PackageManager: Not granting permission android.permission.REGISTER_CONNECTION_MANAGER to package com.google.android.talk (protectionLevel=18 flags=0x3059be45)
05-17 09:27:06.116 1697 1733 W PackageManager: Unknown permission com.android.smspush.WAPPUSH_MANAGER_BIND in package com.android.phone
05-17 09:27:06.118 1697 1733 W PackageManager: Not granting permission android.permission.BIND_APPWIDGET to package com.android.widgetpreview (protectionLevel=18 flags=0x3808be45)
05-17 09:27:06.128 1697 1697 I SystemServiceManager: Starting com.android.server.DeviceIdleController
05-17 09:27:06.161 1697 1733 W MountService: No primary storage mounted!
05-17 09:27:06.161 1697 1733 D VoldConnector: SND -> {2 asec list}
05-17 09:27:06.162 1697 1734 D VoldConnector: RCV <- {200 2 asec operation succeeded}
05-17 09:27:06.163 1697 1733 I MountService: Running fstrim idle maintenance
05-17 09:27:06.163 1697 1733 D VoldConnector: SND -> {3 fstrim dotrim}
05-17 09:27:06.164 1697 1734 D VoldConnector: RCV <- {200 3 Command succeeded}
05-17 09:27:06.164 1303 1736 D vold : Starting trim of /cache
05-17 09:27:06.164 1303 1736 W vold : Trim failed on /cache: Operation not supported on transport endpoint
05-17 09:27:06.165 1303 1736 D vold : Starting trim of /data
05-17 09:27:06.165 1303 1736 W vold : Trim failed on /data: Operation not supported on transport endpoint
05-17 09:27:06.165 1697 1734 D VoldConnector: RCV <- {662 /cache -1 -1}
05-17 09:27:06.165 1697 1734 D VoldConnector: RCV <- {662 /data -1 -1}
05-17 09:27:06.166 1697 1715 E VoldConnector: Error handling '662 /cache -1 -1': java.lang.NullPointerException: Attempt to invoke virtual method 'void android.os.DropBoxManager.addText(java.lang.String, java.lang.String)' on a null object reference
05-17 09:27:06.167 1697 1715 E VoldConnector: Error handling '662 /data -1 -1': java.lang.NullPointerException: Attempt to invoke virtual method 'void android.os.DropBoxManager.addText(java.lang.String, java.lang.String)' on a null object reference
05-17 09:27:06.171 1697 1697 I SystemServiceManager: Starting com.android.server.devicepolicy.DevicePolicyManagerService$Lifecycle
05-17 09:27:06.181 1697 1697 I SystemServer: StartStatusBarManagerService
05-17 09:27:06.184 1697 1697 I SystemServer: StartClipboardService
05-17 09:27:06.186 1697 1697 I SystemServer: StartNetworkManagementService
05-17 09:27:06.189 1697 1738 I NetworkManagement: onDaemonConnected()
05-17 09:27:06.192 1697 1697 I SystemServiceManager: Starting com.android.server.TextServicesManagerService$Lifecycle
05-17 09:27:06.195 1697 1697 I SystemServer: StartNetworkScoreService
05-17 09:27:06.198 1697 1697 I SystemServer: StartNetworkStatsService
05-17 09:27:06.207 1697 1697 I SystemServer: StartNetworkPolicyManagerService
05-17 09:27:06.214 1697 1697 I SystemServer: No Wi-Fi NAN Service (NAN support Not Present)
05-17 09:27:06.249 1697 1697 I SystemServiceManager: Starting com.android.server.wifi.p2p.WifiP2pService
05-17 09:27:06.287 1697 1697 I SystemServiceManager: Starting com.android.server.wifi.WifiService
05-17 09:27:06.343 1697 1697 I SystemServiceManager: Starting com.android.server.wifi.scanner.WifiScanningService
05-17 09:27:06.345 1697 1697 I SystemServiceManager: Starting com.android.server.wifi.RttService
05-17 09:27:06.346 1697 1697 I SystemServer: StartConnectivityService
05-17 09:27:06.349 1697 1697 D ConnectivityService: ConnectivityService starting up
05-17 09:27:06.350 1697 1697 D ConnectivityService: wifiOnly=false
05-17 09:27:06.354 1697 1697 I SystemServer: StartNsdService
05-17 09:27:06.356 1697 1697 I SystemServer: StartUpdateLockService
05-17 09:27:06.358 1697 1697 I SystemServiceManager: Starting com.android.server.RecoverySystemService
05-17 09:27:06.359 1697 1697 I SystemServiceManager: Starting com.android.server.notification.NotificationManagerService
05-17 09:27:06.367 1697 1697 D ConditionProviders.SCP: new ScheduleConditionProvider()
05-17 09:27:06.394 1697 1697 I SystemServiceManager: Starting com.android.server.storage.DeviceStorageMonitorService
05-17 09:27:06.396 1697 1697 I SystemServer: StartLocationManagerService
05-17 09:27:06.399 1697 1697 I SystemServer: StartCountryDetectorService
05-17 09:27:06.401 1697 1697 I SystemServer: StartSearchManagerService
05-17 09:27:06.401 1697 1697 I SystemServiceManager: Starting com.android.server.search.SearchManagerService$Lifecycle
05-17 09:27:06.403 1697 1697 I SystemServiceManager: Starting com.android.server.DropBoxManagerService
05-17 09:27:06.404 1697 1697 I SystemServer: StartWallpaperManagerService
05-17 09:27:06.404 1697 1697 I SystemServiceManager: Starting com.android.server.wallpaper.WallpaperManagerService$Lifecycle
05-17 09:27:06.406 1697 1697 E WallpaperManagerService: Invalid wallpaper data
05-17 09:27:06.406 1697 1697 E WallpaperManagerService: Unable to apply new wallpaper
05-17 09:27:06.408 1697 1697 I SystemServer: StartAudioService
05-17 09:27:06.408 1697 1697 I SystemServiceManager: Starting com.android.server.audio.AudioService$Lifecycle
05-17 09:27:06.429 1697 1697 I SystemServiceManager: Starting com.android.server.DockObserver
05-17 09:27:06.430 1697 1697 W DockObserver: This kernel does not have dock station support
05-17 09:27:06.431 1697 1697 I SystemServer: StartWiredAccessoryManager
05-17 09:27:06.431 1697 1697 W WiredAccessoryManager: This kernel does not have usb audio support
05-17 09:27:06.431 1697 1697 W WiredAccessoryManager: This kernel does not have HDMI audio support
05-17 09:27:06.431 1697 1697 I SystemServiceManager: Starting com.android.server.midi.MidiService$Lifecycle
05-17 09:27:06.434 1697 1697 I SystemServiceManager: Starting com.android.server.usb.UsbService$Lifecycle
05-17 09:27:06.444 1697 1697 I SystemServer: StartSerialService
05-17 09:27:06.445 1697 1697 I SystemServiceManager: Starting com.android.server.twilight.TwilightService
05-17 09:27:06.446 1697 1697 I SystemServiceManager: Starting com.android.server.job.JobSchedulerService
05-17 09:27:06.449 1697 1697 D JobStore: Start tag: job-info
05-17 09:27:06.453 1697 1697 I SystemServiceManager: Starting com.android.server.soundtrigger.SoundTriggerService
05-17 09:27:06.455 1697 1697 I SystemServiceManager: Starting com.android.server.backup.BackupManagerService$Lifecycle
05-17 09:27:06.457 1697 1697 I SystemServiceManager: Starting com.android.server.appwidget.AppWidgetService
05-17 09:27:06.465 1697 1697 I SystemServiceManager: Starting com.android.server.voiceinteraction.VoiceInteractionManagerService
05-17 09:27:06.467 1697 1697 I SystemServer: Gesture Launcher Service
05-17 09:27:06.467 1697 1697 I SystemServiceManager: Starting com.android.server.GestureLauncherService
05-17 09:27:06.467 1697 1697 I SystemServiceManager: Starting com.android.server.SensorNotificationService
05-17 09:27:06.467 1697 1697 I SystemServiceManager: Starting com.android.server.ContextHubSystemService
05-17 09:27:06.469 1697 1697 I SystemServer: StartDiskStatsService
05-17 09:27:06.470 1697 1697 I SystemServer: StartSamplingProfilerService
05-17 09:27:06.476 1697 1697 I SystemServer: StartNetworkTimeUpdateService
05-17 09:27:06.477 1697 1697 I SystemServer: StartCommonTimeManagementService
05-17 09:27:06.478 1697 1697 I SystemServer: CertBlacklister
05-17 09:27:06.479 1697 1697 I SystemServiceManager: Starting com.android.server.emergency.EmergencyAffordanceService
05-17 09:27:06.480 1697 1697 I SystemServiceManager: Starting com.android.server.dreams.DreamManagerService
05-17 09:27:06.482 1697 1697 I SystemServer: StartAssetAtlasService
05-17 09:27:06.485 1697 1697 I SystemServiceManager: Starting com.android.server.print.PrintManagerService
05-17 09:27:06.488 1697 1697 I SystemServiceManager: Starting com.android.server.restrictions.RestrictionsManagerService
05-17 09:27:06.489 1697 1697 I SystemServiceManager: Starting com.android.server.media.MediaSessionService
05-17 09:27:06.493 1697 1697 I SystemServer: StartMediaRouterService
05-17 09:27:06.498 1697 1697 I SystemServiceManager: Starting com.android.server.trust.TrustManagerService
05-17 09:27:06.500 1697 1697 I SystemServiceManager: Starting com.android.server.fingerprint.FingerprintService
05-17 09:27:06.514 1697 1697 V FingerprintService: Fingerprint HAL id: 2834513920
05-17 09:27:06.514 1697 1697 I SystemServer: StartBackgroundDexOptService
05-17 09:27:06.516 1697 1697 I SystemServiceManager: Starting com.android.server.pm.ShortcutService$Lifecycle
05-17 09:27:06.536 1697 1697 I SystemServiceManager: Starting com.android.server.pm.LauncherAppsService
05-17 09:27:06.538 1697 1697 I SystemServiceManager: Starting com.android.server.media.projection.MediaProjectionManagerService
05-17 09:27:06.548 1697 1697 I SystemServiceManager: Starting com.android.server.MmsServiceBroker
05-17 09:27:06.597 1697 1697 E LockSettingsStorage: Cannot read file java.io.FileNotFoundException: /data/system/gatekeeper.password.key: open failed: ENOENT (No such file or directory)
05-17 09:27:06.597 1697 1697 E LockSettingsStorage: Cannot read file java.io.FileNotFoundException: /data/system/password.key: open failed: ENOENT (No such file or directory)
05-17 09:27:06.597 1697 1697 E LockSettingsStorage: Cannot read file java.io.FileNotFoundException: /data/system/gatekeeper.pattern.key: open failed: ENOENT (No such file or directory)
05-17 09:27:06.598 1697 1697 E LockSettingsStorage: Cannot read file java.io.FileNotFoundException: /data/system/gatekeeper.gesture.key: open failed: ENOENT (No such file or directory)
05-17 09:27:06.598 1697 1697 E LockSettingsStorage: Cannot read file java.io.FileNotFoundException: /data/system/gesture.key: open failed: ENOENT (No such file or directory)
05-17 09:27:06.598 1697 1697 I SystemServiceManager: Starting phase 480
05-17 09:27:06.616 1697 1697 I DevicePolicyManagerService: Set ro.device_owner property to false
05-17 09:27:06.618 1697 1697 I SystemServiceManager: Starting phase 500
05-17 09:27:06.629 1697 1697 I WifiService: WifiService starting up with Wi-Fi enabled
05-17 09:27:06.631 1697 1697 D WifiService: setWifiEnabled: true pid=1697, uid=1000
05-17 09:27:06.638 1697 1697 W SoundTriggerHelper: listModules status=0, # of modules=0
05-17 09:27:06.681 1697 1697 V UserManagerService: Found /data/user_de/0 with serial number 0
05-17 09:27:06.681 1697 1697 V UserManagerService: Found /data/user/0 with serial number 0
05-17 09:27:06.681 1697 1697 V UserManagerService: Found /data/system_de/0 with serial number 0
05-17 09:27:06.681 1697 1697 V UserManagerService: Found /data/system_ce/0 with serial number 0
05-17 09:27:06.682 1697 1719 W KeyguardServiceDelegate: onScreenTurningOn(): no keyguard service!
05-17 09:27:06.711 1697 1697 I ActivityManager: System now ready
05-17 09:27:06.713 1697 1697 I SystemServer: Making services ready
05-17 09:27:06.713 1697 1697 I SystemServiceManager: Starting phase 550
05-17 09:27:06.741 1697 1697 E InputMethodManagerService: Ignoring updateSystemUiLocked due to an invalid token. uid:1000 token:null
05-17 09:27:06.780 1697 1697 I ActivityManager: Start proc 1763:com.android.inputmethod.latin/u0a57 for service com.android.inputmethod.latin/.LatinIME
05-17 09:27:06.780 1697 1697 V InputMethodManagerService: Adding window token: android.os.Binder@cbdca85
05-17 09:27:06.780 1697 1733 D MountService: Thinking about init, mSystemReady=true, mDaemonConnected=true
05-17 09:27:06.780 1697 1733 D MountService: Setting up emulation state, initlocked=false
05-17 09:27:06.781 1697 1733 D CryptdConnector: SND -> {2 cryptfs unlock_user_key 0 0 ! !}
05-17 09:27:06.781 1303 1338 D vold : e4crypt_unlock_user_key 0 serial=0 token_present=0
05-17 09:27:06.781 1697 1735 D CryptdConnector: RCV <- {200 2 Command succeeded}
05-17 09:27:06.782 1697 1733 D MountService: Thinking about reset, mSystemReady=true, mDaemonConnected=true
05-17 09:27:06.783 1697 1733 D VoldConnector: SND -> {4 volume reset}
05-17 09:27:06.795 1697 1734 D VoldConnector: RCV <- {651 emulated 7}
05-17 09:27:06.796 1303 1337 D vold : Recognized experimental block major ID 253 as virtio-blk (emulator's virtual SD card device)
05-17 09:27:06.796 1303 1337 V vold : /system/bin/sgdisk
05-17 09:27:06.796 1303 1337 V vold : --android-dump
05-17 09:27:06.796 1303 1337 V vold : /dev/block/vold/disk:253,64
05-17 09:27:06.796 1697 1734 D VoldConnector: RCV <- {659 emulated}
05-17 09:27:06.796 1697 1734 D VoldConnector: RCV <- {650 emulated 2 "" ""}
05-17 09:27:06.796 1697 1734 D VoldConnector: RCV <- {651 emulated 0}
05-17 09:27:06.796 1697 1734 D VoldConnector: RCV <- {651 public:253,64 7}
05-17 09:27:06.800 1697 1710 I ActivityManager: Force stopping com.android.providers.media appid=10011 user=-1: vold reset
05-17 09:27:06.801 1697 1734 D VoldConnector: RCV <- {659 public:253,64}
05-17 09:27:06.801 1697 1734 D VoldConnector: RCV <- {649 disk:253,64}
05-17 09:27:06.801 1697 1697 E WallpaperManagerService: Invalid wallpaper data
05-17 09:27:06.801 1697 1697 E WallpaperManagerService: Unable to apply new wallpaper
05-17 09:27:06.801 1697 1734 D VoldConnector: RCV <- {640 disk:253,64 5}
05-17 09:27:06.801 1697 1734 D VoldConnector: RCV <- {641 disk:253,64 536870912}
05-17 09:27:06.801 1697 1734 D VoldConnector: RCV <- {642 disk:253,64 Virtual}
05-17 09:27:06.802 1697 1734 D VoldConnector: RCV <- {644 disk:253,64 /sys//devices/pci0000:00/0000:00:07.0/virtio4/block/vde}
05-17 09:27:06.802 1697 1715 V MountService: Found primary storage at VolumeInfo{emulated}:
05-17 09:27:06.802 1697 1715 V MountService: type=EMULATED diskId=null partGuid=null mountFlags=0 mountUserId=-1
05-17 09:27:06.802 1697 1715 V MountService: state=UNMOUNTED
05-17 09:27:06.802 1697 1715 V MountService: fsType=null fsUuid=null fsLabel=null
05-17 09:27:06.802 1697 1715 V MountService: path=null internalPath=null
05-17 09:27:06.810 1303 1337 V vold : DISK mbr
05-17 09:27:06.810 1303 1337 V vold :
05-17 09:27:06.811 1303 1337 W vold : disk:253,64 has unknown partition table; trying entire device
05-17 09:27:06.811 1303 1337 V vold : /system/bin/blkid
05-17 09:27:06.811 1303 1337 V vold : -c
05-17 09:27:06.811 1303 1337 V vold : /dev/null
05-17 09:27:06.811 1303 1337 V vold : -s
05-17 09:27:06.811 1303 1337 V vold : TYPE
05-17 09:27:06.811 1303 1337 V vold : -s
05-17 09:27:06.811 1303 1337 V vold : UUID
05-17 09:27:06.811 1303 1337 V vold : -s
05-17 09:27:06.811 1303 1337 V vold : LABEL
05-17 09:27:06.811 1303 1337 V vold : /dev/block/vold/disk:253,64
05-17 09:27:06.833 1697 1697 I ActivityManager: Start proc 1778:com.android.systemui/u0a28 for service com.android.systemui/.ImageWallpaper
05-17 09:27:06.836 1303 1337 V vold : /dev/block/vold/disk:253,64: LABEL="SDCARD" UUID="1913-1616" TYPE="vfat"
05-17 09:27:06.836 1303 1337 V vold :
05-17 09:27:06.837 1697 1734 D VoldConnector: RCV <- {650 public:253,64 0 "disk:253,64" ""}
05-17 09:27:06.837 1697 1697 D UsbAlsaManager: Adding ALSA device AlsaDevice: [card: 0, device: 0, type: 1]
05-17 09:27:06.837 1697 1697 D UsbAlsaManager: Adding ALSA device AlsaDevice: [card: 0, device: 0, type: 2]
05-17 09:27:06.838 1697 1734 D VoldConnector: RCV <- {651 public:253,64 0}
05-17 09:27:06.838 1697 1734 D VoldConnector: RCV <- {643 disk:253,64}
05-17 09:27:06.838 1697 1734 D VoldConnector: RCV <- {200 4 Command succeeded}
05-17 09:27:06.838 1697 1697 I SystemServer: WebViewFactory preparation
05-17 09:27:06.838 1697 1733 D VoldConnector: SND -> {5 volume user_added 0 0}
05-17 09:27:06.838 1697 1734 D VoldConnector: RCV <- {200 5 Command succeeded}
05-17 09:27:06.840 1697 1733 D VoldConnector: SND -> {6 volume mount emulated 3 -1}
05-17 09:27:06.840 1303 1337 V vold : Waiting for FUSE to spin up...
05-17 09:27:06.841 1697 1734 D VoldConnector: RCV <- {651 emulated 1}
05-17 09:27:06.841 1697 1734 D VoldConnector: RCV <- {656 emulated /data/media}
05-17 09:27:06.841 1697 1734 D VoldConnector: RCV <- {655 emulated /storage/emulated}
05-17 09:27:06.865 1697 1697 I ActivityManager: Start proc 1794:WebViewLoader-x86/1037 [android.webkit.WebViewFactory$RelroFileCreator] for
05-17 09:27:06.866 1697 1697 D NetworkManagement: enabling bandwidth control
05-17 09:27:06.892 1697 1734 D VoldConnector: RCV <- {651 emulated 2}
05-17 09:27:06.893 1697 1734 D VoldConnector: RCV <- {200 6 Command succeeded}
05-17 09:27:06.894 1697 1733 D VoldConnector: SND -> {7 volume mount public:253,64 2 0}
05-17 09:27:06.894 1303 1337 V vold : /system/bin/blkid
05-17 09:27:06.894 1303 1337 V vold : -c
05-17 09:27:06.894 1303 1337 V vold : /dev/null
05-17 09:27:06.894 1303 1337 V vold : -s
05-17 09:27:06.894 1303 1337 V vold : TYPE
05-17 09:27:06.894 1697 1734 D VoldConnector: RCV <- {651 public:253,64 1}
05-17 09:27:06.894 1303 1337 V vold : -s
05-17 09:27:06.894 1303 1337 V vold : UUID
05-17 09:27:06.894 1303 1337 V vold : -s
05-17 09:27:06.894 1303 1337 V vold : LABEL
05-17 09:27:06.894 1303 1337 V vold : /dev/block/vold/public:253,64
05-17 09:27:06.902 1303 1337 V vold : /dev/block/vold/public:253,64: LABEL="SDCARD" UUID="1913-1616" TYPE="vfat"
05-17 09:27:06.902 1303 1337 V vold :
05-17 09:27:06.902 1303 1337 V vold : /system/bin/fsck_msdos
05-17 09:27:06.903 1303 1337 V vold : -p
05-17 09:27:06.903 1303 1337 V vold : -f
05-17 09:27:06.903 1303 1337 V vold : /dev/block/vold/public:253,64
05-17 09:27:06.903 1697 1734 D VoldConnector: RCV <- {652 public:253,64 vfat}
05-17 09:27:06.903 1697 1734 D VoldConnector: RCV <- {653 public:253,64 1913-1616}
05-17 09:27:06.903 1697 1734 D VoldConnector: RCV <- {654 public:253,64 SDCARD}
05-17 09:27:07.000 1697 1697 D NetworkPolicy: setRestrictBackgroundUL(): false
05-17 09:27:07.036 1303 1337 I Vold : Filesystem check completed OK
05-17 09:27:07.036 1697 1734 D VoldConnector: RCV <- {656 public:253,64 /mnt/media_rw/1913-1616}
05-17 09:27:07.036 1697 1734 D VoldConnector: RCV <- {655 public:253,64 /storage/1913-1616}
05-17 09:27:07.040 1303 1337 V vold : Waiting for FUSE to spin up...
05-17 09:27:07.040 1697 1697 I SystemServiceManager: Starting phase 600
05-17 09:27:07.044 1697 1697 D SensorNotificationService: Cannot obtain dynamic meta sensor, not supported.
05-17 09:27:07.090 1697 1734 D VoldConnector: RCV <- {651 public:253,64 2}
05-17 09:27:07.091 1697 1734 D VoldConnector: RCV <- {200 7 Command succeeded}
05-17 09:27:07.116 1697 1697 W LocationProviderProxy-network: Odd, no component found for service com.android.location.service.v3.NetworkLocationProvider
05-17 09:27:07.119 1697 1697 W GeocoderProxy: Odd, no component found for service com.android.location.service.GeocodeProvider
05-17 09:27:07.120 1697 1697 D LocationManagerService: FLP HAL not supported
05-17 09:27:07.121 1697 1697 W GeofenceProxy: Odd, no component found for service com.android.location.service.GeofenceProvider
05-17 09:27:07.123 1697 1697 D LocationManagerService: Hardware Activity-Recognition not supported.
05-17 09:27:07.123 1697 1697 W ActivityRecognitionProxy: Odd, no component found for service com.android.location.service.ActivityRecognitionProvider
05-17 09:27:07.130 1697 1697 I MmsServiceBroker: Delay connecting to MmsService until an API is called
05-17 09:27:07.154 1697 1697 I ActivityManager: Start proc 1884:com.android.phone/1001 for added application com.android.phone
05-17 09:27:07.155 1697 1697 I ActivityManager: START u0 {act=android.intent.action.MAIN cat=[android.intent.category.HOME] flg=0x10000100 cmp=com.android.settings/.FallbackHome} from uid 0 on display 0
05-17 09:27:07.166 1697 1697 I ActivityManager: Loaded persisted task ids for user 0
05-17 09:27:07.175 1697 1697 I ActivityManager: Start proc 1902:com.android.settings/1000 for activity com.android.settings/.FallbackHome
05-17 09:27:07.178 1697 1913 W InputMethodManagerService: IME uninstalled or not valid.: com.google.android.googlequicksearchbox/com.google.android.voicesearch.ime.VoiceInputMethodService
05-17 09:27:07.179 1697 1697 D ConditionProviders.SCP: onConnected
05-17 09:27:07.179 1697 1709 W LocationProviderProxy-network: Odd, no component found for service com.android.location.service.v3.NetworkLocationProvider
05-17 09:27:07.180 1697 1709 W GeocoderProxy: Odd, no component found for service com.android.location.service.GeocodeProvider
05-17 09:27:07.180 1697 1709 W GeofenceProxy: Odd, no component found for service com.android.location.service.GeofenceProvider
05-17 09:27:07.181 1697 1697 D ConditionProviders: Subscribing to condition://android/event?userId=-10000&calendar=&reply=1 with ComponentInfo{android/com.android.server.notification.EventConditionProvider}
05-17 09:27:07.181 1697 1697 D ConditionProviders: Subscribing to condition://android/schedule?days=1.2.3.4.5&start=22.0&end=7.0&exitAtAlarm=false with ComponentInfo{android/com.android.server.notification.ScheduleConditionProvider}
05-17 09:27:07.181 1697 1697 D ConditionProviders: Subscribing to condition://android/schedule?days=6.7&start=23.30&end=10.0&exitAtAlarm=false with ComponentInfo{android/com.android.server.notification.ScheduleConditionProvider}
05-17 09:27:07.182 1697 1709 W ActivityRecognitionProxy: Odd, no component found for service com.android.location.service.ActivityRecognitionProvider
05-17 09:27:07.485 1697 1697 I Telecom : SystemStateProvider: Registering car mode receiver: android.content.IntentFilter@fb9ca18: TS.init@AAA
05-17 09:27:07.493 1697 1946 I Telecom : Telecom: Non-call EVENT: AUDIO_ROUTE, Entering state QuiescentEarpieceRoute
05-17 09:27:07.495 1697 1947 I Telecom : CallAudioModeStateMachine: Message received: null.: TS.init->CAMSM.pM_1@AAA_0
05-17 09:27:07.498 1697 1948 E ActivityThread: Failed to find provider info for call_log
05-17 09:27:07.536 1763 1941 E ActivityThread: Failed to find provider info for user_dictionary
05-17 09:27:07.586 1697 1697 I Telecom : Class: TelecomSystem.INSTANCE being set
05-17 09:27:07.590 1697 1697 W ContextImpl: Calling a method in the system process without a qualified user: android.app.ContextImpl.startService:1357 com.android.server.content.SyncManager$13.run:658 android.os.Handler.handleCallback:751 android.os.Handler.dispatchMessage:95 android.os.Looper.loop:154
05-17 09:27:07.624 1697 1697 V WiredAccessoryManager: notifyWiredAccessoryChanged: when=0 bits= mask=54
05-17 09:27:07.624 1697 1697 V WiredAccessoryManager: newName=h2w newState=0 headsetState=0 prev headsetState=0
05-17 09:27:07.624 1697 1697 V WiredAccessoryManager: init()
05-17 09:27:07.682 1697 1711 W WindowManager: Keyguard drawn timeout. Setting mKeyguardDrawComplete
05-17 09:27:07.685 1697 1697 D AccessibilityManagerService: Ignoring non-encryption-aware service ComponentInfo{com.example.android.apis/com.example.android.apis.accessibility.ClockBackService}
05-17 09:27:07.685 1697 1697 D AccessibilityManagerService: Ignoring non-encryption-aware service ComponentInfo{com.example.android.apis/com.example.android.apis.accessibility.MagnificationService}
05-17 09:27:07.685 1697 1697 D AccessibilityManagerService: Ignoring non-encryption-aware service ComponentInfo{com.example.android.apis/com.example.android.apis.accessibility.TaskBackService}
05-17 09:27:07.698 1697 1697 I ActivityManager: Start proc 1977:com.android.cellbroadcastreceiver/u0a4 for broadcast com.android.cellbroadcastreceiver/.CellBroadcastReceiver
05-17 09:27:07.699 1697 1697 D ConditionProviders.SCP: onSubscribe condition://android/schedule?days=1.2.3.4.5&start=22.0&end=7.0&exitAtAlarm=false
05-17 09:27:07.699 1697 1697 D ConditionProviders.SCP: setRegistered true
05-17 09:27:07.708 1697 1697 D ConditionProviders.SCP: notifyCondition condition://android/schedule?days=1.2.3.4.5&start=22.0&end=7.0&exitAtAlarm=false STATE_FALSE reason=!meetsSchedule
05-17 09:27:07.708 1697 1697 D ConditionProviders.SCP: Scheduling evaluate for Wed May 17 22:00:00 PDT 2023 (1684386000000), in +12h32m52s292ms, now=Wed May 17 09:27:07 PDT 2023 (1684340827708)
05-17 09:27:07.708 1697 1697 D ConditionProviders.SCP: onSubscribe condition://android/schedule?days=6.7&start=23.30&end=10.0&exitAtAlarm=false
05-17 09:27:07.708 1697 1697 D ConditionProviders.SCP: notifyCondition condition://android/schedule?days=6.7&start=23.30&end=10.0&exitAtAlarm=false STATE_FALSE reason=!meetsSchedule
05-17 09:27:07.708 1697 1697 D ConditionProviders.SCP: notifyCondition condition://android/schedule?days=1.2.3.4.5&start=22.0&end=7.0&exitAtAlarm=false STATE_FALSE reason=!meetsSchedule
05-17 09:27:07.709 1697 1697 D ConditionProviders.SCP: Scheduling evaluate for Wed May 17 10:00:00 PDT 2023 (1684342800000), in +32m52s292ms, now=Wed May 17 09:27:07 PDT 2023 (1684340827708)
05-17 09:27:07.714 1697 1697 I Telecom : WiredHeadsetManager: ACTION_HEADSET_PLUG event, plugged in: false, : WHC.oADA@AAE
05-17 09:27:07.715 1697 1697 I ActivityManager: user 0 is still locked. Cannot load recents
05-17 09:27:07.721 1697 1753 E ActivityThread: Failed to find provider info for com.android.calendar
05-17 09:27:07.721 1697 1753 E ActivityThread: Failed to find provider info for com.android.calendar
05-17 09:27:07.722 1697 1747 D ConnectivityService: Got NetworkFactory Messenger for PhoneSwitcherNetworkRequstListener
05-17 09:27:07.723 1697 1709 I SyncManager: Got SyncJobService instance.
05-17 09:27:07.725 1697 1747 D ConnectivityService: Got NetworkFactory Messenger for TelephonyNetworkFactory[0]
05-17 09:27:07.735 1884 1997 E ActivityThread: Failed to find provider info for com.android.contacts
05-17 09:27:07.737 1697 1710 W KeyguardServiceDelegate: onScreenTurningOn(): no keyguard service!
05-17 09:27:08.818 1697 1697 D ConditionProviders.SCP: onReceive android.intent.action.TIME_SET
05-17 09:27:08.818 1697 1697 D ConditionProviders.SCP: notifyCondition condition://android/schedule?days=6.7&start=23.30&end=10.0&exitAtAlarm=false STATE_FALSE reason=!meetsSchedule
05-17 09:27:08.818 1697 1697 D ConditionProviders.SCP: notifyCondition condition://android/schedule?days=1.2.3.4.5&start=22.0&end=7.0&exitAtAlarm=false STATE_FALSE reason=!meetsSchedule
05-17 09:27:08.819 1697 1697 D ConditionProviders.SCP: Scheduling evaluate for Wed May 17 10:00:00 PDT 2023 (1684342800000), in +32m51s182ms, now=Wed May 17 09:27:08 PDT 2023 (1684340828818)
05-17 09:27:08.819 1697 1753 E ActivityThread: Failed to find provider info for com.android.calendar
05-17 09:27:08.819 1697 1753 E ActivityThread: Failed to find provider info for com.android.calendar
05-17 09:27:08.869 1697 1708 I ActivityManager: Start proc 2009:com.android.deskclock/u0a42 for broadcast com.android.deskclock/.AlarmInitReceiver
05-17 09:27:08.883 1884 1884 D MccTable: updateMccMncConfiguration mccmnc='310260' fromServiceState=true
05-17 09:27:08.883 1884 1884 D MccTable: updateMccMncConfiguration defaultMccMnc=
05-17 09:27:08.883 1884 1884 D MccTable: updateMccMncConfiguration: mcc=310, mnc=260
05-17 09:27:08.883 1884 1884 D MccTable: WIFI_COUNTRY_CODE set to us
05-17 09:27:08.883 1697 2015 I WifiService: WifiService trying to set country code to us with persist set to false
05-17 09:27:08.918 1697 1697 D ConditionProviders.SCP: onReceive android.intent.action.TIMEZONE_CHANGED
05-17 09:27:08.918 1697 1697 D ConditionProviders.SCP: notifyCondition condition://android/schedule?days=6.7&start=23.30&end=10.0&exitAtAlarm=false STATE_FALSE reason=!meetsSchedule
05-17 09:27:08.919 1697 1697 D ConditionProviders.SCP: notifyCondition condition://android/schedule?days=1.2.3.4.5&start=22.0&end=7.0&exitAtAlarm=false STATE_FALSE reason=!meetsSchedule
05-17 09:27:08.919 1697 1697 D ConditionProviders.SCP: Scheduling evaluate for Wed May 17 10:00:00 AKDT 2023 (1684346400000), in +1h32m51s82ms, now=Wed May 17 08:27:08 AKDT 2023 (1684340828918)
05-17 09:27:08.920 1697 1753 E ActivityThread: Failed to find provider info for com.android.calendar
05-17 09:27:08.920 1697 1753 E ActivityThread: Failed to find provider info for com.android.calendar
