05-17 09:27:24.023 2084 3775 I chatty : uid=10013 com.google.android.gms.persistent expire 134 lines
05-17 09:27:24.031 2678 2997 I chatty : uid=10021(com.android.vending) expire 1 line
05-17 09:27:24.058 2084 3737 I chatty : uid=10013 com.google.android.gms.persistent expire 136 lines
05-17 09:27:24.108 2084 3780 I chatty : uid=10013 com.google.android.gms.persistent expire 120 lines
05-17 09:27:24.135 2678 2723 I chatty : uid=10021(com.android.vending) expire 1 line
05-17 09:27:24.140 2084 3687 I chatty : uid=10013 com.google.android.gms.persistent expire 152 lines
05-17 09:27:24.165 2084 3802 I chatty : uid=10013(com.google.android.gms) lowpool[13] expire 200 lines
05-17 09:27:24.284 2084 3816 I chatty : uid=10013(com.google.android.gms) lowpool[17] expire 195 lines
05-17 09:27:24.289 2084 2084 I chatty : uid=10013 com.google.android.gms.persistent expire 2390 lines
05-17 09:27:24.299 2084 2519 I chatty : uid=10013 com.google.android.gms.persistent expire 143 lines
05-17 09:27:24.329 2084 3807 I chatty : uid=10013 com.google.android.gms.persistent expire 115 lines
05-17 09:27:24.344 2084 3372 I chatty : uid=10013 com.google.android.gms.persistent expire 272 lines
05-17 09:27:24.355 2084 3799 I chatty : uid=10013 com.google.android.gms.persistent expire 229 lines
05-17 09:27:24.381 2084 2605 I chatty : uid=10013 com.google.android.gms.persistent expire 233 lines
05-17 09:27:24.406 2084 3805 I chatty : uid=10013 com.google.android.gms.persistent expire 161 lines
05-17 09:27:24.422 2084 3806 I chatty : uid=10013 com.google.android.gms.persistent expire 7 lines
05-17 09:27:24.436 2084 2669 I chatty : uid=10013 com.google.android.gms.persistent expire 128 lines
05-17 09:27:24.474 2084 3801 I chatty : uid=10013 com.google.android.gms.persistent expire 163 lines
05-17 09:27:24.530 2084 2641 I chatty : uid=10013(com.google.android.gms) lowpool[2] expire 205 lines
05-17 09:27:24.686 3715 3726 I chatty : uid=10013 com.google.android.gms.feedback expire 5 lines
05-17 09:27:24.733 2084 3797 I chatty : uid=10013 com.google.android.gms.persistent expire 185 lines
05-17 09:27:24.751 2678 2678 I chatty : uid=10021(com.android.vending) expire 7 lines
05-17 09:27:24.761 2678 3459 I chatty : uid=10021(com.android.vending) expire 3 lines
05-17 09:27:24.764 2790 2870 I chatty : uid=10021 com.android.vending:background expire 2 lines
05-17 09:27:24.892 3601 3601 D MusicLifecycle: com.google.android.music.autocache.AutoCacheSchedulingService$EnablingReceiver generated event: Broadcast received with context android.app.ReceiverRestrictedContext@53f9cf3 and intent Intent { act=com.google.android.music.START_DOWNLOAD_SCHEDULING flg=0x10 cmp=com.google.android.music/.autocache.AutoCacheSchedulingService$EnablingReceiver }
05-17 09:27:24.896 3601 3601 D MusicLifecycle: com.google.android.music.autocache.AutoCacheSchedulingService generated event: Service created
05-17 09:27:24.896 3601 3601 D MusicLifecycle: com.google.android.music.autocache.AutoCacheSchedulingService generated event: Service started with intent Intent { act=com.google.android.music.leanback.APP_IN_USE cmp=com.google.android.music/.autocache.AutoCacheSchedulingService (has extras) }
05-17 09:27:24.897 3601 3601 D MusicLifecycle: com.google.android.music.wear.WearBroadcastReceiver generated event: Broadcast received with context android.app.ReceiverRestrictedContext@53f9cf3 and intent Intent { act=com.google.android.music.START_DOWNLOAD_SCHEDULING flg=0x10 cmp=com.google.android.music/.wear.WearBroadcastReceiver }
05-17 09:27:24.897 3601 3821 I MusicLeanback: Conditions not met for autocaching. okToAttempt=false
05-17 09:27:24.897 3601 3821 I MusicLeanback: Stop autocaching.
05-17 09:27:24.899 3601 3601 D MusicLifecycle: com.google.android.music.autocache.AutoCacheSchedulingService generated event: Service destroyed
05-17 09:27:24.901 3601 3822 E GmsUtils: Failed to connect to Google API client: ConnectionResult{statusCode=API_UNAVAILABLE, resolution=null, message=null}
05-17 09:27:24.987 2464 3645 I chatty : uid=10013(com.google.android.gms) expire 3 lines
05-17 09:27:26.353 1697 3157 I ActivityManager: Killing 3139:com.android.chrome/u0a38 (adj 904): empty #17
05-17 09:27:26.411 1697 1913 D ActivityManager: cleanUpApplicationRecord -- 3139
05-17 09:27:26.695 2084 3827 I chatty : uid=10013(com.google.android.gms) lowpool[18] expire 177 lines
05-17 09:27:26.854 1697 3218 I ActivityManager: Killing 3424:com.google.android.youtube/u0a78 (adj 904): empty #17
05-17 09:27:26.912 1697 3156 D ConnectivityService: ConnectivityService NetworkRequestInfo binderDied(NetworkRequest [ LISTEN id=8, [ Capabilities: INTERNET&NOT_RESTRICTED&TRUSTED] ], android.os.BinderProxy@15d344a)
05-17 09:27:26.912 1697 3217 D ActivityManager: cleanUpApplicationRecord -- 3424
05-17 09:27:26.913 2464 2464 I chatty : uid=10013(com.google.android.gms) expire 1 line
05-17 09:27:26.916 1697 1747 E ConnectivityService: RemoteException caught trying to send a callback msg for NetworkRequest [ LISTEN id=8, [ Capabilities: INTERNET&NOT_RESTRICTED&TRUSTED] ]
05-17 09:27:26.918 2464 2570 I chatty : uid=10013(com.google.android.gms) expire 4 lines
05-17 09:27:27.606 2261 2261 I MicroDetectionWorker: Micro detection mode: [mDetectionMode: [1]].
05-17 09:27:27.607 2261 2261 I AudioController: Using mInputStreamFactoryBuilder
05-17 09:27:27.610 2261 3830 I MicroRecognitionRunner: Starting detection.
05-17 09:27:27.630 2261 2403 I MicrophoneInputStream: mic_starting com.google.android.apps.gsa.staticplugins.z.c@b5311e2
05-17 09:27:27.631 1397 3833 I AudioFlinger: AudioFlinger's thread 0xa8983100 ready to run
05-17 09:27:27.632 2261 2403 I MicrophoneInputStream: mic_started com.google.android.apps.gsa.staticplugins.z.c@b5311e2
05-17 09:27:27.633 2261 2403 E ActivityThread: Failed to find provider info for com.google.android.apps.gsa.testing.ui.audio.recorded
05-17 09:27:27.633 2261 2261 I MicroDetectionWorker: onReady
05-17 09:27:27.634 2261 2403 I MicrophoneInputStream: mic_close com.google.android.apps.gsa.staticplugins.z.c@b5311e2
05-17 09:27:27.635 2261 3830 I MicroRecognitionRunner: Detection finished
05-17 09:27:27.635 2261 3830 W ErrorReporter: reportError [type: 211, code: 524300]: Error reading from input stream
05-17 09:27:27.635 2261 3830 W ErrorProcessor: onFatalError, processing error from engine(4)
05-17 09:27:27.635 2261 3830 W ErrorProcessor: com.google.android.apps.gsa.shared.speech.a.g: Error reading from input stream
05-17 09:27:27.635 2261 3830 W ErrorProcessor: at com.google.android.apps.gsa.staticplugins.recognizer.i.a.a(SourceFile:342)
05-17 09:27:27.635 2261 3830 W ErrorProcessor: at com.google.android.apps.gsa.staticplugins.recognizer.i.a$1.run(SourceFile:1367)
05-17 09:27:27.635 2261 3830 W ErrorProcessor: at java.util.concurrent.Executors$RunnableAdapter.call(Executors.java:428)
05-17 09:27:27.635 2261 3830 W ErrorProcessor: at java.util.concurrent.FutureTask.run(FutureTask.java:237)
05-17 09:27:27.635 2261 3830 W ErrorProcessor: at com.google.android.apps.gsa.shared.util.concurrent.a.ak.run(SourceFile:66)
05-17 09:27:27.635 2261 3830 W ErrorProcessor: at java.util.concurrent.ThreadPoolExecutor.runWorker(ThreadPoolExecutor.java:1133)
05-17 09:27:27.635 2261 3830 W ErrorProcessor: at java.util.concurrent.ThreadPoolExecutor$Worker.run(ThreadPoolExecutor.java:607)
05-17 09:27:27.635 2261 3830 W ErrorProcessor: at java.lang.Thread.run(Thread.java:761)
05-17 09:27:27.635 2261 3830 W ErrorProcessor: at com.google.android.apps.gsa.shared.util.concurrent.a.ad$1.run(SourceFile:85)
05-17 09:27:27.635 2261 3830 W ErrorProcessor: Caused by: com.google.android.apps.gsa.shared.exception.GsaIOException: Error code: 393238 | Buffer overflow, no available space.
05-17 09:27:27.635 2261 3830 W ErrorProcessor: at com.google.android.apps.gsa.speech.audio.Tee.g(SourceFile:2531)
05-17 09:27:27.635 2261 3830 W ErrorProcessor: at com.google.android.apps.gsa.speech.audio.ap.read(SourceFile:555)
05-17 09:27:27.635 2261 3830 W ErrorProcessor: at java.io.InputStream.read(InputStream.java:101)
05-17 09:27:27.635 2261 3830 W ErrorProcessor: at com.google.android.apps.gsa.speech.audio.al.run(SourceFile:362)
05-17 09:27:27.635 2261 3830 W ErrorProcessor: at com.google.android.apps.gsa.speech.audio.ak$1.run(SourceFile:471)
05-17 09:27:27.635 2261 3830 W ErrorProcessor: at java.util.concurrent.Executors$RunnableAdapter.call(Executors.java:428)
05-17 09:27:27.635 2261 3830 W ErrorProcessor: at java.util.concurrent.FutureTask.run(FutureTask.java:237)
05-17 09:27:27.635 2261 3830 W ErrorProcessor: at com.google.android.apps.gsa.shared.util.concurrent.a.ak.run(SourceFile:66)
05-17 09:27:27.635 2261 3830 W ErrorProcessor: at com.google.android.apps.gsa.shared.util.concurrent.a.ax.run(SourceFile:139)
05-17 09:27:27.635 2261 3830 W ErrorProcessor: at com.google.android.apps.gsa.shared.util.concurrent.a.ax.run(SourceFile:139)
05-17 09:27:27.635 2261 3830 W ErrorProcessor: ... 4 more
05-17 09:27:27.635 2261 3830 I AudioController: internalShutdown
05-17 09:27:27.635 2261 2693 I MicroRecognitionRunner: Stopping hotword detection.
05-17 09:27:27.636 2261 2261 I MicroDetector: Keeping mic open: false
05-17 09:27:27.636 2261 2261 I MicroDetectionWorker: #onError(false)
05-17 09:27:27.636 2261 3829 I DeviceStateChecker: DeviceStateChecker cancelled
05-17 09:27:28.474 3389 3389 I chatty : uid=10021 com.android.vending:quick_launch expire 1 line
05-17 09:27:28.831 1697 2068 D AlarmManagerService: Kernel timezone updated to 420 minutes west of GMT
05-17 09:27:28.833 1697 1697 D ConditionProviders.SCP: onReceive android.intent.action.TIMEZONE_CHANGED
05-17 09:27:28.841 3836 3836 W art : Unexpected CPU variant for X86 using defaults: x86
05-17 09:27:28.843 1697 1710 I ActivityManager: Start proc 3836:com.android.deskclock/u0a42 for broadcast com.android.deskclock/.AlarmInitReceiver
05-17 09:27:28.843 1697 1697 D ConditionProviders.SCP: notifyCondition condition://android/schedule?days=6.7&start=23.30&end=10.0&exitAtAlarm=false STATE_FALSE reason=!meetsSchedule
05-17 09:27:28.844 1697 1697 D ConditionProviders.SCP: notifyCondition condition://android/schedule?days=1.2.3.4.5&start=22.0&end=7.0&exitAtAlarm=false STATE_FALSE reason=!meetsSchedule
05-17 09:27:28.845 1697 1697 D ConditionProviders.SCP: Scheduling evaluate for Wed May 17 10:00:00 PDT 2023 (1684342800000), in +32m31s167ms, now=Wed May 17 09:27:28 PDT 2023 (1684340848833)
05-17 09:27:28.847 1697 1913 D AlarmManagerService: Setting time of day to sec=1684340849
05-17 09:27:29.021 1697 1913 W AlarmManagerService: Unable to set rtc to 1684340849: No such device
05-17 09:27:29.045 3836 3836 W System : ClassLoader referenced unknown path: /system/app/DeskClock/lib/x86
05-17 09:27:29.079 3836 3836 I AlarmClock: AlarmInitReceiver android.intent.action.TIMEZONE_CHANGED
05-17 09:27:29.118 2912 3013 W InstanceID/Rpc: Found 10013
05-17 09:27:29.127 3854 3854 W art : Unexpected CPU variant for X86 using defaults: x86
05-17 09:27:29.133 1697 3157 I ActivityManager: Start proc 3854:com.ustwo.lwp/u0a75 for broadcast com.ustwo.lwp/.TimezoneChangedReceiver
05-17 09:27:29.145 3854 3854 W System : ClassLoader referenced unknown path: /system/app/WallpapersUsTwo/lib/x86
05-17 09:27:29.165 3854 3854 D zz : App.onCreate()
05-17 09:27:29.165 3854 3854 D zz : ----------------------------------------------------------------------------------
05-17 09:27:29.166 3854 3854 D zz : FlavorTypeOverride.afterCreate() flavor: typeall
05-17 09:27:29.167 1697 1707 I ActivityManager: Killing 3553:com.android.cellbroadcastreceiver/u0a4 (adj 906): empty #17
05-17 09:27:29.188 1697 3214 D ActivityManager: cleanUpApplicationRecord -- 3553
05-17 09:27:29.305 1697 1916 I ActivityManager: Killing 3580:com.android.settings/1000 (adj 906): empty #17
05-17 09:27:29.355 1697 3217 D ActivityManager: cleanUpApplicationRecord -- 3580
05-17 09:27:29.366 1697 2068 I ActivityManager: Killing 3269:com.google.android.gms.ui/u0a13 (adj 906): empty #17
05-17 09:27:29.415 1697 3214 D ActivityManager: cleanUpApplicationRecord -- 3269
05-17 09:27:30.899 2678 2725 I chatty : uid=10021(com.android.vending) expire 3 lines
05-17 09:27:30.954 2678 2683 I chatty : uid=10021(com.android.vending) expire 1 line
05-17 09:27:30.955 2790 2865 I chatty : uid=10021 com.android.vending:background expire 1 line
05-17 09:27:30.959 1400 1400 I : free_cache(53212069) avail 5962334208
05-17 09:27:31.610 3870 3870 W art : Unexpected CPU variant for X86 using defaults: x86
05-17 09:27:31.616 1697 1722 I ActivityManager: Start proc 3870:com.android.defcontainer/u0a8 for service com.android.defcontainer/.DefaultContainerService
05-17 09:27:31.698 2678 2775 I chatty : uid=10021(com.android.vending) expire 1 line
05-17 09:27:31.721 1697 1722 W PackageParser: Unknown element under <manifest>: queries at /data/app/vmdl232013656.tmp/base.apk Binary XML file line #422
05-17 09:27:31.722 1697 1722 W PackageParser: Unknown element under <application>: profileable at /data/app/vmdl232013656.tmp/base.apk Binary XML file line #516
05-17 09:27:31.729 1697 1722 W PackageManager: Package com.android.vending desires unavailable shared library androidx.window.extensions; ignoring!
05-17 09:27:31.729 1697 1722 W PackageManager: Package com.android.vending desires unavailable shared library androidx.window.sidecar; ignoring!
05-17 09:27:31.730 1697 1722 I PackageManager.DexOptimizer: Running dexopt (dex2oat) on: /data/app/vmdl232013656.tmp/base.apk pkg=com.android.vending isa=x86 vmSafeMode=false debuggable=false target-filter=interpret-only oatDir = /data/app/vmdl232013656.tmp/oat sharedLibraries=null
05-17 09:27:31.755 3884 3884 W dex2oat : Unexpected CPU variant for X86 using defaults: x86
05-17 09:27:31.755 3884 3884 W dex2oat : Mismatch between dex2oat instruction set features (ISA: X86 Feature string: smp,-ssse3,-sse4.1,-sse4.2,-avx,-avx2,-lock_add,-popcnt) and those of dex2oat executable (ISA: X86 Feature string: smp,ssse3,-sse4.1,-sse4.2,-avx,-avx2,-lock_add,-popcnt) for the command line:
05-17 09:27:31.755 3884 3884 W dex2oat : /system/bin/dex2oat --zip-fd=6 --zip-location=base.apk --oat-fd=7 --oat-location=/data/app/vmdl232013656.tmp/oat/x86/base.odex --instruction-set=x86 --instruction-set-variant=x86 --instruction-set-features=default --runtime-arg -Xms64m --runtime-arg -Xmx512m --compiler-filter=interpret-only --swap-fd=9
05-17 09:27:31.755 3884 3884 I dex2oat : /system/bin/dex2oat --compiler-filter=interpret-only
05-17 09:27:31.915 1697 1710 I ActivityManager: Waited long enough for: ServiceRecord{dcb71ea u0 com.google.android.calendar/com.android.calendar.alerts.InitAlarmsService}
05-17 09:27:32.440 1697 1916 I ActivityManager: Killing 2075:com.google.android.apps.maps/u0a59 (adj 906): empty #17
05-17 09:27:32.518 1697 1707 D ActivityManager: cleanUpApplicationRecord -- 2075
05-17 09:27:32.821 2261 2261 I MicroDetectionWorker: Micro detection mode: [mDetectionMode: [1]].
05-17 09:27:32.823 2261 2261 I AudioController: Using mInputStreamFactoryBuilder
05-17 09:27:32.833 2261 3887 I MicroRecognitionRunner: Starting detection.
05-17 09:27:32.834 2261 2403 I MicrophoneInputStream: mic_starting com.google.android.apps.gsa.staticplugins.z.c@dcc2df4
05-17 09:27:32.837 1397 3890 I AudioFlinger: AudioFlinger's thread 0xa8703e40 ready to run
05-17 09:27:32.840 2261 2403 I MicrophoneInputStream: mic_started com.google.android.apps.gsa.staticplugins.z.c@dcc2df4
05-17 09:27:32.841 2261 2403 E ActivityThread: Failed to find provider info for com.google.android.apps.gsa.testing.ui.audio.recorded
05-17 09:27:32.841 2261 2261 I MicroDetectionWorker: onReady
05-17 09:27:32.847 2261 2403 I MicrophoneInputStream: mic_close com.google.android.apps.gsa.staticplugins.z.c@dcc2df4
05-17 09:27:32.847 2261 3887 I MicroRecognitionRunner: Detection finished
05-17 09:27:32.848 2261 3887 W ErrorReporter: reportError [type: 211, code: 524300]: Error reading from input stream
05-17 09:27:32.848 2261 2693 I MicroRecognitionRunner: Stopping hotword detection.
05-17 09:27:32.848 2261 3887 W ErrorProcessor: onFatalError, processing error from engine(4)
05-17 09:27:32.848 2261 3887 W ErrorProcessor: com.google.android.apps.gsa.shared.speech.a.g: Error reading from input stream
05-17 09:27:32.848 2261 3887 W ErrorProcessor: at com.google.android.apps.gsa.staticplugins.recognizer.i.a.a(SourceFile:342)
05-17 09:27:32.848 2261 3887 W ErrorProcessor: at com.google.android.apps.gsa.staticplugins.recognizer.i.a$1.run(SourceFile:1367)
05-17 09:27:32.848 2261 3887 W ErrorProcessor: at java.util.concurrent.Executors$RunnableAdapter.call(Executors.java:428)
05-17 09:27:32.848 2261 3887 W ErrorProcessor: at java.util.concurrent.FutureTask.run(FutureTask.java:237)
05-17 09:27:32.848 2261 3887 W ErrorProcessor: at com.google.android.apps.gsa.shared.util.concurrent.a.ak.run(SourceFile:66)
05-17 09:27:32.848 2261 3887 W ErrorProcessor: at java.util.concurrent.ThreadPoolExecutor.runWorker(ThreadPoolExecutor.java:1133)
05-17 09:27:32.848 2261 3887 W ErrorProcessor: at java.util.concurrent.ThreadPoolExecutor$Worker.run(ThreadPoolExecutor.java:607)
05-17 09:27:32.848 2261 3887 W ErrorProcessor: at java.lang.Thread.run(Thread.java:761)
05-17 09:27:32.848 2261 3887 W ErrorProcessor: at com.google.android.apps.gsa.shared.util.concurrent.a.ad$1.run(SourceFile:85)
05-17 09:27:32.848 2261 3887 W ErrorProcessor: Caused by: com.google.android.apps.gsa.shared.exception.GsaIOException: Error code: 393238 | Buffer overflow, no available space.
05-17 09:27:32.848 2261 3887 W ErrorProcessor: at com.google.android.apps.gsa.speech.audio.Tee.g(SourceFile:2531)
05-17 09:27:32.848 2261 3887 W ErrorProcessor: at com.google.android.apps.gsa.speech.audio.ap.read(SourceFile:555)
05-17 09:27:32.848 2261 3887 W ErrorProcessor: at java.io.InputStream.read(InputStream.java:101)
05-17 09:27:32.848 2261 3887 W ErrorProcessor: at com.google.android.apps.gsa.speech.audio.al.run(SourceFile:362)
05-17 09:27:32.848 2261 3887 W ErrorProcessor: at com.google.android.apps.gsa.speech.audio.ak$1.run(SourceFile:471)
05-17 09:27:32.848 2261 3887 W ErrorProcessor: at java.util.concurrent.Executors$RunnableAdapter.call(Executors.java:428)
05-17 09:27:32.848 2261 3887 W ErrorProcessor: at java.util.concurrent.FutureTask.run(FutureTask.java:237)
05-17 09:27:32.848 2261 3887 W ErrorProcessor: at com.google.android.apps.gsa.shared.util.concurrent.a.ak.run(SourceFile:66)
05-17 09:27:32.848 2261 3887 W ErrorProcessor: at com.google.android.apps.gsa.shared.util.concurrent.a.ax.run(SourceFile:139)
05-17 09:27:32.848 2261 3887 W ErrorProcessor: at com.google.android.apps.gsa.shared.util.concurrent.a.ax.run(SourceFile:139)
05-17 09:27:32.848 2261 3887 W ErrorProcessor: ... 4 more
05-17 09:27:32.849 2261 3887 I AudioController: internalShutdown
05-17 09:27:32.850 2261 2261 I MicroDetector: Keeping mic open: false
05-17 09:27:32.850 2261 2261 I MicroDetectionWorker: #onError(false)
05-17 09:27:32.850 2261 3886 I DeviceStateChecker: DeviceStateChecker cancelled
05-17 09:27:32.984 3884 3884 I dex2oat : Large app, accepted running with swap.
05-17 09:27:33.408 3202 3411 W Babel : bcb TOOK TOO LONG! (15034ms > 10000ms)
05-17 09:27:33.455 3202 3421 W Babel : bcb TOOK TOO LONG! (15033ms > 10000ms)
05-17 09:27:33.481 3698 3894 I MS_RegisterService: RegisterService intent:Intent { act=register_intent_action flg=0x10 cmp=com.google.android.talk/com.google.android.libraries.matchstick.net.SilentRegisterService } isPeriodic:false
05-17 09:27:33.481 1697 3214 I Telecom : PhoneAccountRegistrar: SimCallManager queried, returning: null: TSI.gSCM@ADg
05-17 09:27:33.493 3698 3894 I MS_RegisterService: Not registered and not enabled. Doing nothing.
05-17 09:27:33.509 3202 3202 I Babel_telephony: TeleModule.updateConnectionManagerRegistration, registration preference changed from false to false
05-17 09:27:33.509 3202 3202 W Babel : BAM#gBA: invalid account id: -1
05-17 09:27:33.509 3202 3202 W Babel : BAM#gBA: invalid account id: -1
05-17 09:27:33.509 3202 3202 I Babel_telephony: TeleModule.updateIncomingCallRegistration, preferred account for incoming calls changed from: null to null
05-17 09:27:33.519 1697 2068 I Telecom : PhoneAccountRegistrar: SimCallManager queried, returning: null: TSI.gSCM@ADo
05-17 09:27:34.026 3202 3418 W Babel : bcb TOOK TOO LONG! (15038ms > 10000ms)
05-17 09:27:34.125 3884 3884 W dex2oat : Before Android 4.1, method android.graphics.drawable.Drawable akqg.getCurrentDrawable() would have incorrectly overridden the package-private method in android.widget.ProgressBar
05-17 09:27:34.212 2084 2643 I chatty : uid=10013 com.google.android.gms.persistent expire 41 lines
05-17 09:27:34.240 2084 3737 I chatty : uid=10013 com.google.android.gms.persistent expire 98 lines
05-17 09:27:34.315 2464 2755 I chatty : uid=10013(com.google.android.gms) expire 1 line
05-17 09:27:34.336 2084 3780 I chatty : uid=10013 com.google.android.gms.persistent expire 109 lines
05-17 09:27:34.357 2084 3775 I chatty : uid=10013 com.google.android.gms.persistent expire 73 lines
05-17 09:27:37.855 2261 2261 I MicroDetectionWorker: Micro detection mode: [mDetectionMode: [1]].
05-17 09:27:37.856 2261 2261 I AudioController: Using mInputStreamFactoryBuilder
05-17 09:27:37.859 2261 3904 I MicroRecognitionRunner: Starting detection.
05-17 09:27:37.859 2261 2403 I MicrophoneInputStream: mic_starting com.google.android.apps.gsa.staticplugins.z.c@a4847b6
05-17 09:27:37.860 1397 3907 I AudioFlinger: AudioFlinger's thread 0xa84830c0 ready to run
05-17 09:27:37.862 2261 2403 I MicrophoneInputStream: mic_started com.google.android.apps.gsa.staticplugins.z.c@a4847b6
05-17 09:27:37.862 2261 2403 E ActivityThread: Failed to find provider info for com.google.android.apps.gsa.testing.ui.audio.recorded
05-17 09:27:37.863 2261 2261 I MicroDetectionWorker: onReady
05-17 09:27:37.864 2261 2403 I MicrophoneInputStream: mic_close com.google.android.apps.gsa.staticplugins.z.c@a4847b6
05-17 09:27:37.864 2261 3904 I MicroRecognitionRunner: Detection finished
05-17 09:27:37.864 2261 3904 W ErrorReporter: reportError [type: 211, code: 524300]: Error reading from input stream
05-17 09:27:37.864 2261 2693 I MicroRecognitionRunner: Stopping hotword detection.
05-17 09:27:37.865 2261 3904 W ErrorProcessor: onFatalError, processing error from engine(4)
05-17 09:27:37.865 2261 3904 W ErrorProcessor: com.google.android.apps.gsa.shared.speech.a.g: Error reading from input stream
05-17 09:27:37.865 2261 3904 W ErrorProcessor: at com.google.android.apps.gsa.staticplugins.recognizer.i.a.a(SourceFile:342)
05-17 09:27:37.865 2261 3904 W ErrorProcessor: at com.google.android.apps.gsa.staticplugins.recognizer.i.a$1.run(SourceFile:1367)
05-17 09:27:37.865 2261 3904 W ErrorProcessor: at java.util.concurrent.Executors$RunnableAdapter.call(Executors.java:428)
05-17 09:27:37.865 2261 3904 W ErrorProcessor: at java.util.concurrent.FutureTask.run(FutureTask.java:237)
05-17 09:27:37.865 2261 3904 W ErrorProcessor: at com.google.android.apps.gsa.shared.util.concurrent.a.ak.run(SourceFile:66)
05-17 09:27:37.865 2261 3904 W ErrorProcessor: at java.util.concurrent.ThreadPoolExecutor.runWorker(ThreadPoolExecutor.java:1133)
05-17 09:27:37.865 2261 3904 W ErrorProcessor: at java.util.concurrent.ThreadPoolExecutor$Worker.run(ThreadPoolExecutor.java:607)
05-17 09:27:37.865 2261 3904 W ErrorProcessor: at java.lang.Thread.run(Thread.java:761)
05-17 09:27:37.865 2261 3904 W ErrorProcessor: at com.google.android.apps.gsa.shared.util.concurrent.a.ad$1.run(SourceFile:85)
05-17 09:27:37.865 2261 3904 W ErrorProcessor: Caused by: com.google.android.apps.gsa.shared.exception.GsaIOException: Error code: 393238 | Buffer overflow, no available space.
05-17 09:27:37.865 2261 3904 W ErrorProcessor: at com.google.android.apps.gsa.speech.audio.Tee.g(SourceFile:2531)
05-17 09:27:37.865 2261 3904 W ErrorProcessor: at com.google.android.apps.gsa.speech.audio.ap.read(SourceFile:555)
05-17 09:27:37.865 2261 3904 W ErrorProcessor: at java.io.InputStream.read(InputStream.java:101)
05-17 09:27:37.865 2261 3904 W ErrorProcessor: at com.google.android.apps.gsa.speech.audio.al.run(SourceFile:362)
05-17 09:27:37.865 2261 3904 W ErrorProcessor: at com.google.android.apps.gsa.speech.audio.ak$1.run(SourceFile:471)
05-17 09:27:37.865 2261 3904 W ErrorProcessor: at java.util.concurrent.Executors$RunnableAdapter.call(Executors.java:428)
05-17 09:27:37.865 2261 3904 W ErrorProcessor: at java.util.concurrent.FutureTask.run(FutureTask.java:237)
05-17 09:27:37.865 2261 3904 W ErrorProcessor: at com.google.android.apps.gsa.shared.util.concurrent.a.ak.run(SourceFile:66)
05-17 09:27:37.865 2261 3904 W ErrorProcessor: at com.google.android.apps.gsa.shared.util.concurrent.a.ax.run(SourceFile:139)
05-17 09:27:37.865 2261 3904 W ErrorProcessor: at com.google.android.apps.gsa.shared.util.concurrent.a.ax.run(SourceFile:139)
05-17 09:27:37.865 2261 3904 W ErrorProcessor: ... 4 more
05-17 09:27:37.865 2261 3904 I AudioController: internalShutdown
05-17 09:27:37.865 2261 2261 I MicroDetector: Keeping mic open: false
05-17 09:27:37.865 2261 2261 I MicroDetectionWorker: #onError(false)
05-17 09:27:37.865 2261 3903 I DeviceStateChecker: DeviceStateChecker cancelled
05-17 09:27:37.894 2084 2605 I chatty : uid=10013 com.google.android.gms.persistent expire 91 lines
05-17 09:27:37.901 2084 2084 I chatty : uid=10013 com.google.android.gms.persistent expire 360 lines
05-17 09:27:37.913 2084 3816 I chatty : uid=10013(com.google.android.gms) lowpool[17] expire 69 lines
05-17 09:27:37.922 2084 3799 I chatty : uid=10013 com.google.android.gms.persistent expire 82 lines
05-17 09:27:37.951 2084 3827 I chatty : uid=10013(com.google.android.gms) lowpool[18] expire 65 lines
05-17 09:27:37.963 2084 3372 I chatty : uid=10013 com.google.android.gms.persistent expire 7 lines
05-17 09:27:37.972 2084 2641 I chatty : uid=10013(com.google.android.gms) lowpool[2] expire 91 lines
05-17 09:27:37.995 2084 3802 I chatty : uid=10013(com.google.android.gms) lowpool[13] expire 86 lines
05-17 09:27:39.634 2084 3799 I GCoreUlr: Unbound from all location providers
05-17 09:27:39.634 2084 3799 I GCoreUlr: Place inference reporting - stop
05-17 09:27:39.635 2084 2084 I GCoreUlr: DispatchingService.onDestroy()
05-17 09:27:39.635 2084 2084 I GCoreUlr: Stopping handler for UlrDispSvcFast
05-17 09:27:39.636 2084 3799 I GCoreUlr: DispatchingService ignoring Intent { act=android.net.wifi.WIFI_STATE_CHANGED flg=0x4000010 (has extras) } because ULR inactive
05-17 09:27:39.636 2084 2084 I GCoreUlr: Unbound from all location providers
05-17 09:27:39.636 2084 2084 I GCoreUlr: Place inference reporting - stop
05-17 09:27:39.639 2084 2641 I GCoreUlr: Starting service, intent=Intent { act=com.google.android.location.reporting.ACTION_UPDATE_WORLD cmp=com.google.android.gms/com.google.android.location.reporting.service.DispatchingService (has extras) }, extras=Bundle[{receiverAction=com.google.android.location.reporting.PHENOTYPE_FLAGS_CHANGED}]
05-17 09:27:39.640 2084 2084 E BluetoothAdapter: Bluetooth binder is null
05-17 09:27:39.647 2084 3802 I GCoreUlr: WorldUpdater received intent Intent { act=com.google.android.location.reporting.ACTION_UPDATE_WORLD cmp=com.google.android.gms/com.google.android.location.reporting.service.DispatchingService (has extras) } with receiverAction com.google.android.location.reporting.PHENOTYPE_FLAGS_CHANGED
05-17 09:27:39.647 2084 3802 E GCoreUlr: Bad errorId configuring silent feedback
05-17 09:27:39.647 2084 3802 I GCoreUlr: WorldUpdater:com.google.android.location.reporting.PHENOTYPE_FLAGS_CHANGED: Ensuring that reporting is stopped because of reasons: (no Google accounts)
05-17 09:27:39.649 2084 3802 I GCoreUlr: Unbound from all location providers
05-17 09:27:39.649 2084 3802 I GCoreUlr: Place inference reporting - stop
05-17 09:27:39.650 2084 2084 I GCoreUlr: DispatchingService.onDestroy()
05-17 09:27:39.651 2084 2084 I GCoreUlr: Stopping handler for UlrDispSvcFast
05-17 09:27:39.651 2084 3802 I GCoreUlr: DispatchingService ignoring Intent { act=android.net.wifi.WIFI_STATE_CHANGED flg=0x4000010 (has extras) } because ULR inactive
05-17 09:27:39.652 2084 2084 I GCoreUlr: Unbound from all location providers
05-17 09:27:39.652 2084 2084 I GCoreUlr: Place inference reporting - stop
05-17 09:27:39.658 2084 3799 I GCoreUlr: Starting service, intent=Intent { act=com.google.android.location.reporting.ACTION_UPDATE_WORLD cmp=com.google.android.gms/com.google.android.location.reporting.service.DispatchingService (has extras) }, extras=Bundle[{receiverAction=com.google.android.location.reporting.PHENOTYPE_FLAGS_CHANGED}]
05-17 09:27:39.659 2084 2084 E BluetoothAdapter: Bluetooth binder is null
05-17 09:27:39.668 2084 2641 I GCoreUlr: WorldUpdater received intent Intent { act=com.google.android.location.reporting.ACTION_UPDATE_WORLD cmp=com.google.android.gms/com.google.android.location.reporting.service.DispatchingService (has extras) } with receiverAction com.google.android.location.reporting.PHENOTYPE_FLAGS_CHANGED
05-17 09:27:39.668 2084 2641 E GCoreUlr: Bad errorId configuring silent feedback
05-17 09:27:39.668 2084 2641 I GCoreUlr: WorldUpdater:com.google.android.location.reporting.PHENOTYPE_FLAGS_CHANGED: Ensuring that reporting is stopped because of reasons: (no Google accounts)
05-17 09:27:39.672 2084 2641 I GCoreUlr: Unbound from all location providers
05-17 09:27:39.672 2084 2641 I GCoreUlr: Place inference reporting - stop
05-17 09:27:39.673 2084 2084 I GCoreUlr: DispatchingService.onDestroy()
05-17 09:27:39.674 2084 2084 I GCoreUlr: Stopping handler for UlrDispSvcFast
05-17 09:27:39.675 2084 2641 I GCoreUlr: DispatchingService ignoring Intent { act=android.net.wifi.WIFI_STATE_CHANGED flg=0x4000010 (has extras) } because ULR inactive
05-17 09:27:39.675 2084 2084 I GCoreUlr: Unbound from all location providers
05-17 09:27:39.675 2084 2084 I GCoreUlr: Place inference reporting - stop
05-17 09:27:39.678 2084 3802 I GCoreUlr: Starting service, intent=Intent { act=com.google.android.location.reporting.ACTION_UPDATE_WORLD cmp=com.google.android.gms/com.google.android.location.reporting.service.DispatchingService (has extras) }, extras=Bundle[{receiverAction=com.google.android.location.reporting.PHENOTYPE_FLAGS_CHANGED}]
05-17 09:27:39.680 2084 2084 E BluetoothAdapter: Bluetooth binder is null
05-17 09:27:39.691 2084 3816 I GCoreUlr: WorldUpdater received intent Intent { act=com.google.android.location.reporting.ACTION_UPDATE_WORLD cmp=com.google.android.gms/com.google.android.location.reporting.service.DispatchingService (has extras) } with receiverAction com.google.android.location.reporting.PHENOTYPE_FLAGS_CHANGED
05-17 09:27:39.692 2084 3816 E GCoreUlr: Bad errorId configuring silent feedback
05-17 09:27:39.692 2084 3816 I GCoreUlr: WorldUpdater:com.google.android.location.reporting.PHENOTYPE_FLAGS_CHANGED: Ensuring that reporting is stopped because of reasons: (no Google accounts)
05-17 09:27:39.694 2084 3816 I GCoreUlr: Unbound from all location providers
05-17 09:27:39.694 2084 3816 I GCoreUlr: Place inference reporting - stop
05-17 09:27:39.695 2084 2084 I GCoreUlr: DispatchingService.onDestroy()
05-17 09:27:39.696 2084 2084 I GCoreUlr: Stopping handler for UlrDispSvcFast
05-17 09:27:39.696 2084 3816 I GCoreUlr: DispatchingService ignoring Intent { act=android.net.wifi.WIFI_STATE_CHANGED flg=0x4000010 (has extras) } because ULR inactive
05-17 09:27:39.696 2084 2641 I GCoreUlr: Starting service, intent=Intent { act=com.google.android.location.reporting.ACTION_UPDATE_WORLD cmp=com.google.android.gms/com.google.android.location.reporting.service.DispatchingService (has extras) }, extras=Bundle[{receiverAction=com.google.android.location.reporting.PHENOTYPE_FLAGS_CHANGED}]
05-17 09:27:39.697 2084 2084 I GCoreUlr: Unbound from all location providers
05-17 09:27:39.697 2084 2084 I GCoreUlr: Place inference reporting - stop
05-17 09:27:39.699 2084 2084 E BluetoothAdapter: Bluetooth binder is null
05-17 09:27:39.708 2084 3827 I GCoreUlr: WorldUpdater received intent Intent { act=com.google.android.location.reporting.ACTION_UPDATE_WORLD cmp=com.google.android.gms/com.google.android.location.reporting.service.DispatchingService (has extras) } with receiverAction com.google.android.location.reporting.PHENOTYPE_FLAGS_CHANGED
05-17 09:27:39.710 2084 3827 E GCoreUlr: Bad errorId configuring silent feedback
05-17 09:27:39.710 2084 3827 I GCoreUlr: WorldUpdater:com.google.android.location.reporting.PHENOTYPE_FLAGS_CHANGED: Ensuring that reporting is stopped because of reasons: (no Google accounts)
05-17 09:27:39.711 2084 3827 I GCoreUlr: Unbound from all location providers
05-17 09:27:39.711 2084 3827 I GCoreUlr: Place inference reporting - stop
05-17 09:27:39.712 2084 2084 I GCoreUlr: DispatchingService.onDestroy()
05-17 09:27:39.713 2084 2084 I GCoreUlr: Stopping handler for UlrDispSvcFast
05-17 09:27:39.714 2084 3827 I GCoreUlr: DispatchingService ignoring Intent { act=android.net.wifi.WIFI_STATE_CHANGED flg=0x4000010 (has extras) } because ULR inactive
05-17 09:27:39.715 2084 2084 I GCoreUlr: Unbound from all location providers
05-17 09:27:39.715 2084 2084 I GCoreUlr: Place inference reporting - stop
05-17 09:27:39.717 2084 3802 I GCoreUlr: Starting service, intent=Intent { act=com.google.android.location.reporting.ACTION_UPDATE_WORLD cmp=com.google.android.gms/com.google.android.location.reporting.service.DispatchingService (has extras) }, extras=Bundle[{receiverAction=com.google.android.location.reporting.PHENOTYPE_FLAGS_CHANGED}]
05-17 09:27:39.718 2084 2084 E BluetoothAdapter: Bluetooth binder is null
05-17 09:27:39.728 2084 3799 I GCoreUlr: WorldUpdater received intent Intent { act=com.google.android.location.reporting.ACTION_UPDATE_WORLD cmp=com.google.android.gms/com.google.android.location.reporting.service.DispatchingService (has extras) } with receiverAction com.google.android.location.reporting.PHENOTYPE_FLAGS_CHANGED
05-17 09:27:39.728 2084 3799 E GCoreUlr: Bad errorId configuring silent feedback
05-17 09:27:39.729 2084 3799 I GCoreUlr: WorldUpdater:com.google.android.location.reporting.PHENOTYPE_FLAGS_CHANGED: Ensuring that reporting is stopped because of reasons: (no Google accounts)
05-17 09:27:39.729 2084 3799 I GCoreUlr: Unbound from all location providers
05-17 09:27:39.729 2084 3799 I GCoreUlr: Place inference reporting - stop
05-17 09:27:39.730 2084 2084 I GCoreUlr: DispatchingService.onDestroy()
05-17 09:27:39.731 2084 2084 I GCoreUlr: Stopping handler for UlrDispSvcFast
05-17 09:27:39.732 2084 2084 I GCoreUlr: Unbound from all location providers
05-17 09:27:39.732 2084 2084 I GCoreUlr: Place inference reporting - stop
05-17 09:27:39.732 2084 3799 I GCoreUlr: DispatchingService ignoring Intent { act=android.net.wifi.WIFI_STATE_CHANGED flg=0x4000010 (has extras) } because ULR inactive
05-17 09:27:39.736 2084 3827 I GCoreUlr: Starting service, intent=Intent { act=com.google.android.location.reporting.ACTION_UPDATE_WORLD cmp=com.google.android.gms/com.google.android.location.reporting.service.DispatchingService (has extras) }, extras=Bundle[{receiverAction=com.google.android.location.reporting.PHENOTYPE_FLAGS_CHANGED}]
05-17 09:27:39.737 2084 2084 E BluetoothAdapter: Bluetooth binder is null
05-17 09:27:39.746 2084 3802 I GCoreUlr: WorldUpdater received intent Intent { act=com.google.android.location.reporting.ACTION_UPDATE_WORLD cmp=com.google.android.gms/com.google.android.location.reporting.service.DispatchingService (has extras) } with receiverAction com.google.android.location.reporting.PHENOTYPE_FLAGS_CHANGED
05-17 09:27:39.746 2084 3802 E GCoreUlr: Bad errorId configuring silent feedback
05-17 09:27:39.746 2084 3802 I GCoreUlr: WorldUpdater:com.google.android.location.reporting.PHENOTYPE_FLAGS_CHANGED: Ensuring that reporting is stopped because of reasons: (no Google accounts)
05-17 09:27:39.747 2084 3802 I GCoreUlr: Unbound from all location providers
05-17 09:27:39.747 2084 3802 I GCoreUlr: Place inference reporting - stop
05-17 09:27:39.748 2084 2084 I GCoreUlr: DispatchingService.onDestroy()
05-17 09:27:39.749 2084 2084 I GCoreUlr: Stopping handler for UlrDispSvcFast
05-17 09:27:39.750 2084 2084 I GCoreUlr: Unbound from all location providers
05-17 09:27:39.750 2084 2084 I GCoreUlr: Place inference reporting - stop
05-17 09:27:39.754 2084 3799 I GCoreUlr: Starting service, intent=Intent { act=com.google.android.location.reporting.ACTION_UPDATE_WORLD cmp=com.google.android.gms/com.google.android.location.reporting.service.DispatchingService (has extras) }, extras=Bundle[{receiverAction=com.google.android.location.reporting.PHENOTYPE_FLAGS_CHANGED}]
05-17 09:27:39.755 2084 2084 E BluetoothAdapter: Bluetooth binder is null
05-17 09:27:39.855 2084 3799 I GCoreUlr: WorldUpdater received intent Intent { act=com.google.android.location.reporting.ACTION_UPDATE_WORLD cmp=com.google.android.gms/com.google.android.location.reporting.service.DispatchingService (has extras) } with receiverAction com.google.android.location.reporting.PHENOTYPE_FLAGS_CHANGED
05-17 09:27:39.855 2084 3799 E GCoreUlr: Bad errorId configuring silent feedback
05-17 09:27:39.855 2084 3799 I GCoreUlr: WorldUpdater:com.google.android.location.reporting.PHENOTYPE_FLAGS_CHANGED: Ensuring that reporting is stopped because of reasons: (no Google accounts)
05-17 09:27:39.857 2084 3799 I GCoreUlr: Unbound from all location providers
05-17 09:27:39.857 2084 3799 I GCoreUlr: Place inference reporting - stop
05-17 09:27:39.857 2084 2084 I GCoreUlr: DispatchingService.onDestroy()
05-17 09:27:39.858 2084 2084 I GCoreUlr: Stopping handler for UlrDispSvcFast
05-17 09:27:39.859 2084 2084 I GCoreUlr: Unbound from all location providers
05-17 09:27:39.859 2084 2084 I GCoreUlr: Place inference reporting - stop
05-17 09:27:39.859 2084 3799 I GCoreUlr: DispatchingService ignoring Intent { act=android.net.wifi.WIFI_STATE_CHANGED flg=0x4000010 (has extras) } because ULR inactive
05-17 09:27:39.864 2084 3802 I GCoreUlr: Starting service, intent=Intent { act=com.google.android.location.reporting.ACTION_UPDATE_WORLD cmp=com.google.android.gms/com.google.android.location.reporting.service.DispatchingService (has extras) }, extras=Bundle[{receiverAction=com.google.android.location.reporting.PHENOTYPE_FLAGS_CHANGED}]
05-17 09:27:39.865 2084 2084 E BluetoothAdapter: Bluetooth binder is null
05-17 09:27:39.874 2084 3802 I GCoreUlr: WorldUpdater received intent Intent { act=com.google.android.location.reporting.ACTION_UPDATE_WORLD cmp=com.google.android.gms/com.google.android.location.reporting.service.DispatchingService (has extras) } with receiverAction com.google.android.location.reporting.PHENOTYPE_FLAGS_CHANGED
05-17 09:27:39.876 2084 3802 E GCoreUlr: Bad errorId configuring silent feedback
05-17 09:27:39.876 2084 3802 I GCoreUlr: WorldUpdater:com.google.android.location.reporting.PHENOTYPE_FLAGS_CHANGED: Ensuring that reporting is stopped because of reasons: (no Google accounts)
05-17 09:27:39.876 2084 3802 I GCoreUlr: Unbound from all location providers
05-17 09:27:39.876 2084 3802 I GCoreUlr: Place inference reporting - stop
05-17 09:27:39.878 2084 2084 I GCoreUlr: DispatchingService.onDestroy()
05-17 09:27:39.879 2084 2084 I GCoreUlr: Stopping handler for UlrDispSvcFast
05-17 09:27:39.879 2084 3802 I GCoreUlr: DispatchingService ignoring Intent { act=android.net.wifi.WIFI_STATE_CHANGED flg=0x4000010 (has extras) } because ULR inactive
05-17 09:27:39.880 2084 2084 I GCoreUlr: Unbound from all location providers
05-17 09:27:39.880 2084 2084 I GCoreUlr: Place inference reporting - stop
05-17 09:27:39.883 2084 3799 I GCoreUlr: Starting service, intent=Intent { act=com.google.android.location.reporting.ACTION_UPDATE_WORLD cmp=com.google.android.gms/com.google.android.location.reporting.service.DispatchingService (has extras) }, extras=Bundle[{receiverAction=com.google.android.location.reporting.PHENOTYPE_FLAGS_CHANGED}]
05-17 09:27:39.884 2084 2084 E BluetoothAdapter: Bluetooth binder is null
05-17 09:27:39.898 2084 3799 I GCoreUlr: WorldUpdater received intent Intent { act=com.google.android.location.reporting.ACTION_UPDATE_WORLD cmp=com.google.android.gms/com.google.android.location.reporting.service.DispatchingService (has extras) } with receiverAction com.google.android.location.reporting.PHENOTYPE_FLAGS_CHANGED
05-17 09:27:39.899 2084 3799 E GCoreUlr: Bad errorId configuring silent feedback
05-17 09:27:39.899 2084 3799 I GCoreUlr: WorldUpdater:com.google.android.location.reporting.PHENOTYPE_FLAGS_CHANGED: Ensuring that reporting is stopped because of reasons: (no Google accounts)
05-17 09:27:39.900 2084 3799 I GCoreUlr: Unbound from all location providers
05-17 09:27:39.900 2084 3799 I GCoreUlr: Place inference reporting - stop
05-17 09:27:39.901 2084 2084 I GCoreUlr: DispatchingService.onDestroy()
05-17 09:27:39.902 2084 2084 I GCoreUlr: Stopping handler for UlrDispSvcFast
05-17 09:27:39.903 2084 2084 I GCoreUlr: Unbound from all location providers
05-17 09:27:39.903 2084 2084 I GCoreUlr: Place inference reporting - stop
05-17 09:27:39.903 2084 3799 I GCoreUlr: DispatchingService ignoring Intent { act=android.net.wifi.WIFI_STATE_CHANGED flg=0x4000010 (has extras) } because ULR inactive
05-17 09:27:39.905 2084 3802 I GCoreUlr: Starting service, intent=Intent { act=com.google.android.location.reporting.ACTION_UPDATE_WORLD cmp=com.google.android.gms/com.google.android.location.reporting.service.DispatchingService (has extras) }, extras=Bundle[{receiverAction=com.google.android.location.reporting.PHENOTYPE_FLAGS_CHANGED}]
05-17 09:27:39.907 2084 2084 E BluetoothAdapter: Bluetooth binder is null
05-17 09:27:39.920 2084 2641 I GCoreUlr: WorldUpdater received intent Intent { act=com.google.android.location.reporting.ACTION_UPDATE_WORLD cmp=com.google.android.gms/com.google.android.location.reporting.service.DispatchingService (has extras) } with receiverAction com.google.android.location.reporting.PHENOTYPE_FLAGS_CHANGED
05-17 09:27:39.921 2084 2641 E GCoreUlr: Bad errorId configuring silent feedback
05-17 09:27:39.921 2084 2641 I GCoreUlr: WorldUpdater:com.google.android.location.reporting.PHENOTYPE_FLAGS_CHANGED: Ensuring that reporting is stopped because of reasons: (no Google accounts)
05-17 09:27:39.922 2084 2641 I GCoreUlr: Unbound from all location providers
05-17 09:27:39.922 2084 2641 I GCoreUlr: Place inference reporting - stop
05-17 09:27:39.924 2084 2084 I GCoreUlr: DispatchingService.onDestroy()
05-17 09:27:39.924 2084 2084 I GCoreUlr: Stopping handler for UlrDispSvcFast
05-17 09:27:39.925 2084 2084 I GCoreUlr: Unbound from all location providers
05-17 09:27:39.925 2084 2084 I GCoreUlr: Place inference reporting - stop
05-17 09:27:39.939 2084 3799 I GCoreUlr: Starting service, intent=Intent { act=com.google.android.location.reporting.ACTION_UPDATE_WORLD cmp=com.google.android.gms/com.google.android.location.reporting.service.DispatchingService (has extras) }, extras=Bundle[{receiverAction=com.google.android.location.reporting.PHENOTYPE_FLAGS_CHANGED}]
05-17 09:27:39.940 2084 2084 E BluetoothAdapter: Bluetooth binder is null
05-17 09:27:39.948 2084 3802 I GCoreUlr: WorldUpdater received intent Intent { act=com.google.android.location.reporting.ACTION_UPDATE_WORLD cmp=com.google.android.gms/com.google.android.location.reporting.service.DispatchingService (has extras) } with receiverAction com.google.android.location.reporting.PHENOTYPE_FLAGS_CHANGED
05-17 09:27:39.949 2084 3802 E GCoreUlr: Bad errorId configuring silent feedback
05-17 09:27:39.949 2084 3802 I GCoreUlr: WorldUpdater:com.google.android.location.reporting.PHENOTYPE_FLAGS_CHANGED: Ensuring that reporting is stopped because of reasons: (no Google accounts)
05-17 09:27:39.951 2084 3802 I GCoreUlr: Unbound from all location providers
05-17 09:27:39.951 2084 3802 I GCoreUlr: Place inference reporting - stop
05-17 09:27:39.952 2084 2084 I GCoreUlr: DispatchingService.onDestroy()
05-17 09:27:39.953 2084 2084 I GCoreUlr: Stopping handler for UlrDispSvcFast
05-17 09:27:39.954 2084 2084 I GCoreUlr: Unbound from all location providers
05-17 09:27:39.954 2084 2084 I GCoreUlr: Place inference reporting - stop
05-17 09:27:39.954 2084 3802 I GCoreUlr: DispatchingService ignoring Intent { act=android.net.wifi.WIFI_STATE_CHANGED flg=0x4000010 (has extras) } because ULR inactive
05-17 09:27:39.961 2084 2641 I GCoreUlr: Starting service, intent=Intent { act=com.google.android.location.reporting.ACTION_UPDATE_WORLD cmp=com.google.android.gms/com.google.android.location.reporting.service.DispatchingService (has extras) }, extras=Bundle[{receiverAction=com.google.android.location.reporting.PHENOTYPE_FLAGS_CHANGED}]
05-17 09:27:39.962 2084 2084 E BluetoothAdapter: Bluetooth binder is null
05-17 09:27:39.970 2084 3799 I GCoreUlr: WorldUpdater received intent Intent { act=com.google.android.location.reporting.ACTION_UPDATE_WORLD cmp=com.google.android.gms/com.google.android.location.reporting.service.DispatchingService (has extras) } with receiverAction com.google.android.location.reporting.PHENOTYPE_FLAGS_CHANGED
05-17 09:27:39.971 2084 3799 E GCoreUlr: Bad errorId configuring silent feedback
05-17 09:27:39.971 2084 3799 I GCoreUlr: WorldUpdater:com.google.android.location.reporting.PHENOTYPE_FLAGS_CHANGED: Ensuring that reporting is stopped because of reasons: (no Google accounts)
05-17 09:27:39.972 2084 3799 I GCoreUlr: Unbound from all location providers
05-17 09:27:39.972 2084 3799 I GCoreUlr: Place inference reporting - stop
05-17 09:27:39.973 2084 2084 I GCoreUlr: DispatchingService.onDestroy()
05-17 09:27:39.973 2084 3799 I GCoreUlr: DispatchingService ignoring Intent { act=android.net.wifi.WIFI_STATE_CHANGED flg=0x4000010 (has extras) } because ULR inactive
05-17 09:27:39.974 2084 2084 I GCoreUlr: Stopping handler for UlrDispSvcFast
05-17 09:27:39.975 2084 2084 I GCoreUlr: Unbound from all location providers
05-17 09:27:39.975 2084 2084 I GCoreUlr: Place inference reporting - stop
05-17 09:27:39.980 2084 3802 I GCoreUlr: Starting service, intent=Intent { act=com.google.android.location.reporting.ACTION_UPDATE_WORLD cmp=com.google.android.gms/com.google.android.location.reporting.service.DispatchingService (has extras) }, extras=Bundle[{receiverAction=com.google.android.location.reporting.PHENOTYPE_FLAGS_CHANGED}]
05-17 09:27:39.981 2084 2084 E BluetoothAdapter: Bluetooth binder is null
05-17 09:27:39.993 2084 3816 I GCoreUlr: WorldUpdater received intent Intent { act=com.google.android.location.reporting.ACTION_UPDATE_WORLD cmp=com.google.android.gms/com.google.android.location.reporting.service.DispatchingService (has extras) } with receiverAction com.google.android.location.reporting.PHENOTYPE_FLAGS_CHANGED
05-17 09:27:39.993 2084 3816 E GCoreUlr: Bad errorId configuring silent feedback
05-17 09:27:39.993 2084 3816 I GCoreUlr: WorldUpdater:com.google.android.location.reporting.PHENOTYPE_FLAGS_CHANGED: Ensuring that reporting is stopped because of reasons: (no Google accounts)
05-17 09:27:39.995 2084 3816 I GCoreUlr: Unbound from all location providers
05-17 09:27:39.995 2084 3816 I GCoreUlr: Place inference reporting - stop
05-17 09:27:39.997 2084 2084 I GCoreUlr: DispatchingService.onDestroy()
05-17 09:27:39.997 2084 2084 I GCoreUlr: Stopping handler for UlrDispSvcFast
05-17 09:27:39.998 2084 2084 I GCoreUlr: Unbound from all location providers
05-17 09:27:39.998 2084 2084 I GCoreUlr: Place inference reporting - stop
05-17 09:27:39.998 2084 3816 I GCoreUlr: DispatchingService ignoring Intent { act=android.net.wifi.WIFI_STATE_CHANGED flg=0x4000010 (has extras) } because ULR inactive
05-17 09:27:40.003 2084 3799 I GCoreUlr: Starting service, intent=Intent { act=com.google.android.location.reporting.ACTION_UPDATE_WORLD cmp=com.google.android.gms/com.google.android.location.reporting.service.DispatchingService (has extras) }, extras=Bundle[{receiverAction=com.google.android.location.reporting.PHENOTYPE_FLAGS_CHANGED}]
05-17 09:27:40.004 2084 2084 E BluetoothAdapter: Bluetooth binder is null
05-17 09:27:40.012 2084 3802 I GCoreUlr: WorldUpdater received intent Intent { act=com.google.android.location.reporting.ACTION_UPDATE_WORLD cmp=com.google.android.gms/com.google.android.location.reporting.service.DispatchingService (has extras) } with receiverAction com.google.android.location.reporting.PHENOTYPE_FLAGS_CHANGED
05-17 09:27:40.012 2084 3802 E GCoreUlr: Bad errorId configuring silent feedback
05-17 09:27:40.012 2084 3802 I GCoreUlr: WorldUpdater:com.google.android.location.reporting.PHENOTYPE_FLAGS_CHANGED: Ensuring that reporting is stopped because of reasons: (no Google accounts)
05-17 09:27:40.014 2084 3802 I GCoreUlr: Unbound from all location providers
05-17 09:27:40.014 2084 3802 I GCoreUlr: Place inference reporting - stop
05-17 09:27:40.015 2084 2084 I GCoreUlr: DispatchingService.onDestroy()
05-17 09:27:40.015 2084 2084 I GCoreUlr: Stopping handler for UlrDispSvcFast
05-17 09:27:40.016 2084 2084 I GCoreUlr: Unbound from all location providers
05-17 09:27:40.016 2084 2084 I GCoreUlr: Place inference reporting - stop
05-17 09:27:40.017 2084 3802 I GCoreUlr: DispatchingService ignoring Intent { act=android.net.wifi.WIFI_STATE_CHANGED flg=0x4000010 (has extras) } because ULR inactive
05-17 09:27:40.024 2084 3816 I GCoreUlr: Starting service, intent=Intent { act=com.google.android.location.reporting.ACTION_UPDATE_WORLD cmp=com.google.android.gms/com.google.android.location.reporting.service.DispatchingService (has extras) }, extras=Bundle[{receiverAction=com.google.android.location.reporting.PHENOTYPE_FLAGS_CHANGED}]
05-17 09:27:40.025 2084 2084 E BluetoothAdapter: Bluetooth binder is null
05-17 09:27:40.041 2084 3816 I GCoreUlr: WorldUpdater received intent Intent { act=com.google.android.location.reporting.ACTION_UPDATE_WORLD cmp=com.google.android.gms/com.google.android.location.reporting.service.DispatchingService (has extras) } with receiverAction com.google.android.location.reporting.PHENOTYPE_FLAGS_CHANGED
05-17 09:27:40.041 2084 3816 E GCoreUlr: Bad errorId configuring silent feedback
