05-17 09:27:40.753 2084 2084 I GCoreUlr: DispatchingService.onDestroy()
05-17 09:27:40.753 2084 2084 I GCoreUlr: Stopping handler for UlrDispSvcFast
05-17 09:27:40.754 2084 3827 I GCoreUlr: DispatchingService ignoring Intent { act=android.net.wifi.WIFI_STATE_CHANGED flg=0x4000010 (has extras) } because ULR inactive
05-17 09:27:40.754 2084 2084 I GCoreUlr: Unbound from all location providers
05-17 09:27:40.754 2084 2084 I GCoreUlr: Place inference reporting - stop
05-17 09:27:40.758 2084 3816 I GCoreUlr: Starting service, intent=Intent { act=com.google.android.location.reporting.ACTION_UPDATE_WORLD cmp=com.google.android.gms/com.google.android.location.reporting.service.DispatchingService (has extras) }, extras=Bundle[{receiverAction=com.google.android.location.reporting.PHENOTYPE_FLAGS_CHANGED}]
05-17 09:27:40.760 2084 2084 E BluetoothAdapter: Bluetooth binder is null
05-17 09:27:40.763 1697 1722 I art : Explicit concurrent mark sweep GC freed 38454(2MB) AllocSpace objects, 9(180KB) LOS objects, 26% free, 11MB/15MB, paused 541us total 32.395ms
05-17 09:27:40.771 2084 3799 I GCoreUlr: WorldUpdater received intent Intent { act=com.google.android.location.reporting.ACTION_UPDATE_WORLD cmp=com.google.android.gms/com.google.android.location.reporting.service.DispatchingService (has extras) } with receiverAction com.google.android.location.reporting.PHENOTYPE_FLAGS_CHANGED
05-17 09:27:40.771 2084 3799 E GCoreUlr: Bad errorId configuring silent feedback
05-17 09:27:40.772 2084 3799 I GCoreUlr: WorldUpdater:com.google.android.location.reporting.PHENOTYPE_FLAGS_CHANGED: Ensuring that reporting is stopped because of reasons: (no Google accounts)
05-17 09:27:40.773 2084 3799 I GCoreUlr: Unbound from all location providers
05-17 09:27:40.773 2084 3799 I GCoreUlr: Place inference reporting - stop
05-17 09:27:40.774 2084 2084 I GCoreUlr: DispatchingService.onDestroy()
05-17 09:27:40.775 2084 2084 I GCoreUlr: Stopping handler for UlrDispSvcFast
05-17 09:27:40.775 2084 3799 I GCoreUlr: DispatchingService ignoring Intent { act=android.net.wifi.WIFI_STATE_CHANGED flg=0x4000010 (has extras) } because ULR inactive
05-17 09:27:40.777 2084 2084 I GCoreUlr: Unbound from all location providers
05-17 09:27:40.777 2084 2084 I GCoreUlr: Place inference reporting - stop
05-17 09:27:40.779 2084 3827 I GCoreUlr: Starting service, intent=Intent { act=com.google.android.location.reporting.ACTION_UPDATE_WORLD cmp=com.google.android.gms/com.google.android.location.reporting.service.DispatchingService (has extras) }, extras=Bundle[{receiverAction=com.google.android.location.reporting.PHENOTYPE_FLAGS_CHANGED}]
05-17 09:27:40.781 2084 2084 E BluetoothAdapter: Bluetooth binder is null
05-17 09:27:40.799 1400 1400 E : Couldn't opendir /data/app/vmdl232013656.tmp: No such file or directory
05-17 09:27:40.800 1697 1722 I ActivityManager: Force stopping com.android.vending appid=10021 user=0: pkg removed
05-17 09:27:40.819 1697 1732 I InputReader: Reconfiguring input devices. changes=0x00000010
05-17 09:27:40.820 1697 1732 I InputReader: Reconfiguring input devices. changes=0x00000010
05-17 09:27:40.829 1697 1710 I ActivityManager: Start proc 3911:com.android.gallery3d/u0a50 for broadcast com.android.gallery3d/.app.PackagesMonitor
05-17 09:27:40.832 3911 3911 W art : Unexpected CPU variant for X86 using defaults: x86
05-17 09:27:40.832 1884 1884 D CarrierSvcBindHelper: No carrier app for: 0
05-17 09:27:40.833 1884 1884 D CarrierSvcBindHelper: No carrier app for: 0
05-17 09:27:40.836 2464 3910 I axxi : [{0}] Created with target {1}
05-17 09:27:40.847 1697 1732 I InputReader: Reconfiguring input devices. changes=0x00000010
05-17 09:27:40.847 1884 1884 D CarrierConfigLoader: mHandler: 9 phoneId: 0
05-17 09:27:40.853 2084 3827 I GCoreUlr: WorldUpdater received intent Intent { act=com.google.android.location.reporting.ACTION_UPDATE_WORLD cmp=com.google.android.gms/com.google.android.location.reporting.service.DispatchingService (has extras) } with receiverAction com.google.android.location.reporting.PHENOTYPE_FLAGS_CHANGED
05-17 09:27:40.853 2084 3827 E GCoreUlr: Bad errorId configuring silent feedback
05-17 09:27:40.853 2084 3827 I GCoreUlr: WorldUpdater:com.google.android.location.reporting.PHENOTYPE_FLAGS_CHANGED: Ensuring that reporting is stopped because of reasons: (no Google accounts)
05-17 09:27:40.855 1697 1709 W ResourceType: No known package when getting value for resource number 0x7f08034a
05-17 09:27:40.855 1697 1709 W ResourceType: No known package when getting value for resource number 0x7f14076f
05-17 09:27:40.856 2084 3827 I GCoreUlr: Unbound from all location providers
05-17 09:27:40.856 2084 3827 I GCoreUlr: Place inference reporting - stop
05-17 09:27:40.856 2084 2084 I GCoreUlr: DispatchingService.onDestroy()
05-17 09:27:40.857 2084 2084 I GCoreUlr: Stopping handler for UlrDispSvcFast
05-17 09:27:40.858 2084 3827 I GCoreUlr: DispatchingService ignoring Intent { act=android.net.wifi.WIFI_STATE_CHANGED flg=0x4000010 (has extras) } because ULR inactive
05-17 09:27:40.858 2084 2084 I GCoreUlr: Unbound from all location providers
05-17 09:27:40.858 2084 2084 I GCoreUlr: Place inference reporting - stop
05-17 09:27:40.875 2464 2570 W Conscrypt: Could not set socket write timeout: null
05-17 09:27:40.878 2084 3799 I GCoreUlr: Starting service, intent=Intent { act=com.google.android.location.reporting.ACTION_UPDATE_WORLD cmp=com.google.android.gms/com.google.android.location.reporting.service.DispatchingService (has extras) }, extras=Bundle[{receiverAction=com.google.android.location.reporting.PHENOTYPE_FLAGS_CHANGED}]
05-17 09:27:40.880 2084 2084 E BluetoothAdapter: Bluetooth binder is null
05-17 09:27:40.893 2084 2641 I GCoreUlr: WorldUpdater received intent Intent { act=com.google.android.location.reporting.ACTION_UPDATE_WORLD cmp=com.google.android.gms/com.google.android.location.reporting.service.DispatchingService (has extras) } with receiverAction com.google.android.location.reporting.PHENOTYPE_FLAGS_CHANGED
05-17 09:27:40.894 2084 2641 E GCoreUlr: Bad errorId configuring silent feedback
05-17 09:27:40.894 2084 2641 I GCoreUlr: WorldUpdater:com.google.android.location.reporting.PHENOTYPE_FLAGS_CHANGED: Ensuring that reporting is stopped because of reasons: (no Google accounts)
05-17 09:27:40.895 2084 2641 I GCoreUlr: Unbound from all location providers
05-17 09:27:40.895 2084 2641 I GCoreUlr: Place inference reporting - stop
05-17 09:27:40.897 2084 2084 I GCoreUlr: DispatchingService.onDestroy()
05-17 09:27:40.898 2084 2084 I GCoreUlr: Stopping handler for UlrDispSvcFast
05-17 09:27:40.898 2084 2641 I GCoreUlr: DispatchingService ignoring Intent { act=android.net.wifi.WIFI_STATE_CHANGED flg=0x4000010 (has extras) } because ULR inactive
05-17 09:27:40.899 2084 2084 I GCoreUlr: Unbound from all location providers
05-17 09:27:40.899 2084 2084 I GCoreUlr: Place inference reporting - stop
05-17 09:27:40.904 2084 3827 I GCoreUlr: Starting service, intent=Intent { act=com.google.android.location.reporting.ACTION_UPDATE_WORLD cmp=com.google.android.gms/com.google.android.location.reporting.service.DispatchingService (has extras) }, extras=Bundle[{receiverAction=com.google.android.location.reporting.PHENOTYPE_FLAGS_CHANGED}]
05-17 09:27:40.905 2084 2084 E BluetoothAdapter: Bluetooth binder is null
05-17 09:27:40.914 2464 2570 W Conscrypt: Could not set socket write timeout: null
05-17 09:27:40.917 2084 3802 I GCoreUlr: WorldUpdater received intent Intent { act=com.google.android.location.reporting.ACTION_UPDATE_WORLD cmp=com.google.android.gms/com.google.android.location.reporting.service.DispatchingService (has extras) } with receiverAction com.google.android.location.reporting.PHENOTYPE_FLAGS_CHANGED
05-17 09:27:40.918 2084 3802 E GCoreUlr: Bad errorId configuring silent feedback
05-17 09:27:40.918 2084 3802 I GCoreUlr: WorldUpdater:com.google.android.location.reporting.PHENOTYPE_FLAGS_CHANGED: Ensuring that reporting is stopped because of reasons: (no Google accounts)
05-17 09:27:40.919 2084 3802 I GCoreUlr: Unbound from all location providers
05-17 09:27:40.919 2084 3802 I GCoreUlr: Place inference reporting - stop
05-17 09:27:40.920 2084 2084 I GCoreUlr: DispatchingService.onDestroy()
05-17 09:27:40.921 2084 2084 I GCoreUlr: Stopping handler for UlrDispSvcFast
05-17 09:27:40.921 2084 3802 I GCoreUlr: DispatchingService ignoring Intent { act=android.net.wifi.WIFI_STATE_CHANGED flg=0x4000010 (has extras) } because ULR inactive
05-17 09:27:40.922 2084 2084 I GCoreUlr: Unbound from all location providers
05-17 09:27:40.922 2084 2084 I GCoreUlr: Place inference reporting - stop
05-17 09:27:40.927 2084 2641 I GCoreUlr: Starting service, intent=Intent { act=com.google.android.location.reporting.ACTION_UPDATE_WORLD cmp=com.google.android.gms/com.google.android.location.reporting.service.DispatchingService (has extras) }, extras=Bundle[{receiverAction=com.google.android.location.reporting.PHENOTYPE_FLAGS_CHANGED}]
05-17 09:27:40.928 2084 2084 E BluetoothAdapter: Bluetooth binder is null
05-17 09:27:40.934 3927 3927 W art : Unexpected CPU variant for X86 using defaults: x86
05-17 09:27:40.939 1697 3156 I ActivityManager: Start proc 3927:com.android.keychain/1000 for broadcast com.android.keychain/.KeyChainBroadcastReceiver
05-17 09:27:40.944 2084 3827 I GCoreUlr: WorldUpdater received intent Intent { act=com.google.android.location.reporting.ACTION_UPDATE_WORLD cmp=com.google.android.gms/com.google.android.location.reporting.service.DispatchingService (has extras) } with receiverAction com.google.android.location.reporting.PHENOTYPE_FLAGS_CHANGED
05-17 09:27:40.945 2084 3827 E GCoreUlr: Bad errorId configuring silent feedback
05-17 09:27:40.945 2084 3827 I GCoreUlr: WorldUpdater:com.google.android.location.reporting.PHENOTYPE_FLAGS_CHANGED: Ensuring that reporting is stopped because of reasons: (no Google accounts)
05-17 09:27:40.947 2084 3827 I GCoreUlr: Unbound from all location providers
05-17 09:27:40.947 2084 3827 I GCoreUlr: Place inference reporting - stop
05-17 09:27:40.947 2084 2084 I GCoreUlr: DispatchingService.onDestroy()
05-17 09:27:40.948 2084 2084 I GCoreUlr: Stopping handler for UlrDispSvcFast
05-17 09:27:40.948 3927 3927 W System : ClassLoader referenced unknown path: /system/app/KeyChain/lib/x86
05-17 09:27:40.948 2084 3827 I GCoreUlr: DispatchingService ignoring Intent { act=android.net.wifi.WIFI_STATE_CHANGED flg=0x4000010 (has extras) } because ULR inactive
05-17 09:27:40.948 2084 2084 I GCoreUlr: Unbound from all location providers
05-17 09:27:40.948 2084 2084 I GCoreUlr: Place inference reporting - stop
05-17 09:27:40.954 3927 3927 W ContextImpl: Calling a method in the system process without a qualified user: android.app.ContextImpl.startService:1357 android.content.ContextWrapper.startService:613 android.content.ContextWrapper.startService:613 com.android.keychain.KeyChainBroadcastReceiver.onReceive:12 android.app.ActivityThread.handleReceiver:3040
05-17 09:27:40.957 2084 3802 I GCoreUlr: Starting service, intent=Intent { act=com.google.android.location.reporting.ACTION_UPDATE_WORLD cmp=com.google.android.gms/com.google.android.location.reporting.service.DispatchingService (has extras) }, extras=Bundle[{receiverAction=com.google.android.location.reporting.PHENOTYPE_FLAGS_CHANGED}]
05-17 09:27:40.962 3940 3940 I chatty : uid=10021(com.android.vending) expire 26 lines
05-17 09:27:40.968 1697 3159 I ActivityManager: Start proc 3940:com.android.vending/u0a21 for broadcast com.android.vending/com.google.android.finsky.packagemonitor.impl.PackageMonitorReceiverImpl$RegisteredReceiver
05-17 09:27:40.969 2084 2084 E BluetoothAdapter: Bluetooth binder is null
05-17 09:27:40.979 2084 3799 I GCoreUlr: WorldUpdater received intent Intent { act=com.google.android.location.reporting.ACTION_UPDATE_WORLD cmp=com.google.android.gms/com.google.android.location.reporting.service.DispatchingService (has extras) } with receiverAction com.google.android.location.reporting.PHENOTYPE_FLAGS_CHANGED
05-17 09:27:40.980 2084 3799 E GCoreUlr: Bad errorId configuring silent feedback
05-17 09:27:40.980 2084 3799 I GCoreUlr: WorldUpdater:com.google.android.location.reporting.PHENOTYPE_FLAGS_CHANGED: Ensuring that reporting is stopped because of reasons: (no Google accounts)
05-17 09:27:40.981 2084 3799 I GCoreUlr: Unbound from all location providers
05-17 09:27:40.981 2084 3799 I GCoreUlr: Place inference reporting - stop
05-17 09:27:40.982 2084 2084 I GCoreUlr: DispatchingService.onDestroy()
05-17 09:27:40.982 2084 2084 I GCoreUlr: Stopping handler for UlrDispSvcFast
05-17 09:27:40.983 2084 2084 I GCoreUlr: Unbound from all location providers
05-17 09:27:40.983 2084 2084 I GCoreUlr: Place inference reporting - stop
05-17 09:27:40.983 2084 3799 I GCoreUlr: DispatchingService ignoring Intent { act=android.net.wifi.WIFI_STATE_CHANGED flg=0x4000010 (has extras) } because ULR inactive
05-17 09:27:40.989 2084 3827 I GCoreUlr: Starting service, intent=Intent { act=com.google.android.location.reporting.ACTION_UPDATE_WORLD cmp=com.google.android.gms/com.google.android.location.reporting.service.DispatchingService (has extras) }, extras=Bundle[{receiverAction=com.google.android.location.reporting.PHENOTYPE_FLAGS_CHANGED}]
05-17 09:27:40.991 2084 2084 E BluetoothAdapter: Bluetooth binder is null
05-17 09:27:40.999 2084 2641 I GCoreUlr: WorldUpdater received intent Intent { act=com.google.android.location.reporting.ACTION_UPDATE_WORLD cmp=com.google.android.gms/com.google.android.location.reporting.service.DispatchingService (has extras) } with receiverAction com.google.android.location.reporting.PHENOTYPE_FLAGS_CHANGED
05-17 09:27:41.000 2084 2641 E GCoreUlr: Bad errorId configuring silent feedback
05-17 09:27:41.000 2084 2641 I GCoreUlr: WorldUpdater:com.google.android.location.reporting.PHENOTYPE_FLAGS_CHANGED: Ensuring that reporting is stopped because of reasons: (no Google accounts)
05-17 09:27:41.001 2084 2641 I GCoreUlr: Unbound from all location providers
05-17 09:27:41.001 2084 2641 I GCoreUlr: Place inference reporting - stop
05-17 09:27:41.002 2084 2084 I GCoreUlr: DispatchingService.onDestroy()
05-17 09:27:41.002 2084 2084 I GCoreUlr: Stopping handler for UlrDispSvcFast
05-17 09:27:41.003 2084 2084 I GCoreUlr: Unbound from all location providers
05-17 09:27:41.003 2084 2084 I GCoreUlr: Place inference reporting - stop
05-17 09:27:41.004 2084 2641 I GCoreUlr: DispatchingService ignoring Intent { act=android.net.wifi.WIFI_STATE_CHANGED flg=0x4000010 (has extras) } because ULR inactive
05-17 09:27:41.008 2084 3799 I GCoreUlr: Starting service, intent=Intent { act=com.google.android.location.reporting.ACTION_UPDATE_WORLD cmp=com.google.android.gms/com.google.android.location.reporting.service.DispatchingService (has extras) }, extras=Bundle[{receiverAction=com.google.android.location.reporting.PHENOTYPE_FLAGS_CHANGED}]
05-17 09:27:41.009 2084 2084 E BluetoothAdapter: Bluetooth binder is null
05-17 09:27:41.015 2464 3910 I SingleHostAsyncVerifier: Verification result: checking for a statement with source a <
05-17 09:27:41.015 2464 3910 I SingleHostAsyncVerifier: a: "https://market.android.com"
05-17 09:27:41.015 2464 3910 I SingleHostAsyncVerifier: >
05-17 09:27:41.015 2464 3910 I SingleHostAsyncVerifier: , relation delegate_permission/common.handle_all_urls, and target b <
05-17 09:27:41.015 2464 3910 I SingleHostAsyncVerifier: a: "com.android.vending"
05-17 09:27:41.015 2464 3910 I SingleHostAsyncVerifier: b <
05-17 09:27:41.015 2464 3910 I SingleHostAsyncVerifier: a: "F0:FD:6C:5B:41:0F:25:CB:25:C3:B5:33:46:C8:97:2F:AE:30:F8:EE:74:11:DF:91:04:80:AD:6B:2D:60:DB:83"
05-17 09:27:41.015 2464 3910 I SingleHostAsyncVerifier: >
05-17 09:27:41.015 2464 3910 I SingleHostAsyncVerifier: >
05-17 09:27:41.015 2464 3910 I SingleHostAsyncVerifier: --> true.
05-17 09:27:41.018 2084 3802 I GCoreUlr: WorldUpdater received intent Intent { act=com.google.android.location.reporting.ACTION_UPDATE_WORLD cmp=com.google.android.gms/com.google.android.location.reporting.service.DispatchingService (has extras) } with receiverAction com.google.android.location.reporting.PHENOTYPE_FLAGS_CHANGED
05-17 09:27:41.019 2084 3802 E GCoreUlr: Bad errorId configuring silent feedback
05-17 09:27:41.020 2084 3802 I GCoreUlr: WorldUpdater:com.google.android.location.reporting.PHENOTYPE_FLAGS_CHANGED: Ensuring that reporting is stopped because of reasons: (no Google accounts)
05-17 09:27:41.020 2084 3802 I GCoreUlr: Unbound from all location providers
05-17 09:27:41.021 2084 3802 I GCoreUlr: Place inference reporting - stop
05-17 09:27:41.021 2084 2084 I GCoreUlr: DispatchingService.onDestroy()
05-17 09:27:41.022 2084 2084 I GCoreUlr: Stopping handler for UlrDispSvcFast
05-17 09:27:41.022 2084 3802 I GCoreUlr: DispatchingService ignoring Intent { act=android.net.wifi.WIFI_STATE_CHANGED flg=0x4000010 (has extras) } because ULR inactive
05-17 09:27:41.023 2084 2084 I GCoreUlr: Unbound from all location providers
05-17 09:27:41.023 2084 2084 I GCoreUlr: Place inference reporting - stop
05-17 09:27:41.025 2084 2641 I GCoreUlr: Starting service, intent=Intent { act=com.google.android.location.reporting.ACTION_UPDATE_WORLD cmp=com.google.android.gms/com.google.android.location.reporting.service.DispatchingService (has extras) }, extras=Bundle[{receiverAction=com.google.android.location.reporting.PHENOTYPE_FLAGS_CHANGED}]
05-17 09:27:41.026 2084 2084 E BluetoothAdapter: Bluetooth binder is null
05-17 09:27:41.036 2084 2641 I GCoreUlr: WorldUpdater received intent Intent { act=com.google.android.location.reporting.ACTION_UPDATE_WORLD cmp=com.google.android.gms/com.google.android.location.reporting.service.DispatchingService (has extras) } with receiverAction com.google.android.location.reporting.PHENOTYPE_FLAGS_CHANGED
05-17 09:27:41.037 2084 2641 E GCoreUlr: Bad errorId configuring silent feedback
05-17 09:27:41.037 2084 2641 I GCoreUlr: WorldUpdater:com.google.android.location.reporting.PHENOTYPE_FLAGS_CHANGED: Ensuring that reporting is stopped because of reasons: (no Google accounts)
05-17 09:27:41.038 3940 3956 I chatty : uid=10021(com.android.vending) LightweightExec expire 34 lines
05-17 09:27:41.040 2084 2641 I GCoreUlr: Unbound from all location providers
05-17 09:27:41.040 2084 2641 I GCoreUlr: Place inference reporting - stop
05-17 09:27:41.042 2084 2641 I GCoreUlr: DispatchingService ignoring Intent { act=android.net.wifi.WIFI_STATE_CHANGED flg=0x4000010 (has extras) } because ULR inactive
05-17 09:27:41.046 2084 2084 I GCoreUlr: DispatchingService.onDestroy()
05-17 09:27:41.046 2084 2084 I GCoreUlr: Stopping handler for UlrDispSvcFast
05-17 09:27:41.047 2084 2084 I GCoreUlr: Unbound from all location providers
05-17 09:27:41.047 2084 2084 I GCoreUlr: Place inference reporting - stop
05-17 09:27:41.049 2084 3802 I GCoreUlr: Starting service, intent=Intent { act=com.google.android.location.reporting.ACTION_UPDATE_WORLD cmp=com.google.android.gms/com.google.android.location.reporting.service.DispatchingService (has extras) }, extras=Bundle[{receiverAction=com.google.android.location.reporting.PHENOTYPE_FLAGS_CHANGED}]
05-17 09:27:41.050 2084 2084 E BluetoothAdapter: Bluetooth binder is null
05-17 09:27:41.063 2084 3802 I GCoreUlr: WorldUpdater received intent Intent { act=com.google.android.location.reporting.ACTION_UPDATE_WORLD cmp=com.google.android.gms/com.google.android.location.reporting.service.DispatchingService (has extras) } with receiverAction com.google.android.location.reporting.PHENOTYPE_FLAGS_CHANGED
05-17 09:27:41.064 2084 3802 E GCoreUlr: Bad errorId configuring silent feedback
05-17 09:27:41.064 2084 3802 I GCoreUlr: WorldUpdater:com.google.android.location.reporting.PHENOTYPE_FLAGS_CHANGED: Ensuring that reporting is stopped because of reasons: (no Google accounts)
05-17 09:27:41.065 2084 3802 I GCoreUlr: Unbound from all location providers
05-17 09:27:41.065 2084 3802 I GCoreUlr: Place inference reporting - stop
05-17 09:27:41.066 2084 2084 I GCoreUlr: DispatchingService.onDestroy()
05-17 09:27:41.066 2084 2084 I GCoreUlr: Stopping handler for UlrDispSvcFast
05-17 09:27:41.066 2084 3802 I GCoreUlr: DispatchingService ignoring Intent { act=android.net.wifi.WIFI_STATE_CHANGED flg=0x4000010 (has extras) } because ULR inactive
05-17 09:27:41.067 2084 2084 I GCoreUlr: Unbound from all location providers
05-17 09:27:41.067 2084 2084 I GCoreUlr: Place inference reporting - stop
05-17 09:27:41.073 2084 2641 I GCoreUlr: Starting service, intent=Intent { act=com.google.android.location.reporting.ACTION_UPDATE_WORLD cmp=com.google.android.gms/com.google.android.location.reporting.service.DispatchingService (has extras) }, extras=Bundle[{receiverAction=com.google.android.location.reporting.PHENOTYPE_FLAGS_CHANGED}]
05-17 09:27:41.074 2084 2084 E BluetoothAdapter: Bluetooth binder is null
05-17 09:27:41.085 2084 3827 I GCoreUlr: WorldUpdater received intent Intent { act=com.google.android.location.reporting.ACTION_UPDATE_WORLD cmp=com.google.android.gms/com.google.android.location.reporting.service.DispatchingService (has extras) } with receiverAction com.google.android.location.reporting.PHENOTYPE_FLAGS_CHANGED
05-17 09:27:41.086 2084 3827 E GCoreUlr: Bad errorId configuring silent feedback
05-17 09:27:41.086 2084 3827 I GCoreUlr: WorldUpdater:com.google.android.location.reporting.PHENOTYPE_FLAGS_CHANGED: Ensuring that reporting is stopped because of reasons: (no Google accounts)
05-17 09:27:41.089 2084 3827 I GCoreUlr: Unbound from all location providers
05-17 09:27:41.089 2084 3827 I GCoreUlr: Place inference reporting - stop
05-17 09:27:41.090 2084 2084 I GCoreUlr: DispatchingService.onDestroy()
05-17 09:27:41.091 2084 2084 I GCoreUlr: Stopping handler for UlrDispSvcFast
05-17 09:27:41.091 2084 3827 I GCoreUlr: DispatchingService ignoring Intent { act=android.net.wifi.WIFI_STATE_CHANGED flg=0x4000010 (has extras) } because ULR inactive
05-17 09:27:41.092 2084 2084 I GCoreUlr: Unbound from all location providers
05-17 09:27:41.092 2084 2084 I GCoreUlr: Place inference reporting - stop
05-17 09:27:41.093 2084 3802 I GCoreUlr: Starting service, intent=Intent { act=com.google.android.location.reporting.ACTION_UPDATE_WORLD cmp=com.google.android.gms/com.google.android.location.reporting.service.DispatchingService (has extras) }, extras=Bundle[{receiverAction=com.google.android.location.reporting.PHENOTYPE_FLAGS_CHANGED}]
05-17 09:27:41.095 2084 2084 E BluetoothAdapter: Bluetooth binder is null
05-17 09:27:41.112 2084 3827 I GCoreUlr: Starting service, intent=Intent { act=com.google.android.location.reporting.ACTION_UPDATE_WORLD cmp=com.google.android.gms/com.google.android.location.reporting.service.DispatchingService (has extras) }, extras=Bundle[{receiverAction=com.google.android.location.reporting.PHENOTYPE_FLAGS_CHANGED}]
05-17 09:27:41.113 2084 3802 I GCoreUlr: WorldUpdater received intent Intent { act=com.google.android.location.reporting.ACTION_UPDATE_WORLD cmp=com.google.android.gms/com.google.android.location.reporting.service.DispatchingService (has extras) } with receiverAction com.google.android.location.reporting.PHENOTYPE_FLAGS_CHANGED
05-17 09:27:41.114 2084 3802 E GCoreUlr: Bad errorId configuring silent feedback
05-17 09:27:41.114 2084 3802 I GCoreUlr: WorldUpdater:com.google.android.location.reporting.PHENOTYPE_FLAGS_CHANGED: Ensuring that reporting is stopped because of reasons: (no Google accounts)
05-17 09:27:41.115 2084 3802 I GCoreUlr: Unbound from all location providers
05-17 09:27:41.115 2084 3802 I GCoreUlr: Place inference reporting - stop
05-17 09:27:41.121 2084 3802 I GCoreUlr: DispatchingService ignoring Intent { act=android.net.wifi.WIFI_STATE_CHANGED flg=0x4000010 (has extras) } because ULR inactive
05-17 09:27:41.122 2084 3802 I GCoreUlr: WorldUpdater received intent Intent { act=com.google.android.location.reporting.ACTION_UPDATE_WORLD cmp=com.google.android.gms/com.google.android.location.reporting.service.DispatchingService (has extras) } with receiverAction com.google.android.location.reporting.PHENOTYPE_FLAGS_CHANGED
05-17 09:27:41.123 2084 3802 E GCoreUlr: Bad errorId configuring silent feedback
05-17 09:27:41.123 2084 3802 I GCoreUlr: WorldUpdater:com.google.android.location.reporting.PHENOTYPE_FLAGS_CHANGED: Ensuring that reporting is stopped because of reasons: (no Google accounts)
05-17 09:27:41.124 2084 3802 I GCoreUlr: Unbound from all location providers
05-17 09:27:41.124 2084 3802 I GCoreUlr: Place inference reporting - stop
05-17 09:27:41.125 2084 2084 I GCoreUlr: DispatchingService.onDestroy()
05-17 09:27:41.125 2084 2084 I GCoreUlr: Stopping handler for UlrDispSvcFast
05-17 09:27:41.126 2084 2084 I GCoreUlr: Unbound from all location providers
05-17 09:27:41.126 2084 2084 I GCoreUlr: Place inference reporting - stop
05-17 09:27:41.200 3940 3958 I chatty : uid=10021(com.android.vending) LightweightExec expire 1 line
05-17 09:27:41.217 3940 3957 I chatty : uid=10021(com.android.vending) LightweightExec expire 2 lines
05-17 09:27:41.223 3940 3959 I chatty : uid=10021(com.android.vending) BlockingExecuto expire 3 lines
05-17 09:27:41.252 3940 3973 I chatty : uid=10021(com.android.vending) bgExecutor #3 expire 5 lines
05-17 09:27:41.253 3940 3972 I chatty : uid=10021(com.android.vending) bgExecutor #2 expire 2 lines
05-17 09:27:41.254 3940 3971 I chatty : uid=10021(com.android.vending) bgExecutor #1 expire 6 lines
05-17 09:27:41.259 3940 3993 I chatty : uid=10021(com.android.vending) GoogleApiHandle expire 7 lines
05-17 09:27:41.269 3940 3969 I chatty : uid=10021(com.android.vending) bgExecutor #0 expire 4 lines
05-17 09:27:41.295 3940 3943 I chatty : uid=10021(com.android.vending) Jit thread pool expire 10 lines
05-17 09:27:41.357 4005 4005 I chatty : uid=10021 com.android.vending:background expire 76 lines
05-17 09:27:41.363 1697 2013 I ActivityManager: Start proc 4005:com.android.vending:background/u0a21 for broadcast com.android.vending/com.google.android.finsky.packagemonitor.backgroundimpl.BackgroundPackageMonitorReceiverImpl$RegisteredReceiver
05-17 09:27:41.363 1697 3157 I ActivityManager: Killing 3202:com.google.android.talk/u0a56 (adj 906): empty #17
05-17 09:27:41.372 3940 4002 I chatty : uid=10021(com.android.vending) Db-frosting.db expire 2 lines
05-17 09:27:41.384 2464 3909 I SingleHostAsyncVerifier: Verification result: checking for a statement with source a <
05-17 09:27:41.384 2464 3909 I SingleHostAsyncVerifier: a: "https://play.google.com"
05-17 09:27:41.384 2464 3909 I SingleHostAsyncVerifier: >
05-17 09:27:41.384 2464 3909 I SingleHostAsyncVerifier: , relation delegate_permission/common.handle_all_urls, and target b <
05-17 09:27:41.384 2464 3909 I SingleHostAsyncVerifier: a: "com.android.vending"
05-17 09:27:41.384 2464 3909 I SingleHostAsyncVerifier: b <
05-17 09:27:41.384 2464 3909 I SingleHostAsyncVerifier: a: "F0:FD:6C:5B:41:0F:25:CB:25:C3:B5:33:46:C8:97:2F:AE:30:F8:EE:74:11:DF:91:04:80:AD:6B:2D:60:DB:83"
05-17 09:27:41.384 2464 3909 I SingleHostAsyncVerifier: >
05-17 09:27:41.384 2464 3909 I SingleHostAsyncVerifier: >
05-17 09:27:41.384 2464 3909 I SingleHostAsyncVerifier: --> true.
05-17 09:27:41.385 2464 3908 I IntentFilterIntentSvc: Verification 0 complete. Success:true. Failed hosts:.
05-17 09:27:41.406 3940 4023 I chatty : uid=10021(com.android.vending) AsyncTask #3 expire 4 lines
05-17 09:27:41.415 1697 2013 D ActivityManager: cleanUpApplicationRecord -- 3202
05-17 09:27:41.498 4038 4038 W art : Unexpected CPU variant for X86 using defaults: x86
05-17 09:27:41.502 1697 1913 I ActivityManager: Start proc 4038:com.google.android.apps.docs/u0a44 for broadcast com.google.android.apps.docs/.receivers.AppPackageAddRemoveReceiver
05-17 09:27:41.503 1697 3214 I ActivityManager: Killing 2876:com.google.android.apps.messaging/u0a67 (adj 906): empty #17
05-17 09:27:41.522 4038 4038 W System : ClassLoader referenced unknown path: /system/app/Drive/lib/x86
05-17 09:27:41.535 1697 3218 D ConnectivityService: requestNetwork for uid/pid:10021/4005 NetworkRequest [ TRACK_DEFAULT id=9, [ Capabilities: INTERNET&NOT_RESTRICTED&TRUSTED&NOT_VPN] ]
05-17 09:27:41.535 1697 1743 D WIFI_UT : got request NetworkRequest [ TRACK_DEFAULT id=9, [ Capabilities: INTERNET&NOT_RESTRICTED&TRUSTED&NOT_VPN] ] with score 60
05-17 09:27:41.535 1697 1743 D WIFI : got request NetworkRequest [ TRACK_DEFAULT id=9, [ Capabilities: INTERNET&NOT_RESTRICTED&TRUSTED&NOT_VPN] ] with score 60
05-17 09:27:41.535 1884 1884 D PhoneSwitcherNetworkRequstListener: got request NetworkRequest [ TRACK_DEFAULT id=9, [ Capabilities: INTERNET&NOT_RESTRICTED&TRUSTED&NOT_VPN] ] with score 60
05-17 09:27:41.546 3940 3966 I chatty : uid=10021(com.android.vending) ValueStore-1 expire 1 line
05-17 09:27:41.557 1697 1913 D ActivityManager: cleanUpApplicationRecord -- 2876
05-17 09:27:41.568 3940 4001 I chatty : uid=10021(com.android.vending) Db-scheduler_ma expire 2 lines
05-17 09:27:41.569 4005 4057 I chatty : uid=10021(com.android.vending) grpc-default-ex expire 2 lines
05-17 09:27:41.574 3940 4058 I chatty : uid=10021(com.android.vending) PhoneskySchedul expire 1 line
05-17 09:27:41.587 3940 3979 I chatty : uid=10021(com.android.vending) Thread-3 expire 1 line
05-17 09:27:41.604 3940 4061 I chatty : uid=10021(com.android.vending) Thread-13 expire 1 line
05-17 09:27:41.655 3940 4019 I chatty : uid=10021(com.android.vending) AsyncTask #1 expire 2 lines
05-17 09:27:41.668 3940 4069 I chatty : uid=10021(com.android.vending) installer-v2-ex expire 1 line
05-17 09:27:41.672 3940 3940 I chatty : uid=10021(com.android.vending) expire 6 lines
05-17 09:27:41.673 3940 3972 I chatty : uid=10021(com.android.vending) bgExecutor #2 expire 4 lines
05-17 09:27:41.682 3940 3973 I chatty : uid=10021(com.android.vending) bgExecutor #3 expire 29 lines
05-17 09:27:41.694 3940 3943 I chatty : uid=10021(com.android.vending) Jit thread pool expire 11 lines
05-17 09:27:41.699 3940 3980 I chatty : uid=10021(com.android.vending) Thread-5 expire 2 lines
05-17 09:27:41.706 3940 4072 I chatty : uid=10021(com.android.vending) InstallQueueUsi expire 1 line
05-17 09:27:41.823 4038 4078 I GAv4 : Google Analytics 8.4.87 is starting up. To enable debug logging on a device run:
05-17 09:27:41.823 4038 4078 I GAv4 : adb shell setprop log.tag.GAv4 DEBUG
05-17 09:27:41.823 4038 4078 I GAv4 : adb logcat -s GAv4
05-17 09:27:41.840 4038 4078 W GAv4 : AnalyticsReceiver is not registered or is disabled. Register the receiver for reliable dispatching on non-Google Play devices. See http://goo.gl/8Rd3yj for instructions.
05-17 09:27:41.842 4038 4078 W GAv4 : CampaignTrackingReceiver is not registered, not exported or is disabled. Installation campaign tracking is not possible. See http://goo.gl/8Rd3yj for instructions.
05-17 09:27:41.850 4038 4082 W GAv4 : AnalyticsService not registered in the app manifest. Hits might not be delivered reliably. See http://goo.gl/8Rd3yj for instructions.
05-17 09:27:41.928 2084 3802 E NetworkScheduler.SR: Invalid parameter app
05-17 09:27:41.928 2084 3802 E NetworkScheduler.SR: Invalid package name : Perhaps you didn't include a PendingIntent in the extras?
05-17 09:27:41.969 2464 4095 D Wear_Controller: Received broadcast action=android.intent.action.PACKAGE_REMOVED and uri=com.android.vending
05-17 09:27:41.985 1697 1747 D ConnectivityService: handleLingerComplete for NetworkAgentInfo [MOBILE (LTE) - 100]
05-17 09:27:41.986 1697 1747 D ConnectivityService: NetworkAgentInfo [MOBILE (LTE) - 100] got DISCONNECTED, was satisfying 4
05-17 09:27:41.986 1884 1973 D DcNetworkAgent: NetworkAgent: NetworkAgent channel lost
05-17 09:27:41.988 1884 1973 D DcNetworkAgent: NetworkAgent: DcNetworkAgent: [unwanted]: disconnect apnContext={mApnType=default mState=CONNECTED mWaitingApns={[[ApnSettingV3] T-Mobile US, 1, 310260, epc.tmobile.com, , http://mms.msg.eng.t-mobile.com/mms/wapenc, , , , -1, *, IP, IP, true, 0, 0, 0, false, 0, 0, 0, 0, , , false]} mApnSetting={[ApnSettingV3] T-Mobile US, 1, 310260, epc.tmobile.com, , http://mms.msg.eng.t-mobile.com/mms/wapenc, , , , -1, *, IP, IP, true, 0, 0, 0, false, 0, 0, 0, 0, , , false} mReason=dataDisabled mDataEnabled=false mDependencyMet=true}
05-17 09:27:42.015 1697 1760 D DnsEventListenerService: Logging 4 results for netId 100
05-17 09:27:42.062 2464 2570 E Drive.UninstallOperation: Package still installed com.android.vending
05-17 09:27:42.090 1406 1694 E Netd : netlink response contains error (No such file or directory)
05-17 09:27:42.119 2464 4095 D Wear_Controller: Received broadcast action=android.intent.action.PACKAGE_ADDED and uri=com.android.vending
05-17 09:27:42.132 2261 4112 I UpdateIcingCorporaServi: Updating corpora: APPS=com.android.vending, CONTACTS=MAYBE
05-17 09:27:42.160 2464 4116 I Icing : Usage reports 0 indexed 0 rejected 0 imm upload false
05-17 09:27:42.161 2464 4096 W IcingInternalCorpora: getNumBytesRead when not calculated.
05-17 09:27:42.179 2464 4116 I Icing : Usage reports 0 indexed 0 rejected 0 imm upload false
05-17 09:27:42.184 2464 4095 I PeopleContactsSync: triggerPendingContactsCleanup: no accounts
05-17 09:27:42.187 2084 3802 E NetworkScheduler.SR: Invalid parameter app
05-17 09:27:42.187 2084 3802 E NetworkScheduler.SR: Invalid package name : Perhaps you didn't include a PendingIntent in the extras?
05-17 09:27:42.194 2464 2474 W art : Suspending all threads took: 8.466ms
05-17 09:27:42.200 2464 2474 I art : Background partial concurrent mark sweep GC freed 20844(1241KB) AllocSpace objects, 4(80KB) LOS objects, 28% free, 10MB/14MB, paused 9.501ms total 47.420ms
05-17 09:27:42.202 2464 4116 I Icing : Usage reports 0 indexed 0 rejected 0 imm upload true
05-17 09:27:42.206 2464 4116 I Icing : Usage reports 0 indexed 0 rejected 0 imm upload false
05-17 09:27:42.209 2464 4116 I Icing : Usage reports 0 indexed 0 rejected 0 imm upload false
05-17 09:27:42.236 3940 3966 I chatty : uid=10021(com.android.vending) ValueStore-1 expire 1 line
05-17 09:27:42.236 3940 3969 I chatty : uid=10021(com.android.vending) bgExecutor #0 expire 1 line
05-17 09:27:42.243 3940 3961 I chatty : uid=10021(com.android.vending) BlockingExecuto expire 18 lines
05-17 09:27:42.245 2261 4112 I UpdateIcingCorporaServi: UpdateCorporaTask done [took 112 ms] updated apps [took 112 ms]
05-17 09:27:42.458 4132 4132 W art : Unexpected CPU variant for X86 using defaults: x86
05-17 09:27:42.462 1697 3218 I ActivityManager: Start proc 4132:com.google.android.youtube/u0a78 for service com.google.android.youtube/com.google.android.libraries.youtube.common.gcore.gcoreclient.gcm.impl.GcmTaskServiceDelegator
05-17 09:27:42.475 4132 4132 W System : ClassLoader referenced unknown path: /system/app/YouTube/lib/x86
05-17 09:27:42.480 3940 3959 I chatty : uid=10021(com.android.vending) BlockingExecuto expire 596 lines
05-17 09:27:42.486 1884 2071 D TelephonyProvider: subIdString = 1 subId = 1
05-17 09:27:42.530 4132 4152 W System : ClassLoader referenced unknown path: /system/priv-app/PrebuiltGmsCore/lib/x86
05-17 09:27:42.530 4132 4152 D ApplicationLoaders: ignored Vulkan layer search path /system/priv-app/PrebuiltGmsCore/lib/x86:/system/fake-libs:/system/priv-app/PrebuiltGmsCore/PrebuiltGmsCore.apk!/lib/x86:/system/lib:/vendor/lib for namespace 0xa8470090
05-17 09:27:42.540 4132 4152 W linker : /system/priv-app/PrebuiltGmsCore/PrebuiltGmsCore.apk!/lib/x86/libgmscore.so: unused DT entry: type 0x7ffffffd arg 0x754
05-17 09:27:42.547 4132 4152 W linker : /system/priv-app/PrebuiltGmsCore/PrebuiltGmsCore.apk!/lib/x86/libconscrypt_gmscore_jni.so: unused DT entry: type 0x7ffffffd arg 0x174
05-17 09:27:42.548 4132 4152 V JNIHelp : Registering com/google/android/gms/org/conscrypt/NativeCrypto's 242 native methods...
05-17 09:27:42.554 4132 4152 D NetworkSecurityConfig: No Network Security Config specified, using platform default
05-17 09:27:42.556 4132 4152 I ProviderInstaller: Installed default security provider GmsCore_OpenSSL
05-17 09:27:42.561 2464 2777 W WearSignatureVerifier: No package com.google.android.wearable.app.cn
05-17 09:27:42.561 2464 2777 W WearSignatureVerifier: No package com.google.android.wearable.app.cn
05-17 09:27:42.561 2464 2777 W WearSignatureVerifier: No package com.google.android.wearable.app.cn
05-17 09:27:42.561 2464 2777 W WearSignatureVerifier: No package com.google.android.wearable.app.cn
05-17 09:27:42.563 2084 2084 I WearableService: Wear is not allowed to run on this device. Not starting Wear service.
05-17 09:27:42.563 2084 2084 D WearableService: callingUid 10013, callindPid: 2084
05-17 09:27:42.569 2464 2464 W WearSignatureVerifier: No package com.google.android.wearable.app.cn
05-17 09:27:42.579 2464 4156 W ChimeraConfigService: Configuration fetch did not complete: NOT_AVAILABLE
05-17 09:27:42.588 2464 4156 W ChimeraConfigService: Retry attempt was throttled.
05-17 09:27:42.592 4132 4132 E YT : flushBinderConnectionCallbacks is unverified on SDK 25
05-17 09:27:42.593 4132 4155 W System : ClassLoader referenced unknown path:
05-17 09:27:42.594 4132 4155 W System : ClassLoader referenced unknown path: /system/priv-app/PrebuiltGmsCore/lib/x86
05-17 09:27:42.596 4132 4155 D ApplicationLoaders: ignored Vulkan layer search path /system/priv-app/PrebuiltGmsCore/lib/x86:/system/fake-libs:/system/priv-app/PrebuiltGmsCore/PrebuiltGmsCore.apk!/lib/x86:/system/lib:/vendor/lib for namespace 0xa84700d0
05-17 09:27:42.604 4132 4155 D DynamitePackage: Instantiated singleton DynamitePackage.
05-17 09:27:42.604 4132 4155 D DynamitePackage: Instantiating com.google.android.gms.ads.adshield.ChimeraAdShieldCreatorImpl
05-17 09:27:42.647 4132 4155 W art : Before Android 4.1, method double java.util.concurrent.ThreadLocalRandom.internalNextDouble(double, double) would have incorrectly overridden the package-private method in java.util.Random
05-17 09:27:42.647 4132 4155 W art : Before Android 4.1, method int java.util.concurrent.ThreadLocalRandom.internalNextInt(int, int) would have incorrectly overridden the package-private method in java.util.Random
05-17 09:27:42.647 4132 4155 W art : Before Android 4.1, method long java.util.concurrent.ThreadLocalRandom.internalNextLong(long, long) would have incorrectly overridden the package-private method in java.util.Random
05-17 09:27:42.691 1398 1398 V EmulatedCamera_Camera: getCameraInfo
05-17 09:27:42.691 1398 1398 V EmulatedCamera_BaseCamera: getCameraInfo
05-17 09:27:42.691 1398 1398 V EmulatedCamera_Camera: getCameraInfo
05-17 09:27:42.691 1398 1398 V EmulatedCamera_BaseCamera: getCameraInfo
05-17 09:27:42.736 1697 3214 D CryptdConnector: SND -> {6 cryptfs getpwtype}
05-17 09:27:42.736 1303 1338 D VoldCryptCmdListener: cryptfs getpwtype
05-17 09:27:42.737 4132 4132 W InstanceID/Rpc: Found 10013
05-17 09:27:42.737 1697 1735 D CryptdConnector: RCV <- {213 6 default}
05-17 09:27:42.753 4132 4132 V MediaRouter: Adding route: RouteInfo{ name=Phone, description=null, status=null, category=RouteCategory{ name=null types=ROUTE_TYPE_LIVE_AUDIO ROUTE_TYPE_LIVE_VIDEO groupable=false }, supportedTypes=ROUTE_TYPE_LIVE_AUDIO ROUTE_TYPE_LIVE_VIDEO , presentationDisplay=null }
05-17 09:27:42.754 4132 4132 V MediaRouter: Updating audio routes: AudioRoutesInfo{ type=SPEAKER }
05-17 09:27:42.755 4132 4132 V MediaRouter: Selecting route: RouteInfo{ name=Phone, description=null, status=null, category=RouteCategory{ name=null types=ROUTE_TYPE_LIVE_AUDIO ROUTE_TYPE_LIVE_VIDEO groupable=false }, supportedTypes=ROUTE_TYPE_LIVE_AUDIO ROUTE_TYPE_LIVE_VIDEO , presentationDisplay=null }
05-17 09:27:42.796 4132 4132 V MediaRouter: Selecting route: RouteInfo{ name=Phone, description=null, status=null, category=RouteCategory{ name=null types=ROUTE_TYPE_LIVE_AUDIO ROUTE_TYPE_LIVE_VIDEO groupable=false }, supportedTypes=ROUTE_TYPE_LIVE_AUDIO ROUTE_TYPE_LIVE_VIDEO , presentationDisplay=null }
05-17 09:27:42.801 2464 2778 W WearSignatureVerifier: No package com.google.android.wearable.app.cn
05-17 09:27:42.801 2464 2778 W WearSignatureVerifier: No package com.google.android.wearable.app.cn
05-17 09:27:42.801 2464 2778 W WearSignatureVerifier: No package com.google.android.wearable.app.cn
05-17 09:27:42.801 2464 2778 W WearSignatureVerifier: No package com.google.android.wearable.app.cn
05-17 09:27:42.801 2464 2464 W WearSignatureVerifier: No package com.google.android.wearable.app.cn
05-17 09:27:42.803 1697 1708 W ActivityManager: Permission Denial: Accessing service ComponentInfo{com.google.android.music/com.google.android.music.dial.DialMediaRouteProviderService} from pid=4132, uid=10078 that is not exported from uid 10060
05-17 09:27:42.805 2464 2464 I CastMediaRouteProvider: in onDiscoveryRequestChanged: request=DiscoveryRequest{ selector=MediaRouteSelector{ controlCategories=[com.google.android.gms.cast.CATEGORY_CAST/233637DE] }, activeScan=false, isValid=true }
05-17 09:27:42.805 2464 2464 I CastMediaRouteProvider: Logging initial network connection state.
05-17 09:27:42.807 2464 2464 I CastMediaRouteProvider: Network connectivity changed
05-17 09:27:42.808 2464 2570 I DeviceScanner: [MDNS] Filter criteria: 233637DE
05-17 09:27:42.808 2464 2570 I DeviceScanner: [MDNS] updateScannerState: No filter criteria was added.
05-17 09:27:42.808 2464 2570 I DeviceScanner: [MDNS] updateScannerState: No filter criteria was removed.
05-17 09:27:42.813 2464 4224 W ChimeraConfigService: Configuration fetch did not complete: NOT_AVAILABLE
05-17 09:27:42.814 2464 2570 W MdnsClient_Cast: #acquireLock. Multicast lock not held. Acquiring. Subtypes:"233637DE"
05-17 09:27:42.820 2464 2570 I DeviceScanner: [CastNearby] Filter criteria: 233637DE
05-17 09:27:42.820 2464 2570 I DeviceScanner: [CastNearby] updateScannerState: No filter criteria was added.
05-17 09:27:42.820 2464 2570 I DeviceScanner: [CastNearby] updateScannerState: No filter criteria was removed.
05-17 09:27:42.823 2464 4224 I ChimeraConfigService: Scheduling checkin for one-off execution 3600 seconds from now (1684340862823)
05-17 09:27:42.827 3940 3943 I chatty : uid=10021(com.android.vending) Jit thread pool expire 1 line
05-17 09:27:42.829 4132 4179 I qtaguid : Untagging socket -1 failed errno=-9
05-17 09:27:42.829 4132 4179 W NetworkManagementSocketTagger: untagSocket(-1) failed with errno -9
05-17 09:27:42.844 3940 3959 I chatty : uid=10021(com.android.vending) BlockingExecuto expire 838 lines
05-17 09:27:42.866 2261 2261 I MicroDetectionWorker: Micro detection mode: [mDetectionMode: [1]].
05-17 09:27:42.867 2261 2261 I AudioController: Using mInputStreamFactoryBuilder
05-17 09:27:42.868 2261 4240 I MicroRecognitionRunner: Starting detection.
05-17 09:27:42.869 2261 2403 I MicrophoneInputStream: mic_starting com.google.android.apps.gsa.staticplugins.z.c@5cfc143
05-17 09:27:42.869 1397 4243 I AudioFlinger: AudioFlinger's thread 0xa8203000 ready to run
05-17 09:27:42.870 2261 2403 I MicrophoneInputStream: mic_started com.google.android.apps.gsa.staticplugins.z.c@5cfc143
05-17 09:27:42.870 2261 2403 E ActivityThread: Failed to find provider info for com.google.android.apps.gsa.testing.ui.audio.recorded
05-17 09:27:42.871 2261 2261 I MicroDetectionWorker: onReady
05-17 09:27:42.872 2261 2403 I MicrophoneInputStream: mic_close com.google.android.apps.gsa.staticplugins.z.c@5cfc143
05-17 09:27:42.872 2261 4240 I MicroRecognitionRunner: Detection finished
05-17 09:27:42.872 2261 4240 W ErrorReporter: reportError [type: 211, code: 524300]: Error reading from input stream
05-17 09:27:42.872 2261 2693 I MicroRecognitionRunner: Stopping hotword detection.
05-17 09:27:42.873 2261 4240 W ErrorProcessor: onFatalError, processing error from engine(4)
05-17 09:27:42.873 2261 4240 W ErrorProcessor: com.google.android.apps.gsa.shared.speech.a.g: Error reading from input stream
05-17 09:27:42.873 2261 4240 W ErrorProcessor: at com.google.android.apps.gsa.staticplugins.recognizer.i.a.a(SourceFile:342)
05-17 09:27:42.873 2261 4240 W ErrorProcessor: at com.google.android.apps.gsa.staticplugins.recognizer.i.a$1.run(SourceFile:1367)
05-17 09:27:42.873 2261 4240 W ErrorProcessor: at java.util.concurrent.Executors$RunnableAdapter.call(Executors.java:428)
05-17 09:27:42.873 2261 4240 W ErrorProcessor: at java.util.concurrent.FutureTask.run(FutureTask.java:237)
05-17 09:27:42.873 2261 4240 W ErrorProcessor: at com.google.android.apps.gsa.shared.util.concurrent.a.ak.run(SourceFile:66)
05-17 09:27:42.873 2261 4240 W ErrorProcessor: at java.util.concurrent.ThreadPoolExecutor.runWorker(ThreadPoolExecutor.java:1133)
05-17 09:27:42.873 2261 4240 W ErrorProcessor: at java.util.concurrent.ThreadPoolExecutor$Worker.run(ThreadPoolExecutor.java:607)
05-17 09:27:42.873 2261 4240 W ErrorProcessor: at java.lang.Thread.run(Thread.java:761)
05-17 09:27:42.873 2261 4240 W ErrorProcessor: at com.google.android.apps.gsa.shared.util.concurrent.a.ad$1.run(SourceFile:85)
05-17 09:27:42.873 2261 4240 W ErrorProcessor: Caused by: com.google.android.apps.gsa.shared.exception.GsaIOException: Error code: 393238 | Buffer overflow, no available space.
05-17 09:27:42.873 2261 4240 W ErrorProcessor: at com.google.android.apps.gsa.speech.audio.Tee.g(SourceFile:2531)
05-17 09:27:42.873 2261 4240 W ErrorProcessor: at com.google.android.apps.gsa.speech.audio.ap.read(SourceFile:555)
05-17 09:27:42.873 2261 4240 W ErrorProcessor: at java.io.InputStream.read(InputStream.java:101)
05-17 09:27:42.873 2261 4240 W ErrorProcessor: at com.google.android.apps.gsa.speech.audio.al.run(SourceFile:362)
05-17 09:27:42.873 2261 4240 W ErrorProcessor: at com.google.android.apps.gsa.speech.audio.ak$1.run(SourceFile:471)
05-17 09:27:42.873 2261 4240 W ErrorProcessor: at java.util.concurrent.Executors$RunnableAdapter.call(Executors.java:428)
05-17 09:27:42.873 2261 4240 W ErrorProcessor: at java.util.concurrent.FutureTask.run(FutureTask.java:237)
05-17 09:27:42.873 2261 4240 W ErrorProcessor: at com.google.android.apps.gsa.shared.util.concurrent.a.ak.run(SourceFile:66)
05-17 09:27:42.873 2261 4240 W ErrorProcessor: at com.google.android.apps.gsa.shared.util.concurrent.a.ax.run(SourceFile:139)
05-17 09:27:42.873 2261 4240 W ErrorProcessor: at com.google.android.apps.gsa.shared.util.concurrent.a.ax.run(SourceFile:139)
05-17 09:27:42.873 2261 4240 W ErrorProcessor: ... 4 more
05-17 09:27:42.873 2261 4240 I AudioController: internalShutdown
05-17 09:27:42.873 2261 2261 I MicroDetector: Keeping mic open: false
05-17 09:27:42.873 2261 2261 I MicroDetectionWorker: #onError(false)
05-17 09:27:42.873 2261 4239 I DeviceStateChecker: DeviceStateChecker cancelled
05-17 09:27:42.947 4132 4180 I qtaguid : Untagging socket -1 failed errno=-9
05-17 09:27:42.947 4132 4180 W NetworkManagementSocketTagger: untagSocket(-1) failed with errno -9
05-17 09:27:42.953 4132 4208 I qtaguid : Untagging socket -1 failed errno=-9
05-17 09:27:42.953 4132 4208 W NetworkManagementSocketTagger: untagSocket(-1) failed with errno -9
05-17 09:27:42.954 4132 4216 E YouTube : Failed to fetch settings
05-17 09:27:42.954 4132 4216 E YouTube : okc: java.util.concurrent.ExecutionException: awy
05-17 09:27:42.954 4132 4216 E YouTube : at ojr.a(SourceFile:100)
05-17 09:27:42.954 4132 4216 E YouTube : at ojt.b(SourceFile:169)
05-17 09:27:42.954 4132 4216 E YouTube : at ehy.a(SourceFile:2059)
05-17 09:27:42.954 4132 4216 E YouTube : at com.google.android.libraries.youtube.net.gcm.service.YouTubeGcmTaskService.a(SourceFile:1163)
05-17 09:27:42.954 4132 4216 E YouTube : at com.google.android.libraries.youtube.common.gcore.gcoreclient.gcm.impl.GcmTaskServiceDelegator.a(SourceFile:64)
05-17 09:27:42.954 4132 4216 E YouTube : at iie.run(Unknown Source)
05-17 09:27:42.954 4132 4216 E YouTube : Caused by: java.util.concurrent.ExecutionException: awy
05-17 09:27:42.954 4132 4216 E YouTube : at aym.a(SourceFile:117)
05-17 09:27:42.954 4132 4216 E YouTube : at aym.get(SourceFile:88)
05-17 09:27:42.954 4132 4216 E YouTube : at rht.get(SourceFile:62)
05-17 09:27:42.954 4132 4216 E YouTube : at ojr.a(SourceFile:98)
05-17 09:27:42.954 4132 4216 E YouTube : ... 5 more
05-17 09:27:42.954 4132 4216 E YouTube : Caused by: awy
05-17 09:27:42.954 4132 4216 E YouTube : at axy.a(SourceFile:164)
05-17 09:27:42.954 4132 4216 E YouTube : at mgk.a(SourceFile:201)
05-17 09:27:42.954 4132 4216 E YouTube : at mgk.a(SourceFile:196)
05-17 09:27:42.954 4132 4216 E YouTube : at mgn.a(SourceFile:167)
05-17 09:27:42.954 4132 4216 E YouTube : at mgn.a(SourceFile:160)
05-17 09:27:42.954 4132 4216 E YouTube : at axe.run(SourceFile:112)
05-17 09:27:42.976 4132 4181 I qtaguid : Untagging socket -1 failed errno=-9
05-17 09:27:42.976 4132 4181 W NetworkManagementSocketTagger: untagSocket(-1) failed with errno -9
05-17 09:27:42.984 4132 4182 I qtaguid : Tagging socket -1 with tag 0(0) for uid -1 failed errno=-9
05-17 09:27:42.984 4132 4182 I NetworkManagementSocketTagger: tagSocketFd(-1, 0, -1) failed with errno-9
05-17 09:27:43.039 4132 4182 I qtaguid : Untagging socket -1 failed errno=-9
05-17 09:27:43.039 4132 4182 W NetworkManagementSocketTagger: untagSocket(-1) failed with errno -9
05-17 09:27:43.073 3940 3973 I chatty : uid=10021(com.android.vending) bgExecutor #3 expire 12 lines
05-17 09:27:43.082 2084 4250 I VacuumService: Vacuum at: now=1684340863080 tag=VacuumService
05-17 09:27:43.091 3940 3972 I chatty : uid=10021(com.android.vending) bgExecutor #2 expire 1 line
05-17 09:27:43.097 3940 3969 I chatty : uid=10021(com.android.vending) bgExecutor #0 expire 1 line
05-17 09:27:43.097 3940 3940 I chatty : uid=10021(com.android.vending) expire 5 lines
05-17 09:27:43.102 3940 4002 I chatty : uid=10021(com.android.vending) Db-frosting.db expire 2 lines
05-17 09:27:43.181 2464 2570 I Icing : Indexing 088C682162DA9ABBF18783C52A3D3AF2BA927286 from com.google.android.gms
05-17 09:27:43.210 2464 2570 D Icing : Loaded CLD2 Version V2.0 - 20141016
05-17 09:27:43.222 2464 2570 I Icing : Indexing done 088C682162DA9ABBF18783C52A3D3AF2BA927286
05-17 09:27:43.244 2464 2570 I Icing : Indexing 99C63DD60FDEFFDA415386A82F2A4001E734C845 from com.google.android.googlequicksearchbox
05-17 09:27:43.289 2464 2570 I Icing : Indexing done 99C63DD60FDEFFDA415386A82F2A4001E734C845
