05-17 09:27:59.259 3940 3940 I Finsky : [1] abja.A(6): RM: receive resource status onStart com.google.android.googlequicksearchbox:com.google.android.googlequicksearchbox reason: rapid_auto_update isid: nn-dNT6URFeHCj4DWyK82Q, 2, 192, size: 0/99619020
05-17 09:27:59.271 3940 3940 I Finsky : [1] pyd.T(18): Installer: Notifying status update. package=com.google.android.googlequicksearchbox, status=DOWNLOADING, isid=nn-dNT6URFeHCj4DWyK82Q
05-17 09:27:59.278 3940 4072 I Finsky : [302] qht.P(2): IQ: Notifying installation update. [Package:com.google.android.googlequicksearchbox, isid:nn-dNT6URFeHCj4DWyK82Q], status=DOWNLOADING, tsc=PT1.265S
05-17 09:27:59.333 3940 3940 I Finsky : [1] zdr.apply(82): IQ::HLD: Ongoing hold off applicable installs: [[Package:com.google.android.googlequicksearchbox, isid:nn-dNT6URFeHCj4DWyK82Q]]
05-17 09:27:59.366 3940 3943 I art : Compiler allocated 8MB to compile void arbd.k(java.lang.Object, augb, aqzj)
05-17 09:27:59.536 4005 4009 I art : Do full code cache collection, code=125KB, data=108KB
05-17 09:27:59.537 4005 4009 I art : Starting a blocking GC JitCodeCache
05-17 09:27:59.537 4005 4009 I art : After code cache collection, code=100KB, data=87KB
05-17 09:27:59.849 1697 1913 W ActivityManager: Permission Denial: Accessing service ComponentInfo{com.google.android.music/com.google.android.music.dial.DialMediaRouteProviderService} from pid=4132, uid=10078 that is not exported from uid 10060
05-17 09:27:59.850 1697 1732 I InputReader: Reconfiguring input devices. changes=0x00000010
05-17 09:27:59.861 1884 1884 D CarrierSvcBindHelper: No carrier app for: 0
05-17 09:27:59.899 2084 2084 I GCoreNlp: shouldConfirmNlp, NLP off. Ensuring opt-in disabled
05-17 09:28:01.301 4005 4053 I Finsky:background: [247] muk.b(8): Broadcasting <3:RUNNING:38%[38%]>.
05-17 09:28:01.303 3940 3940 I Finsky : [1] abja.z(6): RM: receive resource status onProgress com.google.android.googlequicksearchbox:com.google.android.googlequicksearchbox reason: rapid_auto_update isid: nn-dNT6URFeHCj4DWyK82Q, 2, 192, size: 38600416/99619020
05-17 09:28:01.306 3940 3940 I Finsky : [1] pyd.T(18): Installer: Notifying status update. package=com.google.android.googlequicksearchbox, status=DOWNLOADING, isid=nn-dNT6URFeHCj4DWyK82Q
05-17 09:28:01.308 3940 4072 I Finsky : [302] qht.P(2): IQ: Notifying installation update. [Package:com.google.android.googlequicksearchbox, isid:nn-dNT6URFeHCj4DWyK82Q], status=DOWNLOADING, tsc=PT3.294S
05-17 09:28:01.322 3940 3940 I Finsky : [1] zdr.apply(82): IQ::HLD: Ongoing hold off applicable installs: [[Package:com.google.android.googlequicksearchbox, isid:nn-dNT6URFeHCj4DWyK82Q]]
05-17 09:28:01.432 4005 4009 I art : Do partial code cache collection, code=124KB, data=101KB
05-17 09:28:01.432 4005 4009 I art : After code cache collection, code=121KB, data=100KB
05-17 09:28:01.432 4005 4009 I art : Increasing code cache capacity to 512KB
05-17 09:28:02.953 2261 2261 I MicroDetectionWorker: Micro detection mode: [mDetectionMode: [1]].
05-17 09:28:02.954 2261 2261 I AudioController: Using mInputStreamFactoryBuilder
05-17 09:28:02.959 2261 4417 I MicroRecognitionRunner: Starting detection.
05-17 09:28:02.959 2261 2403 I MicrophoneInputStream: mic_starting com.google.android.apps.gsa.staticplugins.z.c@2b155b2
05-17 09:28:02.961 1397 4420 I AudioFlinger: AudioFlinger's thread 0xa77831c0 ready to run
05-17 09:28:02.964 2261 2403 I MicrophoneInputStream: mic_started com.google.android.apps.gsa.staticplugins.z.c@2b155b2
05-17 09:28:02.964 2261 2403 E ActivityThread: Failed to find provider info for com.google.android.apps.gsa.testing.ui.audio.recorded
05-17 09:28:02.965 2261 2261 I MicroDetectionWorker: onReady
05-17 09:28:02.972 2261 2403 I MicrophoneInputStream: mic_close com.google.android.apps.gsa.staticplugins.z.c@2b155b2
05-17 09:28:02.973 2261 4417 I MicroRecognitionRunner: Detection finished
05-17 09:28:02.973 2261 4417 W ErrorReporter: reportError [type: 211, code: 524300]: Error reading from input stream
05-17 09:28:02.973 2261 2693 I MicroRecognitionRunner: Stopping hotword detection.
05-17 09:28:02.973 2261 4417 W ErrorProcessor: onFatalError, processing error from engine(4)
05-17 09:28:02.973 2261 4417 W ErrorProcessor: com.google.android.apps.gsa.shared.speech.a.g: Error reading from input stream
05-17 09:28:02.973 2261 4417 W ErrorProcessor: at com.google.android.apps.gsa.staticplugins.recognizer.i.a.a(SourceFile:342)
05-17 09:28:02.973 2261 4417 W ErrorProcessor: at com.google.android.apps.gsa.staticplugins.recognizer.i.a$1.run(SourceFile:1367)
05-17 09:28:02.973 2261 4417 W ErrorProcessor: at java.util.concurrent.Executors$RunnableAdapter.call(Executors.java:428)
05-17 09:28:02.973 2261 4417 W ErrorProcessor: at java.util.concurrent.FutureTask.run(FutureTask.java:237)
05-17 09:28:02.973 2261 4417 W ErrorProcessor: at com.google.android.apps.gsa.shared.util.concurrent.a.ak.run(SourceFile:66)
05-17 09:28:02.973 2261 4417 W ErrorProcessor: at java.util.concurrent.ThreadPoolExecutor.runWorker(ThreadPoolExecutor.java:1133)
05-17 09:28:02.973 2261 4417 W ErrorProcessor: at java.util.concurrent.ThreadPoolExecutor$Worker.run(ThreadPoolExecutor.java:607)
05-17 09:28:02.973 2261 4417 W ErrorProcessor: at java.lang.Thread.run(Thread.java:761)
05-17 09:28:02.973 2261 4417 W ErrorProcessor: at com.google.android.apps.gsa.shared.util.concurrent.a.ad$1.run(SourceFile:85)
05-17 09:28:02.973 2261 4417 W ErrorProcessor: Caused by: com.google.android.apps.gsa.shared.exception.GsaIOException: Error code: 393238 | Buffer overflow, no available space.
05-17 09:28:02.973 2261 4417 W ErrorProcessor: at com.google.android.apps.gsa.speech.audio.Tee.g(SourceFile:2531)
05-17 09:28:02.973 2261 4417 W ErrorProcessor: at com.google.android.apps.gsa.speech.audio.ap.read(SourceFile:555)
05-17 09:28:02.973 2261 4417 W ErrorProcessor: at java.io.InputStream.read(InputStream.java:101)
05-17 09:28:02.973 2261 4417 W ErrorProcessor: at com.google.android.apps.gsa.speech.audio.al.run(SourceFile:362)
05-17 09:28:02.973 2261 4417 W ErrorProcessor: at com.google.android.apps.gsa.speech.audio.ak$1.run(SourceFile:471)
05-17 09:28:02.973 2261 4417 W ErrorProcessor: at java.util.concurrent.Executors$RunnableAdapter.call(Executors.java:428)
05-17 09:28:02.973 2261 4417 W ErrorProcessor: at java.util.concurrent.FutureTask.run(FutureTask.java:237)
05-17 09:28:02.973 2261 4417 W ErrorProcessor: at com.google.android.apps.gsa.shared.util.concurrent.a.ak.run(SourceFile:66)
05-17 09:28:02.973 2261 4417 W ErrorProcessor: at com.google.android.apps.gsa.shared.util.concurrent.a.ax.run(SourceFile:139)
05-17 09:28:02.973 2261 4417 W ErrorProcessor: at com.google.android.apps.gsa.shared.util.concurrent.a.ax.run(SourceFile:139)
05-17 09:28:02.973 2261 4417 W ErrorProcessor: ... 4 more
05-17 09:28:02.973 2261 4417 I AudioController: internalShutdown
05-17 09:28:02.974 2261 2261 I MicroDetector: Keeping mic open: false
05-17 09:28:02.974 2261 2261 I MicroDetectionWorker: #onError(false)
05-17 09:28:02.974 2261 4416 I DeviceStateChecker: DeviceStateChecker cancelled
05-17 09:28:03.236 3940 3993 W GooglePlayServicesUtil: Google Play services out of date for com.android.vending. Requires 203400000 but found 10298470
05-17 09:28:03.236 3940 3993 W GoogleApiManager: The service for ahdd is not available: ConnectionResult{statusCode=SERVICE_VERSION_UPDATE_REQUIRED, resolution=null, message=null}
05-17 09:28:03.237 3940 3993 W GooglePlayServicesUtil: Google Play services out of date for com.android.vending. Requires 203400000 but found 10298470
05-17 09:28:03.237 3940 3993 W GoogleApiManager: The service for ahdd is not available: ConnectionResult{statusCode=SERVICE_VERSION_UPDATE_REQUIRED, resolution=null, message=null}
05-17 09:28:03.288 4005 4053 I Finsky:background: [247] muk.b(8): Broadcasting <3:RUNNING:78%[78%]>.
05-17 09:28:03.290 3940 3940 I Finsky : [1] abja.z(6): RM: receive resource status onProgress com.google.android.googlequicksearchbox:com.google.android.googlequicksearchbox reason: rapid_auto_update isid: nn-dNT6URFeHCj4DWyK82Q, 2, 192, size: 78290352/99619020
05-17 09:28:03.292 3940 3940 I Finsky : [1] pyd.T(18): Installer: Notifying status update. package=com.google.android.googlequicksearchbox, status=DOWNLOADING, isid=nn-dNT6URFeHCj4DWyK82Q
05-17 09:28:03.293 3940 4072 I Finsky : [302] qht.P(2): IQ: Notifying installation update. [Package:com.google.android.googlequicksearchbox, isid:nn-dNT6URFeHCj4DWyK82Q], status=DOWNLOADING, tsc=PT5.28S
05-17 09:28:03.317 3940 3940 I Finsky : [1] zdr.apply(82): IQ::HLD: Ongoing hold off applicable installs: [[Package:com.google.android.googlequicksearchbox, isid:nn-dNT6URFeHCj4DWyK82Q]]
05-17 09:28:04.419 4005 4053 I Finsky:background: [247] muk.b(8): Broadcasting <3:RUNNING:100%[100%]>.
05-17 09:28:04.423 3940 3940 I Finsky : [1] abja.z(6): RM: receive resource status onProgress com.google.android.googlequicksearchbox:com.google.android.googlequicksearchbox reason: rapid_auto_update isid: nn-dNT6URFeHCj4DWyK82Q, 2, 192, size: 99619020/99619020
05-17 09:28:04.429 3940 3940 I Finsky : [1] pyd.T(18): Installer: Notifying status update. package=com.google.android.googlequicksearchbox, status=DOWNLOADING, isid=nn-dNT6URFeHCj4DWyK82Q
05-17 09:28:04.432 3940 4072 I Finsky : [302] qht.P(2): IQ: Notifying installation update. [Package:com.google.android.googlequicksearchbox, isid:nn-dNT6URFeHCj4DWyK82Q], status=DOWNLOADING, tsc=PT6.419S
05-17 09:28:04.448 4005 4053 I Finsky:background: [247] muk.b(8): Broadcasting <3:SUCCEEDED>.
05-17 09:28:04.449 3940 3940 I Finsky : [1] zdr.apply(82): IQ::HLD: Ongoing hold off applicable installs: [[Package:com.google.android.googlequicksearchbox, isid:nn-dNT6URFeHCj4DWyK82Q]]
05-17 09:28:04.452 3940 3940 I Finsky : [1] DownloadServiceReceiver.c(4): DSR: Download completion broadcast received by main process
05-17 09:28:04.452 3940 3940 I Finsky : [1] abja.B(6): RM: receive resource status onSuccess com.google.android.googlequicksearchbox:com.google.android.googlequicksearchbox reason: rapid_auto_update isid: nn-dNT6URFeHCj4DWyK82Q, 3, 200, size: 99619020/99619020
05-17 09:28:04.456 3940 3940 I Finsky : [1] pys.w(6): Installer::IT: com.google.android.googlequicksearchbox to state 50 (isid: nn-dNT6URFeHCj4DWyK82Q)
05-17 09:28:04.456 3940 3940 I Finsky : [1] pys.w(88): Installer::IT: Start postprocessing download for com.google.android.googlequicksearchbox (isid: nn-dNT6URFeHCj4DWyK82Q)
05-17 09:28:04.456 3940 3940 I Finsky : [1] pys.w(110): Installer::IT: Prepare to copy com.google.android.googlequicksearchbox (adid: com.google.android.googlequicksearchbox , isid: nn-dNT6URFeHCj4DWyK82Q) from file:///storage/emulated/0/Android/data/com.android.vending/files/installer/-1958346218/1684340878786 (expect 204692622 bytes, isCompressed: true)
05-17 09:28:04.456 3940 3940 I Finsky : [1] hdf.r(-1): APK integrity will be verified using [SHA-256] method
05-17 09:28:04.470 3940 4266 I Finsky : [319] knj.run(6): DU: Stored data usage stats for package com.google.android.googlequicksearchbox; completed bytes: 99619020.
05-17 09:28:04.473 3940 3972 I Finsky : [249] iwt.call(9): Decompressing com.google.android.googlequicksearchbox (com.google.android.googlequicksearchbox) format 2